[INFO] fetching crate kdb 0.3.0...
[INFO] testing kdb-0.3.0 against 1.100.0-beta.1+cargoflags=--release for beta-release-1.100-2
[INFO] extracting crate kdb 0.3.0 into /workspace/builds/worker-2-tc2/source
[INFO] started tweaking crates.io crate kdb 0.3.0
[INFO] finished tweaking crates.io crate kdb 0.3.0
[INFO] tweaked toml for crates.io crate kdb 0.3.0 written to /workspace/builds/worker-2-tc2/source/Cargo.toml
[INFO] validating manifest of crates.io crate kdb 0.3.0 on toolchain 1.100.0-beta.1
[INFO] running `Command { std: CARGO_HOME="/workspace/cargo-home" RUSTUP_HOME="/workspace/rustup-home" "/workspace/cargo-home/bin/cargo" "+1.100.0-beta.1" "metadata" "--manifest-path" "Cargo.toml" "--no-deps", kill_on_drop: false }`
[INFO] crate crates.io crate kdb 0.3.0 already has a lockfile, it will not be regenerated
[INFO] running `Command { std: CARGO_HOME="/workspace/cargo-home" RUSTUP_HOME="/workspace/rustup-home" "/workspace/cargo-home/bin/cargo" "+1.100.0-beta.1" "fetch" "--manifest-path" "Cargo.toml", kill_on_drop: false }`
[INFO] running `Command { std: "docker" "create" "-v" "/var/lib/crater-agent-workspace/builds/worker-2-tc2/source:/opt/rustwide/workdir:ro,Z" "-v" "/var/lib/crater-agent-workspace/builds/worker-2-tc2/target:/opt/rustwide/target:rw,Z" "-v" "/var/lib/crater-agent-workspace/cargo-home:/opt/rustwide/cargo-home:ro,Z" "-v" "/var/lib/crater-agent-workspace/rustup-home:/opt/rustwide/rustup-home:ro,Z" "-m" "1610612736" "--network" "none" "ghcr.io/rust-lang/crates-build-env/linux@sha256:77db811e55d90add9212f6832c23229e3de5f1c1f9905e8cb07319ea15df73ac" "sleep" "infinity", kill_on_drop: false }`
[INFO] [stdout] da845ccca1e95e114c785d8c4d5737ecaea97780d7bc710543eb2be7599a7190
[INFO] running `Command { std: "docker" "start" "da845ccca1e95e114c785d8c4d5737ecaea97780d7bc710543eb2be7599a7190", kill_on_drop: false }`
[INFO] running `Command { std: "docker" "inspect" "da845ccca1e95e114c785d8c4d5737ecaea97780d7bc710543eb2be7599a7190", kill_on_drop: false }`
[INFO] running `Command { std: "docker" "exec" "-e" "SOURCE_DIR=/opt/rustwide/workdir" "-e" "CARGO_HOME=/opt/rustwide/cargo-home" "-e" "RUSTUP_HOME=/opt/rustwide/rustup-home" "-e" "CARGO_TARGET_DIR=/opt/rustwide/target" "-w" "/opt/rustwide/workdir" "--user" "0:0" "da845ccca1e95e114c785d8c4d5737ecaea97780d7bc710543eb2be7599a7190" "/opt/rustwide/cargo-home/bin/cargo" "+1.100.0-beta.1" "metadata" "--no-deps" "--format-version=1", kill_on_drop: false }`
[INFO] running `Command { std: "docker" "inspect" "da845ccca1e95e114c785d8c4d5737ecaea97780d7bc710543eb2be7599a7190", kill_on_drop: false }`
[INFO] running `Command { std: "docker" "exec" "-e" "SOURCE_DIR=/opt/rustwide/workdir" "-e" "CARGO_HOME=/opt/rustwide/cargo-home" "-e" "RUSTUP_HOME=/opt/rustwide/rustup-home" "-e" "CARGO_TARGET_DIR=/opt/rustwide/target" "-e" "CARGO_INCREMENTAL=0" "-e" "RUST_BACKTRACE=full" "-e" "RUSTFLAGS=--cap-lints=warn" "-e" "RUSTDOCFLAGS=--cap-lints=warn" "-w" "/opt/rustwide/workdir" "--user" "0:0" "da845ccca1e95e114c785d8c4d5737ecaea97780d7bc710543eb2be7599a7190" "/opt/rustwide/cargo-home/bin/cargo" "+1.100.0-beta.1" "build" "--frozen" "--message-format=json" "--release", kill_on_drop: false }`
[INFO] [stderr]    Compiling proc-macro2 v1.0.24
[INFO] [stderr]    Compiling unicode-xid v0.2.1
[INFO] [stderr]    Compiling syn v1.0.60
[INFO] [stderr]    Compiling kdb v0.3.0 (/opt/rustwide/workdir)
[INFO] [stderr]    Compiling uuid v0.8.2
[INFO] [stderr]    Compiling array_iterator v1.3.0
[INFO] [stderr]    Compiling quote v1.0.9
[INFO] [stderr]    Compiling thiserror-impl v1.0.23
[INFO] [stderr]    Compiling thiserror v1.0.23
[INFO] [stdout] warning: use of deprecated constant `std::i64::MAX`: replaced by the `MAX` associated constant on this type
[INFO] [stdout]    --> src/date_time_types.rs:321:26
[INFO] [stdout]     |
[INFO] [stdout] 321 |         if d > std::i64::MAX as u128 {
[INFO] [stdout]     |                          ^^^
[INFO] [stdout]     |
[INFO] [stdout]     = note: `#[warn(deprecated)]` on by default
[INFO] [stdout] 
[INFO] [stdout] 
[INFO] [stdout] warning: variable does not need to be mutable
[INFO] [stdout]   --> src/k_error.rs:27:13
[INFO] [stdout]    |
[INFO] [stdout] 27 |         let mut err = KBox::new_atom(symbol(msg)).into_raw() as *mut K;
[INFO] [stdout]    |             ----^^^
[INFO] [stdout]    |             |
[INFO] [stdout]    |             help: remove this `mut`
[INFO] [stdout]    |
[INFO] [stdout]    = note: `#[warn(unused_mut)]` (part of `#[warn(unused)]`) on by default
[INFO] [stdout] 
[INFO] [stdout] 
[INFO] [stdout] warning: struct `Attr` is never constructed
[INFO] [stdout]    --> src/k.rs:101:12
[INFO] [stdout]     |
[INFO] [stdout] 101 | pub struct Attr(u8);
[INFO] [stdout]     |            ^^^^
[INFO] [stdout]     |
[INFO] [stdout]     = note: `#[warn(dead_code)]` (part of `#[warn(unused)]`) on by default
[INFO] [stdout] 
[INFO] [stdout] 
[INFO] [stdout] warning: methods `sorted`, `unique`, `partioned`, and `grouped` are never used
[INFO] [stdout]    --> src/k.rs:104:12
[INFO] [stdout]     |
[INFO] [stdout] 103 | impl Attr {
[INFO] [stdout]     | --------- methods in this implementation
[INFO] [stdout] 104 |     pub fn sorted(self) -> bool {
[INFO] [stdout]     |            ^^^^^^
[INFO] [stdout] ...
[INFO] [stdout] 107 |     pub fn unique(self) -> bool {
[INFO] [stdout]     |            ^^^^^^
[INFO] [stdout] ...
[INFO] [stdout] 110 |     pub fn partioned(self) -> bool {
[INFO] [stdout]     |            ^^^^^^^^^
[INFO] [stdout] ...
[INFO] [stdout] 113 |     pub fn grouped(self) -> bool {
[INFO] [stdout]     |            ^^^^^^^
[INFO] [stdout] 
[INFO] [stdout] 
[INFO] [stdout] warning: hiding a lifetime that's elided elsewhere is confusing
[INFO] [stdout]   --> src/list.rs:74:17
[INFO] [stdout]    |
[INFO] [stdout] 74 |     pub fn iter(&self) -> Iter<T::ListItem> {
[INFO] [stdout]    |                 ^^^^^     ^^^^^^^^^^^^^^^^^ the same lifetime is hidden here
[INFO] [stdout]    |                 |
[INFO] [stdout]    |                 the lifetime is elided here
[INFO] [stdout]    |
[INFO] [stdout]    = help: the same lifetime is referred to in inconsistent ways, making the signature confusing
[INFO] [stdout]    = note: `#[warn(mismatched_lifetime_syntaxes)]` on by default
[INFO] [stdout] help: use `'_` for type paths
[INFO] [stdout]    |
[INFO] [stdout] 74 |     pub fn iter(&self) -> Iter<'_, T::ListItem> {
[INFO] [stdout]    |                                +++
[INFO] [stdout] 
[INFO] [stdout] 
[INFO] [stdout] warning: hiding a lifetime that's elided elsewhere is confusing
[INFO] [stdout]   --> src/list.rs:92:21
[INFO] [stdout]    |
[INFO] [stdout] 92 |     pub fn iter_mut(&mut self) -> IterMut<T::ListItem> {
[INFO] [stdout]    |                     ^^^^^^^^^     ^^^^^^^^^^^^^^^^^^^^ the same lifetime is hidden here
[INFO] [stdout]    |                     |
[INFO] [stdout]    |                     the lifetime is elided here
[INFO] [stdout]    |
[INFO] [stdout]    = help: the same lifetime is referred to in inconsistent ways, making the signature confusing
[INFO] [stdout] help: use `'_` for type paths
[INFO] [stdout]    |
[INFO] [stdout] 92 |     pub fn iter_mut(&mut self) -> IterMut<'_, T::ListItem> {
[INFO] [stdout]    |                                           +++
[INFO] [stdout] 
[INFO] [stdout] 
[INFO] [stderr]     Finished `release` profile [optimized] target(s) in 4.39s
[INFO] running `Command { std: "docker" "inspect" "da845ccca1e95e114c785d8c4d5737ecaea97780d7bc710543eb2be7599a7190", kill_on_drop: false }`
[INFO] running `Command { std: "docker" "exec" "-e" "SOURCE_DIR=/opt/rustwide/workdir" "-e" "CARGO_HOME=/opt/rustwide/cargo-home" "-e" "RUSTUP_HOME=/opt/rustwide/rustup-home" "-e" "CARGO_TARGET_DIR=/opt/rustwide/target" "-e" "CARGO_INCREMENTAL=0" "-e" "RUST_BACKTRACE=full" "-e" "RUSTFLAGS=--cap-lints=warn" "-e" "RUSTDOCFLAGS=--cap-lints=warn" "-w" "/opt/rustwide/workdir" "--user" "0:0" "da845ccca1e95e114c785d8c4d5737ecaea97780d7bc710543eb2be7599a7190" "/opt/rustwide/cargo-home/bin/cargo" "+1.100.0-beta.1" "test" "--frozen" "--no-run" "--message-format=json" "--release", kill_on_drop: false }`
[INFO] [stderr]    Compiling kdb v0.3.0 (/opt/rustwide/workdir)
[INFO] [stdout] warning: use of deprecated constant `std::i64::MAX`: replaced by the `MAX` associated constant on this type
[INFO] [stdout]    --> src/date_time_types.rs:321:26
[INFO] [stdout]     |
[INFO] [stdout] 321 |         if d > std::i64::MAX as u128 {
[INFO] [stdout]     |                          ^^^
[INFO] [stdout]     |
[INFO] [stdout]     = note: `#[warn(deprecated)]` on by default
[INFO] [stdout] 
[INFO] [stdout] 
[INFO] [stdout] warning: variable does not need to be mutable
[INFO] [stdout]   --> src/k_error.rs:27:13
[INFO] [stdout]    |
[INFO] [stdout] 27 |         let mut err = KBox::new_atom(symbol(msg)).into_raw() as *mut K;
[INFO] [stdout]    |             ----^^^
[INFO] [stdout]    |             |
[INFO] [stdout]    |             help: remove this `mut`
[INFO] [stdout]    |
[INFO] [stdout]    = note: `#[warn(unused_mut)]` (part of `#[warn(unused)]`) on by default
[INFO] [stdout] 
[INFO] [stdout] 
[INFO] [stdout] warning: struct `Attr` is never constructed
[INFO] [stdout]    --> src/k.rs:101:12
[INFO] [stdout]     |
[INFO] [stdout] 101 | pub struct Attr(u8);
[INFO] [stdout]     |            ^^^^
[INFO] [stdout]     |
[INFO] [stdout]     = note: `#[warn(dead_code)]` (part of `#[warn(unused)]`) on by default
[INFO] [stdout] 
[INFO] [stdout] 
[INFO] [stdout] warning: methods `sorted`, `unique`, `partioned`, and `grouped` are never used
[INFO] [stdout]    --> src/k.rs:104:12
[INFO] [stdout]     |
[INFO] [stdout] 103 | impl Attr {
[INFO] [stdout]     | --------- methods in this implementation
[INFO] [stdout] 104 |     pub fn sorted(self) -> bool {
[INFO] [stdout]     |            ^^^^^^
[INFO] [stdout] ...
[INFO] [stdout] 107 |     pub fn unique(self) -> bool {
[INFO] [stdout]     |            ^^^^^^
[INFO] [stdout] ...
[INFO] [stdout] 110 |     pub fn partioned(self) -> bool {
[INFO] [stdout]     |            ^^^^^^^^^
[INFO] [stdout] ...
[INFO] [stdout] 113 |     pub fn grouped(self) -> bool {
[INFO] [stdout]     |            ^^^^^^^
[INFO] [stdout] 
[INFO] [stdout] 
[INFO] [stdout] warning: hiding a lifetime that's elided elsewhere is confusing
[INFO] [stdout]   --> src/list.rs:74:17
[INFO] [stdout]    |
[INFO] [stdout] 74 |     pub fn iter(&self) -> Iter<T::ListItem> {
[INFO] [stdout]    |                 ^^^^^     ^^^^^^^^^^^^^^^^^ the same lifetime is hidden here
[INFO] [stdout]    |                 |
[INFO] [stdout]    |                 the lifetime is elided here
[INFO] [stdout]    |
[INFO] [stdout]    = help: the same lifetime is referred to in inconsistent ways, making the signature confusing
[INFO] [stdout]    = note: `#[warn(mismatched_lifetime_syntaxes)]` on by default
[INFO] [stdout] help: use `'_` for type paths
[INFO] [stdout]    |
[INFO] [stdout] 74 |     pub fn iter(&self) -> Iter<'_, T::ListItem> {
[INFO] [stdout]    |                                +++
[INFO] [stdout] 
[INFO] [stdout] 
[INFO] [stdout] warning: hiding a lifetime that's elided elsewhere is confusing
[INFO] [stdout]   --> src/list.rs:92:21
[INFO] [stdout]    |
[INFO] [stdout] 92 |     pub fn iter_mut(&mut self) -> IterMut<T::ListItem> {
[INFO] [stdout]    |                     ^^^^^^^^^     ^^^^^^^^^^^^^^^^^^^^ the same lifetime is hidden here
[INFO] [stdout]    |                     |
[INFO] [stdout]    |                     the lifetime is elided here
[INFO] [stdout]    |
[INFO] [stdout]    = help: the same lifetime is referred to in inconsistent ways, making the signature confusing
[INFO] [stdout] help: use `'_` for type paths
[INFO] [stdout]    |
[INFO] [stdout] 92 |     pub fn iter_mut(&mut self) -> IterMut<'_, T::ListItem> {
[INFO] [stdout]    |                                           +++
[INFO] [stdout] 
[INFO] [stdout] 
[INFO] [stdout] warning: use of deprecated constant `std::i64::MAX`: replaced by the `MAX` associated constant on this type
[INFO] [stdout]    --> src/date_time_types.rs:321:26
[INFO] [stdout]     |
[INFO] [stdout] 321 |         if d > std::i64::MAX as u128 {
[INFO] [stdout]     |                          ^^^
[INFO] [stdout]     |
[INFO] [stdout]     = note: `#[warn(deprecated)]` on by default
[INFO] [stdout] 
[INFO] [stdout] 
[INFO] [stdout] error: linking with `cc` failed: exit status: 1
[INFO] [stdout]   |
[INFO] [stdout]   = note:  "cc" "-m64" "/opt/rustwide/target/release/build/kdb/5259b19e1f3a028e/out/rustcQFaQDG/symbols.o" "<2 object files omitted>" "-Wl,--as-needed" "-Wl,-Bstatic" "/opt/rustwide/target/release/build/kdb/22cbfe7c7b0e3ce9/out/libkdb-22cbfe7c7b0e3ce9.rlib" "/opt/rustwide/target/release/build/array_iterator/4307ec3425284202/out/libarray_iterator-4307ec3425284202.rlib" "/opt/rustwide/target/release/build/thiserror/6b45918aaf399c52/out/libthiserror-6b45918aaf399c52.rlib" "/opt/rustwide/target/release/build/uuid/3e101d40141ea9db/out/libuuid-3e101d40141ea9db.rlib" "<sysroot>/lib/rustlib/x86_64-unknown-linux-gnu/lib/{libstd-*,libpanic_unwind-*,libobject-*,libmemchr-*,libaddr2line-*,libgimli-*,libcfg_if-*,librustc_demangle-*,libstd_detect-*,libhashbrown-*,librustc_std_workspace_alloc-*,libminiz_oxide-*,libadler2-*,libunwind-*,liblibc-*,librustc_std_workspace_core-*,liballoc-*,libcore-*,libcompiler_builtins-*}.rlib" "-Wl,-Bdynamic" "-lkdb" "-lgcc_s" "-lutil" "-lrt" "-lpthread" "-lm" "-ldl" "-lc" "-L" "/opt/rustwide/target/release/build/kdb/5259b19e1f3a028e/out/rustcQFaQDG/raw-dylibs" "-B<sysroot>/lib/rustlib/x86_64-unknown-linux-gnu/bin/gcc-ld" "-fuse-ld=lld" "-Wl,--eh-frame-hdr" "-Wl,-z,noexecstack" "-L" "/opt/rustwide/workdir" "-L" "<sysroot>/lib/rustlib/x86_64-unknown-linux-gnu/lib" "-o" "/opt/rustwide/target/release/build/kdb/5259b19e1f3a028e/out/fun_with_symbols" "-Wl,--gc-sections" "-pie" "-Wl,-z,relro,-z,now" "-Wl,-O1" "-Wl,--strip-debug" "-nodefaultlibs"
[INFO] [stdout]   = note: some arguments are omitted. use `--verbose` to show all linker arguments
[INFO] [stdout]   = note: rust-lld: error: unable to find library -lkdb
[INFO] [stdout]           collect2: error: ld returned 1 exit status
[INFO] [stdout]           
[INFO] [stdout] 
[INFO] [stdout] 
[INFO] [stderr] error: could not compile `kdb` (example "fun_with_symbols") due to 1 previous error
[INFO] [stderr] warning: build failed, waiting for other jobs to finish...
[INFO] [stdout] error: linking with `cc` failed: exit status: 1
[INFO] [stdout]   |
[INFO] [stdout]   = note:  "cc" "-m64" "/opt/rustwide/target/release/build/kdb/b16b86deee155188/out/rustcoaTLPI/symbols.o" "<2 object files omitted>" "-Wl,--as-needed" "-Wl,-Bstatic" "/opt/rustwide/target/release/build/kdb/22cbfe7c7b0e3ce9/out/libkdb-22cbfe7c7b0e3ce9.rlib" "/opt/rustwide/target/release/build/array_iterator/4307ec3425284202/out/libarray_iterator-4307ec3425284202.rlib" "/opt/rustwide/target/release/build/thiserror/6b45918aaf399c52/out/libthiserror-6b45918aaf399c52.rlib" "/opt/rustwide/target/release/build/uuid/3e101d40141ea9db/out/libuuid-3e101d40141ea9db.rlib" "<sysroot>/lib/rustlib/x86_64-unknown-linux-gnu/lib/{libstd-*,libpanic_unwind-*,libobject-*,libmemchr-*,libaddr2line-*,libgimli-*,libcfg_if-*,librustc_demangle-*,libstd_detect-*,libhashbrown-*,librustc_std_workspace_alloc-*,libminiz_oxide-*,libadler2-*,libunwind-*,liblibc-*,librustc_std_workspace_core-*,liballoc-*,libcore-*,libcompiler_builtins-*}.rlib" "-Wl,-Bdynamic" "-lkdb" "-lgcc_s" "-lutil" "-lrt" "-lpthread" "-lm" "-ldl" "-lc" "-L" "/opt/rustwide/target/release/build/kdb/b16b86deee155188/out/rustcoaTLPI/raw-dylibs" "-B<sysroot>/lib/rustlib/x86_64-unknown-linux-gnu/bin/gcc-ld" "-fuse-ld=lld" "-Wl,--eh-frame-hdr" "-Wl,-z,noexecstack" "-L" "/opt/rustwide/workdir" "-L" "<sysroot>/lib/rustlib/x86_64-unknown-linux-gnu/lib" "-o" "/opt/rustwide/target/release/build/kdb/b16b86deee155188/out/using_atoms" "-Wl,--gc-sections" "-pie" "-Wl,-z,relro,-z,now" "-Wl,-O1" "-Wl,--strip-debug" "-nodefaultlibs"
[INFO] [stdout]   = note: some arguments are omitted. use `--verbose` to show all linker arguments
[INFO] [stdout]   = note: rust-lld: error: unable to find library -lkdb
[INFO] [stdout]           collect2: error: ld returned 1 exit status
[INFO] [stdout]           
[INFO] [stdout] 
[INFO] [stdout] 
[INFO] [stderr] error: could not compile `kdb` (example "using_atoms") due to 1 previous error
[INFO] [stdout] error: linking with `cc` failed: exit status: 1
[INFO] [stdout]   |
[INFO] [stdout]   = note:  "cc" "-m64" "/opt/rustwide/target/release/build/kdb/aa0e7ae27e34cc2f/out/rustcQdlPs1/symbols.o" "<2 object files omitted>" "-Wl,--as-needed" "-Wl,-Bstatic" "/opt/rustwide/target/release/build/kdb/22cbfe7c7b0e3ce9/out/libkdb-22cbfe7c7b0e3ce9.rlib" "/opt/rustwide/target/release/build/array_iterator/4307ec3425284202/out/libarray_iterator-4307ec3425284202.rlib" "/opt/rustwide/target/release/build/thiserror/6b45918aaf399c52/out/libthiserror-6b45918aaf399c52.rlib" "/opt/rustwide/target/release/build/uuid/3e101d40141ea9db/out/libuuid-3e101d40141ea9db.rlib" "<sysroot>/lib/rustlib/x86_64-unknown-linux-gnu/lib/{libstd-*,libpanic_unwind-*,libobject-*,libmemchr-*,libaddr2line-*,libgimli-*,libcfg_if-*,librustc_demangle-*,libstd_detect-*,libhashbrown-*,librustc_std_workspace_alloc-*,libminiz_oxide-*,libadler2-*,libunwind-*,liblibc-*,librustc_std_workspace_core-*,liballoc-*,libcore-*,libcompiler_builtins-*}.rlib" "-Wl,-Bdynamic" "-lkdb" "-lgcc_s" "-lutil" "-lrt" "-lpthread" "-lm" "-ldl" "-lc" "-L" "/opt/rustwide/target/release/build/kdb/aa0e7ae27e34cc2f/out/rustcQdlPs1/raw-dylibs" "-B<sysroot>/lib/rustlib/x86_64-unknown-linux-gnu/bin/gcc-ld" "-fuse-ld=lld" "-Wl,--eh-frame-hdr" "-Wl,-z,noexecstack" "-L" "/opt/rustwide/workdir" "-L" "<sysroot>/lib/rustlib/x86_64-unknown-linux-gnu/lib" "-o" "/opt/rustwide/target/release/build/kdb/aa0e7ae27e34cc2f/out/using_any" "-Wl,--gc-sections" "-pie" "-Wl,-z,relro,-z,now" "-Wl,-O1" "-Wl,--strip-debug" "-nodefaultlibs"
[INFO] [stdout]   = note: some arguments are omitted. use `--verbose` to show all linker arguments
[INFO] [stdout]   = note: rust-lld: error: unable to find library -lkdb
[INFO] [stdout]           collect2: error: ld returned 1 exit status
[INFO] [stdout]           
[INFO] [stdout] 
[INFO] [stdout] 
[INFO] [stderr] error: could not compile `kdb` (example "using_any") due to 1 previous error
[INFO] [stdout] error: linking with `cc` failed: exit status: 1
[INFO] [stdout]   |
[INFO] [stdout]   = note:  "cc" "-m64" "/opt/rustwide/target/release/build/kdb/617f740a0213c0f3/out/rustcXJ2a8S/symbols.o" "<2 object files omitted>" "-Wl,--as-needed" "-Wl,-Bstatic" "/opt/rustwide/target/release/build/kdb/22cbfe7c7b0e3ce9/out/libkdb-22cbfe7c7b0e3ce9.rlib" "/opt/rustwide/target/release/build/array_iterator/4307ec3425284202/out/libarray_iterator-4307ec3425284202.rlib" "/opt/rustwide/target/release/build/thiserror/6b45918aaf399c52/out/libthiserror-6b45918aaf399c52.rlib" "/opt/rustwide/target/release/build/uuid/3e101d40141ea9db/out/libuuid-3e101d40141ea9db.rlib" "<sysroot>/lib/rustlib/x86_64-unknown-linux-gnu/lib/{libstd-*,libpanic_unwind-*,libobject-*,libmemchr-*,libaddr2line-*,libgimli-*,libcfg_if-*,librustc_demangle-*,libstd_detect-*,libhashbrown-*,librustc_std_workspace_alloc-*,libminiz_oxide-*,libadler2-*,libunwind-*,liblibc-*,librustc_std_workspace_core-*,liballoc-*,libcore-*,libcompiler_builtins-*}.rlib" "-Wl,-Bdynamic" "-lkdb" "-lgcc_s" "-lutil" "-lrt" "-lpthread" "-lm" "-ldl" "-lc" "-L" "/opt/rustwide/target/release/build/kdb/617f740a0213c0f3/out/rustcXJ2a8S/raw-dylibs" "-B<sysroot>/lib/rustlib/x86_64-unknown-linux-gnu/bin/gcc-ld" "-fuse-ld=lld" "-Wl,--eh-frame-hdr" "-Wl,-z,noexecstack" "-L" "/opt/rustwide/workdir" "-L" "<sysroot>/lib/rustlib/x86_64-unknown-linux-gnu/lib" "-o" "/opt/rustwide/target/release/build/kdb/617f740a0213c0f3/out/working_with_time" "-Wl,--gc-sections" "-pie" "-Wl,-z,relro,-z,now" "-Wl,-O1" "-Wl,--strip-debug" "-nodefaultlibs"
[INFO] [stdout]   = note: some arguments are omitted. use `--verbose` to show all linker arguments
[INFO] [stdout]   = note: rust-lld: error: unable to find library -lkdb
[INFO] [stdout]           collect2: error: ld returned 1 exit status
[INFO] [stdout]           
[INFO] [stdout] 
[INFO] [stdout] 
[INFO] [stderr] error: could not compile `kdb` (example "working_with_time") due to 1 previous error
[INFO] [stdout] error: linking with `cc` failed: exit status: 1
[INFO] [stdout]   |
[INFO] [stdout]   = note:  "cc" "-m64" "/opt/rustwide/target/release/build/kdb/0924cf32a6904843/out/rustca2vbwS/symbols.o" "<2 object files omitted>" "-Wl,--as-needed" "-Wl,-Bstatic" "/opt/rustwide/target/release/build/kdb/22cbfe7c7b0e3ce9/out/libkdb-22cbfe7c7b0e3ce9.rlib" "/opt/rustwide/target/release/build/array_iterator/4307ec3425284202/out/libarray_iterator-4307ec3425284202.rlib" "/opt/rustwide/target/release/build/thiserror/6b45918aaf399c52/out/libthiserror-6b45918aaf399c52.rlib" "/opt/rustwide/target/release/build/uuid/3e101d40141ea9db/out/libuuid-3e101d40141ea9db.rlib" "<sysroot>/lib/rustlib/x86_64-unknown-linux-gnu/lib/{libstd-*,libpanic_unwind-*,libobject-*,libmemchr-*,libaddr2line-*,libgimli-*,libcfg_if-*,librustc_demangle-*,libstd_detect-*,libhashbrown-*,librustc_std_workspace_alloc-*,libminiz_oxide-*,libadler2-*,libunwind-*,liblibc-*,librustc_std_workspace_core-*,liballoc-*,libcore-*,libcompiler_builtins-*}.rlib" "-Wl,-Bdynamic" "-lkdb" "-lgcc_s" "-lutil" "-lrt" "-lpthread" "-lm" "-ldl" "-lc" "-L" "/opt/rustwide/target/release/build/kdb/0924cf32a6904843/out/rustca2vbwS/raw-dylibs" "-B<sysroot>/lib/rustlib/x86_64-unknown-linux-gnu/bin/gcc-ld" "-fuse-ld=lld" "-Wl,--eh-frame-hdr" "-Wl,-z,noexecstack" "-L" "/opt/rustwide/workdir" "-L" "<sysroot>/lib/rustlib/x86_64-unknown-linux-gnu/lib" "-o" "/opt/rustwide/target/release/build/kdb/0924cf32a6904843/out/publishing" "-Wl,--gc-sections" "-pie" "-Wl,-z,relro,-z,now" "-Wl,-O1" "-Wl,--strip-debug" "-nodefaultlibs"
[INFO] [stdout]   = note: some arguments are omitted. use `--verbose` to show all linker arguments
[INFO] [stdout]   = note: rust-lld: error: unable to find library -lkdb
[INFO] [stdout]           collect2: error: ld returned 1 exit status
[INFO] [stdout]           
[INFO] [stdout] 
[INFO] [stdout] 
[INFO] [stderr] error: could not compile `kdb` (example "publishing") due to 1 previous error
[INFO] [stdout] warning: falling back to `f32` as the trait bound `f32: From<f64>` is not satisfied
[INFO] [stdout]    --> src/list.rs:317:37
[INFO] [stdout]     |
[INFO] [stdout] 317 |         assert_eq!(6f32, list![f32; 1., 2., 3. ].iter().copied().sum());
[INFO] [stdout]     |                                     ^^ help: explicitly specify the type as `f32`: `1_f32`
[INFO] [stdout]     |
[INFO] [stdout]     = warning: this was previously accepted by the compiler but is being phased out; it will become a hard error in a future release!
[INFO] [stdout]     = note: for more information, see issue #154024 <https://github.com/rust-lang/rust/issues/154024>
[INFO] [stdout]     = note: `#[warn(float_literal_f32_fallback)]` (part of `#[warn(future_incompatible)]`) on by default
[INFO] [stdout] 
[INFO] [stdout] 
[INFO] [stdout] warning: falling back to `f32` as the trait bound `f32: From<f64>` is not satisfied
[INFO] [stdout]    --> src/list.rs:317:41
[INFO] [stdout]     |
[INFO] [stdout] 317 |         assert_eq!(6f32, list![f32; 1., 2., 3. ].iter().copied().sum());
[INFO] [stdout]     |                                         ^^ help: explicitly specify the type as `f32`: `2_f32`
[INFO] [stdout]     |
[INFO] [stdout]     = warning: this was previously accepted by the compiler but is being phased out; it will become a hard error in a future release!
[INFO] [stdout]     = note: for more information, see issue #154024 <https://github.com/rust-lang/rust/issues/154024>
[INFO] [stdout] 
[INFO] [stdout] 
[INFO] [stdout] warning: falling back to `f32` as the trait bound `f32: From<f64>` is not satisfied
[INFO] [stdout]    --> src/list.rs:317:45
[INFO] [stdout]     |
[INFO] [stdout] 317 |         assert_eq!(6f32, list![f32; 1., 2., 3. ].iter().copied().sum());
[INFO] [stdout]     |                                             ^^ help: explicitly specify the type as `f32`: `3_f32`
[INFO] [stdout]     |
[INFO] [stdout]     = warning: this was previously accepted by the compiler but is being phased out; it will become a hard error in a future release!
[INFO] [stdout]     = note: for more information, see issue #154024 <https://github.com/rust-lang/rust/issues/154024>
[INFO] [stdout] 
[INFO] [stdout] 
[INFO] [stderr] error: could not compile `kdb` (example "using_dictionaries") due to 1 previous error
[INFO] [stdout] error: linking with `cc` failed: exit status: 1
[INFO] [stdout]   |
[INFO] [stdout]   = note:  "cc" "-m64" "/opt/rustwide/target/release/build/kdb/be8f4b42617c3432/out/rustcA40qlU/symbols.o" "<2 object files omitted>" "-Wl,--as-needed" "-Wl,-Bstatic" "/opt/rustwide/target/release/build/kdb/22cbfe7c7b0e3ce9/out/libkdb-22cbfe7c7b0e3ce9.rlib" "/opt/rustwide/target/release/build/array_iterator/4307ec3425284202/out/libarray_iterator-4307ec3425284202.rlib" "/opt/rustwide/target/release/build/thiserror/6b45918aaf399c52/out/libthiserror-6b45918aaf399c52.rlib" "/opt/rustwide/target/release/build/uuid/3e101d40141ea9db/out/libuuid-3e101d40141ea9db.rlib" "<sysroot>/lib/rustlib/x86_64-unknown-linux-gnu/lib/{libstd-*,libpanic_unwind-*,libobject-*,libmemchr-*,libaddr2line-*,libgimli-*,libcfg_if-*,librustc_demangle-*,libstd_detect-*,libhashbrown-*,librustc_std_workspace_alloc-*,libminiz_oxide-*,libadler2-*,libunwind-*,liblibc-*,librustc_std_workspace_core-*,liballoc-*,libcore-*,libcompiler_builtins-*}.rlib" "-Wl,-Bdynamic" "-lkdb" "-lgcc_s" "-lutil" "-lrt" "-lpthread" "-lm" "-ldl" "-lc" "-L" "/opt/rustwide/target/release/build/kdb/be8f4b42617c3432/out/rustcA40qlU/raw-dylibs" "-B<sysroot>/lib/rustlib/x86_64-unknown-linux-gnu/bin/gcc-ld" "-fuse-ld=lld" "-Wl,--eh-frame-hdr" "-Wl,-z,noexecstack" "-L" "/opt/rustwide/workdir" "-L" "<sysroot>/lib/rustlib/x86_64-unknown-linux-gnu/lib" "-o" "/opt/rustwide/target/release/build/kdb/be8f4b42617c3432/out/using_dictionaries" "-Wl,--gc-sections" "-pie" "-Wl,-z,relro,-z,now" "-Wl,-O1" "-Wl,--strip-debug" "-nodefaultlibs"
[INFO] [stdout]   = note: some arguments are omitted. use `--verbose` to show all linker arguments
[INFO] [stdout]   = note: rust-lld: error: unable to find library -lkdb
[INFO] [stdout]           collect2: error: ld returned 1 exit status
[INFO] [stdout]           
[INFO] [stdout] 
[INFO] [stdout] 
[INFO] [stdout] error[E0283]: type annotations needed
[INFO] [stdout]    --> src/serialization.rs:51:63
[INFO] [stdout]     |
[INFO] [stdout]  51 |         let bytes = b9_serialize(SerializationMode::InProc, l.as_ref()).unwrap();
[INFO] [stdout]     |                                                               ^^^^^^
[INFO] [stdout]     |
[INFO] [stdout] note: multiple `impl`s satisfying `kbox::KBox<list::List<i32>>: AsRef<_>` found
[INFO] [stdout]    --> src/any.rs:106:1
[INFO] [stdout]     |
[INFO] [stdout] 106 | impl<T: KListable> AsRef<Any> for KBox<List<T>> {
[INFO] [stdout]     | ^^^^^^^^^^^^^^^^^^^^^^^^^^^^^^^^^^^^^^^^^^^^^^^
[INFO] [stdout]     |
[INFO] [stdout]    ::: src/kbox.rs:82:1
[INFO] [stdout]     |
[INFO] [stdout]  82 | impl<T: KObject> AsRef<T> for KBox<T> {
[INFO] [stdout]     | ^^^^^^^^^^^^^^^^^^^^^^^^^^^^^^^^^^^^^
[INFO] [stdout] help: try using a fully qualified path to specify the expected types
[INFO] [stdout]     |
[INFO] [stdout]  51 -         let bytes = b9_serialize(SerializationMode::InProc, l.as_ref()).unwrap();
[INFO] [stdout]  51 +         let bytes = b9_serialize(SerializationMode::InProc, <kbox::KBox<list::List<i32>> as AsRef<T>>::as_ref(&l)).unwrap();
[INFO] [stdout]     |
[INFO] [stdout] 
[INFO] [stdout] 
[INFO] [stdout] error[E0283]: type annotations needed
[INFO] [stdout]    --> src/serialization.rs:55:66
[INFO] [stdout]     |
[INFO] [stdout]  55 |         let bytes = b9_serialize(SerializationMode::Enumerate, l.as_ref()).unwrap();
[INFO] [stdout]     |                                                                  ^^^^^^
[INFO] [stdout]     |
[INFO] [stdout] note: multiple `impl`s satisfying `kbox::KBox<list::List<i32>>: AsRef<_>` found
[INFO] [stdout]    --> src/any.rs:106:1
[INFO] [stdout]     |
[INFO] [stdout] 106 | impl<T: KListable> AsRef<Any> for KBox<List<T>> {
[INFO] [stdout]     | ^^^^^^^^^^^^^^^^^^^^^^^^^^^^^^^^^^^^^^^^^^^^^^^
[INFO] [stdout]     |
[INFO] [stdout]    ::: src/kbox.rs:82:1
[INFO] [stdout]     |
[INFO] [stdout]  82 | impl<T: KObject> AsRef<T> for KBox<T> {
[INFO] [stdout]     | ^^^^^^^^^^^^^^^^^^^^^^^^^^^^^^^^^^^^^
[INFO] [stdout] help: try using a fully qualified path to specify the expected types
[INFO] [stdout]     |
[INFO] [stdout]  55 -         let bytes = b9_serialize(SerializationMode::Enumerate, l.as_ref()).unwrap();
[INFO] [stdout]  55 +         let bytes = b9_serialize(SerializationMode::Enumerate, <kbox::KBox<list::List<i32>> as AsRef<T>>::as_ref(&l)).unwrap();
[INFO] [stdout]     |
[INFO] [stdout] 
[INFO] [stdout] 
[INFO] [stdout] error[E0283]: type annotations needed
[INFO] [stdout]    --> src/serialization.rs:59:68
[INFO] [stdout]     |
[INFO] [stdout]  59 |         let bytes = b9_serialize(SerializationMode::Unenumerate, l.as_ref()).unwrap();
[INFO] [stdout]     |                                                                    ^^^^^^
[INFO] [stdout]     |
[INFO] [stdout] note: multiple `impl`s satisfying `kbox::KBox<list::List<i32>>: AsRef<_>` found
[INFO] [stdout]    --> src/any.rs:106:1
[INFO] [stdout]     |
[INFO] [stdout] 106 | impl<T: KListable> AsRef<Any> for KBox<List<T>> {
[INFO] [stdout]     | ^^^^^^^^^^^^^^^^^^^^^^^^^^^^^^^^^^^^^^^^^^^^^^^
[INFO] [stdout]     |
[INFO] [stdout]    ::: src/kbox.rs:82:1
[INFO] [stdout]     |
[INFO] [stdout]  82 | impl<T: KObject> AsRef<T> for KBox<T> {
[INFO] [stdout]     | ^^^^^^^^^^^^^^^^^^^^^^^^^^^^^^^^^^^^^
[INFO] [stdout] help: try using a fully qualified path to specify the expected types
[INFO] [stdout]     |
[INFO] [stdout]  59 -         let bytes = b9_serialize(SerializationMode::Unenumerate, l.as_ref()).unwrap();
[INFO] [stdout]  59 +         let bytes = b9_serialize(SerializationMode::Unenumerate, <kbox::KBox<list::List<i32>> as AsRef<T>>::as_ref(&l)).unwrap();
[INFO] [stdout]     |
[INFO] [stdout] 
[INFO] [stdout] 
[INFO] [stdout] error[E0283]: type annotations needed
[INFO] [stdout]    --> src/serialization.rs:63:65
[INFO] [stdout]     |
[INFO] [stdout]  63 |         let bytes = b9_serialize(SerializationMode::Compress, l.as_ref()).unwrap();
[INFO] [stdout]     |                                                                 ^^^^^^
[INFO] [stdout]     |
[INFO] [stdout] note: multiple `impl`s satisfying `kbox::KBox<list::List<i32>>: AsRef<_>` found
[INFO] [stdout]    --> src/any.rs:106:1
[INFO] [stdout]     |
[INFO] [stdout] 106 | impl<T: KListable> AsRef<Any> for KBox<List<T>> {
[INFO] [stdout]     | ^^^^^^^^^^^^^^^^^^^^^^^^^^^^^^^^^^^^^^^^^^^^^^^
[INFO] [stdout]     |
[INFO] [stdout]    ::: src/kbox.rs:82:1
[INFO] [stdout]     |
[INFO] [stdout]  82 | impl<T: KObject> AsRef<T> for KBox<T> {
[INFO] [stdout]     | ^^^^^^^^^^^^^^^^^^^^^^^^^^^^^^^^^^^^^
[INFO] [stdout] help: try using a fully qualified path to specify the expected types
[INFO] [stdout]     |
[INFO] [stdout]  63 -         let bytes = b9_serialize(SerializationMode::Compress, l.as_ref()).unwrap();
[INFO] [stdout]  63 +         let bytes = b9_serialize(SerializationMode::Compress, <kbox::KBox<list::List<i32>> as AsRef<T>>::as_ref(&l)).unwrap();
[INFO] [stdout]     |
[INFO] [stdout] 
[INFO] [stdout] 
[INFO] [stdout] error: linking with `cc` failed: exit status: 1
[INFO] [stdout]   |
[INFO] [stdout]   = note:  "cc" "-m64" "/opt/rustwide/target/release/build/kdb/f4d010f553546d6e/out/rustcAcjQ8f/symbols.o" "<2 object files omitted>" "-Wl,--as-needed" "-Wl,-Bstatic" "/opt/rustwide/target/release/build/kdb/22cbfe7c7b0e3ce9/out/libkdb-22cbfe7c7b0e3ce9.rlib" "/opt/rustwide/target/release/build/array_iterator/4307ec3425284202/out/libarray_iterator-4307ec3425284202.rlib" "/opt/rustwide/target/release/build/thiserror/6b45918aaf399c52/out/libthiserror-6b45918aaf399c52.rlib" "/opt/rustwide/target/release/build/uuid/3e101d40141ea9db/out/libuuid-3e101d40141ea9db.rlib" "<sysroot>/lib/rustlib/x86_64-unknown-linux-gnu/lib/{libstd-*,libpanic_unwind-*,libobject-*,libmemchr-*,libaddr2line-*,libgimli-*,libcfg_if-*,librustc_demangle-*,libstd_detect-*,libhashbrown-*,librustc_std_workspace_alloc-*,libminiz_oxide-*,libadler2-*,libunwind-*,liblibc-*,librustc_std_workspace_core-*,liballoc-*,libcore-*,libcompiler_builtins-*}.rlib" "-Wl,-Bdynamic" "-lkdb" "-lgcc_s" "-lutil" "-lrt" "-lpthread" "-lm" "-ldl" "-lc" "-L" "/opt/rustwide/target/release/build/kdb/f4d010f553546d6e/out/rustcAcjQ8f/raw-dylibs" "-B<sysroot>/lib/rustlib/x86_64-unknown-linux-gnu/bin/gcc-ld" "-fuse-ld=lld" "-Wl,--eh-frame-hdr" "-Wl,-z,noexecstack" "-L" "/opt/rustwide/workdir" "-L" "<sysroot>/lib/rustlib/x86_64-unknown-linux-gnu/lib" "-o" "/opt/rustwide/target/release/build/kdb/f4d010f553546d6e/out/connecting_to_kdb" "-Wl,--gc-sections" "-pie" "-Wl,-z,relro,-z,now" "-Wl,-O1" "-Wl,--strip-debug" "-nodefaultlibs"
[INFO] [stdout]   = note: some arguments are omitted. use `--verbose` to show all linker arguments
[INFO] [stdout]   = note: rust-lld: error: unable to find library -lkdb
[INFO] [stdout]           collect2: error: ld returned 1 exit status
[INFO] [stdout]           
[INFO] [stdout] 
[INFO] [stdout] 
[INFO] [stdout] error: linking with `cc` failed: exit status: 1
[INFO] [stdout]   |
[INFO] [stdout]   = note:  "cc" "-m64" "/opt/rustwide/target/release/build/kdb/4f230b45a27b918d/out/rustc64TK3V/symbols.o" "<2 object files omitted>" "-Wl,--as-needed" "-Wl,-Bstatic" "/opt/rustwide/target/release/build/kdb/22cbfe7c7b0e3ce9/out/libkdb-22cbfe7c7b0e3ce9.rlib" "/opt/rustwide/target/release/build/array_iterator/4307ec3425284202/out/libarray_iterator-4307ec3425284202.rlib" "/opt/rustwide/target/release/build/thiserror/6b45918aaf399c52/out/libthiserror-6b45918aaf399c52.rlib" "/opt/rustwide/target/release/build/uuid/3e101d40141ea9db/out/libuuid-3e101d40141ea9db.rlib" "<sysroot>/lib/rustlib/x86_64-unknown-linux-gnu/lib/{libstd-*,libpanic_unwind-*,libobject-*,libmemchr-*,libaddr2line-*,libgimli-*,libcfg_if-*,librustc_demangle-*,libstd_detect-*,libhashbrown-*,librustc_std_workspace_alloc-*,libminiz_oxide-*,libadler2-*,libunwind-*,liblibc-*,librustc_std_workspace_core-*,liballoc-*,libcore-*,libcompiler_builtins-*}.rlib" "-Wl,-Bdynamic" "-lkdb" "-lgcc_s" "-lutil" "-lrt" "-lpthread" "-lm" "-ldl" "-lc" "-L" "/opt/rustwide/target/release/build/kdb/4f230b45a27b918d/out/rustc64TK3V/raw-dylibs" "-B<sysroot>/lib/rustlib/x86_64-unknown-linux-gnu/bin/gcc-ld" "-fuse-ld=lld" "-Wl,--eh-frame-hdr" "-Wl,-z,noexecstack" "-L" "/opt/rustwide/workdir" "-L" "<sysroot>/lib/rustlib/x86_64-unknown-linux-gnu/lib" "-o" "/opt/rustwide/target/release/build/kdb/4f230b45a27b918d/out/creating_a_list" "-Wl,--gc-sections" "-pie" "-Wl,-z,relro,-z,now" "-Wl,-O1" "-Wl,--strip-debug" "-nodefaultlibs"
[INFO] [stdout]   = note: some arguments are omitted. use `--verbose` to show all linker arguments
[INFO] [stdout]   = note: rust-lld: error: unable to find library -lkdb
[INFO] [stdout]           collect2: error: ld returned 1 exit status
[INFO] [stdout]           
[INFO] [stdout] 
[INFO] [stdout] 
[INFO] [stderr] error: could not compile `kdb` (example "connecting_to_kdb") due to 1 previous error
[INFO] [stderr] error: could not compile `kdb` (example "creating_a_list") due to 1 previous error
[INFO] [stdout] warning: variable does not need to be mutable
[INFO] [stdout]   --> src/k_error.rs:27:13
[INFO] [stdout]    |
[INFO] [stdout] 27 |         let mut err = KBox::new_atom(symbol(msg)).into_raw() as *mut K;
[INFO] [stdout]    |             ----^^^
[INFO] [stdout]    |             |
[INFO] [stdout]    |             help: remove this `mut`
[INFO] [stdout]    |
[INFO] [stdout]    = note: `#[warn(unused_mut)]` (part of `#[warn(unused)]`) on by default
[INFO] [stdout] 
[INFO] [stdout] 
[INFO] [stdout] For more information about this error, try `rustc --explain E0283`.
[INFO] [stdout] 
[INFO] [stderr] error: could not compile `kdb` (lib test) due to 4 previous errors; 5 warnings emitted
[INFO] running `Command { std: "docker" "inspect" "da845ccca1e95e114c785d8c4d5737ecaea97780d7bc710543eb2be7599a7190", kill_on_drop: false }`
[INFO] running `Command { std: "docker" "rm" "-f" "da845ccca1e95e114c785d8c4d5737ecaea97780d7bc710543eb2be7599a7190", kill_on_drop: false }`
[INFO] [stdout] da845ccca1e95e114c785d8c4d5737ecaea97780d7bc710543eb2be7599a7190
