[INFO] fetching crate kastellan-db 0.2.0...
[INFO] testing kastellan-db-0.2.0 against 1.100.0-beta.1+cargoflags=--release for beta-release-1.100-2
[INFO] extracting crate kastellan-db 0.2.0 into /workspace/builds/worker-5-tc2/source
[INFO] started tweaking crates.io crate kastellan-db 0.2.0
[INFO] removed 0 missing tests
[INFO] finished tweaking crates.io crate kastellan-db 0.2.0
[INFO] tweaked toml for crates.io crate kastellan-db 0.2.0 written to /workspace/builds/worker-5-tc2/source/Cargo.toml
[INFO] validating manifest of crates.io crate kastellan-db 0.2.0 on toolchain 1.100.0-beta.1
[INFO] running `Command { std: CARGO_HOME="/workspace/cargo-home" RUSTUP_HOME="/workspace/rustup-home" "/workspace/cargo-home/bin/cargo" "+1.100.0-beta.1" "metadata" "--manifest-path" "Cargo.toml" "--no-deps", kill_on_drop: false }`
[INFO] crate crates.io crate kastellan-db 0.2.0 already has a lockfile, it will not be regenerated
[INFO] running `Command { std: CARGO_HOME="/workspace/cargo-home" RUSTUP_HOME="/workspace/rustup-home" "/workspace/cargo-home/bin/cargo" "+1.100.0-beta.1" "fetch" "--manifest-path" "Cargo.toml", kill_on_drop: false }`
[INFO] running `Command { std: "docker" "create" "-v" "/var/lib/crater-agent-workspace/builds/worker-5-tc2/source:/opt/rustwide/workdir:ro,Z" "-v" "/var/lib/crater-agent-workspace/builds/worker-5-tc2/target:/opt/rustwide/target:rw,Z" "-v" "/var/lib/crater-agent-workspace/cargo-home:/opt/rustwide/cargo-home:ro,Z" "-v" "/var/lib/crater-agent-workspace/rustup-home:/opt/rustwide/rustup-home:ro,Z" "-m" "1610612736" "--network" "none" "ghcr.io/rust-lang/crates-build-env/linux@sha256:77db811e55d90add9212f6832c23229e3de5f1c1f9905e8cb07319ea15df73ac" "sleep" "infinity", kill_on_drop: false }`
[INFO] [stdout] 5a1648de87e46efd3f72ff8811b0fbd48885a32aac892d15e40bc8f581d2c28e
[INFO] running `Command { std: "docker" "start" "5a1648de87e46efd3f72ff8811b0fbd48885a32aac892d15e40bc8f581d2c28e", kill_on_drop: false }`
[INFO] running `Command { std: "docker" "inspect" "5a1648de87e46efd3f72ff8811b0fbd48885a32aac892d15e40bc8f581d2c28e", kill_on_drop: false }`
[INFO] running `Command { std: "docker" "exec" "-e" "SOURCE_DIR=/opt/rustwide/workdir" "-e" "CARGO_HOME=/opt/rustwide/cargo-home" "-e" "RUSTUP_HOME=/opt/rustwide/rustup-home" "-e" "CARGO_TARGET_DIR=/opt/rustwide/target" "-w" "/opt/rustwide/workdir" "--user" "0:0" "5a1648de87e46efd3f72ff8811b0fbd48885a32aac892d15e40bc8f581d2c28e" "/opt/rustwide/cargo-home/bin/cargo" "+1.100.0-beta.1" "metadata" "--no-deps" "--format-version=1", kill_on_drop: false }`
[INFO] running `Command { std: "docker" "inspect" "5a1648de87e46efd3f72ff8811b0fbd48885a32aac892d15e40bc8f581d2c28e", kill_on_drop: false }`
[INFO] running `Command { std: "docker" "exec" "-e" "SOURCE_DIR=/opt/rustwide/workdir" "-e" "CARGO_HOME=/opt/rustwide/cargo-home" "-e" "RUSTUP_HOME=/opt/rustwide/rustup-home" "-e" "CARGO_TARGET_DIR=/opt/rustwide/target" "-e" "CARGO_INCREMENTAL=0" "-e" "RUST_BACKTRACE=full" "-e" "RUSTFLAGS=--cap-lints=warn" "-e" "RUSTDOCFLAGS=--cap-lints=warn" "-w" "/opt/rustwide/workdir" "--user" "0:0" "5a1648de87e46efd3f72ff8811b0fbd48885a32aac892d15e40bc8f581d2c28e" "/opt/rustwide/cargo-home/bin/cargo" "+1.100.0-beta.1" "build" "--frozen" "--message-format=json" "--release", kill_on_drop: false }`
[INFO] [stderr]    Compiling serde_core v1.0.228
[INFO] [stderr]    Compiling libc v0.2.186
[INFO] [stderr]    Compiling serde v1.0.228
[INFO] [stderr]    Compiling stable_deref_trait v1.2.1
[INFO] [stderr]    Compiling crossbeam-utils v0.8.21
[INFO] [stderr]    Compiling typenum v1.20.1
[INFO] [stderr]    Compiling futures-io v0.3.32
[INFO] [stderr]    Compiling litemap v0.8.2
[INFO] [stderr]    Compiling syn v2.0.118
[INFO] [stderr]    Compiling generic-array v0.14.7
[INFO] [stderr]    Compiling writeable v0.6.3
[INFO] [stderr]    Compiling serde_json v1.0.150
[INFO] [stderr]    Compiling icu_normalizer_data v2.2.0
[INFO] [stderr]    Compiling icu_properties_data v2.2.0
[INFO] [stderr]    Compiling pin-project-lite v0.2.17
[INFO] [stderr]    Compiling cmov v0.5.4
[INFO] [stderr]    Compiling time-macros v0.2.29
[INFO] [stderr]    Compiling hybrid-array v0.4.12
[INFO] [stderr]    Compiling futures-core v0.3.32
[INFO] [stderr]    Compiling fastrand v2.4.1
[INFO] [stderr]    Compiling toml_edit v0.25.12+spec-1.1.0
[INFO] [stderr]    Compiling parking_lot_core v0.9.12
[INFO] [stderr]    Compiling zerocopy v0.8.52
[INFO] [stderr]    Compiling memchr v2.8.2
[INFO] [stderr]    Compiling ctutils v0.4.2
[INFO] [stderr]    Compiling futures-lite v2.6.1
[INFO] [stderr]    Compiling lock_api v0.4.14
[INFO] [stderr]    Compiling zmij v1.0.21
[INFO] [stderr]    Compiling num-traits v0.2.19
[INFO] [stderr]    Compiling futures-sink v0.3.32
[INFO] [stderr]    Compiling crypto-common v0.2.2
[INFO] [stderr]    Compiling block-buffer v0.10.4
[INFO] [stderr]    Compiling block-padding v0.3.3
[INFO] [stderr]    Compiling block-buffer v0.12.1
[INFO] [stderr]    Compiling concurrent-queue v2.5.0
[INFO] [stderr]    Compiling inout v0.1.4
[INFO] [stderr]    Compiling thiserror v2.0.18
[INFO] [stderr]    Compiling event-listener v5.4.1
[INFO] [stderr]    Compiling bytes v1.12.0
[INFO] [stderr]    Compiling foldhash v0.2.0
[INFO] [stderr]    Compiling rustix v1.1.4
[INFO] [stderr]    Compiling proc-macro-crate v3.5.0
[INFO] [stderr]    Compiling rand_core v0.10.1
[INFO] [stderr]    Compiling event-listener-strategy v0.5.4
[INFO] [stderr]    Compiling tinyvec_macros v0.1.1
[INFO] [stderr]    Compiling mio v1.2.1
[INFO] [stderr]    Compiling socket2 v0.6.4
[INFO] [stderr]    Compiling cpufeatures v0.3.0
[INFO] [stderr]    Compiling hashbrown v0.16.1
[INFO] [stderr]    Compiling tinyvec v1.11.0
[INFO] [stderr]    Compiling tracing-core v0.1.36
[INFO] [stderr]    Compiling form_urlencoded v1.2.2
[INFO] [stderr]    Compiling getrandom v0.2.17
[INFO] [stderr]    Compiling errno v0.3.14
[INFO] [stderr]    Compiling rand_core v0.6.4
[INFO] [stderr]    Compiling signal-hook-registry v1.4.8
[INFO] [stderr]    Compiling crypto-common v0.1.7
[INFO] [stderr]    Compiling digest v0.11.3
[INFO] [stderr]    Compiling tokio v1.52.3
[INFO] [stderr]    Compiling digest v0.10.7
[INFO] [stderr]    Compiling cipher v0.4.4
[INFO] [stderr]    Compiling getrandom v0.4.3
[INFO] [stderr]    Compiling linux-raw-sys v0.12.1
[INFO] [stderr]    Compiling crc-catalog v2.5.0
[INFO] [stderr]    Compiling itoa v1.0.18
[INFO] [stderr]    Compiling powerfmt v0.2.0
[INFO] [stderr]    Compiling slab v0.4.12
[INFO] [stderr]    Compiling parking v2.2.1
[INFO] [stderr]    Compiling futures-task v0.3.32
[INFO] [stderr]    Compiling piper v0.2.5
[INFO] [stderr]    Compiling crc v3.4.0
[INFO] [stderr]    Compiling sha2 v0.10.9
[INFO] [stderr]    Compiling futures-util v0.3.32
[INFO] [stderr]    Compiling time v0.3.49
[INFO] [stderr]    Compiling nix v0.29.0
[INFO] [stderr]    Compiling hashlink v0.11.1
[INFO] [stderr]    Compiling unicode-normalization v0.1.25
[INFO] [stderr]    Compiling chacha20 v0.10.0
[INFO] [stderr]    Compiling async-channel v2.5.0
[INFO] [stderr]    Compiling crossbeam-queue v0.3.12
[INFO] [stderr]    Compiling endi v1.1.1
[INFO] [stderr]    Compiling unicode-properties v0.1.4
[INFO] [stderr]    Compiling hmac v0.13.0
[INFO] [stderr]    Compiling unicode-bidi v0.3.18
[INFO] [stderr]    Compiling base64 v0.22.1
[INFO] [stderr]    Compiling hkdf v0.13.0
[INFO] [stderr]    Compiling atoi v2.0.0
[INFO] [stderr]    Compiling deranged v0.5.8
[INFO] [stderr]    Compiling sha2 v0.11.0
[INFO] [stderr]    Compiling md-5 v0.11.0
[INFO] [stderr]    Compiling blocking v1.6.2
[INFO] [stderr]    Compiling rand v0.10.1
[INFO] [stderr]    Compiling stringprep v0.1.5
[INFO] [stderr]    Compiling async-lock v3.4.2
[INFO] [stderr]    Compiling futures-channel v0.3.32
[INFO] [stderr]    Compiling bitflags v2.13.0
[INFO] [stderr]    Compiling dotenvy v0.15.7
[INFO] [stderr]    Compiling whoami v2.1.2
[INFO] [stderr]    Compiling byteorder v1.5.0
[INFO] [stderr]    Compiling hex v0.4.3
[INFO] [stderr]    Compiling async-executor v1.14.0
[INFO] [stderr]    Compiling aes v0.8.4
[INFO] [stderr]    Compiling hmac v0.12.1
[INFO] [stderr]    Compiling synstructure v0.13.2
[INFO] [stderr]    Compiling zvariant_utils v2.1.0
[INFO] [stderr]    Compiling async-fs v2.2.0
[INFO] [stderr]    Compiling sha1 v0.10.6
[INFO] [stderr]    Compiling universal-hash v0.5.1
[INFO] [stderr]    Compiling xdg-home v1.3.0
[INFO] [stderr]    Compiling async-broadcast v0.7.2
[INFO] [stderr]    Compiling ordered-stream v0.2.0
[INFO] [stderr]    Compiling polyval v0.6.2
[INFO] [stderr]    Compiling hkdf v0.12.4
[INFO] [stderr]    Compiling cbc v0.1.2
[INFO] [stderr]    Compiling ghash v0.5.1
[INFO] [stderr]    Compiling ctr v0.9.2
[INFO] [stderr]    Compiling aead v0.5.2
[INFO] [stderr]    Compiling serde_derive v1.0.228
[INFO] [stderr]    Compiling zerofrom-derive v0.1.7
[INFO] [stderr]    Compiling yoke-derive v0.8.2
[INFO] [stderr]    Compiling zerovec-derive v0.11.3
[INFO] [stderr]    Compiling displaydoc v0.2.6
[INFO] [stderr]    Compiling tracing-attributes v0.1.31
[INFO] [stderr]    Compiling thiserror-impl v2.0.18
[INFO] [stderr]    Compiling tokio-macros v2.7.0
[INFO] [stderr]    Compiling futures-macro v0.3.32
[INFO] [stderr]    Compiling enumflags2_derive v0.7.12
[INFO] [stderr]    Compiling tokio-stream v0.1.18
[INFO] [stderr]    Compiling ppv-lite86 v0.2.21
[INFO] [stderr]    Compiling zvariant_derive v4.2.0
[INFO] [stderr]    Compiling rand_chacha v0.3.1
[INFO] [stderr]    Compiling zerofrom v0.1.8
[INFO] [stderr]    Compiling yoke v0.8.3
[INFO] [stderr]    Compiling rand v0.8.6
[INFO] [stderr]    Compiling zerovec v0.11.6
[INFO] [stderr]    Compiling zerotrie v0.2.4
[INFO] [stderr]    Compiling tracing v0.1.44
[INFO] [stderr]    Compiling zbus_macros v4.4.0
[INFO] [stderr]    Compiling async-trait v0.1.89
[INFO] [stderr]    Compiling serde_repr v0.1.20
[INFO] [stderr]    Compiling tinystr v0.8.3
[INFO] [stderr]    Compiling potential_utf v0.1.5
[INFO] [stderr]    Compiling zeroize_derive v1.5.0
[INFO] [stderr]    Compiling icu_collections v2.2.0
[INFO] [stderr]    Compiling icu_locale_core v2.2.0
[INFO] [stderr]    Compiling zeroize v1.9.0
[INFO] [stderr]    Compiling aes-gcm v0.10.3
[INFO] [stderr]    Compiling icu_provider v2.2.0
[INFO] [stderr]    Compiling icu_properties v2.2.0
[INFO] [stderr]    Compiling smallvec v1.15.2
[INFO] [stderr]    Compiling enumflags2 v0.7.12
[INFO] [stderr]    Compiling either v1.16.0
[INFO] [stderr]    Compiling icu_normalizer v2.2.0
[INFO] [stderr]    Compiling zvariant v4.2.0
[INFO] [stderr]    Compiling parking_lot v0.12.5
[INFO] [stderr]    Compiling futures-intrusive v0.5.0
[INFO] [stderr]    Compiling polling v3.11.0
[INFO] [stderr]    Compiling async-io v2.6.0
[INFO] [stderr]    Compiling idna_adapter v1.2.2
[INFO] [stderr]    Compiling idna v1.1.0
[INFO] [stderr]    Compiling url v2.5.8
[INFO] [stderr]    Compiling sqlx-core v0.9.0
[INFO] [stderr]    Compiling zbus_names v3.0.0
[INFO] [stderr]    Compiling sqlx-postgres v0.9.0
[INFO] [stderr]    Compiling zbus v4.4.0
[INFO] [stderr]    Compiling sqlx-macros-core v0.9.0
[INFO] [stderr]    Compiling sqlx-macros v0.9.0
[INFO] [stderr]    Compiling secret-service v4.0.0
[INFO] [stderr]    Compiling sqlx v0.9.0
[INFO] [stderr]    Compiling keyring v3.6.3
[INFO] [stderr]    Compiling kastellan-db v0.2.0 (/opt/rustwide/workdir)
[INFO] [stderr]     Finished `release` profile [optimized] target(s) in 2m 41s
[INFO] [stderr] warning: the following packages contain code that will be rejected by a future version of Rust: nix v0.29.0
[INFO] [stderr] note: to see what the problems were, use the option `--future-incompat-report`, or run `cargo report future-incompatibilities --id 2`
[INFO] running `Command { std: "docker" "inspect" "5a1648de87e46efd3f72ff8811b0fbd48885a32aac892d15e40bc8f581d2c28e", kill_on_drop: false }`
[INFO] running `Command { std: "docker" "exec" "-e" "SOURCE_DIR=/opt/rustwide/workdir" "-e" "CARGO_HOME=/opt/rustwide/cargo-home" "-e" "RUSTUP_HOME=/opt/rustwide/rustup-home" "-e" "CARGO_TARGET_DIR=/opt/rustwide/target" "-e" "CARGO_INCREMENTAL=0" "-e" "RUST_BACKTRACE=full" "-e" "RUSTFLAGS=--cap-lints=warn" "-e" "RUSTDOCFLAGS=--cap-lints=warn" "-w" "/opt/rustwide/workdir" "--user" "0:0" "5a1648de87e46efd3f72ff8811b0fbd48885a32aac892d15e40bc8f581d2c28e" "/opt/rustwide/cargo-home/bin/cargo" "+1.100.0-beta.1" "test" "--frozen" "--no-run" "--message-format=json" "--release", kill_on_drop: false }`
[INFO] [stderr]    Compiling kastellan-supervisor v0.2.0
[INFO] [stderr]    Compiling kastellan-db v0.2.0 (/opt/rustwide/workdir)
[INFO] [stdout] error[E0432]: unresolved import `kastellan_tests_common`
[INFO] [stdout]  --> tests/pairings_e2e.rs:6:5
[INFO] [stdout]   |
[INFO] [stdout] 6 | use kastellan_tests_common::{
[INFO] [stdout]   |     ^^^^^^^^^^^^^^^^^^^^^^ use of unresolved module or unlinked crate `kastellan_tests_common`
[INFO] [stdout]   |
[INFO] [stdout]   = help: if you wanted to use a crate named `kastellan_tests_common`, use `cargo add kastellan_tests_common` to add it to your `Cargo.toml`
[INFO] [stdout] 
[INFO] [stdout] 
[INFO] [stdout] For more information about this error, try `rustc --explain E0432`.
[INFO] [stdout] 
[INFO] [stderr] error: could not compile `kastellan-db` (test "pairings_e2e") due to 1 previous error
[INFO] [stderr] warning: build failed, waiting for other jobs to finish...
[INFO] [stdout] error[E0432]: unresolved import `kastellan_tests_common`
[INFO] [stdout]   --> tests/postgres_e2e.rs:18:5
[INFO] [stdout]    |
[INFO] [stdout] 18 | use kastellan_tests_common::{
[INFO] [stdout]    |     ^^^^^^^^^^^^^^^^^^^^^^ use of unresolved module or unlinked crate `kastellan_tests_common`
[INFO] [stdout]    |
[INFO] [stdout]    = help: if you wanted to use a crate named `kastellan_tests_common`, use `cargo add kastellan_tests_common` to add it to your `Cargo.toml`
[INFO] [stdout] 
[INFO] [stdout] 
[INFO] [stdout] error[E0432]: unresolved import `kastellan_tests_common`
[INFO] [stdout]     --> tests/postgres_e2e.rs:1382:9
[INFO] [stdout]      |
[INFO] [stdout] 1382 |     use kastellan_tests_common::{bring_up_pg_cluster, pg_bin_dir_or_skip, skip_if_no_supervisor, unique_suffix};
[INFO] [stdout]      |         ^^^^^^^^^^^^^^^^^^^^^^ use of unresolved module or unlinked crate `kastellan_tests_common`
[INFO] [stdout]      |
[INFO] [stdout]      = help: if you wanted to use a crate named `kastellan_tests_common`, use `cargo add kastellan_tests_common` to add it to your `Cargo.toml`
[INFO] [stdout] 
[INFO] [stdout] 
[INFO] [stdout] error[E0432]: unresolved import `kastellan_tests_common`
[INFO] [stdout]     --> tests/postgres_e2e.rs:1809:9
[INFO] [stdout]      |
[INFO] [stdout] 1809 |     use kastellan_tests_common::{
[INFO] [stdout]      |         ^^^^^^^^^^^^^^^^^^^^^^ use of unresolved module or unlinked crate `kastellan_tests_common`
[INFO] [stdout]      |
[INFO] [stdout]      = help: if you wanted to use a crate named `kastellan_tests_common`, use `cargo add kastellan_tests_common` to add it to your `Cargo.toml`
[INFO] [stdout] 
[INFO] [stdout] 
[INFO] [stdout] error[E0432]: unresolved import `kastellan_tests_common`
[INFO] [stdout]     --> tests/postgres_e2e.rs:1908:9
[INFO] [stdout]      |
[INFO] [stdout] 1908 |     use kastellan_tests_common::{
[INFO] [stdout]      |         ^^^^^^^^^^^^^^^^^^^^^^ use of unresolved module or unlinked crate `kastellan_tests_common`
[INFO] [stdout]      |
[INFO] [stdout]      = help: if you wanted to use a crate named `kastellan_tests_common`, use `cargo add kastellan_tests_common` to add it to your `Cargo.toml`
[INFO] [stdout] 
[INFO] [stdout] 
[INFO] [stdout] warning: method call on a diverging inference variable
[INFO] [stdout]   --> tests/postgres_e2e.rs:43:24
[INFO] [stdout]    |
[INFO] [stdout] 43 |     let psql = bin_dir.join("psql");
[INFO] [stdout]    |                        ^^^^
[INFO] [stdout]    |
[INFO] [stdout]    = help: consider providing a type annotation
[INFO] [stdout]    = warning: this was previously accepted by the compiler but is being phased out; it will become a hard error in a future release!
[INFO] [stdout]    = note: for more information, see issue #156047 <https://github.com/rust-lang/rust/issues/156047>
[INFO] [stdout]    = note: `#[warn(method_call_on_diverging_infer_var)]` (part of `#[warn(future_incompatible)]`) on by default
[INFO] [stdout] 
[INFO] [stdout] 
[INFO] [stdout] error[E0599]: no method named `join` found for type `!` in the current scope
[INFO] [stdout]   --> tests/postgres_e2e.rs:43:24
[INFO] [stdout]    |
[INFO] [stdout] 43 |     let psql = bin_dir.join("psql");
[INFO] [stdout]    |                        ^^^^ method not found in `!`
[INFO] [stdout] 
[INFO] [stdout] 
[INFO] [stdout] error[E0432]: unresolved import `kastellan_tests_common`
[INFO] [stdout]   --> src/tests.rs:24:5
[INFO] [stdout]    |
[INFO] [stdout] 24 | use kastellan_tests_common::EnvVarGuard;
[INFO] [stdout]    |     ^^^^^^^^^^^^^^^^^^^^^^ use of unresolved module or unlinked crate `kastellan_tests_common`
[INFO] [stdout]    |
[INFO] [stdout]    = help: if you wanted to use a crate named `kastellan_tests_common`, use `cargo add kastellan_tests_common` to add it to your `Cargo.toml`
[INFO] [stdout] 
[INFO] [stdout] 
[INFO] [stdout] error[E0433]: cannot find module or crate `kastellan_tests_common` in this scope
[INFO] [stdout]     --> tests/postgres_e2e.rs:1276:15
[INFO] [stdout]      |
[INFO] [stdout] 1276 |     let emb = kastellan_tests_common::text_to_embedding("delete-audit-fixture");
[INFO] [stdout]      |               ^^^^^^^^^^^^^^^^^^^^^^ use of unresolved module or unlinked crate `kastellan_tests_common`
[INFO] [stdout]      |
[INFO] [stdout]      = help: if you wanted to use a crate named `kastellan_tests_common`, use `cargo add kastellan_tests_common` to add it to your `Cargo.toml`
[INFO] [stdout] 
[INFO] [stdout] 
[INFO] [stdout] error[E0433]: cannot find module or crate `kastellan_tests_common` in this scope
[INFO] [stdout]     --> tests/postgres_e2e.rs:4763:23
[INFO] [stdout]      |
[INFO] [stdout] 4763 | type PgClusterGuard = kastellan_tests_common::PgCluster;
[INFO] [stdout]      |                       ^^^^^^^^^^^^^^^^^^^^^^ use of unresolved module or unlinked crate `kastellan_tests_common`
[INFO] [stdout]      |
[INFO] [stdout]      = help: if you wanted to use a crate named `kastellan_tests_common`, use `cargo add kastellan_tests_common` to add it to your `Cargo.toml`
[INFO] [stdout] 
[INFO] [stdout] 
[INFO] [stdout] Some errors have detailed explanations: E0432, E0433, E0599.
[INFO] [stdout] 
[INFO] [stdout] For more information about an error, try `rustc --explain E0432`.
[INFO] [stdout] 
[INFO] [stderr] error: could not compile `kastellan-db` (test "postgres_e2e") due to 7 previous errors; 2 warnings emitted
[INFO] [stdout] For more information about this error, try `rustc --explain E0432`.
[INFO] [stdout] 
[INFO] [stderr] error: could not compile `kastellan-db` (lib test) due to 1 previous error
[INFO] running `Command { std: "docker" "inspect" "5a1648de87e46efd3f72ff8811b0fbd48885a32aac892d15e40bc8f581d2c28e", kill_on_drop: false }`
[INFO] running `Command { std: "docker" "rm" "-f" "5a1648de87e46efd3f72ff8811b0fbd48885a32aac892d15e40bc8f581d2c28e", kill_on_drop: false }`
[INFO] [stdout] 5a1648de87e46efd3f72ff8811b0fbd48885a32aac892d15e40bc8f581d2c28e
