[INFO] fetching crate kassenbon 0.1.1...
[INFO] testing kassenbon-0.1.1 against 1.100.0-beta.1+cargoflags=--release for beta-release-1.100-2
[INFO] extracting crate kassenbon 0.1.1 into /workspace/builds/worker-7-tc2/source
[INFO] started tweaking crates.io crate kassenbon 0.1.1
[INFO] finished tweaking crates.io crate kassenbon 0.1.1
[INFO] tweaked toml for crates.io crate kassenbon 0.1.1 written to /workspace/builds/worker-7-tc2/source/Cargo.toml
[INFO] validating manifest of crates.io crate kassenbon 0.1.1 on toolchain 1.100.0-beta.1
[INFO] running `Command { std: CARGO_HOME="/workspace/cargo-home" RUSTUP_HOME="/workspace/rustup-home" "/workspace/cargo-home/bin/cargo" "+1.100.0-beta.1" "metadata" "--manifest-path" "Cargo.toml" "--no-deps", kill_on_drop: false }`
[INFO] crate crates.io crate kassenbon 0.1.1 already has a lockfile, it will not be regenerated
[INFO] running `Command { std: CARGO_HOME="/workspace/cargo-home" RUSTUP_HOME="/workspace/rustup-home" "/workspace/cargo-home/bin/cargo" "+1.100.0-beta.1" "fetch" "--manifest-path" "Cargo.toml", kill_on_drop: false }`
[INFO] [stderr] warning: `package.homepage` is redundant with `package.repository`
[INFO] [stderr]   --> Cargo.toml:58:12
[INFO] [stderr]    |
[INFO] [stderr] 58 | homepage = "https://github.com/haberrr/kassenbon"
[INFO] [stderr]    |            ^^^^^^^^^^^^^^^^^^^^^^^^^^^^^^^^^^^^^^
[INFO] [stderr] ...
[INFO] [stderr] 62 | repository = "https://github.com/haberrr/kassenbon"
[INFO] [stderr]    |              --------------------------------------
[INFO] [stderr]    |
[INFO] [stderr]    = note: `cargo::redundant_homepage` is set to `warn` by default
[INFO] [stderr] help: consider removing `package.homepage`
[INFO] [stderr] warning: `kassenbon` (manifest) generated 1 warning
[INFO] running `Command { std: "docker" "create" "-v" "/var/lib/crater-agent-workspace/builds/worker-7-tc2/source:/opt/rustwide/workdir:ro,Z" "-v" "/var/lib/crater-agent-workspace/builds/worker-7-tc2/target:/opt/rustwide/target:rw,Z" "-v" "/var/lib/crater-agent-workspace/cargo-home:/opt/rustwide/cargo-home:ro,Z" "-v" "/var/lib/crater-agent-workspace/rustup-home:/opt/rustwide/rustup-home:ro,Z" "-m" "1610612736" "--network" "none" "ghcr.io/rust-lang/crates-build-env/linux@sha256:77db811e55d90add9212f6832c23229e3de5f1c1f9905e8cb07319ea15df73ac" "sleep" "infinity", kill_on_drop: false }`
[INFO] [stdout] f4ffdd18a2c317e3955c35547d0afe2039b8e74f12c7d43b9d0e546aedd0a706
[INFO] running `Command { std: "docker" "start" "f4ffdd18a2c317e3955c35547d0afe2039b8e74f12c7d43b9d0e546aedd0a706", kill_on_drop: false }`
[INFO] running `Command { std: "docker" "inspect" "f4ffdd18a2c317e3955c35547d0afe2039b8e74f12c7d43b9d0e546aedd0a706", kill_on_drop: false }`
[INFO] running `Command { std: "docker" "exec" "-e" "SOURCE_DIR=/opt/rustwide/workdir" "-e" "CARGO_HOME=/opt/rustwide/cargo-home" "-e" "RUSTUP_HOME=/opt/rustwide/rustup-home" "-e" "CARGO_TARGET_DIR=/opt/rustwide/target" "-w" "/opt/rustwide/workdir" "--user" "0:0" "f4ffdd18a2c317e3955c35547d0afe2039b8e74f12c7d43b9d0e546aedd0a706" "/opt/rustwide/cargo-home/bin/cargo" "+1.100.0-beta.1" "metadata" "--no-deps" "--format-version=1", kill_on_drop: false }`
[INFO] running `Command { std: "docker" "inspect" "f4ffdd18a2c317e3955c35547d0afe2039b8e74f12c7d43b9d0e546aedd0a706", kill_on_drop: false }`
[INFO] running `Command { std: "docker" "exec" "-e" "SOURCE_DIR=/opt/rustwide/workdir" "-e" "CARGO_HOME=/opt/rustwide/cargo-home" "-e" "RUSTUP_HOME=/opt/rustwide/rustup-home" "-e" "CARGO_TARGET_DIR=/opt/rustwide/target" "-e" "CARGO_INCREMENTAL=0" "-e" "RUST_BACKTRACE=full" "-e" "RUSTFLAGS=--cap-lints=warn" "-e" "RUSTDOCFLAGS=--cap-lints=warn" "-w" "/opt/rustwide/workdir" "--user" "0:0" "f4ffdd18a2c317e3955c35547d0afe2039b8e74f12c7d43b9d0e546aedd0a706" "/opt/rustwide/cargo-home/bin/cargo" "+1.100.0-beta.1" "build" "--frozen" "--message-format=json" "--release", kill_on_drop: false }`
[INFO] [stderr] warning: `package.homepage` is redundant with `package.repository`
[INFO] [stderr]   --> Cargo.toml:58:12
[INFO] [stderr]    |
[INFO] [stderr] 58 | homepage = "https://github.com/haberrr/kassenbon"
[INFO] [stderr]    |            ^^^^^^^^^^^^^^^^^^^^^^^^^^^^^^^^^^^^^^
[INFO] [stderr] ...
[INFO] [stderr] 62 | repository = "https://github.com/haberrr/kassenbon"
[INFO] [stderr]    |              --------------------------------------
[INFO] [stderr]    |
[INFO] [stderr]    = note: `cargo::redundant_homepage` is set to `warn` by default
[INFO] [stderr] help: consider removing `package.homepage`
[INFO] [stderr] warning: `kassenbon` (manifest) generated 1 warning
[INFO] [stderr]    Compiling proc-macro2 v1.0.103
[INFO] [stderr]    Compiling unicode-ident v1.0.20
[INFO] [stderr]    Compiling quote v1.0.41
[INFO] [stderr]    Compiling libc v0.2.177
[INFO] [stderr]    Compiling memchr v2.7.6
[INFO] [stderr]    Compiling regex-syntax v0.8.8
[INFO] [stderr]    Compiling glob v0.3.3
[INFO] [stderr]    Compiling prettyplease v0.2.37
[INFO] [stderr]    Compiling zerocopy v0.8.27
[INFO] [stderr]    Compiling minimal-lexical v0.2.1
[INFO] [stderr]    Compiling generic-array v0.14.9
[INFO] [stderr]    Compiling libloading v0.8.9
[INFO] [stderr]    Compiling bindgen v0.71.1
[INFO] [stderr]    Compiling either v1.15.0
[INFO] [stderr]    Compiling num-traits v0.2.19
[INFO] [stderr]    Compiling log v0.4.28
[INFO] [stderr]    Compiling bitflags v2.10.0
[INFO] [stderr]    Compiling rustc-hash v2.1.1
[INFO] [stderr]    Compiling itertools v0.13.0
[INFO] [stderr]    Compiling find-msvc-tools v0.1.4
[INFO] [stderr]    Compiling tinyvec v1.10.0
[INFO] [stderr]    Compiling simd-adler32 v0.3.7
[INFO] [stderr]    Compiling ucd-trie v0.1.7
[INFO] [stderr]    Compiling pom v1.1.0
[INFO] [stderr]    Compiling miniz_oxide v0.8.9
[INFO] [stderr]    Compiling unicode-bidi v0.3.18
[INFO] [stderr]    Compiling clang-sys v1.8.1
[INFO] [stderr]    Compiling crypto-common v0.1.6
[INFO] [stderr]    Compiling aho-corasick v1.1.3
[INFO] [stderr]    Compiling block-padding v0.3.3
[INFO] [stderr]    Compiling inout v0.1.4
[INFO] [stderr]    Compiling nom v7.1.3
[INFO] [stderr]    Compiling syn v2.0.108
[INFO] [stderr]    Compiling block-buffer v0.10.4
[INFO] [stderr]    Compiling cipher v0.4.4
[INFO] [stderr]    Compiling nom v8.0.0
[INFO] [stderr]    Compiling digest v0.10.7
[INFO] [stderr]    Compiling unicode-normalization v0.1.24
[INFO] [stderr]    Compiling pest v2.8.3
[INFO] [stderr]    Compiling bytecount v0.6.9
[INFO] [stderr]    Compiling getrandom v0.3.4
[INFO] [stderr]    Compiling unicode-properties v0.1.3
[INFO] [stderr]    Compiling hashbrown v0.16.0
[INFO] [stderr]    Compiling rand_core v0.9.3
[INFO] [stderr]    Compiling cbc v0.1.2
[INFO] [stderr]    Compiling ecb v0.1.2
[INFO] [stderr]    Compiling aes v0.8.4
[INFO] [stderr]    Compiling stringprep v0.1.5
[INFO] [stderr]    Compiling flate2 v1.1.5
[INFO] [stderr]    Compiling md-5 v0.10.6
[INFO] [stderr]    Compiling sha2 v0.10.9
[INFO] [stderr]    Compiling rangemap v1.6.0
[INFO] [stderr]    Compiling jobserver v0.1.34
[INFO] [stderr]    Compiling indexmap v2.12.0
[INFO] [stderr]    Compiling cc v1.2.43
[INFO] [stderr]    Compiling ttf-parser v0.25.1
[INFO] [stderr]    Compiling weezl v0.1.10
[INFO] [stderr]    Compiling regex-automata v0.4.13
[INFO] [stderr]    Compiling serde_json v1.0.145
[INFO] [stderr]    Compiling euclid v0.20.14
[INFO] [stderr]    Compiling adobe-cmap-parser v0.4.1
[INFO] [stderr]    Compiling pest_meta v2.8.3
[INFO] [stderr]    Compiling cexpr v0.6.0
[INFO] [stderr]    Compiling type1-encoding-parser v0.1.0
[INFO] [stderr]    Compiling postscript v0.14.1
[INFO] [stderr]    Compiling ppv-lite86 v0.2.21
[INFO] [stderr]    Compiling cff-parser v0.1.0
[INFO] [stderr]    Compiling rand_chacha v0.9.0
[INFO] [stderr]    Compiling rand v0.9.2
[INFO] [stderr]    Compiling pest_generator v2.8.3
[INFO] [stderr]    Compiling nom_locate v5.0.0
[INFO] [stderr]    Compiling regex v1.12.2
[INFO] [stderr]    Compiling thiserror-impl v2.0.17
[INFO] [stderr]    Compiling serde_derive v1.0.228
[INFO] [stderr]    Compiling pest_derive v2.8.3
[INFO] [stderr]    Compiling error_set_impl v0.9.0
[INFO] [stderr]    Compiling thiserror v2.0.17
[INFO] [stderr]    Compiling lopdf v0.38.0
[INFO] [stderr]    Compiling error_set v0.9.0
[INFO] [stderr]    Compiling serde v1.0.228
[INFO] [stderr]    Compiling chrono v0.4.42
[INFO] [stderr]    Compiling pdf-extract v0.10.0
[INFO] [stderr]    Compiling qpdf-sys v0.3.4
[INFO] [stderr] warning: qpdf-sys@0.3.4: c++: fatal error: Killed signal terminated program cc1plus
[INFO] [stderr] warning: qpdf-sys@0.3.4: compilation terminated.
[INFO] [stderr] warning: qpdf-sys@0.3.4: ToolExecError: command did not execute successfully (status code exit status: 1): LC_ALL="C" "c++" "-O3" "-ffunction-sections" "-fdata-sections" "-fPIC" "-m64" "-I" "/opt/rustwide/cargo-home/registry/src/index.crates.io-1949cf8c6b5b557f/qpdf-sys-0.3.4/include" "-I" "/opt/rustwide/cargo-home/registry/src/index.crates.io-1949cf8c6b5b557f/qpdf-sys-0.3.4/zlib" "-I" "/opt/rustwide/cargo-home/registry/src/index.crates.io-1949cf8c6b5b557f/qpdf-sys-0.3.4/jpeg" "-I" "/opt/rustwide/cargo-home/registry/src/index.crates.io-1949cf8c6b5b557f/qpdf-sys-0.3.4/qpdf/include" "-I" "/opt/rustwide/cargo-home/registry/src/index.crates.io-1949cf8c6b5b557f/qpdf-sys-0.3.4/qpdf/libqpdf" "-std=c++17" "-DPOINTERHOLDER_TRANSITION=4" "-DQPDF_DISABLE_QTC=1" "-o" "/opt/rustwide/target/release/build/qpdf-sys/8c1a0c3380035b23/out/7efaab9d2a899be8-QPDF.o" "-c" "/opt/rustwide/cargo-home/registry/src/index.crates.io-1949cf8c6b5b557f/qpdf-sys-0.3.4/qpdf/libqpdf/QPDF.cc"cargo:warning=c++: fatal error: Killed signal terminated program cc1plus
[INFO] [stderr] warning: qpdf-sys@0.3.4: compilation terminated.
[INFO] [stderr] warning: qpdf-sys@0.3.4: ToolExecError: command did not execute successfully (status code exit status: 1): LC_ALL="C" "c++" "-O3" "-ffunction-sections" "-fdata-sections" "-fPIC" "-m64" "-I" "/opt/rustwide/cargo-home/registry/src/index.crates.io-1949cf8c6b5b557f/qpdf-sys-0.3.4/include" "-I" "/opt/rustwide/cargo-home/registry/src/index.crates.io-1949cf8c6b5b557f/qpdf-sys-0.3.4/zlib" "-I" "/opt/rustwide/cargo-home/registry/src/index.crates.io-1949cf8c6b5b557f/qpdf-sys-0.3.4/jpeg" "-I" "/opt/rustwide/cargo-home/registry/src/index.crates.io-1949cf8c6b5b557f/qpdf-sys-0.3.4/qpdf/include" "-I" "/opt/rustwide/cargo-home/registry/src/index.crates.io-1949cf8c6b5b557f/qpdf-sys-0.3.4/qpdf/libqpdf" "-std=c++17" "-DPOINTERHOLDER_TRANSITION=4" "-DQPDF_DISABLE_QTC=1" "-o" "/opt/rustwide/target/release/build/qpdf-sys/8c1a0c3380035b23/out/7efaab9d2a899be8-QPDFAcroFormDocumentHelper.o" "-c" "/opt/rustwide/cargo-home/registry/src/index.crates.io-1949cf8c6b5b557f/qpdf-sys-0.3.4/qpdf/libqpdf/QPDFAcroFormDocumentHelper.cc"cargo:warning=c++: fatal error: Killed signal terminated program cc1plus
[INFO] [stderr] warning: qpdf-sys@0.3.4: compilation terminated.
[INFO] [stderr] warning: qpdf-sys@0.3.4: ToolExecError: command did not execute successfully (status code exit status: 1): LC_ALL="C" "c++" "-O3" "-ffunction-sections" "-fdata-sections" "-fPIC" "-m64" "-I" "/opt/rustwide/cargo-home/registry/src/index.crates.io-1949cf8c6b5b557f/qpdf-sys-0.3.4/include" "-I" "/opt/rustwide/cargo-home/registry/src/index.crates.io-1949cf8c6b5b557f/qpdf-sys-0.3.4/zlib" "-I" "/opt/rustwide/cargo-home/registry/src/index.crates.io-1949cf8c6b5b557f/qpdf-sys-0.3.4/jpeg" "-I" "/opt/rustwide/cargo-home/registry/src/index.crates.io-1949cf8c6b5b557f/qpdf-sys-0.3.4/qpdf/include" "-I" "/opt/rustwide/cargo-home/registry/src/index.crates.io-1949cf8c6b5b557f/qpdf-sys-0.3.4/qpdf/libqpdf" "-std=c++17" "-DPOINTERHOLDER_TRANSITION=4" "-DQPDF_DISABLE_QTC=1" "-o" "/opt/rustwide/target/release/build/qpdf-sys/8c1a0c3380035b23/out/7efaab9d2a899be8-NNTree.o" "-c" "/opt/rustwide/cargo-home/registry/src/index.crates.io-1949cf8c6b5b557f/qpdf-sys-0.3.4/qpdf/libqpdf/NNTree.cc"cargo:warning=c++: fatal error: Killed signal terminated program cc1plus
[INFO] [stderr] warning: qpdf-sys@0.3.4: compilation terminated.
[INFO] [stderr] warning: qpdf-sys@0.3.4: ToolExecError: command did not execute successfully (status code exit status: 1): LC_ALL="C" "c++" "-O3" "-ffunction-sections" "-fdata-sections" "-fPIC" "-m64" "-I" "/opt/rustwide/cargo-home/registry/src/index.crates.io-1949cf8c6b5b557f/qpdf-sys-0.3.4/include" "-I" "/opt/rustwide/cargo-home/registry/src/index.crates.io-1949cf8c6b5b557f/qpdf-sys-0.3.4/zlib" "-I" "/opt/rustwide/cargo-home/registry/src/index.crates.io-1949cf8c6b5b557f/qpdf-sys-0.3.4/jpeg" "-I" "/opt/rustwide/cargo-home/registry/src/index.crates.io-1949cf8c6b5b557f/qpdf-sys-0.3.4/qpdf/include" "-I" "/opt/rustwide/cargo-home/registry/src/index.crates.io-1949cf8c6b5b557f/qpdf-sys-0.3.4/qpdf/libqpdf" "-std=c++17" "-DPOINTERHOLDER_TRANSITION=4" "-DQPDF_DISABLE_QTC=1" "-o" "/opt/rustwide/target/release/build/qpdf-sys/8c1a0c3380035b23/out/7efaab9d2a899be8-QPDFFormFieldObjectHelper.o" "-c" "/opt/rustwide/cargo-home/registry/src/index.crates.io-1949cf8c6b5b557f/qpdf-sys-0.3.4/qpdf/libqpdf/QPDFFormFieldObjectHelper.cc"cargo:warning=c++: fatal error: Killed signal terminated program cc1plus
[INFO] [stderr] warning: qpdf-sys@0.3.4: compilation terminated.
[INFO] [stderr] warning: qpdf-sys@0.3.4: ToolExecError: command did not execute successfully (status code exit status: 1): LC_ALL="C" "c++" "-O3" "-ffunction-sections" "-fdata-sections" "-fPIC" "-m64" "-I" "/opt/rustwide/cargo-home/registry/src/index.crates.io-1949cf8c6b5b557f/qpdf-sys-0.3.4/include" "-I" "/opt/rustwide/cargo-home/registry/src/index.crates.io-1949cf8c6b5b557f/qpdf-sys-0.3.4/zlib" "-I" "/opt/rustwide/cargo-home/registry/src/index.crates.io-1949cf8c6b5b557f/qpdf-sys-0.3.4/jpeg" "-I" "/opt/rustwide/cargo-home/registry/src/index.crates.io-1949cf8c6b5b557f/qpdf-sys-0.3.4/qpdf/include" "-I" "/opt/rustwide/cargo-home/registry/src/index.crates.io-1949cf8c6b5b557f/qpdf-sys-0.3.4/qpdf/libqpdf" "-std=c++17" "-DPOINTERHOLDER_TRANSITION=4" "-DQPDF_DISABLE_QTC=1" "-o" "/opt/rustwide/target/release/build/qpdf-sys/8c1a0c3380035b23/out/7efaab9d2a899be8-QPDFEmbeddedFileDocumentHelper.o" "-c" "/opt/rustwide/cargo-home/registry/src/index.crates.io-1949cf8c6b5b557f/qpdf-sys-0.3.4/qpdf/libqpdf/QPDFEmbeddedFileDocumentHelper.cc"cargo:warning=c++: fatal error: Killed signal terminated program cc1plus
[INFO] [stderr] warning: qpdf-sys@0.3.4: compilation terminated.
[INFO] [stderr] warning: qpdf-sys@0.3.4: ToolExecError: command did not execute successfully (status code exit status: 1): LC_ALL="C" "c++" "-O3" "-ffunction-sections" "-fdata-sections" "-fPIC" "-m64" "-I" "/opt/rustwide/cargo-home/registry/src/index.crates.io-1949cf8c6b5b557f/qpdf-sys-0.3.4/include" "-I" "/opt/rustwide/cargo-home/registry/src/index.crates.io-1949cf8c6b5b557f/qpdf-sys-0.3.4/zlib" "-I" "/opt/rustwide/cargo-home/registry/src/index.crates.io-1949cf8c6b5b557f/qpdf-sys-0.3.4/jpeg" "-I" "/opt/rustwide/cargo-home/registry/src/index.crates.io-1949cf8c6b5b557f/qpdf-sys-0.3.4/qpdf/include" "-I" "/opt/rustwide/cargo-home/registry/src/index.crates.io-1949cf8c6b5b557f/qpdf-sys-0.3.4/qpdf/libqpdf" "-std=c++17" "-DPOINTERHOLDER_TRANSITION=4" "-DQPDF_DISABLE_QTC=1" "-o" "/opt/rustwide/target/release/build/qpdf-sys/8c1a0c3380035b23/out/7efaab9d2a899be8-QPDFJob.o" "-c" "/opt/rustwide/cargo-home/registry/src/index.crates.io-1949cf8c6b5b557f/qpdf-sys-0.3.4/qpdf/libqpdf/QPDFJob.cc"cargo:warning=c++: fatal error: Killed signal terminated program cc1plus
[INFO] [stderr] warning: qpdf-sys@0.3.4: compilation terminated.
[INFO] [stderr] warning: qpdf-sys@0.3.4: ToolExecError: command did not execute successfully (status code exit status: 1): LC_ALL="C" "c++" "-O3" "-ffunction-sections" "-fdata-sections" "-fPIC" "-m64" "-I" "/opt/rustwide/cargo-home/registry/src/index.crates.io-1949cf8c6b5b557f/qpdf-sys-0.3.4/include" "-I" "/opt/rustwide/cargo-home/registry/src/index.crates.io-1949cf8c6b5b557f/qpdf-sys-0.3.4/zlib" "-I" "/opt/rustwide/cargo-home/registry/src/index.crates.io-1949cf8c6b5b557f/qpdf-sys-0.3.4/jpeg" "-I" "/opt/rustwide/cargo-home/registry/src/index.crates.io-1949cf8c6b5b557f/qpdf-sys-0.3.4/qpdf/include" "-I" "/opt/rustwide/cargo-home/registry/src/index.crates.io-1949cf8c6b5b557f/qpdf-sys-0.3.4/qpdf/libqpdf" "-std=c++17" "-DPOINTERHOLDER_TRANSITION=4" "-DQPDF_DISABLE_QTC=1" "-o" "/opt/rustwide/target/release/build/qpdf-sys/8c1a0c3380035b23/out/7efaab9d2a899be8-QPDFJob_config.o" "-c" "/opt/rustwide/cargo-home/registry/src/index.crates.io-1949cf8c6b5b557f/qpdf-sys-0.3.4/qpdf/libqpdf/QPDFJob_config.cc"cargo:warning=c++: fatal error: Killed signal terminated program cc1plus
[INFO] [stderr] warning: qpdf-sys@0.3.4: compilation terminated.
[INFO] [stderr] warning: qpdf-sys@0.3.4: ToolExecError: command did not execute successfully (status code exit status: 1): LC_ALL="C" "c++" "-O3" "-ffunction-sections" "-fdata-sections" "-fPIC" "-m64" "-I" "/opt/rustwide/cargo-home/registry/src/index.crates.io-1949cf8c6b5b557f/qpdf-sys-0.3.4/include" "-I" "/opt/rustwide/cargo-home/registry/src/index.crates.io-1949cf8c6b5b557f/qpdf-sys-0.3.4/zlib" "-I" "/opt/rustwide/cargo-home/registry/src/index.crates.io-1949cf8c6b5b557f/qpdf-sys-0.3.4/jpeg" "-I" "/opt/rustwide/cargo-home/registry/src/index.crates.io-1949cf8c6b5b557f/qpdf-sys-0.3.4/qpdf/include" "-I" "/opt/rustwide/cargo-home/registry/src/index.crates.io-1949cf8c6b5b557f/qpdf-sys-0.3.4/qpdf/libqpdf" "-std=c++17" "-DPOINTERHOLDER_TRANSITION=4" "-DQPDF_DISABLE_QTC=1" "-o" "/opt/rustwide/target/release/build/qpdf-sys/8c1a0c3380035b23/out/7efaab9d2a899be8-QPDFJob_json.o" "-c" "/opt/rustwide/cargo-home/registry/src/index.crates.io-1949cf8c6b5b557f/qpdf-sys-0.3.4/qpdf/libqpdf/QPDFJob_json.cc"cargo:warning=c++: fatal error: Killed signal terminated program cc1plus
[INFO] [stderr] warning: qpdf-sys@0.3.4: compilation terminated.
[INFO] [stderr] warning: qpdf-sys@0.3.4: ToolExecError: command did not execute successfully (status code exit status: 1): LC_ALL="C" "c++" "-O3" "-ffunction-sections" "-fdata-sections" "-fPIC" "-m64" "-I" "/opt/rustwide/cargo-home/registry/src/index.crates.io-1949cf8c6b5b557f/qpdf-sys-0.3.4/include" "-I" "/opt/rustwide/cargo-home/registry/src/index.crates.io-1949cf8c6b5b557f/qpdf-sys-0.3.4/zlib" "-I" "/opt/rustwide/cargo-home/registry/src/index.crates.io-1949cf8c6b5b557f/qpdf-sys-0.3.4/jpeg" "-I" "/opt/rustwide/cargo-home/registry/src/index.crates.io-1949cf8c6b5b557f/qpdf-sys-0.3.4/qpdf/include" "-I" "/opt/rustwide/cargo-home/registry/src/index.crates.io-1949cf8c6b5b557f/qpdf-sys-0.3.4/qpdf/libqpdf" "-std=c++17" "-DPOINTERHOLDER_TRANSITION=4" "-DQPDF_DISABLE_QTC=1" "-o" "/opt/rustwide/target/release/build/qpdf-sys/8c1a0c3380035b23/out/7efaab9d2a899be8-QPDFJob_argv.o" "-c" "/opt/rustwide/cargo-home/registry/src/index.crates.io-1949cf8c6b5b557f/qpdf-sys-0.3.4/qpdf/libqpdf/QPDFJob_argv.cc"cargo:warning=c++: fatal error: Killed signal terminated program cc1plus
[INFO] [stderr] warning: qpdf-sys@0.3.4: compilation terminated.
[INFO] [stderr] warning: qpdf-sys@0.3.4: ToolExecError: command did not execute successfully (status code exit status: 1): LC_ALL="C" "c++" "-O3" "-ffunction-sections" "-fdata-sections" "-fPIC" "-m64" "-I" "/opt/rustwide/cargo-home/registry/src/index.crates.io-1949cf8c6b5b557f/qpdf-sys-0.3.4/include" "-I" "/opt/rustwide/cargo-home/registry/src/index.crates.io-1949cf8c6b5b557f/qpdf-sys-0.3.4/zlib" "-I" "/opt/rustwide/cargo-home/registry/src/index.crates.io-1949cf8c6b5b557f/qpdf-sys-0.3.4/jpeg" "-I" "/opt/rustwide/cargo-home/registry/src/index.crates.io-1949cf8c6b5b557f/qpdf-sys-0.3.4/qpdf/include" "-I" "/opt/rustwide/cargo-home/registry/src/index.crates.io-1949cf8c6b5b557f/qpdf-sys-0.3.4/qpdf/libqpdf" "-std=c++17" "-DPOINTERHOLDER_TRANSITION=4" "-DQPDF_DISABLE_QTC=1" "-o" "/opt/rustwide/target/release/build/qpdf-sys/8c1a0c3380035b23/out/7efaab9d2a899be8-QPDFObject.o" "-c" "/opt/rustwide/cargo-home/registry/src/index.crates.io-1949cf8c6b5b557f/qpdf-sys-0.3.4/qpdf/libqpdf/QPDFObject.cc"cargo:warning=c++: fatal error: Killed signal terminated program cc1plus
[INFO] [stderr] warning: qpdf-sys@0.3.4: compilation terminated.
[INFO] [stderr] warning: qpdf-sys@0.3.4: ToolExecError: command did not execute successfully (status code exit status: 1): LC_ALL="C" "c++" "-O3" "-ffunction-sections" "-fdata-sections" "-fPIC" "-m64" "-I" "/opt/rustwide/cargo-home/registry/src/index.crates.io-1949cf8c6b5b557f/qpdf-sys-0.3.4/include" "-I" "/opt/rustwide/cargo-home/registry/src/index.crates.io-1949cf8c6b5b557f/qpdf-sys-0.3.4/zlib" "-I" "/opt/rustwide/cargo-home/registry/src/index.crates.io-1949cf8c6b5b557f/qpdf-sys-0.3.4/jpeg" "-I" "/opt/rustwide/cargo-home/registry/src/index.crates.io-1949cf8c6b5b557f/qpdf-sys-0.3.4/qpdf/include" "-I" "/opt/rustwide/cargo-home/registry/src/index.crates.io-1949cf8c6b5b557f/qpdf-sys-0.3.4/qpdf/libqpdf" "-std=c++17" "-DPOINTERHOLDER_TRANSITION=4" "-DQPDF_DISABLE_QTC=1" "-o" "/opt/rustwide/target/release/build/qpdf-sys/8c1a0c3380035b23/out/7efaab9d2a899be8-QPDFArgParser.o" "-c" "/opt/rustwide/cargo-home/registry/src/index.crates.io-1949cf8c6b5b557f/qpdf-sys-0.3.4/qpdf/libqpdf/QPDFArgParser.cc"cargo:warning=c++: fatal error: Killed signal terminated program cc1plus
[INFO] [stderr] warning: qpdf-sys@0.3.4: compilation terminated.
[INFO] [stderr] warning: qpdf-sys@0.3.4: ToolExecError: command did not execute successfully (status code exit status: 1): LC_ALL="C" "c++" "-O3" "-ffunction-sections" "-fdata-sections" "-fPIC" "-m64" "-I" "/opt/rustwide/cargo-home/registry/src/index.crates.io-1949cf8c6b5b557f/qpdf-sys-0.3.4/include" "-I" "/opt/rustwide/cargo-home/registry/src/index.crates.io-1949cf8c6b5b557f/qpdf-sys-0.3.4/zlib" "-I" "/opt/rustwide/cargo-home/registry/src/index.crates.io-1949cf8c6b5b557f/qpdf-sys-0.3.4/jpeg" "-I" "/opt/rustwide/cargo-home/registry/src/index.crates.io-1949cf8c6b5b557f/qpdf-sys-0.3.4/qpdf/include" "-I" "/opt/rustwide/cargo-home/registry/src/index.crates.io-1949cf8c6b5b557f/qpdf-sys-0.3.4/qpdf/libqpdf" "-std=c++17" "-DPOINTERHOLDER_TRANSITION=4" "-DQPDF_DISABLE_QTC=1" "-o" "/opt/rustwide/target/release/build/qpdf-sys/8c1a0c3380035b23/out/7efaab9d2a899be8-QPDFNumberTreeObjectHelper.o" "-c" "/opt/rustwide/cargo-home/registry/src/index.crates.io-1949cf8c6b5b557f/qpdf-sys-0.3.4/qpdf/libqpdf/QPDFNumberTreeObjectHelper.cc"cargo:warning=c++: fatal error: Killed signal terminated program cc1plus
[INFO] [stderr] warning: qpdf-sys@0.3.4: compilation terminated.
[INFO] [stderr] warning: qpdf-sys@0.3.4: ToolExecError: command did not execute successfully (status code exit status: 1): LC_ALL="C" "c++" "-O3" "-ffunction-sections" "-fdata-sections" "-fPIC" "-m64" "-I" "/opt/rustwide/cargo-home/registry/src/index.crates.io-1949cf8c6b5b557f/qpdf-sys-0.3.4/include" "-I" "/opt/rustwide/cargo-home/registry/src/index.crates.io-1949cf8c6b5b557f/qpdf-sys-0.3.4/zlib" "-I" "/opt/rustwide/cargo-home/registry/src/index.crates.io-1949cf8c6b5b557f/qpdf-sys-0.3.4/jpeg" "-I" "/opt/rustwide/cargo-home/registry/src/index.crates.io-1949cf8c6b5b557f/qpdf-sys-0.3.4/qpdf/include" "-I" "/opt/rustwide/cargo-home/registry/src/index.crates.io-1949cf8c6b5b557f/qpdf-sys-0.3.4/qpdf/libqpdf" "-std=c++17" "-DPOINTERHOLDER_TRANSITION=4" "-DQPDF_DISABLE_QTC=1" "-o" "/opt/rustwide/target/release/build/qpdf-sys/8c1a0c3380035b23/out/7efaab9d2a899be8-QPDFObjectHandle.o" "-c" "/opt/rustwide/cargo-home/registry/src/index.crates.io-1949cf8c6b5b557f/qpdf-sys-0.3.4/qpdf/libqpdf/QPDFObjectHandle.cc"cargo:warning=c++: fatal error: Killed signal terminated program cc1plus
[INFO] [stderr] warning: qpdf-sys@0.3.4: compilation terminated.
[INFO] [stderr] warning: qpdf-sys@0.3.4: ToolExecError: command did not execute successfully (status code exit status: 1): LC_ALL="C" "c++" "-O3" "-ffunction-sections" "-fdata-sections" "-fPIC" "-m64" "-I" "/opt/rustwide/cargo-home/registry/src/index.crates.io-1949cf8c6b5b557f/qpdf-sys-0.3.4/include" "-I" "/opt/rustwide/cargo-home/registry/src/index.crates.io-1949cf8c6b5b557f/qpdf-sys-0.3.4/zlib" "-I" "/opt/rustwide/cargo-home/registry/src/index.crates.io-1949cf8c6b5b557f/qpdf-sys-0.3.4/jpeg" "-I" "/opt/rustwide/cargo-home/registry/src/index.crates.io-1949cf8c6b5b557f/qpdf-sys-0.3.4/qpdf/include" "-I" "/opt/rustwide/cargo-home/registry/src/index.crates.io-1949cf8c6b5b557f/qpdf-sys-0.3.4/qpdf/libqpdf" "-std=c++17" "-DPOINTERHOLDER_TRANSITION=4" "-DQPDF_DISABLE_QTC=1" "-o" "/opt/rustwide/target/release/build/qpdf-sys/8c1a0c3380035b23/out/7efaab9d2a899be8-QPDFPageObjectHelper.o" "-c" "/opt/rustwide/cargo-home/registry/src/index.crates.io-1949cf8c6b5b557f/qpdf-sys-0.3.4/qpdf/libqpdf/QPDFPageObjectHelper.cc"cargo:warning=c++: fatal error: Killed signal terminated program cc1plus
[INFO] [stderr] warning: qpdf-sys@0.3.4: compilation terminated.
[INFO] [stderr] warning: qpdf-sys@0.3.4: ToolExecError: command did not execute successfully (status code exit status: 1): LC_ALL="C" "c++" "-O3" "-ffunction-sections" "-fdata-sections" "-fPIC" "-m64" "-I" "/opt/rustwide/cargo-home/registry/src/index.crates.io-1949cf8c6b5b557f/qpdf-sys-0.3.4/include" "-I" "/opt/rustwide/cargo-home/registry/src/index.crates.io-1949cf8c6b5b557f/qpdf-sys-0.3.4/zlib" "-I" "/opt/rustwide/cargo-home/registry/src/index.crates.io-1949cf8c6b5b557f/qpdf-sys-0.3.4/jpeg" "-I" "/opt/rustwide/cargo-home/registry/src/index.crates.io-1949cf8c6b5b557f/qpdf-sys-0.3.4/qpdf/include" "-I" "/opt/rustwide/cargo-home/registry/src/index.crates.io-1949cf8c6b5b557f/qpdf-sys-0.3.4/qpdf/libqpdf" "-std=c++17" "-DPOINTERHOLDER_TRANSITION=4" "-DQPDF_DISABLE_QTC=1" "-o" "/opt/rustwide/target/release/build/qpdf-sys/8c1a0c3380035b23/out/7efaab9d2a899be8-QPDFNameTreeObjectHelper.o" "-c" "/opt/rustwide/cargo-home/registry/src/index.crates.io-1949cf8c6b5b557f/qpdf-sys-0.3.4/qpdf/libqpdf/QPDFNameTreeObjectHelper.cc"cargo:warning=c++: fatal error: Killed signal terminated program cc1plus
[INFO] [stderr] warning: qpdf-sys@0.3.4: compilation terminated.
[INFO] [stderr] warning: qpdf-sys@0.3.4: ToolExecError: command did not execute successfully (status code exit status: 1): LC_ALL="C" "c++" "-O3" "-ffunction-sections" "-fdata-sections" "-fPIC" "-m64" "-I" "/opt/rustwide/cargo-home/registry/src/index.crates.io-1949cf8c6b5b557f/qpdf-sys-0.3.4/include" "-I" "/opt/rustwide/cargo-home/registry/src/index.crates.io-1949cf8c6b5b557f/qpdf-sys-0.3.4/zlib" "-I" "/opt/rustwide/cargo-home/registry/src/index.crates.io-1949cf8c6b5b557f/qpdf-sys-0.3.4/jpeg" "-I" "/opt/rustwide/cargo-home/registry/src/index.crates.io-1949cf8c6b5b557f/qpdf-sys-0.3.4/qpdf/include" "-I" "/opt/rustwide/cargo-home/registry/src/index.crates.io-1949cf8c6b5b557f/qpdf-sys-0.3.4/qpdf/libqpdf" "-std=c++17" "-DPOINTERHOLDER_TRANSITION=4" "-DQPDF_DISABLE_QTC=1" "-o" "/opt/rustwide/target/release/build/qpdf-sys/8c1a0c3380035b23/out/7efaab9d2a899be8-QPDFOutlineDocumentHelper.o" "-c" "/opt/rustwide/cargo-home/registry/src/index.crates.io-1949cf8c6b5b557f/qpdf-sys-0.3.4/qpdf/libqpdf/QPDFOutlineDocumentHelper.cc"cargo:warning=c++: fatal error: Killed signal terminated program cc1plus
[INFO] [stderr] warning: qpdf-sys@0.3.4: compilation terminated.
[INFO] [stderr] warning: qpdf-sys@0.3.4: ToolExecError: command did not execute successfully (status code exit status: 1): LC_ALL="C" "c++" "-O3" "-ffunction-sections" "-fdata-sections" "-fPIC" "-m64" "-I" "/opt/rustwide/cargo-home/registry/src/index.crates.io-1949cf8c6b5b557f/qpdf-sys-0.3.4/include" "-I" "/opt/rustwide/cargo-home/registry/src/index.crates.io-1949cf8c6b5b557f/qpdf-sys-0.3.4/zlib" "-I" "/opt/rustwide/cargo-home/registry/src/index.crates.io-1949cf8c6b5b557f/qpdf-sys-0.3.4/jpeg" "-I" "/opt/rustwide/cargo-home/registry/src/index.crates.io-1949cf8c6b5b557f/qpdf-sys-0.3.4/qpdf/include" "-I" "/opt/rustwide/cargo-home/registry/src/index.crates.io-1949cf8c6b5b557f/qpdf-sys-0.3.4/qpdf/libqpdf" "-std=c++17" "-DPOINTERHOLDER_TRANSITION=4" "-DQPDF_DISABLE_QTC=1" "-o" "/opt/rustwide/target/release/build/qpdf-sys/8c1a0c3380035b23/out/7efaab9d2a899be8-QPDFParser.o" "-c" "/opt/rustwide/cargo-home/registry/src/index.crates.io-1949cf8c6b5b557f/qpdf-sys-0.3.4/qpdf/libqpdf/QPDFParser.cc"cargo:warning=c++: fatal error: Killed signal terminated program cc1plus
[INFO] [stderr] warning: qpdf-sys@0.3.4: compilation terminated.
[INFO] [stderr] warning: qpdf-sys@0.3.4: ToolExecError: command did not execute successfully (status code exit status: 1): LC_ALL="C" "c++" "-O3" "-ffunction-sections" "-fdata-sections" "-fPIC" "-m64" "-I" "/opt/rustwide/cargo-home/registry/src/index.crates.io-1949cf8c6b5b557f/qpdf-sys-0.3.4/include" "-I" "/opt/rustwide/cargo-home/registry/src/index.crates.io-1949cf8c6b5b557f/qpdf-sys-0.3.4/zlib" "-I" "/opt/rustwide/cargo-home/registry/src/index.crates.io-1949cf8c6b5b557f/qpdf-sys-0.3.4/jpeg" "-I" "/opt/rustwide/cargo-home/registry/src/index.crates.io-1949cf8c6b5b557f/qpdf-sys-0.3.4/qpdf/include" "-I" "/opt/rustwide/cargo-home/registry/src/index.crates.io-1949cf8c6b5b557f/qpdf-sys-0.3.4/qpdf/libqpdf" "-std=c++17" "-DPOINTERHOLDER_TRANSITION=4" "-DQPDF_DISABLE_QTC=1" "-o" "/opt/rustwide/target/release/build/qpdf-sys/8c1a0c3380035b23/out/7efaab9d2a899be8-QPDFWriter.o" "-c" "/opt/rustwide/cargo-home/registry/src/index.crates.io-1949cf8c6b5b557f/qpdf-sys-0.3.4/qpdf/libqpdf/QPDFWriter.cc"cargo:warning=c++: fatal error: Killed signal terminated program cc1plus
[INFO] [stderr] warning: qpdf-sys@0.3.4: compilation terminated.
[INFO] [stderr] warning: qpdf-sys@0.3.4: ToolExecError: command did not execute successfully (status code exit status: 1): LC_ALL="C" "c++" "-O3" "-ffunction-sections" "-fdata-sections" "-fPIC" "-m64" "-I" "/opt/rustwide/cargo-home/registry/src/index.crates.io-1949cf8c6b5b557f/qpdf-sys-0.3.4/include" "-I" "/opt/rustwide/cargo-home/registry/src/index.crates.io-1949cf8c6b5b557f/qpdf-sys-0.3.4/zlib" "-I" "/opt/rustwide/cargo-home/registry/src/index.crates.io-1949cf8c6b5b557f/qpdf-sys-0.3.4/jpeg" "-I" "/opt/rustwide/cargo-home/registry/src/index.crates.io-1949cf8c6b5b557f/qpdf-sys-0.3.4/qpdf/include" "-I" "/opt/rustwide/cargo-home/registry/src/index.crates.io-1949cf8c6b5b557f/qpdf-sys-0.3.4/qpdf/libqpdf" "-std=c++17" "-DPOINTERHOLDER_TRANSITION=4" "-DQPDF_DISABLE_QTC=1" "-o" "/opt/rustwide/target/release/build/qpdf-sys/8c1a0c3380035b23/out/7efaab9d2a899be8-QPDF_Array.o" "-c" "/opt/rustwide/cargo-home/registry/src/index.crates.io-1949cf8c6b5b557f/qpdf-sys-0.3.4/qpdf/libqpdf/QPDF_Array.cc"cargo:warning=c++: fatal error: Killed signal terminated program cc1plus
[INFO] [stderr] warning: qpdf-sys@0.3.4: compilation terminated.
[INFO] [stderr] warning: qpdf-sys@0.3.4: ToolExecError: command did not execute successfully (status code exit status: 1): LC_ALL="C" "c++" "-O3" "-ffunction-sections" "-fdata-sections" "-fPIC" "-m64" "-I" "/opt/rustwide/cargo-home/registry/src/index.crates.io-1949cf8c6b5b557f/qpdf-sys-0.3.4/include" "-I" "/opt/rustwide/cargo-home/registry/src/index.crates.io-1949cf8c6b5b557f/qpdf-sys-0.3.4/zlib" "-I" "/opt/rustwide/cargo-home/registry/src/index.crates.io-1949cf8c6b5b557f/qpdf-sys-0.3.4/jpeg" "-I" "/opt/rustwide/cargo-home/registry/src/index.crates.io-1949cf8c6b5b557f/qpdf-sys-0.3.4/qpdf/include" "-I" "/opt/rustwide/cargo-home/registry/src/index.crates.io-1949cf8c6b5b557f/qpdf-sys-0.3.4/qpdf/libqpdf" "-std=c++17" "-DPOINTERHOLDER_TRANSITION=4" "-DQPDF_DISABLE_QTC=1" "-o" "/opt/rustwide/target/release/build/qpdf-sys/8c1a0c3380035b23/out/7efaab9d2a899be8-QPDF_Dictionary.o" "-c" "/opt/rustwide/cargo-home/registry/src/index.crates.io-1949cf8c6b5b557f/qpdf-sys-0.3.4/qpdf/libqpdf/QPDF_Dictionary.cc"cargo:warning=c++: fatal error: Killed signal terminated program cc1plus
[INFO] [stderr] warning: qpdf-sys@0.3.4: compilation terminated.
[INFO] [stderr] warning: qpdf-sys@0.3.4: ToolExecError: command did not execute successfully (status code exit status: 1): LC_ALL="C" "c++" "-O3" "-ffunction-sections" "-fdata-sections" "-fPIC" "-m64" "-I" "/opt/rustwide/cargo-home/registry/src/index.crates.io-1949cf8c6b5b557f/qpdf-sys-0.3.4/include" "-I" "/opt/rustwide/cargo-home/registry/src/index.crates.io-1949cf8c6b5b557f/qpdf-sys-0.3.4/zlib" "-I" "/opt/rustwide/cargo-home/registry/src/index.crates.io-1949cf8c6b5b557f/qpdf-sys-0.3.4/jpeg" "-I" "/opt/rustwide/cargo-home/registry/src/index.crates.io-1949cf8c6b5b557f/qpdf-sys-0.3.4/qpdf/include" "-I" "/opt/rustwide/cargo-home/registry/src/index.crates.io-1949cf8c6b5b557f/qpdf-sys-0.3.4/qpdf/libqpdf" "-std=c++17" "-DPOINTERHOLDER_TRANSITION=4" "-DQPDF_DISABLE_QTC=1" "-o" "/opt/rustwide/target/release/build/qpdf-sys/8c1a0c3380035b23/out/7efaab9d2a899be8-QPDF_Stream.o" "-c" "/opt/rustwide/cargo-home/registry/src/index.crates.io-1949cf8c6b5b557f/qpdf-sys-0.3.4/qpdf/libqpdf/QPDF_Stream.cc"cargo:warning=c++: fatal error: Killed signal terminated program cc1plus
[INFO] [stderr] warning: qpdf-sys@0.3.4: compilation terminated.
[INFO] [stderr] warning: qpdf-sys@0.3.4: ToolExecError: command did not execute successfully (status code exit status: 1): LC_ALL="C" "c++" "-O3" "-ffunction-sections" "-fdata-sections" "-fPIC" "-m64" "-I" "/opt/rustwide/cargo-home/registry/src/index.crates.io-1949cf8c6b5b557f/qpdf-sys-0.3.4/include" "-I" "/opt/rustwide/cargo-home/registry/src/index.crates.io-1949cf8c6b5b557f/qpdf-sys-0.3.4/zlib" "-I" "/opt/rustwide/cargo-home/registry/src/index.crates.io-1949cf8c6b5b557f/qpdf-sys-0.3.4/jpeg" "-I" "/opt/rustwide/cargo-home/registry/src/index.crates.io-1949cf8c6b5b557f/qpdf-sys-0.3.4/qpdf/include" "-I" "/opt/rustwide/cargo-home/registry/src/index.crates.io-1949cf8c6b5b557f/qpdf-sys-0.3.4/qpdf/libqpdf" "-std=c++17" "-DPOINTERHOLDER_TRANSITION=4" "-DQPDF_DISABLE_QTC=1" "-o" "/opt/rustwide/target/release/build/qpdf-sys/8c1a0c3380035b23/out/7efaab9d2a899be8-QPDF_linearization.o" "-c" "/opt/rustwide/cargo-home/registry/src/index.crates.io-1949cf8c6b5b557f/qpdf-sys-0.3.4/qpdf/libqpdf/QPDF_linearization.cc"cargo:warning=c++: fatal error: Killed signal terminated program cc1plus
[INFO] [stderr] warning: qpdf-sys@0.3.4: compilation terminated.
[INFO] [stderr] warning: qpdf-sys@0.3.4: ToolExecError: command did not execute successfully (status code exit status: 1): LC_ALL="C" "c++" "-O3" "-ffunction-sections" "-fdata-sections" "-fPIC" "-m64" "-I" "/opt/rustwide/cargo-home/registry/src/index.crates.io-1949cf8c6b5b557f/qpdf-sys-0.3.4/include" "-I" "/opt/rustwide/cargo-home/registry/src/index.crates.io-1949cf8c6b5b557f/qpdf-sys-0.3.4/zlib" "-I" "/opt/rustwide/cargo-home/registry/src/index.crates.io-1949cf8c6b5b557f/qpdf-sys-0.3.4/jpeg" "-I" "/opt/rustwide/cargo-home/registry/src/index.crates.io-1949cf8c6b5b557f/qpdf-sys-0.3.4/qpdf/include" "-I" "/opt/rustwide/cargo-home/registry/src/index.crates.io-1949cf8c6b5b557f/qpdf-sys-0.3.4/qpdf/libqpdf" "-std=c++17" "-DPOINTERHOLDER_TRANSITION=4" "-DQPDF_DISABLE_QTC=1" "-o" "/opt/rustwide/target/release/build/qpdf-sys/8c1a0c3380035b23/out/7efaab9d2a899be8-QPDF_pages.o" "-c" "/opt/rustwide/cargo-home/registry/src/index.crates.io-1949cf8c6b5b557f/qpdf-sys-0.3.4/qpdf/libqpdf/QPDF_pages.cc"cargo:warning=c++: fatal error: Killed signal terminated program cc1plus
[INFO] [stderr] warning: qpdf-sys@0.3.4: compilation terminated.
[INFO] [stderr] warning: qpdf-sys@0.3.4: ToolExecError: command did not execute successfully (status code exit status: 1): LC_ALL="C" "c++" "-O3" "-ffunction-sections" "-fdata-sections" "-fPIC" "-m64" "-I" "/opt/rustwide/cargo-home/registry/src/index.crates.io-1949cf8c6b5b557f/qpdf-sys-0.3.4/include" "-I" "/opt/rustwide/cargo-home/registry/src/index.crates.io-1949cf8c6b5b557f/qpdf-sys-0.3.4/zlib" "-I" "/opt/rustwide/cargo-home/registry/src/index.crates.io-1949cf8c6b5b557f/qpdf-sys-0.3.4/jpeg" "-I" "/opt/rustwide/cargo-home/registry/src/index.crates.io-1949cf8c6b5b557f/qpdf-sys-0.3.4/qpdf/include" "-I" "/opt/rustwide/cargo-home/registry/src/index.crates.io-1949cf8c6b5b557f/qpdf-sys-0.3.4/qpdf/libqpdf" "-std=c++17" "-DPOINTERHOLDER_TRANSITION=4" "-DQPDF_DISABLE_QTC=1" "-o" "/opt/rustwide/target/release/build/qpdf-sys/8c1a0c3380035b23/out/7efaab9d2a899be8-QUtil.o" "-c" "/opt/rustwide/cargo-home/registry/src/index.crates.io-1949cf8c6b5b557f/qpdf-sys-0.3.4/qpdf/libqpdf/QUtil.cc"
[INFO] [stderr] error: failed to run custom build command for `qpdf-sys v0.3.4`
[INFO] [stderr] note: To improve backtraces for build dependencies, set the CARGO_PROFILE_RELEASE_BUILD_OVERRIDE_DEBUG=true environment variable to enable debug information generation.
[INFO] [stderr] 
[INFO] [stderr] Caused by:
[INFO] [stderr]   process didn't exit successfully: `/opt/rustwide/target/release/build/qpdf-sys/6697d2c845e7dfc5/out/build_script_build` (exit status: 1)
[INFO] [stderr]   --- stdout
[INFO] [stderr]   OUT_DIR = Some(/opt/rustwide/target/release/build/qpdf-sys/8c1a0c3380035b23/out)
[INFO] [stderr]   OPT_LEVEL = Some(3)
[INFO] [stderr]   TARGET = Some(x86_64-unknown-linux-gnu)
[INFO] [stderr]   CARGO_ENCODED_RUSTFLAGS = Some(--cap-lints=warn)
[INFO] [stderr]   HOST = Some(x86_64-unknown-linux-gnu)
[INFO] [stderr]   cargo:rerun-if-env-changed=CC_x86_64-unknown-linux-gnu
[INFO] [stderr]   CC_x86_64-unknown-linux-gnu = None
[INFO] [stderr]   cargo:rerun-if-env-changed=CC_x86_64_unknown_linux_gnu
[INFO] [stderr]   CC_x86_64_unknown_linux_gnu = None
[INFO] [stderr]   cargo:rerun-if-env-changed=HOST_CC
[INFO] [stderr]   HOST_CC = None
[INFO] [stderr]   cargo:rerun-if-env-changed=CC
[INFO] [stderr]   CC = None
[INFO] [stderr]   cargo:rerun-if-env-changed=CC_ENABLE_DEBUG_OUTPUT
[INFO] [stderr]   RUSTC_WRAPPER = None
[INFO] [stderr]   cargo:rerun-if-env-changed=CRATE_CC_NO_DEFAULTS
[INFO] [stderr]   CRATE_CC_NO_DEFAULTS = None
[INFO] [stderr]   DEBUG = Some(false)
[INFO] [stderr]   CARGO_CFG_TARGET_FEATURE = Some(fxsr,sse,sse2)
[INFO] [stderr]   cargo:rerun-if-env-changed=CFLAGS
[INFO] [stderr]   CFLAGS = None
[INFO] [stderr]   cargo:rerun-if-env-changed=HOST_CFLAGS
[INFO] [stderr]   HOST_CFLAGS = None
[INFO] [stderr]   cargo:rerun-if-env-changed=CFLAGS_x86_64_unknown_linux_gnu
[INFO] [stderr]   CFLAGS_x86_64_unknown_linux_gnu = None
[INFO] [stderr]   cargo:rerun-if-env-changed=CFLAGS_x86_64-unknown-linux-gnu
[INFO] [stderr]   CFLAGS_x86_64-unknown-linux-gnu = None
[INFO] [stderr]   exit status: 0
[INFO] [stderr]   exit status: 0
[INFO] [stderr]   exit status: 0
[INFO] [stderr]   exit status: 0
[INFO] [stderr]   exit status: 0
[INFO] [stderr]   exit status: 0
[INFO] [stderr]   exit status: 0
[INFO] [stderr]   exit status: 0
[INFO] [stderr]   exit status: 0
[INFO] [stderr]   exit status: 0
[INFO] [stderr]   exit status: 0
[INFO] [stderr]   cargo:rerun-if-env-changed=AR_x86_64-unknown-linux-gnu
[INFO] [stderr]   AR_x86_64-unknown-linux-gnu = None
[INFO] [stderr]   cargo:rerun-if-env-changed=AR_x86_64_unknown_linux_gnu
[INFO] [stderr]   AR_x86_64_unknown_linux_gnu = None
[INFO] [stderr]   cargo:rerun-if-env-changed=HOST_AR
[INFO] [stderr]   HOST_AR = None
[INFO] [stderr]   cargo:rerun-if-env-changed=AR
[INFO] [stderr]   AR = None
[INFO] [stderr]   cargo:rerun-if-env-changed=ARFLAGS
[INFO] [stderr]   ARFLAGS = None
[INFO] [stderr]   cargo:rerun-if-env-changed=HOST_ARFLAGS
[INFO] [stderr]   HOST_ARFLAGS = None
[INFO] [stderr]   cargo:rerun-if-env-changed=ARFLAGS_x86_64_unknown_linux_gnu
[INFO] [stderr]   ARFLAGS_x86_64_unknown_linux_gnu = None
[INFO] [stderr]   cargo:rerun-if-env-changed=ARFLAGS_x86_64-unknown-linux-gnu
[INFO] [stderr]   ARFLAGS_x86_64-unknown-linux-gnu = None
[INFO] [stderr]   cargo:rustc-link-lib=static=zlib
[INFO] [stderr]   cargo:rustc-link-search=native=/opt/rustwide/target/release/build/qpdf-sys/8c1a0c3380035b23/out
[INFO] [stderr]   OUT_DIR = Some(/opt/rustwide/target/release/build/qpdf-sys/8c1a0c3380035b23/out)
[INFO] [stderr]   OPT_LEVEL = Some(3)
[INFO] [stderr]   TARGET = Some(x86_64-unknown-linux-gnu)
[INFO] [stderr]   CARGO_ENCODED_RUSTFLAGS = Some(--cap-lints=warn)
[INFO] [stderr]   HOST = Some(x86_64-unknown-linux-gnu)
[INFO] [stderr]   cargo:rerun-if-env-changed=CC_x86_64-unknown-linux-gnu
[INFO] [stderr]   CC_x86_64-unknown-linux-gnu = None
[INFO] [stderr]   cargo:rerun-if-env-changed=CC_x86_64_unknown_linux_gnu
[INFO] [stderr]   CC_x86_64_unknown_linux_gnu = None
[INFO] [stderr]   cargo:rerun-if-env-changed=HOST_CC
[INFO] [stderr]   HOST_CC = None
[INFO] [stderr]   cargo:rerun-if-env-changed=CC
[INFO] [stderr]   CC = None
[INFO] [stderr]   cargo:rerun-if-env-changed=CC_ENABLE_DEBUG_OUTPUT
[INFO] [stderr]   RUSTC_WRAPPER = None
[INFO] [stderr]   cargo:rerun-if-env-changed=CRATE_CC_NO_DEFAULTS
[INFO] [stderr]   CRATE_CC_NO_DEFAULTS = None
[INFO] [stderr]   DEBUG = Some(false)
[INFO] [stderr]   CARGO_CFG_TARGET_FEATURE = Some(fxsr,sse,sse2)
[INFO] [stderr]   cargo:rerun-if-env-changed=CFLAGS
[INFO] [stderr]   CFLAGS = None
[INFO] [stderr]   cargo:rerun-if-env-changed=HOST_CFLAGS
[INFO] [stderr]   HOST_CFLAGS = None
[INFO] [stderr]   cargo:rerun-if-env-changed=CFLAGS_x86_64_unknown_linux_gnu
[INFO] [stderr]   CFLAGS_x86_64_unknown_linux_gnu = None
[INFO] [stderr]   cargo:rerun-if-env-changed=CFLAGS_x86_64-unknown-linux-gnu
[INFO] [stderr]   CFLAGS_x86_64-unknown-linux-gnu = None
[INFO] [stderr]   exit status: 0
[INFO] [stderr]   exit status: 0
[INFO] [stderr]   exit status: 0
[INFO] [stderr]   exit status: 0
[INFO] [stderr]   exit status: 0
[INFO] [stderr]   exit status: 0
[INFO] [stderr]   exit status: 0
[INFO] [stderr]   exit status: 0
[INFO] [stderr]   exit status: 0
[INFO] [stderr]   exit status: 0
[INFO] [stderr]   exit status: 0
[INFO] [stderr]   exit status: 0
[INFO] [stderr]   exit status: 0
[INFO] [stderr]   exit status: 0
[INFO] [stderr]   exit status: 0
[INFO] [stderr]   exit status: 0
[INFO] [stderr]   exit status: 0
[INFO] [stderr]   exit status: 0
[INFO] [stderr]   exit status: 0
[INFO] [stderr]   exit status: 0
[INFO] [stderr]   exit status: 0
[INFO] [stderr]   exit status: 0
[INFO] [stderr]   exit status: 0
[INFO] [stderr]   exit status: 0
[INFO] [stderr]   exit status: 0
[INFO] [stderr]   exit status: 0
[INFO] [stderr]   exit status: 0
[INFO] [stderr]   exit status: 0
[INFO] [stderr]   exit status: 0
[INFO] [stderr]   exit status: 0
[INFO] [stderr]   exit status: 0
[INFO] [stderr]   exit status: 0
[INFO] [stderr]   exit status: 0
[INFO] [stderr]   exit status: 0
[INFO] [stderr]   exit status: 0
[INFO] [stderr]   exit status: 0
[INFO] [stderr]   exit status: 0
[INFO] [stderr]   exit status: 0
[INFO] [stderr]   exit status: 0
[INFO] [stderr]   exit status: 0
[INFO] [stderr]   exit status: 0
[INFO] [stderr]   exit status: 0
[INFO] [stderr]   exit status: 0
[INFO] [stderr]   exit status: 0
[INFO] [stderr]   exit status: 0
[INFO] [stderr]   exit status: 0
[INFO] [stderr]   cargo:rerun-if-env-changed=AR_x86_64-unknown-linux-gnu
[INFO] [stderr]   AR_x86_64-unknown-linux-gnu = None
[INFO] [stderr]   cargo:rerun-if-env-changed=AR_x86_64_unknown_linux_gnu
[INFO] [stderr]   AR_x86_64_unknown_linux_gnu = None
[INFO] [stderr]   cargo:rerun-if-env-changed=HOST_AR
[INFO] [stderr]   HOST_AR = None
[INFO] [stderr]   cargo:rerun-if-env-changed=AR
[INFO] [stderr]   AR = None
[INFO] [stderr]   cargo:rerun-if-env-changed=ARFLAGS
[INFO] [stderr]   ARFLAGS = None
[INFO] [stderr]   cargo:rerun-if-env-changed=HOST_ARFLAGS
[INFO] [stderr]   HOST_ARFLAGS = None
[INFO] [stderr]   cargo:rerun-if-env-changed=ARFLAGS_x86_64_unknown_linux_gnu
[INFO] [stderr]   ARFLAGS_x86_64_unknown_linux_gnu = None
[INFO] [stderr]   cargo:rerun-if-env-changed=ARFLAGS_x86_64-unknown-linux-gnu
[INFO] [stderr]   ARFLAGS_x86_64-unknown-linux-gnu = None
[INFO] [stderr]   cargo:rustc-link-lib=static=jpeg
[INFO] [stderr]   cargo:rustc-link-search=native=/opt/rustwide/target/release/build/qpdf-sys/8c1a0c3380035b23/out
[INFO] [stderr]   OUT_DIR = Some(/opt/rustwide/target/release/build/qpdf-sys/8c1a0c3380035b23/out)
[INFO] [stderr]   OPT_LEVEL = Some(3)
[INFO] [stderr]   TARGET = Some(x86_64-unknown-linux-gnu)
[INFO] [stderr]   CARGO_ENCODED_RUSTFLAGS = Some(--cap-lints=warn)
[INFO] [stderr]   HOST = Some(x86_64-unknown-linux-gnu)
[INFO] [stderr]   cargo:rerun-if-env-changed=CXX_x86_64-unknown-linux-gnu
[INFO] [stderr]   CXX_x86_64-unknown-linux-gnu = None
[INFO] [stderr]   cargo:rerun-if-env-changed=CXX_x86_64_unknown_linux_gnu
[INFO] [stderr]   CXX_x86_64_unknown_linux_gnu = None
[INFO] [stderr]   cargo:rerun-if-env-changed=HOST_CXX
[INFO] [stderr]   HOST_CXX = None
[INFO] [stderr]   cargo:rerun-if-env-changed=CXX
[INFO] [stderr]   CXX = None
[INFO] [stderr]   cargo:rerun-if-env-changed=CC_ENABLE_DEBUG_OUTPUT
[INFO] [stderr]   RUSTC_WRAPPER = None
[INFO] [stderr]   cargo:rerun-if-env-changed=CRATE_CC_NO_DEFAULTS
[INFO] [stderr]   CRATE_CC_NO_DEFAULTS = None
[INFO] [stderr]   DEBUG = Some(false)
[INFO] [stderr]   CARGO_CFG_TARGET_FEATURE = Some(fxsr,sse,sse2)
[INFO] [stderr]   cargo:rerun-if-env-changed=CXXFLAGS
[INFO] [stderr]   CXXFLAGS = None
[INFO] [stderr]   cargo:rerun-if-env-changed=HOST_CXXFLAGS
[INFO] [stderr]   HOST_CXXFLAGS = None
[INFO] [stderr]   cargo:rerun-if-env-changed=CXXFLAGS_x86_64_unknown_linux_gnu
[INFO] [stderr]   CXXFLAGS_x86_64_unknown_linux_gnu = None
[INFO] [stderr]   cargo:rerun-if-env-changed=CXXFLAGS_x86_64-unknown-linux-gnu
[INFO] [stderr]   CXXFLAGS_x86_64-unknown-linux-gnu = None
[INFO] [stderr]   exit status: 0
[INFO] [stderr]   exit status: 0
[INFO] [stderr]   exit status: 0
[INFO] [stderr]   exit status: 0
[INFO] [stderr]   exit status: 0
[INFO] [stderr]   exit status: 0
[INFO] [stderr]   exit status: 0
[INFO] [stderr]   exit status: 0
[INFO] [stderr]   exit status: 0
[INFO] [stderr]   exit status: 0
[INFO] [stderr]   exit status: 0
[INFO] [stderr]   exit status: 0
[INFO] [stderr]   exit status: 0
[INFO] [stderr]   exit status: 0
[INFO] [stderr]   exit status: 0
[INFO] [stderr]   exit status: 0
[INFO] [stderr]   exit status: 0
[INFO] [stderr]   exit status: 0
[INFO] [stderr]   exit status: 0
[INFO] [stderr]   exit status: 0
[INFO] [stderr]   exit status: 0
[INFO] [stderr]   exit status: 0
[INFO] [stderr]   exit status: 0
[INFO] [stderr]   exit status: 0
[INFO] [stderr]   exit status: 0
[INFO] [stderr]   exit status: 0
[INFO] [stderr]   exit status: 0
[INFO] [stderr]   exit status: 0
[INFO] [stderr]   exit status: 0
[INFO] [stderr]   exit status: 0
[INFO] [stderr]   exit status: 0
[INFO] [stderr]   exit status: 0
[INFO] [stderr]   exit status: 0
[INFO] [stderr]   exit status: 0
[INFO] [stderr]   exit status: 0
[INFO] [stderr]   exit status: 0
[INFO] [stderr]   exit status: 0
[INFO] [stderr]   exit status: 0
[INFO] [stderr]   exit status: 0
[INFO] [stderr]   exit status: 0
[INFO] [stderr]   cargo:warning=c++: fatal error: Killed signal terminated program cc1plus
[INFO] [stderr]   cargo:warning=compilation terminated.
[INFO] [stderr]   exit status: 0
[INFO] [stderr]   exit status: 0
[INFO] [stderr]   exit status: 0
[INFO] [stderr]   exit status: 0
[INFO] [stderr]   exit status: 0
[INFO] [stderr]   exit status: 0
[INFO] [stderr]   exit status: 1
[INFO] [stderr]   cargo:warning=ToolExecError: command did not execute successfully (status code exit status: 1): LC_ALL="C" "c++" "-O3" "-ffunction-sections" "-fdata-sections" "-fPIC" "-m64" "-I" "/opt/rustwide/cargo-home/registry/src/index.crates.io-1949cf8c6b5b557f/qpdf-sys-0.3.4/include" "-I" "/opt/rustwide/cargo-home/registry/src/index.crates.io-1949cf8c6b5b557f/qpdf-sys-0.3.4/zlib" "-I" "/opt/rustwide/cargo-home/registry/src/index.crates.io-1949cf8c6b5b557f/qpdf-sys-0.3.4/jpeg" "-I" "/opt/rustwide/cargo-home/registry/src/index.crates.io-1949cf8c6b5b557f/qpdf-sys-0.3.4/qpdf/include" "-I" "/opt/rustwide/cargo-home/registry/src/index.crates.io-1949cf8c6b5b557f/qpdf-sys-0.3.4/qpdf/libqpdf" "-std=c++17" "-DPOINTERHOLDER_TRANSITION=4" "-DQPDF_DISABLE_QTC=1" "-o" "/opt/rustwide/target/release/build/qpdf-sys/8c1a0c3380035b23/out/7efaab9d2a899be8-QPDF.o" "-c" "/opt/rustwide/cargo-home/registry/src/index.crates.io-1949cf8c6b5b557f/qpdf-sys-0.3.4/qpdf/libqpdf/QPDF.cc"cargo:warning=c++: fatal error: Killed signal terminated program cc1plus
[INFO] [stderr]   cargo:warning=compilation terminated.
[INFO] [stderr] 
[INFO] [stderr]   exit status: 1
[INFO] [stderr]   cargo:warning=ToolExecError: command did not execute successfully (status code exit status: 1): LC_ALL="C" "c++" "-O3" "-ffunction-sections" "-fdata-sections" "-fPIC" "-m64" "-I" "/opt/rustwide/cargo-home/registry/src/index.crates.io-1949cf8c6b5b557f/qpdf-sys-0.3.4/include" "-I" "/opt/rustwide/cargo-home/registry/src/index.crates.io-1949cf8c6b5b557f/qpdf-sys-0.3.4/zlib" "-I" "/opt/rustwide/cargo-home/registry/src/index.crates.io-1949cf8c6b5b557f/qpdf-sys-0.3.4/jpeg" "-I" "/opt/rustwide/cargo-home/registry/src/index.crates.io-1949cf8c6b5b557f/qpdf-sys-0.3.4/qpdf/include" "-I" "/opt/rustwide/cargo-home/registry/src/index.crates.io-1949cf8c6b5b557f/qpdf-sys-0.3.4/qpdf/libqpdf" "-std=c++17" "-DPOINTERHOLDER_TRANSITION=4" "-DQPDF_DISABLE_QTC=1" "-o" "/opt/rustwide/target/release/build/qpdf-sys/8c1a0c3380035b23/out/7efaab9d2a899be8-QPDFAcroFormDocumentHelper.o" "-c" "/opt/rustwide/cargo-home/registry/src/index.crates.io-1949cf8c6b5b557f/qpdf-sys-0.3.4/qpdf/libqpdf/QPDFAcroFormDocumentHelper.cc"cargo:warning=c++: fatal error: Killed signal terminated program cc1plus
[INFO] [stderr]   cargo:warning=compilation terminated.
[INFO] [stderr] 
[INFO] [stderr]   exit status: 0
[INFO] [stderr]   exit status: 1
[INFO] [stderr]   cargo:warning=ToolExecError: command did not execute successfully (status code exit status: 1): LC_ALL="C" "c++" "-O3" "-ffunction-sections" "-fdata-sections" "-fPIC" "-m64" "-I" "/opt/rustwide/cargo-home/registry/src/index.crates.io-1949cf8c6b5b557f/qpdf-sys-0.3.4/include" "-I" "/opt/rustwide/cargo-home/registry/src/index.crates.io-1949cf8c6b5b557f/qpdf-sys-0.3.4/zlib" "-I" "/opt/rustwide/cargo-home/registry/src/index.crates.io-1949cf8c6b5b557f/qpdf-sys-0.3.4/jpeg" "-I" "/opt/rustwide/cargo-home/registry/src/index.crates.io-1949cf8c6b5b557f/qpdf-sys-0.3.4/qpdf/include" "-I" "/opt/rustwide/cargo-home/registry/src/index.crates.io-1949cf8c6b5b557f/qpdf-sys-0.3.4/qpdf/libqpdf" "-std=c++17" "-DPOINTERHOLDER_TRANSITION=4" "-DQPDF_DISABLE_QTC=1" "-o" "/opt/rustwide/target/release/build/qpdf-sys/8c1a0c3380035b23/out/7efaab9d2a899be8-NNTree.o" "-c" "/opt/rustwide/cargo-home/registry/src/index.crates.io-1949cf8c6b5b557f/qpdf-sys-0.3.4/qpdf/libqpdf/NNTree.cc"cargo:warning=c++: fatal error: Killed signal terminated program cc1plus
[INFO] [stderr]   cargo:warning=compilation terminated.
[INFO] [stderr] 
[INFO] [stderr]   exit status: 1
[INFO] [stderr]   cargo:warning=ToolExecError: command did not execute successfully (status code exit status: 1): LC_ALL="C" "c++" "-O3" "-ffunction-sections" "-fdata-sections" "-fPIC" "-m64" "-I" "/opt/rustwide/cargo-home/registry/src/index.crates.io-1949cf8c6b5b557f/qpdf-sys-0.3.4/include" "-I" "/opt/rustwide/cargo-home/registry/src/index.crates.io-1949cf8c6b5b557f/qpdf-sys-0.3.4/zlib" "-I" "/opt/rustwide/cargo-home/registry/src/index.crates.io-1949cf8c6b5b557f/qpdf-sys-0.3.4/jpeg" "-I" "/opt/rustwide/cargo-home/registry/src/index.crates.io-1949cf8c6b5b557f/qpdf-sys-0.3.4/qpdf/include" "-I" "/opt/rustwide/cargo-home/registry/src/index.crates.io-1949cf8c6b5b557f/qpdf-sys-0.3.4/qpdf/libqpdf" "-std=c++17" "-DPOINTERHOLDER_TRANSITION=4" "-DQPDF_DISABLE_QTC=1" "-o" "/opt/rustwide/target/release/build/qpdf-sys/8c1a0c3380035b23/out/7efaab9d2a899be8-QPDFFormFieldObjectHelper.o" "-c" "/opt/rustwide/cargo-home/registry/src/index.crates.io-1949cf8c6b5b557f/qpdf-sys-0.3.4/qpdf/libqpdf/QPDFFormFieldObjectHelper.cc"cargo:warning=c++: fatal error: Killed signal terminated program cc1plus
[INFO] [stderr]   cargo:warning=compilation terminated.
[INFO] [stderr] 
[INFO] [stderr]   exit status: 0
[INFO] [stderr]   exit status: 1
[INFO] [stderr]   cargo:warning=ToolExecError: command did not execute successfully (status code exit status: 1): LC_ALL="C" "c++" "-O3" "-ffunction-sections" "-fdata-sections" "-fPIC" "-m64" "-I" "/opt/rustwide/cargo-home/registry/src/index.crates.io-1949cf8c6b5b557f/qpdf-sys-0.3.4/include" "-I" "/opt/rustwide/cargo-home/registry/src/index.crates.io-1949cf8c6b5b557f/qpdf-sys-0.3.4/zlib" "-I" "/opt/rustwide/cargo-home/registry/src/index.crates.io-1949cf8c6b5b557f/qpdf-sys-0.3.4/jpeg" "-I" "/opt/rustwide/cargo-home/registry/src/index.crates.io-1949cf8c6b5b557f/qpdf-sys-0.3.4/qpdf/include" "-I" "/opt/rustwide/cargo-home/registry/src/index.crates.io-1949cf8c6b5b557f/qpdf-sys-0.3.4/qpdf/libqpdf" "-std=c++17" "-DPOINTERHOLDER_TRANSITION=4" "-DQPDF_DISABLE_QTC=1" "-o" "/opt/rustwide/target/release/build/qpdf-sys/8c1a0c3380035b23/out/7efaab9d2a899be8-QPDFEmbeddedFileDocumentHelper.o" "-c" "/opt/rustwide/cargo-home/registry/src/index.crates.io-1949cf8c6b5b557f/qpdf-sys-0.3.4/qpdf/libqpdf/QPDFEmbeddedFileDocumentHelper.cc"cargo:warning=c++: fatal error: Killed signal terminated program cc1plus
[INFO] [stderr]   cargo:warning=compilation terminated.
[INFO] [stderr] 
[INFO] [stderr]   exit status: 1
[INFO] [stderr]   cargo:warning=ToolExecError: command did not execute successfully (status code exit status: 1): LC_ALL="C" "c++" "-O3" "-ffunction-sections" "-fdata-sections" "-fPIC" "-m64" "-I" "/opt/rustwide/cargo-home/registry/src/index.crates.io-1949cf8c6b5b557f/qpdf-sys-0.3.4/include" "-I" "/opt/rustwide/cargo-home/registry/src/index.crates.io-1949cf8c6b5b557f/qpdf-sys-0.3.4/zlib" "-I" "/opt/rustwide/cargo-home/registry/src/index.crates.io-1949cf8c6b5b557f/qpdf-sys-0.3.4/jpeg" "-I" "/opt/rustwide/cargo-home/registry/src/index.crates.io-1949cf8c6b5b557f/qpdf-sys-0.3.4/qpdf/include" "-I" "/opt/rustwide/cargo-home/registry/src/index.crates.io-1949cf8c6b5b557f/qpdf-sys-0.3.4/qpdf/libqpdf" "-std=c++17" "-DPOINTERHOLDER_TRANSITION=4" "-DQPDF_DISABLE_QTC=1" "-o" "/opt/rustwide/target/release/build/qpdf-sys/8c1a0c3380035b23/out/7efaab9d2a899be8-QPDFJob.o" "-c" "/opt/rustwide/cargo-home/registry/src/index.crates.io-1949cf8c6b5b557f/qpdf-sys-0.3.4/qpdf/libqpdf/QPDFJob.cc"cargo:warning=c++: fatal error: Killed signal terminated program cc1plus
[INFO] [stderr]   cargo:warning=compilation terminated.
[INFO] [stderr] 
[INFO] [stderr]   exit status: 1
[INFO] [stderr]   cargo:warning=ToolExecError: command did not execute successfully (status code exit status: 1): LC_ALL="C" "c++" "-O3" "-ffunction-sections" "-fdata-sections" "-fPIC" "-m64" "-I" "/opt/rustwide/cargo-home/registry/src/index.crates.io-1949cf8c6b5b557f/qpdf-sys-0.3.4/include" "-I" "/opt/rustwide/cargo-home/registry/src/index.crates.io-1949cf8c6b5b557f/qpdf-sys-0.3.4/zlib" "-I" "/opt/rustwide/cargo-home/registry/src/index.crates.io-1949cf8c6b5b557f/qpdf-sys-0.3.4/jpeg" "-I" "/opt/rustwide/cargo-home/registry/src/index.crates.io-1949cf8c6b5b557f/qpdf-sys-0.3.4/qpdf/include" "-I" "/opt/rustwide/cargo-home/registry/src/index.crates.io-1949cf8c6b5b557f/qpdf-sys-0.3.4/qpdf/libqpdf" "-std=c++17" "-DPOINTERHOLDER_TRANSITION=4" "-DQPDF_DISABLE_QTC=1" "-o" "/opt/rustwide/target/release/build/qpdf-sys/8c1a0c3380035b23/out/7efaab9d2a899be8-QPDFJob_config.o" "-c" "/opt/rustwide/cargo-home/registry/src/index.crates.io-1949cf8c6b5b557f/qpdf-sys-0.3.4/qpdf/libqpdf/QPDFJob_config.cc"cargo:warning=c++: fatal error: Killed signal terminated program cc1plus
[INFO] [stderr]   cargo:warning=compilation terminated.
[INFO] [stderr] 
[INFO] [stderr]   exit status: 0
[INFO] [stderr]   exit status: 0
[INFO] [stderr]   exit status: 0
[INFO] [stderr]   exit status: 1
[INFO] [stderr]   cargo:warning=ToolExecError: command did not execute successfully (status code exit status: 1): LC_ALL="C" "c++" "-O3" "-ffunction-sections" "-fdata-sections" "-fPIC" "-m64" "-I" "/opt/rustwide/cargo-home/registry/src/index.crates.io-1949cf8c6b5b557f/qpdf-sys-0.3.4/include" "-I" "/opt/rustwide/cargo-home/registry/src/index.crates.io-1949cf8c6b5b557f/qpdf-sys-0.3.4/zlib" "-I" "/opt/rustwide/cargo-home/registry/src/index.crates.io-1949cf8c6b5b557f/qpdf-sys-0.3.4/jpeg" "-I" "/opt/rustwide/cargo-home/registry/src/index.crates.io-1949cf8c6b5b557f/qpdf-sys-0.3.4/qpdf/include" "-I" "/opt/rustwide/cargo-home/registry/src/index.crates.io-1949cf8c6b5b557f/qpdf-sys-0.3.4/qpdf/libqpdf" "-std=c++17" "-DPOINTERHOLDER_TRANSITION=4" "-DQPDF_DISABLE_QTC=1" "-o" "/opt/rustwide/target/release/build/qpdf-sys/8c1a0c3380035b23/out/7efaab9d2a899be8-QPDFJob_json.o" "-c" "/opt/rustwide/cargo-home/registry/src/index.crates.io-1949cf8c6b5b557f/qpdf-sys-0.3.4/qpdf/libqpdf/QPDFJob_json.cc"cargo:warning=c++: fatal error: Killed signal terminated program cc1plus
[INFO] [stderr]   cargo:warning=compilation terminated.
[INFO] [stderr] 
[INFO] [stderr]   exit status: 0
[INFO] [stderr]   exit status: 0
[INFO] [stderr]   exit status: 0
[INFO] [stderr]   exit status: 1
[INFO] [stderr]   cargo:warning=ToolExecError: command did not execute successfully (status code exit status: 1): LC_ALL="C" "c++" "-O3" "-ffunction-sections" "-fdata-sections" "-fPIC" "-m64" "-I" "/opt/rustwide/cargo-home/registry/src/index.crates.io-1949cf8c6b5b557f/qpdf-sys-0.3.4/include" "-I" "/opt/rustwide/cargo-home/registry/src/index.crates.io-1949cf8c6b5b557f/qpdf-sys-0.3.4/zlib" "-I" "/opt/rustwide/cargo-home/registry/src/index.crates.io-1949cf8c6b5b557f/qpdf-sys-0.3.4/jpeg" "-I" "/opt/rustwide/cargo-home/registry/src/index.crates.io-1949cf8c6b5b557f/qpdf-sys-0.3.4/qpdf/include" "-I" "/opt/rustwide/cargo-home/registry/src/index.crates.io-1949cf8c6b5b557f/qpdf-sys-0.3.4/qpdf/libqpdf" "-std=c++17" "-DPOINTERHOLDER_TRANSITION=4" "-DQPDF_DISABLE_QTC=1" "-o" "/opt/rustwide/target/release/build/qpdf-sys/8c1a0c3380035b23/out/7efaab9d2a899be8-QPDFJob_argv.o" "-c" "/opt/rustwide/cargo-home/registry/src/index.crates.io-1949cf8c6b5b557f/qpdf-sys-0.3.4/qpdf/libqpdf/QPDFJob_argv.cc"cargo:warning=c++: fatal error: Killed signal terminated program cc1plus
[INFO] [stderr]   cargo:warning=compilation terminated.
[INFO] [stderr] 
[INFO] [stderr]   exit status: 1
[INFO] [stderr]   cargo:warning=ToolExecError: command did not execute successfully (status code exit status: 1): LC_ALL="C" "c++" "-O3" "-ffunction-sections" "-fdata-sections" "-fPIC" "-m64" "-I" "/opt/rustwide/cargo-home/registry/src/index.crates.io-1949cf8c6b5b557f/qpdf-sys-0.3.4/include" "-I" "/opt/rustwide/cargo-home/registry/src/index.crates.io-1949cf8c6b5b557f/qpdf-sys-0.3.4/zlib" "-I" "/opt/rustwide/cargo-home/registry/src/index.crates.io-1949cf8c6b5b557f/qpdf-sys-0.3.4/jpeg" "-I" "/opt/rustwide/cargo-home/registry/src/index.crates.io-1949cf8c6b5b557f/qpdf-sys-0.3.4/qpdf/include" "-I" "/opt/rustwide/cargo-home/registry/src/index.crates.io-1949cf8c6b5b557f/qpdf-sys-0.3.4/qpdf/libqpdf" "-std=c++17" "-DPOINTERHOLDER_TRANSITION=4" "-DQPDF_DISABLE_QTC=1" "-o" "/opt/rustwide/target/release/build/qpdf-sys/8c1a0c3380035b23/out/7efaab9d2a899be8-QPDFObject.o" "-c" "/opt/rustwide/cargo-home/registry/src/index.crates.io-1949cf8c6b5b557f/qpdf-sys-0.3.4/qpdf/libqpdf/QPDFObject.cc"cargo:warning=c++: fatal error: Killed signal terminated program cc1plus
[INFO] [stderr]   cargo:warning=compilation terminated.
[INFO] [stderr] 
[INFO] [stderr]   exit status: 1
[INFO] [stderr]   cargo:warning=ToolExecError: command did not execute successfully (status code exit status: 1): LC_ALL="C" "c++" "-O3" "-ffunction-sections" "-fdata-sections" "-fPIC" "-m64" "-I" "/opt/rustwide/cargo-home/registry/src/index.crates.io-1949cf8c6b5b557f/qpdf-sys-0.3.4/include" "-I" "/opt/rustwide/cargo-home/registry/src/index.crates.io-1949cf8c6b5b557f/qpdf-sys-0.3.4/zlib" "-I" "/opt/rustwide/cargo-home/registry/src/index.crates.io-1949cf8c6b5b557f/qpdf-sys-0.3.4/jpeg" "-I" "/opt/rustwide/cargo-home/registry/src/index.crates.io-1949cf8c6b5b557f/qpdf-sys-0.3.4/qpdf/include" "-I" "/opt/rustwide/cargo-home/registry/src/index.crates.io-1949cf8c6b5b557f/qpdf-sys-0.3.4/qpdf/libqpdf" "-std=c++17" "-DPOINTERHOLDER_TRANSITION=4" "-DQPDF_DISABLE_QTC=1" "-o" "/opt/rustwide/target/release/build/qpdf-sys/8c1a0c3380035b23/out/7efaab9d2a899be8-QPDFArgParser.o" "-c" "/opt/rustwide/cargo-home/registry/src/index.crates.io-1949cf8c6b5b557f/qpdf-sys-0.3.4/qpdf/libqpdf/QPDFArgParser.cc"cargo:warning=c++: fatal error: Killed signal terminated program cc1plus
[INFO] [stderr]   cargo:warning=compilation terminated.
[INFO] [stderr] 
[INFO] [stderr]   exit status: 1
[INFO] [stderr]   cargo:warning=ToolExecError: command did not execute successfully (status code exit status: 1): LC_ALL="C" "c++" "-O3" "-ffunction-sections" "-fdata-sections" "-fPIC" "-m64" "-I" "/opt/rustwide/cargo-home/registry/src/index.crates.io-1949cf8c6b5b557f/qpdf-sys-0.3.4/include" "-I" "/opt/rustwide/cargo-home/registry/src/index.crates.io-1949cf8c6b5b557f/qpdf-sys-0.3.4/zlib" "-I" "/opt/rustwide/cargo-home/registry/src/index.crates.io-1949cf8c6b5b557f/qpdf-sys-0.3.4/jpeg" "-I" "/opt/rustwide/cargo-home/registry/src/index.crates.io-1949cf8c6b5b557f/qpdf-sys-0.3.4/qpdf/include" "-I" "/opt/rustwide/cargo-home/registry/src/index.crates.io-1949cf8c6b5b557f/qpdf-sys-0.3.4/qpdf/libqpdf" "-std=c++17" "-DPOINTERHOLDER_TRANSITION=4" "-DQPDF_DISABLE_QTC=1" "-o" "/opt/rustwide/target/release/build/qpdf-sys/8c1a0c3380035b23/out/7efaab9d2a899be8-QPDFNumberTreeObjectHelper.o" "-c" "/opt/rustwide/cargo-home/registry/src/index.crates.io-1949cf8c6b5b557f/qpdf-sys-0.3.4/qpdf/libqpdf/QPDFNumberTreeObjectHelper.cc"cargo:warning=c++: fatal error: Killed signal terminated program cc1plus
[INFO] [stderr]   cargo:warning=compilation terminated.
[INFO] [stderr] 
[INFO] [stderr]   exit status: 0
[INFO] [stderr]   exit status: 0
[INFO] [stderr]   exit status: 1
[INFO] [stderr]   cargo:warning=ToolExecError: command did not execute successfully (status code exit status: 1): LC_ALL="C" "c++" "-O3" "-ffunction-sections" "-fdata-sections" "-fPIC" "-m64" "-I" "/opt/rustwide/cargo-home/registry/src/index.crates.io-1949cf8c6b5b557f/qpdf-sys-0.3.4/include" "-I" "/opt/rustwide/cargo-home/registry/src/index.crates.io-1949cf8c6b5b557f/qpdf-sys-0.3.4/zlib" "-I" "/opt/rustwide/cargo-home/registry/src/index.crates.io-1949cf8c6b5b557f/qpdf-sys-0.3.4/jpeg" "-I" "/opt/rustwide/cargo-home/registry/src/index.crates.io-1949cf8c6b5b557f/qpdf-sys-0.3.4/qpdf/include" "-I" "/opt/rustwide/cargo-home/registry/src/index.crates.io-1949cf8c6b5b557f/qpdf-sys-0.3.4/qpdf/libqpdf" "-std=c++17" "-DPOINTERHOLDER_TRANSITION=4" "-DQPDF_DISABLE_QTC=1" "-o" "/opt/rustwide/target/release/build/qpdf-sys/8c1a0c3380035b23/out/7efaab9d2a899be8-QPDFObjectHandle.o" "-c" "/opt/rustwide/cargo-home/registry/src/index.crates.io-1949cf8c6b5b557f/qpdf-sys-0.3.4/qpdf/libqpdf/QPDFObjectHandle.cc"cargo:warning=c++: fatal error: Killed signal terminated program cc1plus
[INFO] [stderr]   cargo:warning=compilation terminated.
[INFO] [stderr] 
[INFO] [stderr]   exit status: 1
[INFO] [stderr]   cargo:warning=ToolExecError: command did not execute successfully (status code exit status: 1): LC_ALL="C" "c++" "-O3" "-ffunction-sections" "-fdata-sections" "-fPIC" "-m64" "-I" "/opt/rustwide/cargo-home/registry/src/index.crates.io-1949cf8c6b5b557f/qpdf-sys-0.3.4/include" "-I" "/opt/rustwide/cargo-home/registry/src/index.crates.io-1949cf8c6b5b557f/qpdf-sys-0.3.4/zlib" "-I" "/opt/rustwide/cargo-home/registry/src/index.crates.io-1949cf8c6b5b557f/qpdf-sys-0.3.4/jpeg" "-I" "/opt/rustwide/cargo-home/registry/src/index.crates.io-1949cf8c6b5b557f/qpdf-sys-0.3.4/qpdf/include" "-I" "/opt/rustwide/cargo-home/registry/src/index.crates.io-1949cf8c6b5b557f/qpdf-sys-0.3.4/qpdf/libqpdf" "-std=c++17" "-DPOINTERHOLDER_TRANSITION=4" "-DQPDF_DISABLE_QTC=1" "-o" "/opt/rustwide/target/release/build/qpdf-sys/8c1a0c3380035b23/out/7efaab9d2a899be8-QPDFPageObjectHelper.o" "-c" "/opt/rustwide/cargo-home/registry/src/index.crates.io-1949cf8c6b5b557f/qpdf-sys-0.3.4/qpdf/libqpdf/QPDFPageObjectHelper.cc"cargo:warning=c++: fatal error: Killed signal terminated program cc1plus
[INFO] [stderr]   cargo:warning=compilation terminated.
[INFO] [stderr] 
[INFO] [stderr]   exit status: 0
[INFO] [stderr]   exit status: 1
[INFO] [stderr]   cargo:warning=ToolExecError: command did not execute successfully (status code exit status: 1): LC_ALL="C" "c++" "-O3" "-ffunction-sections" "-fdata-sections" "-fPIC" "-m64" "-I" "/opt/rustwide/cargo-home/registry/src/index.crates.io-1949cf8c6b5b557f/qpdf-sys-0.3.4/include" "-I" "/opt/rustwide/cargo-home/registry/src/index.crates.io-1949cf8c6b5b557f/qpdf-sys-0.3.4/zlib" "-I" "/opt/rustwide/cargo-home/registry/src/index.crates.io-1949cf8c6b5b557f/qpdf-sys-0.3.4/jpeg" "-I" "/opt/rustwide/cargo-home/registry/src/index.crates.io-1949cf8c6b5b557f/qpdf-sys-0.3.4/qpdf/include" "-I" "/opt/rustwide/cargo-home/registry/src/index.crates.io-1949cf8c6b5b557f/qpdf-sys-0.3.4/qpdf/libqpdf" "-std=c++17" "-DPOINTERHOLDER_TRANSITION=4" "-DQPDF_DISABLE_QTC=1" "-o" "/opt/rustwide/target/release/build/qpdf-sys/8c1a0c3380035b23/out/7efaab9d2a899be8-QPDFNameTreeObjectHelper.o" "-c" "/opt/rustwide/cargo-home/registry/src/index.crates.io-1949cf8c6b5b557f/qpdf-sys-0.3.4/qpdf/libqpdf/QPDFNameTreeObjectHelper.cc"cargo:warning=c++: fatal error: Killed signal terminated program cc1plus
[INFO] [stderr]   cargo:warning=compilation terminated.
[INFO] [stderr] 
[INFO] [stderr]   exit status: 1
[INFO] [stderr]   cargo:warning=ToolExecError: command did not execute successfully (status code exit status: 1): LC_ALL="C" "c++" "-O3" "-ffunction-sections" "-fdata-sections" "-fPIC" "-m64" "-I" "/opt/rustwide/cargo-home/registry/src/index.crates.io-1949cf8c6b5b557f/qpdf-sys-0.3.4/include" "-I" "/opt/rustwide/cargo-home/registry/src/index.crates.io-1949cf8c6b5b557f/qpdf-sys-0.3.4/zlib" "-I" "/opt/rustwide/cargo-home/registry/src/index.crates.io-1949cf8c6b5b557f/qpdf-sys-0.3.4/jpeg" "-I" "/opt/rustwide/cargo-home/registry/src/index.crates.io-1949cf8c6b5b557f/qpdf-sys-0.3.4/qpdf/include" "-I" "/opt/rustwide/cargo-home/registry/src/index.crates.io-1949cf8c6b5b557f/qpdf-sys-0.3.4/qpdf/libqpdf" "-std=c++17" "-DPOINTERHOLDER_TRANSITION=4" "-DQPDF_DISABLE_QTC=1" "-o" "/opt/rustwide/target/release/build/qpdf-sys/8c1a0c3380035b23/out/7efaab9d2a899be8-QPDFOutlineDocumentHelper.o" "-c" "/opt/rustwide/cargo-home/registry/src/index.crates.io-1949cf8c6b5b557f/qpdf-sys-0.3.4/qpdf/libqpdf/QPDFOutlineDocumentHelper.cc"cargo:warning=c++: fatal error: Killed signal terminated program cc1plus
[INFO] [stderr]   cargo:warning=compilation terminated.
[INFO] [stderr] 
[INFO] [stderr]   exit status: 1
[INFO] [stderr]   cargo:warning=ToolExecError: command did not execute successfully (status code exit status: 1): LC_ALL="C" "c++" "-O3" "-ffunction-sections" "-fdata-sections" "-fPIC" "-m64" "-I" "/opt/rustwide/cargo-home/registry/src/index.crates.io-1949cf8c6b5b557f/qpdf-sys-0.3.4/include" "-I" "/opt/rustwide/cargo-home/registry/src/index.crates.io-1949cf8c6b5b557f/qpdf-sys-0.3.4/zlib" "-I" "/opt/rustwide/cargo-home/registry/src/index.crates.io-1949cf8c6b5b557f/qpdf-sys-0.3.4/jpeg" "-I" "/opt/rustwide/cargo-home/registry/src/index.crates.io-1949cf8c6b5b557f/qpdf-sys-0.3.4/qpdf/include" "-I" "/opt/rustwide/cargo-home/registry/src/index.crates.io-1949cf8c6b5b557f/qpdf-sys-0.3.4/qpdf/libqpdf" "-std=c++17" "-DPOINTERHOLDER_TRANSITION=4" "-DQPDF_DISABLE_QTC=1" "-o" "/opt/rustwide/target/release/build/qpdf-sys/8c1a0c3380035b23/out/7efaab9d2a899be8-QPDFParser.o" "-c" "/opt/rustwide/cargo-home/registry/src/index.crates.io-1949cf8c6b5b557f/qpdf-sys-0.3.4/qpdf/libqpdf/QPDFParser.cc"cargo:warning=c++: fatal error: Killed signal terminated program cc1plus
[INFO] [stderr]   cargo:warning=compilation terminated.
[INFO] [stderr] 
[INFO] [stderr]   exit status: 0
[INFO] [stderr]   exit status: 1
[INFO] [stderr]   cargo:warning=ToolExecError: command did not execute successfully (status code exit status: 1): LC_ALL="C" "c++" "-O3" "-ffunction-sections" "-fdata-sections" "-fPIC" "-m64" "-I" "/opt/rustwide/cargo-home/registry/src/index.crates.io-1949cf8c6b5b557f/qpdf-sys-0.3.4/include" "-I" "/opt/rustwide/cargo-home/registry/src/index.crates.io-1949cf8c6b5b557f/qpdf-sys-0.3.4/zlib" "-I" "/opt/rustwide/cargo-home/registry/src/index.crates.io-1949cf8c6b5b557f/qpdf-sys-0.3.4/jpeg" "-I" "/opt/rustwide/cargo-home/registry/src/index.crates.io-1949cf8c6b5b557f/qpdf-sys-0.3.4/qpdf/include" "-I" "/opt/rustwide/cargo-home/registry/src/index.crates.io-1949cf8c6b5b557f/qpdf-sys-0.3.4/qpdf/libqpdf" "-std=c++17" "-DPOINTERHOLDER_TRANSITION=4" "-DQPDF_DISABLE_QTC=1" "-o" "/opt/rustwide/target/release/build/qpdf-sys/8c1a0c3380035b23/out/7efaab9d2a899be8-QPDFWriter.o" "-c" "/opt/rustwide/cargo-home/registry/src/index.crates.io-1949cf8c6b5b557f/qpdf-sys-0.3.4/qpdf/libqpdf/QPDFWriter.cc"cargo:warning=c++: fatal error: Killed signal terminated program cc1plus
[INFO] [stderr]   cargo:warning=compilation terminated.
[INFO] [stderr] 
[INFO] [stderr]   exit status: 1
[INFO] [stderr]   cargo:warning=ToolExecError: command did not execute successfully (status code exit status: 1): LC_ALL="C" "c++" "-O3" "-ffunction-sections" "-fdata-sections" "-fPIC" "-m64" "-I" "/opt/rustwide/cargo-home/registry/src/index.crates.io-1949cf8c6b5b557f/qpdf-sys-0.3.4/include" "-I" "/opt/rustwide/cargo-home/registry/src/index.crates.io-1949cf8c6b5b557f/qpdf-sys-0.3.4/zlib" "-I" "/opt/rustwide/cargo-home/registry/src/index.crates.io-1949cf8c6b5b557f/qpdf-sys-0.3.4/jpeg" "-I" "/opt/rustwide/cargo-home/registry/src/index.crates.io-1949cf8c6b5b557f/qpdf-sys-0.3.4/qpdf/include" "-I" "/opt/rustwide/cargo-home/registry/src/index.crates.io-1949cf8c6b5b557f/qpdf-sys-0.3.4/qpdf/libqpdf" "-std=c++17" "-DPOINTERHOLDER_TRANSITION=4" "-DQPDF_DISABLE_QTC=1" "-o" "/opt/rustwide/target/release/build/qpdf-sys/8c1a0c3380035b23/out/7efaab9d2a899be8-QPDF_Array.o" "-c" "/opt/rustwide/cargo-home/registry/src/index.crates.io-1949cf8c6b5b557f/qpdf-sys-0.3.4/qpdf/libqpdf/QPDF_Array.cc"cargo:warning=c++: fatal error: Killed signal terminated program cc1plus
[INFO] [stderr]   cargo:warning=compilation terminated.
[INFO] [stderr] 
[INFO] [stderr]   exit status: 0
[INFO] [stderr]   exit status: 0
[INFO] [stderr]   exit status: 1
[INFO] [stderr]   cargo:warning=ToolExecError: command did not execute successfully (status code exit status: 1): LC_ALL="C" "c++" "-O3" "-ffunction-sections" "-fdata-sections" "-fPIC" "-m64" "-I" "/opt/rustwide/cargo-home/registry/src/index.crates.io-1949cf8c6b5b557f/qpdf-sys-0.3.4/include" "-I" "/opt/rustwide/cargo-home/registry/src/index.crates.io-1949cf8c6b5b557f/qpdf-sys-0.3.4/zlib" "-I" "/opt/rustwide/cargo-home/registry/src/index.crates.io-1949cf8c6b5b557f/qpdf-sys-0.3.4/jpeg" "-I" "/opt/rustwide/cargo-home/registry/src/index.crates.io-1949cf8c6b5b557f/qpdf-sys-0.3.4/qpdf/include" "-I" "/opt/rustwide/cargo-home/registry/src/index.crates.io-1949cf8c6b5b557f/qpdf-sys-0.3.4/qpdf/libqpdf" "-std=c++17" "-DPOINTERHOLDER_TRANSITION=4" "-DQPDF_DISABLE_QTC=1" "-o" "/opt/rustwide/target/release/build/qpdf-sys/8c1a0c3380035b23/out/7efaab9d2a899be8-QPDF_Dictionary.o" "-c" "/opt/rustwide/cargo-home/registry/src/index.crates.io-1949cf8c6b5b557f/qpdf-sys-0.3.4/qpdf/libqpdf/QPDF_Dictionary.cc"cargo:warning=c++: fatal error: Killed signal terminated program cc1plus
[INFO] [stderr]   cargo:warning=compilation terminated.
[INFO] [stderr] 
[INFO] [stderr]   exit status: 1
[INFO] [stderr]   cargo:warning=ToolExecError: command did not execute successfully (status code exit status: 1): LC_ALL="C" "c++" "-O3" "-ffunction-sections" "-fdata-sections" "-fPIC" "-m64" "-I" "/opt/rustwide/cargo-home/registry/src/index.crates.io-1949cf8c6b5b557f/qpdf-sys-0.3.4/include" "-I" "/opt/rustwide/cargo-home/registry/src/index.crates.io-1949cf8c6b5b557f/qpdf-sys-0.3.4/zlib" "-I" "/opt/rustwide/cargo-home/registry/src/index.crates.io-1949cf8c6b5b557f/qpdf-sys-0.3.4/jpeg" "-I" "/opt/rustwide/cargo-home/registry/src/index.crates.io-1949cf8c6b5b557f/qpdf-sys-0.3.4/qpdf/include" "-I" "/opt/rustwide/cargo-home/registry/src/index.crates.io-1949cf8c6b5b557f/qpdf-sys-0.3.4/qpdf/libqpdf" "-std=c++17" "-DPOINTERHOLDER_TRANSITION=4" "-DQPDF_DISABLE_QTC=1" "-o" "/opt/rustwide/target/release/build/qpdf-sys/8c1a0c3380035b23/out/7efaab9d2a899be8-QPDF_Stream.o" "-c" "/opt/rustwide/cargo-home/registry/src/index.crates.io-1949cf8c6b5b557f/qpdf-sys-0.3.4/qpdf/libqpdf/QPDF_Stream.cc"cargo:warning=c++: fatal error: Killed signal terminated program cc1plus
[INFO] [stderr]   cargo:warning=compilation terminated.
[INFO] [stderr] 
[INFO] [stderr]   exit status: 1
[INFO] [stderr]   cargo:warning=ToolExecError: command did not execute successfully (status code exit status: 1): LC_ALL="C" "c++" "-O3" "-ffunction-sections" "-fdata-sections" "-fPIC" "-m64" "-I" "/opt/rustwide/cargo-home/registry/src/index.crates.io-1949cf8c6b5b557f/qpdf-sys-0.3.4/include" "-I" "/opt/rustwide/cargo-home/registry/src/index.crates.io-1949cf8c6b5b557f/qpdf-sys-0.3.4/zlib" "-I" "/opt/rustwide/cargo-home/registry/src/index.crates.io-1949cf8c6b5b557f/qpdf-sys-0.3.4/jpeg" "-I" "/opt/rustwide/cargo-home/registry/src/index.crates.io-1949cf8c6b5b557f/qpdf-sys-0.3.4/qpdf/include" "-I" "/opt/rustwide/cargo-home/registry/src/index.crates.io-1949cf8c6b5b557f/qpdf-sys-0.3.4/qpdf/libqpdf" "-std=c++17" "-DPOINTERHOLDER_TRANSITION=4" "-DQPDF_DISABLE_QTC=1" "-o" "/opt/rustwide/target/release/build/qpdf-sys/8c1a0c3380035b23/out/7efaab9d2a899be8-QPDF_linearization.o" "-c" "/opt/rustwide/cargo-home/registry/src/index.crates.io-1949cf8c6b5b557f/qpdf-sys-0.3.4/qpdf/libqpdf/QPDF_linearization.cc"cargo:warning=c++: fatal error: Killed signal terminated program cc1plus
[INFO] [stderr]   cargo:warning=compilation terminated.
[INFO] [stderr] 
[INFO] [stderr]   exit status: 0
[INFO] [stderr]   exit status: 0
[INFO] [stderr]   exit status: 0
[INFO] [stderr]   exit status: 0
[INFO] [stderr]   exit status: 0
[INFO] [stderr]   exit status: 0
[INFO] [stderr]   exit status: 0
[INFO] [stderr]   exit status: 1
[INFO] [stderr]   cargo:warning=ToolExecError: command did not execute successfully (status code exit status: 1): LC_ALL="C" "c++" "-O3" "-ffunction-sections" "-fdata-sections" "-fPIC" "-m64" "-I" "/opt/rustwide/cargo-home/registry/src/index.crates.io-1949cf8c6b5b557f/qpdf-sys-0.3.4/include" "-I" "/opt/rustwide/cargo-home/registry/src/index.crates.io-1949cf8c6b5b557f/qpdf-sys-0.3.4/zlib" "-I" "/opt/rustwide/cargo-home/registry/src/index.crates.io-1949cf8c6b5b557f/qpdf-sys-0.3.4/jpeg" "-I" "/opt/rustwide/cargo-home/registry/src/index.crates.io-1949cf8c6b5b557f/qpdf-sys-0.3.4/qpdf/include" "-I" "/opt/rustwide/cargo-home/registry/src/index.crates.io-1949cf8c6b5b557f/qpdf-sys-0.3.4/qpdf/libqpdf" "-std=c++17" "-DPOINTERHOLDER_TRANSITION=4" "-DQPDF_DISABLE_QTC=1" "-o" "/opt/rustwide/target/release/build/qpdf-sys/8c1a0c3380035b23/out/7efaab9d2a899be8-QPDF_pages.o" "-c" "/opt/rustwide/cargo-home/registry/src/index.crates.io-1949cf8c6b5b557f/qpdf-sys-0.3.4/qpdf/libqpdf/QPDF_pages.cc"cargo:warning=c++: fatal error: Killed signal terminated program cc1plus
[INFO] [stderr]   cargo:warning=compilation terminated.
[INFO] [stderr] 
[INFO] [stderr]   exit status: 1
[INFO] [stderr]   cargo:warning=ToolExecError: command did not execute successfully (status code exit status: 1): LC_ALL="C" "c++" "-O3" "-ffunction-sections" "-fdata-sections" "-fPIC" "-m64" "-I" "/opt/rustwide/cargo-home/registry/src/index.crates.io-1949cf8c6b5b557f/qpdf-sys-0.3.4/include" "-I" "/opt/rustwide/cargo-home/registry/src/index.crates.io-1949cf8c6b5b557f/qpdf-sys-0.3.4/zlib" "-I" "/opt/rustwide/cargo-home/registry/src/index.crates.io-1949cf8c6b5b557f/qpdf-sys-0.3.4/jpeg" "-I" "/opt/rustwide/cargo-home/registry/src/index.crates.io-1949cf8c6b5b557f/qpdf-sys-0.3.4/qpdf/include" "-I" "/opt/rustwide/cargo-home/registry/src/index.crates.io-1949cf8c6b5b557f/qpdf-sys-0.3.4/qpdf/libqpdf" "-std=c++17" "-DPOINTERHOLDER_TRANSITION=4" "-DQPDF_DISABLE_QTC=1" "-o" "/opt/rustwide/target/release/build/qpdf-sys/8c1a0c3380035b23/out/7efaab9d2a899be8-QUtil.o" "-c" "/opt/rustwide/cargo-home/registry/src/index.crates.io-1949cf8c6b5b557f/qpdf-sys-0.3.4/qpdf/libqpdf/QUtil.cc"
[INFO] [stderr]   exit status: 0
[INFO] [stderr]   exit status: 0
[INFO] [stderr]   exit status: 0
[INFO] [stderr]   exit status: 0
[INFO] [stderr]   exit status: 0
[INFO] [stderr]   exit status: 0
[INFO] [stderr]   exit status: 0
[INFO] [stderr] 
[INFO] [stderr]   --- stderr
[INFO] [stderr] 
[INFO] [stderr] 
[INFO] [stderr]   error occurred in cc-rs: command did not execute successfully (status code exit status: 1): LC_ALL="C" "c++" "-O3" "-ffunction-sections" "-fdata-sections" "-fPIC" "-m64" "-I" "/opt/rustwide/cargo-home/registry/src/index.crates.io-1949cf8c6b5b557f/qpdf-sys-0.3.4/include" "-I" "/opt/rustwide/cargo-home/registry/src/index.crates.io-1949cf8c6b5b557f/qpdf-sys-0.3.4/zlib" "-I" "/opt/rustwide/cargo-home/registry/src/index.crates.io-1949cf8c6b5b557f/qpdf-sys-0.3.4/jpeg" "-I" "/opt/rustwide/cargo-home/registry/src/index.crates.io-1949cf8c6b5b557f/qpdf-sys-0.3.4/qpdf/include" "-I" "/opt/rustwide/cargo-home/registry/src/index.crates.io-1949cf8c6b5b557f/qpdf-sys-0.3.4/qpdf/libqpdf" "-std=c++17" "-DPOINTERHOLDER_TRANSITION=4" "-DQPDF_DISABLE_QTC=1" "-o" "/opt/rustwide/target/release/build/qpdf-sys/8c1a0c3380035b23/out/7efaab9d2a899be8-QUtil.o" "-c" "/opt/rustwide/cargo-home/registry/src/index.crates.io-1949cf8c6b5b557f/qpdf-sys-0.3.4/qpdf/libqpdf/QUtil.cc"
[INFO] [stderr] 
[INFO] [stderr] 
[INFO] running `Command { std: "docker" "inspect" "f4ffdd18a2c317e3955c35547d0afe2039b8e74f12c7d43b9d0e546aedd0a706", kill_on_drop: false }`
[INFO] running `Command { std: "docker" "rm" "-f" "f4ffdd18a2c317e3955c35547d0afe2039b8e74f12c7d43b9d0e546aedd0a706", kill_on_drop: false }`
[INFO] [stdout] f4ffdd18a2c317e3955c35547d0afe2039b8e74f12c7d43b9d0e546aedd0a706
