[INFO] fetching crate kair 0.5.0...
[INFO] testing kair-0.5.0 against 1.100.0-beta.1+cargoflags=--release for beta-release-1.100-2
[INFO] extracting crate kair 0.5.0 into /workspace/builds/worker-7-tc2/source
[INFO] started tweaking crates.io crate kair 0.5.0
[INFO] finished tweaking crates.io crate kair 0.5.0
[INFO] tweaked toml for crates.io crate kair 0.5.0 written to /workspace/builds/worker-7-tc2/source/Cargo.toml
[INFO] validating manifest of crates.io crate kair 0.5.0 on toolchain 1.100.0-beta.1
[INFO] running `Command { std: CARGO_HOME="/workspace/cargo-home" RUSTUP_HOME="/workspace/rustup-home" "/workspace/cargo-home/bin/cargo" "+1.100.0-beta.1" "metadata" "--manifest-path" "Cargo.toml" "--no-deps", kill_on_drop: false }`
[INFO] crate crates.io crate kair 0.5.0 already has a lockfile, it will not be regenerated
[INFO] running `Command { std: CARGO_HOME="/workspace/cargo-home" RUSTUP_HOME="/workspace/rustup-home" "/workspace/cargo-home/bin/cargo" "+1.100.0-beta.1" "fetch" "--manifest-path" "Cargo.toml", kill_on_drop: false }`
[INFO] [stderr] warning: Cargo.toml: `default_features` is deprecated in favor of `default-features` and will not work in the 2024 edition
[INFO] [stderr] (in the `rust_sbml` dependency)
[INFO] [stderr] warning: `kair` (manifest) generated 1 warning
[INFO] running `Command { std: "docker" "create" "-v" "/var/lib/crater-agent-workspace/builds/worker-7-tc2/source:/opt/rustwide/workdir:ro,Z" "-v" "/var/lib/crater-agent-workspace/builds/worker-7-tc2/target:/opt/rustwide/target:rw,Z" "-v" "/var/lib/crater-agent-workspace/cargo-home:/opt/rustwide/cargo-home:ro,Z" "-v" "/var/lib/crater-agent-workspace/rustup-home:/opt/rustwide/rustup-home:ro,Z" "-m" "1610612736" "--network" "none" "ghcr.io/rust-lang/crates-build-env/linux@sha256:77db811e55d90add9212f6832c23229e3de5f1c1f9905e8cb07319ea15df73ac" "sleep" "infinity", kill_on_drop: false }`
[INFO] [stdout] 99b1d1a83b1de8ad052ce345d761b069260ca7923608d2484ee33cadb12fe434
[INFO] running `Command { std: "docker" "start" "99b1d1a83b1de8ad052ce345d761b069260ca7923608d2484ee33cadb12fe434", kill_on_drop: false }`
[INFO] running `Command { std: "docker" "inspect" "99b1d1a83b1de8ad052ce345d761b069260ca7923608d2484ee33cadb12fe434", kill_on_drop: false }`
[INFO] running `Command { std: "docker" "exec" "-e" "SOURCE_DIR=/opt/rustwide/workdir" "-e" "CARGO_HOME=/opt/rustwide/cargo-home" "-e" "RUSTUP_HOME=/opt/rustwide/rustup-home" "-e" "CARGO_TARGET_DIR=/opt/rustwide/target" "-w" "/opt/rustwide/workdir" "--user" "0:0" "99b1d1a83b1de8ad052ce345d761b069260ca7923608d2484ee33cadb12fe434" "/opt/rustwide/cargo-home/bin/cargo" "+1.100.0-beta.1" "metadata" "--no-deps" "--format-version=1", kill_on_drop: false }`
[INFO] running `Command { std: "docker" "inspect" "99b1d1a83b1de8ad052ce345d761b069260ca7923608d2484ee33cadb12fe434", kill_on_drop: false }`
[INFO] running `Command { std: "docker" "exec" "-e" "SOURCE_DIR=/opt/rustwide/workdir" "-e" "CARGO_HOME=/opt/rustwide/cargo-home" "-e" "RUSTUP_HOME=/opt/rustwide/rustup-home" "-e" "CARGO_TARGET_DIR=/opt/rustwide/target" "-e" "CARGO_INCREMENTAL=0" "-e" "RUST_BACKTRACE=full" "-e" "RUSTFLAGS=--cap-lints=warn" "-e" "RUSTDOCFLAGS=--cap-lints=warn" "-w" "/opt/rustwide/workdir" "--user" "0:0" "99b1d1a83b1de8ad052ce345d761b069260ca7923608d2484ee33cadb12fe434" "/opt/rustwide/cargo-home/bin/cargo" "+1.100.0-beta.1" "build" "--frozen" "--message-format=json" "--release", kill_on_drop: false }`
[INFO] [stderr] warning: Cargo.toml: `default_features` is deprecated in favor of `default-features` and will not work in the 2024 edition
[INFO] [stderr] (in the `rust_sbml` dependency)
[INFO] [stderr] warning: `kair` (manifest) generated 1 warning
[INFO] [stderr]    Compiling proc-macro2 v1.0.24
[INFO] [stderr]    Compiling unicode-xid v0.2.1
[INFO] [stderr]    Compiling syn v1.0.44
[INFO] [stderr]    Compiling serde_derive v1.0.116
[INFO] [stderr]    Compiling serde v1.0.116
[INFO] [stderr]    Compiling libc v0.2.79
[INFO] [stderr]    Compiling coin_cbc_sys v0.1.0
[INFO] [stderr]    Compiling custom_error v1.8.0
[INFO] [stderr]    Compiling coin_cbc v0.1.4
[INFO] [stderr]    Compiling good_lp v1.1.0
[INFO] [stderr]    Compiling quote v1.0.7
[INFO] [stderr]    Compiling num_cpus v1.13.0
[INFO] [stderr]    Compiling quick-xml v0.20.0
[INFO] [stderr]    Compiling rust_sbml v0.5.2
[INFO] [stderr]    Compiling kair v0.5.0 (/opt/rustwide/workdir)
[INFO] [stdout] warning: unnecessary qualification
[INFO] [stdout]   --> src/flux_analysis.rs:13:23
[INFO] [stdout]    |
[INFO] [stdout] 13 | type SolverError<S> = <<S as Solver>::Model as good_lp::SolverModel>::Error;
[INFO] [stdout]    |                       ^^^^^^^^^^^^^^^^^^^^^^^^^^^^^^^^^^^^^^^^^^^^^^^^^^^^^
[INFO] [stdout]    |
[INFO] [stdout] note: the lint level is defined here
[INFO] [stdout]   --> src/lib.rs:8:9
[INFO] [stdout]    |
[INFO] [stdout]  8 | #![warn(unused_qualifications)]
[INFO] [stdout]    |         ^^^^^^^^^^^^^^^^^^^^^
[INFO] [stdout] help: remove the unnecessary path segments
[INFO] [stdout]    |
[INFO] [stdout] 13 - type SolverError<S> = <<S as Solver>::Model as good_lp::SolverModel>::Error;
[INFO] [stdout] 13 + type SolverError<S> = <<S as Solver>::Model as SolverModel>::Error;
[INFO] [stdout]    |
[INFO] [stdout] 
[INFO] [stdout] 
[INFO] [stdout] warning: use of deprecated constant `std::f64::NAN`: replaced by the `NAN` associated constant on `f64`
[INFO] [stdout]    --> src/flux_analysis.rs:123:36
[INFO] [stdout]     |
[INFO] [stdout] 123 |                     _ => std::f64::NAN,
[INFO] [stdout]     |                                    ^^^
[INFO] [stdout]     |
[INFO] [stdout]     = note: `#[warn(deprecated)]` on by default
[INFO] [stdout] 
[INFO] [stdout] 
[INFO] [stdout] warning: use of deprecated constant `std::f64::NAN`: replaced by the `NAN` associated constant on `f64`
[INFO] [stdout]    --> src/flux_analysis.rs:128:40
[INFO] [stdout]     |
[INFO] [stdout] 128 |                         _ => std::f64::NAN,
[INFO] [stdout]     |                                        ^^^
[INFO] [stdout] 
[INFO] [stdout] 
[INFO] [stdout] warning: field `id` is never read
[INFO] [stdout]   --> src/model.rs:58:5
[INFO] [stdout]    |
[INFO] [stdout] 53 | pub struct ReactionLp {
[INFO] [stdout]    |            ---------- field in this struct
[INFO] [stdout] ...
[INFO] [stdout] 58 |     id: String,
[INFO] [stdout]    |     ^^
[INFO] [stdout]    |
[INFO] [stdout]    = note: `ReactionLp` has a derived impl for the trait `Clone`, but this is intentionally ignored during dead code analysis
[INFO] [stdout]    = note: `#[warn(dead_code)]` (part of `#[warn(unused)]`) on by default
[INFO] [stdout] 
[INFO] [stdout] 
[INFO] [stderr]     Finished `release` profile [optimized] target(s) in 19.25s
[INFO] [stderr] warning: the following packages contain code that will be rejected by a future version of Rust: quick-xml v0.20.0
[INFO] [stderr] note: to see what the problems were, use the option `--future-incompat-report`, or run `cargo report future-incompatibilities --id 6`
[INFO] running `Command { std: "docker" "inspect" "99b1d1a83b1de8ad052ce345d761b069260ca7923608d2484ee33cadb12fe434", kill_on_drop: false }`
[INFO] running `Command { std: "docker" "exec" "-e" "SOURCE_DIR=/opt/rustwide/workdir" "-e" "CARGO_HOME=/opt/rustwide/cargo-home" "-e" "RUSTUP_HOME=/opt/rustwide/rustup-home" "-e" "CARGO_TARGET_DIR=/opt/rustwide/target" "-e" "CARGO_INCREMENTAL=0" "-e" "RUST_BACKTRACE=full" "-e" "RUSTFLAGS=--cap-lints=warn" "-e" "RUSTDOCFLAGS=--cap-lints=warn" "-w" "/opt/rustwide/workdir" "--user" "0:0" "99b1d1a83b1de8ad052ce345d761b069260ca7923608d2484ee33cadb12fe434" "/opt/rustwide/cargo-home/bin/cargo" "+1.100.0-beta.1" "test" "--frozen" "--no-run" "--message-format=json" "--release", kill_on_drop: false }`
[INFO] [stderr] warning: Cargo.toml: `default_features` is deprecated in favor of `default-features` and will not work in the 2024 edition
[INFO] [stderr] (in the `rust_sbml` dependency)
[INFO] [stderr] warning: `kair` (manifest) generated 1 warning
[INFO] [stderr]    Compiling autocfg v1.0.1
[INFO] [stderr]    Compiling ryu v1.0.5
[INFO] [stderr]    Compiling rayon-core v1.9.0
[INFO] [stderr]    Compiling itoa v0.4.6
[INFO] [stderr]    Compiling either v1.6.1
[INFO] [stderr]    Compiling serde_json v1.0.59
[INFO] [stderr]    Compiling unicode-width v0.1.8
[INFO] [stderr]    Compiling half v1.6.0
[INFO] [stderr]    Compiling cast v0.2.3
[INFO] [stderr]    Compiling regex-automata v0.1.9
[INFO] [stderr]    Compiling csv-core v0.1.10
[INFO] [stderr]    Compiling regex-syntax v0.6.20
[INFO] [stderr]    Compiling atty v0.2.14
[INFO] [stderr]    Compiling oorandom v11.1.2
[INFO] [stdout] warning: unnecessary qualification
[INFO] [stdout]   --> src/flux_analysis.rs:13:23
[INFO] [stdout]    |
[INFO] [stdout] 13 | type SolverError<S> = <<S as Solver>::Model as good_lp::SolverModel>::Error;
[INFO] [stdout]    |                       ^^^^^^^^^^^^^^^^^^^^^^^^^^^^^^^^^^^^^^^^^^^^^^^^^^^^^
[INFO] [stdout]    |
[INFO] [stdout] note: the lint level is defined here
[INFO] [stdout]   --> src/lib.rs:8:9
[INFO] [stdout]    |
[INFO] [stdout]  8 | #![warn(unused_qualifications)]
[INFO] [stdout]    |         ^^^^^^^^^^^^^^^^^^^^^
[INFO] [stdout] help: remove the unnecessary path segments
[INFO] [stdout]    |
[INFO] [stdout] 13 - type SolverError<S> = <<S as Solver>::Model as good_lp::SolverModel>::Error;
[INFO] [stdout] 13 + type SolverError<S> = <<S as Solver>::Model as SolverModel>::Error;
[INFO] [stdout]    |
[INFO] [stdout] 
[INFO] [stdout] 
[INFO] [stdout] warning: use of deprecated constant `std::f64::NAN`: replaced by the `NAN` associated constant on `f64`
[INFO] [stdout]    --> src/flux_analysis.rs:123:36
[INFO] [stdout]     |
[INFO] [stdout] 123 |                     _ => std::f64::NAN,
[INFO] [stdout]     |                                    ^^^
[INFO] [stdout]     |
[INFO] [stdout]     = note: `#[warn(deprecated)]` on by default
[INFO] [stdout] 
[INFO] [stdout] 
[INFO] [stdout] warning: use of deprecated constant `std::f64::NAN`: replaced by the `NAN` associated constant on `f64`
[INFO] [stdout]    --> src/flux_analysis.rs:128:40
[INFO] [stdout]     |
[INFO] [stdout] 128 |                         _ => std::f64::NAN,
[INFO] [stdout]     |                                        ^^^
[INFO] [stdout] 
[INFO] [stdout] 
[INFO] [stdout] warning: field `id` is never read
[INFO] [stdout]   --> src/model.rs:58:5
[INFO] [stdout]    |
[INFO] [stdout] 53 | pub struct ReactionLp {
[INFO] [stdout]    |            ---------- field in this struct
[INFO] [stdout] ...
[INFO] [stdout] 58 |     id: String,
[INFO] [stdout]    |     ^^
[INFO] [stdout]    |
[INFO] [stdout]    = note: `ReactionLp` has a derived impl for the trait `Clone`, but this is intentionally ignored during dead code analysis
[INFO] [stdout]    = note: `#[warn(dead_code)]` (part of `#[warn(unused)]`) on by default
[INFO] [stdout] 
[INFO] [stdout] 
[INFO] [stderr]    Compiling textwrap v0.11.0
[INFO] [stderr]    Compiling itertools v0.9.0
[INFO] [stderr]    Compiling clap v2.33.3
[INFO] [stderr]    Compiling crossbeam-utils v0.8.3
[INFO] [stderr]    Compiling memoffset v0.6.1
[INFO] [stderr]    Compiling num-traits v0.2.12
[INFO] [stderr]    Compiling rayon v1.5.0
[INFO] [stderr]    Compiling serde_cbor v0.11.1
[INFO] [stderr]    Compiling bstr v0.2.13
[INFO] [stderr]    Compiling crossbeam-epoch v0.9.3
[INFO] [stderr]    Compiling crossbeam-channel v0.5.0
[INFO] [stderr]    Compiling crossbeam-deque v0.8.0
[INFO] [stderr]    Compiling csv v1.1.3
[INFO] [stderr]    Compiling criterion-plot v0.4.3
[INFO] [stderr]    Compiling tinytemplate v1.1.0
[INFO] [stderr]    Compiling plotters v0.2.15
[INFO] [stderr]    Compiling regex v1.4.1
[INFO] [stderr]    Compiling criterion v0.3.3
[INFO] [stderr]    Compiling kair v0.5.0 (/opt/rustwide/workdir)
[INFO] [stdout] warning: unnecessary qualification
[INFO] [stdout]   --> src/flux_analysis.rs:13:23
[INFO] [stdout]    |
[INFO] [stdout] 13 | type SolverError<S> = <<S as Solver>::Model as good_lp::SolverModel>::Error;
[INFO] [stdout]    |                       ^^^^^^^^^^^^^^^^^^^^^^^^^^^^^^^^^^^^^^^^^^^^^^^^^^^^^
[INFO] [stdout]    |
[INFO] [stdout] note: the lint level is defined here
[INFO] [stdout]   --> src/lib.rs:8:9
[INFO] [stdout]    |
[INFO] [stdout]  8 | #![warn(unused_qualifications)]
[INFO] [stdout]    |         ^^^^^^^^^^^^^^^^^^^^^
[INFO] [stdout] help: remove the unnecessary path segments
[INFO] [stdout]    |
[INFO] [stdout] 13 - type SolverError<S> = <<S as Solver>::Model as good_lp::SolverModel>::Error;
[INFO] [stdout] 13 + type SolverError<S> = <<S as Solver>::Model as SolverModel>::Error;
[INFO] [stdout]    |
[INFO] [stdout] 
[INFO] [stdout] 
[INFO] [stdout] warning: use of deprecated constant `std::f64::NAN`: replaced by the `NAN` associated constant on `f64`
[INFO] [stdout]    --> src/flux_analysis.rs:123:36
[INFO] [stdout]     |
[INFO] [stdout] 123 |                     _ => std::f64::NAN,
[INFO] [stdout]     |                                    ^^^
[INFO] [stdout]     |
[INFO] [stdout]     = note: `#[warn(deprecated)]` on by default
[INFO] [stdout] 
[INFO] [stdout] 
[INFO] [stdout] warning: use of deprecated constant `std::f64::NAN`: replaced by the `NAN` associated constant on `f64`
[INFO] [stdout]    --> src/flux_analysis.rs:128:40
[INFO] [stdout]     |
[INFO] [stdout] 128 |                         _ => std::f64::NAN,
[INFO] [stdout]     |                                        ^^^
[INFO] [stdout] 
[INFO] [stdout] 
[INFO] [stdout] warning: field `id` is never read
[INFO] [stdout]   --> src/model.rs:58:5
[INFO] [stdout]    |
[INFO] [stdout] 53 | pub struct ReactionLp {
[INFO] [stdout]    |            ---------- field in this struct
[INFO] [stdout] ...
[INFO] [stdout] 58 |     id: String,
[INFO] [stdout]    |     ^^
[INFO] [stdout]    |
[INFO] [stdout]    = note: `ReactionLp` has a derived impl for the trait `Clone`, but this is intentionally ignored during dead code analysis
[INFO] [stdout]    = note: `#[warn(dead_code)]` (part of `#[warn(unused)]`) on by default
[INFO] [stdout] 
[INFO] [stdout] 
[INFO] [stdout] error: linking with `cc` failed: exit status: 1
[INFO] [stdout]   |
[INFO] [stdout]   = note:  "cc" "-m64" "/opt/rustwide/target/release/build/kair/17320930414413fd/out/rustcqpUvAs/symbols.o" "<2 object files omitted>" "-Wl,--as-needed" "-Wl,-Bstatic" "/opt/rustwide/target/release/build/num_cpus/de95032fada498b4/out/libnum_cpus-de95032fada498b4.rlib" "/opt/rustwide/target/release/build/libc/b983f629863909fa/out/liblibc-b983f629863909fa.rlib" "<sysroot>/lib/rustlib/x86_64-unknown-linux-gnu/lib/{libtest-*,libgetopts-*,librustc_std_workspace_std-*}.rlib" "/opt/rustwide/target/release/build/rust_sbml/00192e071ab577b2/out/librust_sbml.rlib" "/opt/rustwide/target/release/build/quick-xml/81022ed7c438e2c8/out/libquick_xml-81022ed7c438e2c8.rlib" "/opt/rustwide/target/release/build/memchr/2dc6a10438cbed54/out/libmemchr-2dc6a10438cbed54.rlib" "/opt/rustwide/target/release/build/serde/3137f2a79adb2b77/out/libserde-3137f2a79adb2b77.rlib" "/opt/rustwide/target/release/build/custom_error/553116f551604347/out/libcustom_error-553116f551604347.rlib" "/opt/rustwide/target/release/build/good_lp/274a8eb2e90afd17/out/libgood_lp-274a8eb2e90afd17.rlib" "/opt/rustwide/target/release/build/coin_cbc/2bec7114a2edbb10/out/libcoin_cbc-2bec7114a2edbb10.rlib" "/opt/rustwide/target/release/build/lazy_static/480433dca0d17907/out/liblazy_static-480433dca0d17907.rlib" "/opt/rustwide/target/release/build/coin_cbc_sys/9020b99b0c336cba/out/libcoin_cbc_sys-9020b99b0c336cba.rlib" "/opt/rustwide/target/release/build/fnv/98df728fc8020158/out/libfnv-98df728fc8020158.rlib" "<sysroot>/lib/rustlib/x86_64-unknown-linux-gnu/lib/{libstd-*,libpanic_unwind-*,libobject-*,libmemchr-*,libaddr2line-*,libgimli-*,libcfg_if-*,librustc_demangle-*,libstd_detect-*,libhashbrown-*,librustc_std_workspace_alloc-*,libminiz_oxide-*,libadler2-*,libunwind-*,liblibc-*,librustc_std_workspace_core-*,liballoc-*,libcore-*,libcompiler_builtins-*}.rlib" "-Wl,-Bdynamic" "-lCbcSolver" "-lgcc_s" "-lutil" "-lrt" "-lpthread" "-lm" "-ldl" "-lc" "-L" "/opt/rustwide/target/release/build/kair/17320930414413fd/out/rustcqpUvAs/raw-dylibs" "-B<sysroot>/lib/rustlib/x86_64-unknown-linux-gnu/bin/gcc-ld" "-fuse-ld=lld" "-Wl,--eh-frame-hdr" "-Wl,-z,noexecstack" "-L" "<sysroot>/lib/rustlib/x86_64-unknown-linux-gnu/lib" "-o" "/opt/rustwide/target/release/build/kair/17320930414413fd/out/kair-17320930414413fd" "-Wl,--gc-sections" "-pie" "-Wl,-z,relro,-z,now" "-Wl,-O1" "-Wl,--strip-debug" "-nodefaultlibs"
[INFO] [stdout]   = note: some arguments are omitted. use `--verbose` to show all linker arguments
[INFO] [stdout]   = note: rust-lld: error: unable to find library -lCbcSolver
[INFO] [stdout]           collect2: error: ld returned 1 exit status
[INFO] [stdout]           
[INFO] [stdout] 
[INFO] [stdout] 
[INFO] [stderr] error: could not compile `kair` (lib test) due to 1 previous error; 4 warnings emitted
[INFO] [stderr] warning: build failed, waiting for other jobs to finish...
[INFO] [stdout] error: linking with `cc` failed: exit status: 1
[INFO] [stdout]   |
[INFO] [stdout]   = note:  "cc" "-m64" "/opt/rustwide/target/release/build/kair/4ffdd8424af566ec/out/rustcDq1IuM/symbols.o" "<4 object files omitted>" "-Wl,--as-needed" "-Wl,-Bstatic" "/opt/rustwide/target/release/build/kair/374d43b584244100/out/libkair-374d43b584244100.rlib" "/opt/rustwide/target/release/build/num_cpus/de95032fada498b4/out/libnum_cpus-de95032fada498b4.rlib" "/opt/rustwide/target/release/build/libc/b983f629863909fa/out/liblibc-b983f629863909fa.rlib" "/opt/rustwide/target/release/build/rust_sbml/00192e071ab577b2/out/librust_sbml.rlib" "/opt/rustwide/target/release/build/quick-xml/81022ed7c438e2c8/out/libquick_xml-81022ed7c438e2c8.rlib" "/opt/rustwide/target/release/build/memchr/2dc6a10438cbed54/out/libmemchr-2dc6a10438cbed54.rlib" "/opt/rustwide/target/release/build/serde/3137f2a79adb2b77/out/libserde-3137f2a79adb2b77.rlib" "/opt/rustwide/target/release/build/custom_error/553116f551604347/out/libcustom_error-553116f551604347.rlib" "/opt/rustwide/target/release/build/good_lp/274a8eb2e90afd17/out/libgood_lp-274a8eb2e90afd17.rlib" "/opt/rustwide/target/release/build/coin_cbc/2bec7114a2edbb10/out/libcoin_cbc-2bec7114a2edbb10.rlib" "/opt/rustwide/target/release/build/lazy_static/480433dca0d17907/out/liblazy_static-480433dca0d17907.rlib" "/opt/rustwide/target/release/build/coin_cbc_sys/9020b99b0c336cba/out/libcoin_cbc_sys-9020b99b0c336cba.rlib" "/opt/rustwide/target/release/build/fnv/98df728fc8020158/out/libfnv-98df728fc8020158.rlib" "<sysroot>/lib/rustlib/x86_64-unknown-linux-gnu/lib/{libstd-*,libpanic_unwind-*,libobject-*,libmemchr-*,libaddr2line-*,libgimli-*,libcfg_if-*,librustc_demangle-*,libstd_detect-*,libhashbrown-*,librustc_std_workspace_alloc-*,libminiz_oxide-*,libadler2-*,libunwind-*,liblibc-*,librustc_std_workspace_core-*,liballoc-*,libcore-*,libcompiler_builtins-*}.rlib" "-Wl,-Bdynamic" "-lCbcSolver" "-lgcc_s" "-lutil" "-lrt" "-lpthread" "-lm" "-ldl" "-lc" "-L" "/opt/rustwide/target/release/build/kair/4ffdd8424af566ec/out/rustcDq1IuM/raw-dylibs" "-B<sysroot>/lib/rustlib/x86_64-unknown-linux-gnu/bin/gcc-ld" "-fuse-ld=lld" "-Wl,--eh-frame-hdr" "-Wl,-z,noexecstack" "-L" "<sysroot>/lib/rustlib/x86_64-unknown-linux-gnu/lib" "-o" "/opt/rustwide/target/release/build/kair/4ffdd8424af566ec/out/ecoli" "-Wl,--gc-sections" "-pie" "-Wl,-z,relro,-z,now" "-Wl,-O1" "-Wl,--strip-debug" "-nodefaultlibs"
[INFO] [stdout]   = note: some arguments are omitted. use `--verbose` to show all linker arguments
[INFO] [stdout]   = note: rust-lld: error: unable to find library -lCbcSolver
[INFO] [stdout]           collect2: error: ld returned 1 exit status
[INFO] [stdout]           
[INFO] [stdout] 
[INFO] [stdout] 
[INFO] [stderr] error: could not compile `kair` (example "ecoli") due to 1 previous error
[INFO] [stdout] error: linking with `cc` failed: exit status: 1
[INFO] [stdout]   |
[INFO] [stdout]   = note:  "cc" "-m64" "/opt/rustwide/target/release/build/kair/ffb4896b91fd91e6/out/rustcokBEwr/symbols.o" "<9 object files omitted>" "-Wl,--as-needed" "-Wl,-Bstatic" "<sysroot>/lib/rustlib/x86_64-unknown-linux-gnu/lib/{libtest-*,libgetopts-*,librustc_std_workspace_std-*}.rlib" "/opt/rustwide/target/release/build/kair/374d43b584244100/out/libkair-374d43b584244100.rlib" "/opt/rustwide/target/release/build/num_cpus/de95032fada498b4/out/libnum_cpus-de95032fada498b4.rlib" "/opt/rustwide/target/release/build/libc/b983f629863909fa/out/liblibc-b983f629863909fa.rlib" "/opt/rustwide/target/release/build/rust_sbml/00192e071ab577b2/out/librust_sbml.rlib" "/opt/rustwide/target/release/build/quick-xml/81022ed7c438e2c8/out/libquick_xml-81022ed7c438e2c8.rlib" "/opt/rustwide/target/release/build/memchr/2dc6a10438cbed54/out/libmemchr-2dc6a10438cbed54.rlib" "/opt/rustwide/target/release/build/serde/3137f2a79adb2b77/out/libserde-3137f2a79adb2b77.rlib" "/opt/rustwide/target/release/build/custom_error/553116f551604347/out/libcustom_error-553116f551604347.rlib" "/opt/rustwide/target/release/build/good_lp/274a8eb2e90afd17/out/libgood_lp-274a8eb2e90afd17.rlib" "/opt/rustwide/target/release/build/coin_cbc/2bec7114a2edbb10/out/libcoin_cbc-2bec7114a2edbb10.rlib" "/opt/rustwide/target/release/build/lazy_static/480433dca0d17907/out/liblazy_static-480433dca0d17907.rlib" "/opt/rustwide/target/release/build/coin_cbc_sys/9020b99b0c336cba/out/libcoin_cbc_sys-9020b99b0c336cba.rlib" "/opt/rustwide/target/release/build/fnv/98df728fc8020158/out/libfnv-98df728fc8020158.rlib" "<sysroot>/lib/rustlib/x86_64-unknown-linux-gnu/lib/{libstd-*,libpanic_unwind-*,libobject-*,libmemchr-*,libaddr2line-*,libgimli-*,libcfg_if-*,librustc_demangle-*,libstd_detect-*,libhashbrown-*,librustc_std_workspace_alloc-*,libminiz_oxide-*,libadler2-*,libunwind-*,liblibc-*,librustc_std_workspace_core-*,liballoc-*,libcore-*,libcompiler_builtins-*}.rlib" "-Wl,-Bdynamic" "-lCbcSolver" "-lgcc_s" "-lutil" "-lrt" "-lpthread" "-lm" "-ldl" "-lc" "-L" "/opt/rustwide/target/release/build/kair/ffb4896b91fd91e6/out/rustcokBEwr/raw-dylibs" "-B<sysroot>/lib/rustlib/x86_64-unknown-linux-gnu/bin/gcc-ld" "-fuse-ld=lld" "-Wl,--eh-frame-hdr" "-Wl,-z,noexecstack" "-L" "<sysroot>/lib/rustlib/x86_64-unknown-linux-gnu/lib" "-o" "/opt/rustwide/target/release/build/kair/ffb4896b91fd91e6/out/ecoli-ffb4896b91fd91e6" "-Wl,--gc-sections" "-pie" "-Wl,-z,relro,-z,now" "-Wl,-O1" "-Wl,--strip-debug" "-nodefaultlibs"
[INFO] [stdout]   = note: some arguments are omitted. use `--verbose` to show all linker arguments
[INFO] [stdout]   = note: rust-lld: error: unable to find library -lCbcSolver
[INFO] [stdout]           collect2: error: ld returned 1 exit status
[INFO] [stdout]           
[INFO] [stdout] 
[INFO] [stdout] 
[INFO] [stderr] error: could not compile `kair` (test "ecoli") due to 1 previous error
[INFO] running `Command { std: "docker" "inspect" "99b1d1a83b1de8ad052ce345d761b069260ca7923608d2484ee33cadb12fe434", kill_on_drop: false }`
[INFO] running `Command { std: "docker" "rm" "-f" "99b1d1a83b1de8ad052ce345d761b069260ca7923608d2484ee33cadb12fe434", kill_on_drop: false }`
[INFO] [stdout] 99b1d1a83b1de8ad052ce345d761b069260ca7923608d2484ee33cadb12fe434
