[INFO] fetching crate kafka-admin 0.10.0...
[INFO] testing kafka-admin-0.10.0 against 1.99.0-beta.8+cargoflags=--release for beta-release-1.100-2
[INFO] extracting crate kafka-admin 0.10.0 into /workspace/builds/worker-2-tc1/source
[INFO] started tweaking crates.io crate kafka-admin 0.10.0
[INFO] removed 0 missing tests
[INFO] finished tweaking crates.io crate kafka-admin 0.10.0
[INFO] tweaked toml for crates.io crate kafka-admin 0.10.0 written to /workspace/builds/worker-2-tc1/source/Cargo.toml
[INFO] validating manifest of crates.io crate kafka-admin 0.10.0 on toolchain 1.99.0-beta.8
[INFO] running `Command { std: CARGO_HOME="/workspace/cargo-home" RUSTUP_HOME="/workspace/rustup-home" "/workspace/cargo-home/bin/cargo" "+1.99.0-beta.8" "metadata" "--manifest-path" "Cargo.toml" "--no-deps", kill_on_drop: false }`
[INFO] crate crates.io crate kafka-admin 0.10.0 already has a lockfile, it will not be regenerated
[INFO] running `Command { std: CARGO_HOME="/workspace/cargo-home" RUSTUP_HOME="/workspace/rustup-home" "/workspace/cargo-home/bin/cargo" "+1.99.0-beta.8" "fetch" "--manifest-path" "Cargo.toml", kill_on_drop: false }`
[INFO] [stderr]     Blocking waiting for file lock on package cache
[INFO] [stderr]     Updating crates.io index
[INFO] [stderr]  Downloading crates ...
[INFO] [stderr]   Downloaded kafka-meta v0.10.0
[INFO] [stderr]   Downloaded kafka-conn v0.10.0
[INFO] [stderr]   Downloaded kafka-protocol v0.17.0
[INFO] running `Command { std: "docker" "create" "-v" "/var/lib/crater-agent-workspace/builds/worker-2-tc1/source:/opt/rustwide/workdir:ro,Z" "-v" "/var/lib/crater-agent-workspace/builds/worker-2-tc1/target:/opt/rustwide/target:rw,Z" "-v" "/var/lib/crater-agent-workspace/cargo-home:/opt/rustwide/cargo-home:ro,Z" "-v" "/var/lib/crater-agent-workspace/rustup-home:/opt/rustwide/rustup-home:ro,Z" "-m" "1610612736" "--network" "none" "ghcr.io/rust-lang/crates-build-env/linux@sha256:77db811e55d90add9212f6832c23229e3de5f1c1f9905e8cb07319ea15df73ac" "sleep" "infinity", kill_on_drop: false }`
[INFO] [stdout] ad504db8f2fb36c6251c29726c36722b40b2d59a0e0bec5ec8967cf92d3622e6
[INFO] running `Command { std: "docker" "start" "ad504db8f2fb36c6251c29726c36722b40b2d59a0e0bec5ec8967cf92d3622e6", kill_on_drop: false }`
[INFO] running `Command { std: "docker" "inspect" "ad504db8f2fb36c6251c29726c36722b40b2d59a0e0bec5ec8967cf92d3622e6", kill_on_drop: false }`
[INFO] running `Command { std: "docker" "exec" "-e" "SOURCE_DIR=/opt/rustwide/workdir" "-e" "CARGO_HOME=/opt/rustwide/cargo-home" "-e" "RUSTUP_HOME=/opt/rustwide/rustup-home" "-e" "CARGO_TARGET_DIR=/opt/rustwide/target" "-w" "/opt/rustwide/workdir" "--user" "0:0" "ad504db8f2fb36c6251c29726c36722b40b2d59a0e0bec5ec8967cf92d3622e6" "/opt/rustwide/cargo-home/bin/cargo" "+1.99.0-beta.8" "metadata" "--no-deps" "--format-version=1", kill_on_drop: false }`
[INFO] running `Command { std: "docker" "inspect" "ad504db8f2fb36c6251c29726c36722b40b2d59a0e0bec5ec8967cf92d3622e6", kill_on_drop: false }`
[INFO] running `Command { std: "docker" "exec" "-e" "SOURCE_DIR=/opt/rustwide/workdir" "-e" "CARGO_HOME=/opt/rustwide/cargo-home" "-e" "RUSTUP_HOME=/opt/rustwide/rustup-home" "-e" "CARGO_TARGET_DIR=/opt/rustwide/target" "-e" "CARGO_INCREMENTAL=0" "-e" "RUST_BACKTRACE=full" "-e" "RUSTFLAGS=--cap-lints=warn" "-e" "RUSTDOCFLAGS=--cap-lints=warn" "-w" "/opt/rustwide/workdir" "--user" "0:0" "ad504db8f2fb36c6251c29726c36722b40b2d59a0e0bec5ec8967cf92d3622e6" "/opt/rustwide/cargo-home/bin/cargo" "+1.99.0-beta.8" "build" "--frozen" "--message-format=json" "--release", kill_on_drop: false }`
[INFO] [stderr]    Compiling hybrid-array v0.4.14
[INFO] [stderr]    Compiling zerocopy v0.8.55
[INFO] [stderr]    Compiling getrandom v0.2.17
[INFO] [stderr]    Compiling errno v0.3.14
[INFO] [stderr]    Compiling ring v0.17.14
[INFO] [stderr]    Compiling lz4-sys v1.11.1+lz4-1.10.0
[INFO] [stderr]    Compiling parking_lot_core v0.9.12
[INFO] [stderr]    Compiling crc32c v0.6.8
[INFO] [stderr]    Compiling futures-channel v0.3.33
[INFO] [stderr]    Compiling mio v1.2.2
[INFO] [stderr]    Compiling syn v2.0.119
[INFO] [stderr]    Compiling zstd-sys v2.0.16+zstd.1.5.7
[INFO] [stderr]    Compiling zstd-safe v7.2.4
[INFO] [stderr]    Compiling tokio-macros v2.7.2
[INFO] [stderr]    Compiling rustls v0.23.43
[INFO] [stderr]    Compiling serde_core v1.0.229
[INFO] [stderr]    Compiling tinyvec v1.12.0
[INFO] [stderr]    Compiling subtle v2.6.1
[INFO] [stderr]    Compiling signal-hook-registry v1.4.8
[INFO] [stderr]    Compiling parking_lot v0.12.5
[INFO] [stderr]    Compiling rapidhash v4.5.1
[INFO] [stderr]    Compiling uuid v1.24.0
[INFO] [stderr]    Compiling zstd v0.13.3
[INFO] [stderr]    Compiling rustls-native-certs v0.8.4
[INFO] [stderr]    Compiling base64 v0.23.0
[INFO] [stderr]    Compiling arc-swap v1.9.2
[INFO] [stderr]    Compiling unicode-normalization v0.1.25
[INFO] [stderr]    Compiling tokio v1.53.1
[INFO] [stderr]    Compiling metrics v0.24.6
[INFO] [stderr]    Compiling block-buffer v0.12.1
[INFO] [stderr]    Compiling crypto-common v0.2.2
[INFO] [stderr]    Compiling stringprep v0.1.5
[INFO] [stderr]    Compiling digest v0.11.3
[INFO] [stderr]    Compiling hmac v0.13.0
[INFO] [stderr]    Compiling sha2 v0.11.0
[INFO] [stderr]    Compiling pbkdf2 v0.13.0
[INFO] [stderr]    Compiling serde_json v1.0.151
[INFO] [stderr]    Compiling futures-macro v0.3.33
[INFO] [stderr]    Compiling tracing-attributes v0.1.31
[INFO] [stderr]    Compiling ppv-lite86 v0.2.21
[INFO] [stderr]    Compiling futures-util v0.3.33
[INFO] [stderr]    Compiling rand_chacha v0.9.0
[INFO] [stderr]    Compiling tracing v0.1.44
[INFO] [stderr]    Compiling rand v0.9.5
[INFO] [stderr]    Compiling tokio-util v0.7.19
[INFO] [stderr]    Compiling rustls-webpki v0.103.13
[INFO] [stderr]    Compiling futures-executor v0.3.33
[INFO] [stderr]    Compiling futures v0.3.33
[INFO] [stderr]    Compiling lz4 v1.28.1
[INFO] [stderr]    Compiling kafka-protocol v0.17.0
[INFO] [stderr]    Compiling tokio-rustls v0.26.4
[INFO] [stderr]    Compiling kafka-conn v0.10.0
[INFO] [stderr]    Compiling kafka-meta v0.10.0
[INFO] [stderr]    Compiling kafka-admin v0.10.0 (/opt/rustwide/workdir)
[INFO] [stderr]     Finished `release` profile [optimized] target(s) in 1m 36s
[INFO] running `Command { std: "docker" "inspect" "ad504db8f2fb36c6251c29726c36722b40b2d59a0e0bec5ec8967cf92d3622e6", kill_on_drop: false }`
[INFO] running `Command { std: "docker" "exec" "-e" "SOURCE_DIR=/opt/rustwide/workdir" "-e" "CARGO_HOME=/opt/rustwide/cargo-home" "-e" "RUSTUP_HOME=/opt/rustwide/rustup-home" "-e" "CARGO_TARGET_DIR=/opt/rustwide/target" "-e" "CARGO_INCREMENTAL=0" "-e" "RUST_BACKTRACE=full" "-e" "RUSTFLAGS=--cap-lints=warn" "-e" "RUSTDOCFLAGS=--cap-lints=warn" "-w" "/opt/rustwide/workdir" "--user" "0:0" "ad504db8f2fb36c6251c29726c36722b40b2d59a0e0bec5ec8967cf92d3622e6" "/opt/rustwide/cargo-home/bin/cargo" "+1.99.0-beta.8" "test" "--frozen" "--no-run" "--message-format=json" "--release", kill_on_drop: false }`
[INFO] [stderr]    Compiling rustls v0.23.43
[INFO] [stderr]    Compiling tracing v0.1.44
[INFO] [stderr]    Compiling regex-automata v0.4.16
[INFO] [stderr]    Compiling matchers v0.2.0
[INFO] [stderr]    Compiling tracing-subscriber v0.3.23
[INFO] [stderr]    Compiling tokio-rustls v0.26.4
[INFO] [stderr]    Compiling kafka-conn v0.10.0
[INFO] [stderr]    Compiling kafka-meta v0.10.0
[INFO] [stderr]    Compiling kafka-admin v0.10.0 (/opt/rustwide/workdir)
[INFO] [stdout] error[E0432]: unresolved import `testkit`
[INFO] [stdout]   --> tests/security.rs:24:5
[INFO] [stdout]    |
[INFO] [stdout] 24 | use testkit::{BrokerConfig, Cluster as _};
[INFO] [stdout]    |     ^^^^^^^ use of unresolved module or unlinked crate `testkit`
[INFO] [stdout]    |
[INFO] [stdout]    = help: if you wanted to use a crate named `testkit`, use `cargo add testkit` to add it to your `Cargo.toml`
[INFO] [stdout] 
[INFO] [stdout] 
[INFO] [stdout] error[E0433]: cannot find module or crate `testkit` in this scope
[INFO] [stdout]    --> tests/security.rs:379:3
[INFO] [stdout]     |
[INFO] [stdout] 379 | #[testkit::integration_test]
[INFO] [stdout]     |   ^^^^^^^ use of unresolved module or unlinked crate `testkit`
[INFO] [stdout] 
[INFO] [stdout] 
[INFO] [stdout] error[E0433]: cannot find module or crate `testkit` in this scope
[INFO] [stdout]    --> tests/security.rs:325:3
[INFO] [stdout]     |
[INFO] [stdout] 325 | #[testkit::integration_test]
[INFO] [stdout]     |   ^^^^^^^ use of unresolved module or unlinked crate `testkit`
[INFO] [stdout] 
[INFO] [stdout] 
[INFO] [stdout] error[E0433]: cannot find module or crate `testkit` in this scope
[INFO] [stdout]    --> tests/security.rs:268:3
[INFO] [stdout]     |
[INFO] [stdout] 268 | #[testkit::integration_test]
[INFO] [stdout]     |   ^^^^^^^ use of unresolved module or unlinked crate `testkit`
[INFO] [stdout] 
[INFO] [stdout] 
[INFO] [stdout] error[E0433]: cannot find module or crate `testkit` in this scope
[INFO] [stdout]    --> tests/security.rs:243:3
[INFO] [stdout]     |
[INFO] [stdout] 243 | #[testkit::integration_test]
[INFO] [stdout]     |   ^^^^^^^ use of unresolved module or unlinked crate `testkit`
[INFO] [stdout] 
[INFO] [stdout] 
[INFO] [stdout] error[E0433]: cannot find module or crate `testkit` in this scope
[INFO] [stdout]    --> tests/security.rs:188:3
[INFO] [stdout]     |
[INFO] [stdout] 188 | #[testkit::integration_test]
[INFO] [stdout]     |   ^^^^^^^ use of unresolved module or unlinked crate `testkit`
[INFO] [stdout] 
[INFO] [stdout] 
[INFO] [stdout] error[E0433]: cannot find module or crate `testkit` in this scope
[INFO] [stdout]    --> tests/security.rs:129:3
[INFO] [stdout]     |
[INFO] [stdout] 129 | #[testkit::integration_test]
[INFO] [stdout]     |   ^^^^^^^ use of unresolved module or unlinked crate `testkit`
[INFO] [stdout] 
[INFO] [stdout] 
[INFO] [stdout] error[E0433]: cannot find module or crate `testkit` in this scope
[INFO] [stdout]   --> tests/security.rs:66:3
[INFO] [stdout]    |
[INFO] [stdout] 66 | #[testkit::integration_test]
[INFO] [stdout]    |   ^^^^^^^ use of unresolved module or unlinked crate `testkit`
[INFO] [stdout] 
[INFO] [stdout] 
[INFO] [stdout] error[E0433]: cannot find module or crate `testkit` in this scope
[INFO] [stdout]   --> tests/security.rs:29:3
[INFO] [stdout]    |
[INFO] [stdout] 29 | #[testkit::integration_test]
[INFO] [stdout]    |   ^^^^^^^ use of unresolved module or unlinked crate `testkit`
[INFO] [stdout] 
[INFO] [stdout] 
[INFO] [stdout] error[E0432]: unresolved import `testkit`
[INFO] [stdout]   --> tests/topics.rs:23:5
[INFO] [stdout]    |
[INFO] [stdout] 23 | use testkit::Cluster as _;
[INFO] [stdout]    |     ^^^^^^^ use of unresolved module or unlinked crate `testkit`
[INFO] [stdout]    |
[INFO] [stdout]    = help: if you wanted to use a crate named `testkit`, use `cargo add testkit` to add it to your `Cargo.toml`
[INFO] [stdout] 
[INFO] [stdout] 
[INFO] [stdout] error[E0433]: cannot find module or crate `testkit` in this scope
[INFO] [stdout]   --> tests/topics.rs:93:3
[INFO] [stdout]    |
[INFO] [stdout] 93 | #[testkit::integration_test]
[INFO] [stdout]    |   ^^^^^^^ use of unresolved module or unlinked crate `testkit`
[INFO] [stdout] 
[INFO] [stdout] 
[INFO] [stdout] error[E0433]: cannot find module or crate `testkit` in this scope
[INFO] [stdout]    --> tests/topics.rs:172:3
[INFO] [stdout]     |
[INFO] [stdout] 172 | #[testkit::integration_test]
[INFO] [stdout]     |   ^^^^^^^ use of unresolved module or unlinked crate `testkit`
[INFO] [stdout] 
[INFO] [stdout] 
[INFO] [stdout] error[E0433]: cannot find module or crate `testkit` in this scope
[INFO] [stdout]    --> tests/topics.rs:211:3
[INFO] [stdout]     |
[INFO] [stdout] 211 | #[testkit::integration_test]
[INFO] [stdout]     |   ^^^^^^^ use of unresolved module or unlinked crate `testkit`
[INFO] [stdout] 
[INFO] [stdout] 
[INFO] [stdout] error[E0433]: cannot find module or crate `testkit` in this scope
[INFO] [stdout]    --> tests/topics.rs:316:3
[INFO] [stdout]     |
[INFO] [stdout] 316 | #[testkit::integration_test]
[INFO] [stdout]     |   ^^^^^^^ use of unresolved module or unlinked crate `testkit`
[INFO] [stdout] 
[INFO] [stdout] 
[INFO] [stdout] error[E0433]: cannot find module or crate `testkit` in this scope
[INFO] [stdout]    --> tests/topics.rs:361:3
[INFO] [stdout]     |
[INFO] [stdout] 361 | #[testkit::integration_test]
[INFO] [stdout]     |   ^^^^^^^ use of unresolved module or unlinked crate `testkit`
[INFO] [stdout] 
[INFO] [stdout] 
[INFO] [stdout] error[E0433]: cannot find module or crate `testkit` in this scope
[INFO] [stdout]    --> tests/topics.rs:394:3
[INFO] [stdout]     |
[INFO] [stdout] 394 | #[testkit::integration_test]
[INFO] [stdout]     |   ^^^^^^^ use of unresolved module or unlinked crate `testkit`
[INFO] [stdout] 
[INFO] [stdout] 
[INFO] [stdout] error[E0433]: cannot find module or crate `testkit` in this scope
[INFO] [stdout]    --> tests/topics.rs:417:3
[INFO] [stdout]     |
[INFO] [stdout] 417 | #[testkit::integration_test]
[INFO] [stdout]     |   ^^^^^^^ use of unresolved module or unlinked crate `testkit`
[INFO] [stdout] 
[INFO] [stdout] 
[INFO] [stdout] error[E0432]: unresolved import `testkit`
[INFO] [stdout]   --> tests/principal.rs:21:5
[INFO] [stdout]    |
[INFO] [stdout] 21 | use testkit::{BrokerConfig, Cluster as _};
[INFO] [stdout]    |     ^^^^^^^ use of unresolved module or unlinked crate `testkit`
[INFO] [stdout]    |
[INFO] [stdout]    = help: if you wanted to use a crate named `testkit`, use `cargo add testkit` to add it to your `Cargo.toml`
[INFO] [stdout] 
[INFO] [stdout] 
[INFO] [stdout] error[E0433]: cannot find module or crate `testkit` in this scope
[INFO] [stdout]    --> tests/principal.rs:143:3
[INFO] [stdout]     |
[INFO] [stdout] 143 | #[testkit::integration_test]
[INFO] [stdout]     |   ^^^^^^^ use of unresolved module or unlinked crate `testkit`
[INFO] [stdout] 
[INFO] [stdout] 
[INFO] [stdout] error[E0433]: cannot find module or crate `testkit` in this scope
[INFO] [stdout]    --> tests/principal.rs:103:3
[INFO] [stdout]     |
[INFO] [stdout] 103 | #[testkit::integration_test]
[INFO] [stdout]     |   ^^^^^^^ use of unresolved module or unlinked crate `testkit`
[INFO] [stdout] 
[INFO] [stdout] 
[INFO] [stdout] error[E0433]: cannot find module or crate `testkit` in this scope
[INFO] [stdout]   --> tests/principal.rs:45:3
[INFO] [stdout]    |
[INFO] [stdout] 45 | #[testkit::integration_test]
[INFO] [stdout]    |   ^^^^^^^ use of unresolved module or unlinked crate `testkit`
[INFO] [stdout] 
[INFO] [stdout] 
[INFO] [stdout] error[E0432]: unresolved import `testkit`
[INFO] [stdout]   --> tests/groups.rs:27:5
[INFO] [stdout]    |
[INFO] [stdout] 27 | use testkit::{BrokerConfig, Cluster as _, KafkaCluster};
[INFO] [stdout]    |     ^^^^^^^ use of unresolved module or unlinked crate `testkit`
[INFO] [stdout]    |
[INFO] [stdout]    = help: if you wanted to use a crate named `testkit`, use `cargo add testkit` to add it to your `Cargo.toml`
[INFO] [stdout] 
[INFO] [stdout] 
[INFO] [stdout] error[E0433]: cannot find module or crate `testkit` in this scope
[INFO] [stdout]    --> tests/groups.rs:263:3
[INFO] [stdout]     |
[INFO] [stdout] 263 | #[testkit::integration_test]
[INFO] [stdout]     |   ^^^^^^^ use of unresolved module or unlinked crate `testkit`
[INFO] [stdout] 
[INFO] [stdout] 
[INFO] [stdout] error[E0433]: cannot find module or crate `testkit` in this scope
[INFO] [stdout]    --> tests/groups.rs:349:3
[INFO] [stdout]     |
[INFO] [stdout] 349 | #[testkit::integration_test]
[INFO] [stdout]     |   ^^^^^^^ use of unresolved module or unlinked crate `testkit`
[INFO] [stdout] 
[INFO] [stdout] 
[INFO] [stdout] error[E0433]: cannot find module or crate `testkit` in this scope
[INFO] [stdout]    --> tests/groups.rs:403:3
[INFO] [stdout]     |
[INFO] [stdout] 403 | #[testkit::integration_test]
[INFO] [stdout]     |   ^^^^^^^ use of unresolved module or unlinked crate `testkit`
[INFO] [stdout] 
[INFO] [stdout] 
[INFO] [stdout] error[E0433]: cannot find module or crate `testkit` in this scope
[INFO] [stdout]    --> tests/groups.rs:457:3
[INFO] [stdout]     |
[INFO] [stdout] 457 | #[testkit::integration_test]
[INFO] [stdout]     |   ^^^^^^^ use of unresolved module or unlinked crate `testkit`
[INFO] [stdout] 
[INFO] [stdout] 
[INFO] [stdout] error[E0433]: cannot find module or crate `testkit` in this scope
[INFO] [stdout]    --> tests/groups.rs:473:3
[INFO] [stdout]     |
[INFO] [stdout] 473 | #[testkit::integration_test]
[INFO] [stdout]     |   ^^^^^^^ use of unresolved module or unlinked crate `testkit`
[INFO] [stdout] 
[INFO] [stdout] 
[INFO] [stdout] error[E0433]: cannot find module or crate `testkit` in this scope
[INFO] [stdout]    --> tests/groups.rs:511:3
[INFO] [stdout]     |
[INFO] [stdout] 511 | #[testkit::integration_test]
[INFO] [stdout]     |   ^^^^^^^ use of unresolved module or unlinked crate `testkit`
[INFO] [stdout] 
[INFO] [stdout] 
[INFO] [stdout] error[E0433]: cannot find module or crate `testkit` in this scope
[INFO] [stdout]   --> tests/principal.rs:25:24
[INFO] [stdout]    |
[INFO] [stdout] 25 |         .with_security(testkit::Security::SaslPlaintext)
[INFO] [stdout]    |                        ^^^^^^^ use of unresolved module or unlinked crate `testkit`
[INFO] [stdout]    |
[INFO] [stdout]    = help: if you wanted to use a crate named `testkit`, use `cargo add testkit` to add it to your `Cargo.toml`
[INFO] [stdout] 
[INFO] [stdout] 
[INFO] [stdout] error[E0433]: cannot find module or crate `testkit` in this scope
[INFO] [stdout]   --> tests/principal.rs:26:25
[INFO] [stdout]    |
[INFO] [stdout] 26 |         .with_mechanism(testkit::SaslMechanism::ScramSha512)
[INFO] [stdout]    |                         ^^^^^^^ use of unresolved module or unlinked crate `testkit`
[INFO] [stdout]    |
[INFO] [stdout]    = help: if you wanted to use a crate named `testkit`, use `cargo add testkit` to add it to your `Cargo.toml`
[INFO] [stdout] 
[INFO] [stdout] 
[INFO] [stdout] error[E0432]: unresolved import `testkit`
[INFO] [stdout]   --> tests/tokens.rs:26:5
[INFO] [stdout]    |
[INFO] [stdout] 26 | use testkit::{BrokerConfig, Cluster, Security};
[INFO] [stdout]    |     ^^^^^^^ use of unresolved module or unlinked crate `testkit`
[INFO] [stdout]    |
[INFO] [stdout]    = help: if you wanted to use a crate named `testkit`, use `cargo add testkit` to add it to your `Cargo.toml`
[INFO] [stdout] 
[INFO] [stdout] 
[INFO] [stdout] error[E0433]: cannot find module or crate `testkit` in this scope
[INFO] [stdout]   --> tests/tokens.rs:92:3
[INFO] [stdout]    |
[INFO] [stdout] 92 | #[testkit::integration_test]
[INFO] [stdout]    |   ^^^^^^^ use of unresolved module or unlinked crate `testkit`
[INFO] [stdout] 
[INFO] [stdout] 
[INFO] [stdout] error[E0433]: cannot find module or crate `testkit` in this scope
[INFO] [stdout]    --> tests/tokens.rs:187:3
[INFO] [stdout]     |
[INFO] [stdout] 187 | #[testkit::integration_test]
[INFO] [stdout]     |   ^^^^^^^ use of unresolved module or unlinked crate `testkit`
[INFO] [stdout] 
[INFO] [stdout] 
[INFO] [stdout] error[E0433]: cannot find module or crate `testkit` in this scope
[INFO] [stdout]    --> tests/tokens.rs:253:3
[INFO] [stdout]     |
[INFO] [stdout] 253 | #[testkit::integration_test]
[INFO] [stdout]     |   ^^^^^^^ use of unresolved module or unlinked crate `testkit`
[INFO] [stdout] 
[INFO] [stdout] 
[INFO] [stdout] error[E0433]: cannot find module or crate `testkit` in this scope
[INFO] [stdout]    --> tests/tokens.rs:292:3
[INFO] [stdout]     |
[INFO] [stdout] 292 | #[testkit::integration_test]
[INFO] [stdout]     |   ^^^^^^^ use of unresolved module or unlinked crate `testkit`
[INFO] [stdout] 
[INFO] [stdout] 
[INFO] [stdout] error[E0433]: cannot find module or crate `testkit` in this scope
[INFO] [stdout]    --> tests/tokens.rs:327:3
[INFO] [stdout]     |
[INFO] [stdout] 327 | #[testkit::integration_test]
[INFO] [stdout]     |   ^^^^^^^ use of unresolved module or unlinked crate `testkit`
[INFO] [stdout] 
[INFO] [stdout] 
[INFO] [stdout] error[E0433]: cannot find module or crate `testkit` in this scope
[INFO] [stdout]   --> tests/principal.rs:47:19
[INFO] [stdout]    |
[INFO] [stdout] 47 |     let fixture = testkit::single_broker_with(broker_config()).await.unwrap();
[INFO] [stdout]    |                   ^^^^^^^ use of unresolved module or unlinked crate `testkit`
[INFO] [stdout]    |
[INFO] [stdout]    = help: if you wanted to use a crate named `testkit`, use `cargo add testkit` to add it to your `Cargo.toml`
[INFO] [stdout] 
[INFO] [stdout] 
[INFO] [stdout] error[E0433]: cannot find module or crate `testkit` in this scope
[INFO] [stdout]    --> tests/principal.rs:105:19
[INFO] [stdout]     |
[INFO] [stdout] 105 |     let fixture = testkit::single_broker_with(broker_config()).await.unwrap();
[INFO] [stdout]     |                   ^^^^^^^ use of unresolved module or unlinked crate `testkit`
[INFO] [stdout]     |
[INFO] [stdout]     = help: if you wanted to use a crate named `testkit`, use `cargo add testkit` to add it to your `Cargo.toml`
[INFO] [stdout] 
[INFO] [stdout] 
[INFO] [stdout] error[E0433]: cannot find module or crate `testkit` in this scope
[INFO] [stdout]    --> tests/principal.rs:145:19
[INFO] [stdout]     |
[INFO] [stdout] 145 |     let fixture = testkit::single_broker_with(broker_config()).await.unwrap();
[INFO] [stdout]     |                   ^^^^^^^ use of unresolved module or unlinked crate `testkit`
[INFO] [stdout]     |
[INFO] [stdout]     = help: if you wanted to use a crate named `testkit`, use `cargo add testkit` to add it to your `Cargo.toml`
[INFO] [stdout] 
[INFO] [stdout] 
[INFO] [stdout] Some errors have detailed explanations: E0432, E0433.
[INFO] [stdout] 
[INFO] [stdout] For more information about an error, try `rustc --explain E0432`.
[INFO] [stdout] 
[INFO] [stdout] error[E0433]: cannot find module or crate `testkit` in this scope
[INFO] [stdout]    --> tests/security.rs:136:28
[INFO] [stdout]     |
[INFO] [stdout] 136 |             .with_security(testkit::Security::SaslPlaintext)
[INFO] [stdout]     |                            ^^^^^^^ use of unresolved module or unlinked crate `testkit`
[INFO] [stdout]     |
[INFO] [stdout]     = help: if you wanted to use a crate named `testkit`, use `cargo add testkit` to add it to your `Cargo.toml`
[INFO] [stdout] 
[INFO] [stdout] 
[INFO] [stdout] error[E0433]: cannot find module or crate `testkit` in this scope
[INFO] [stdout]    --> tests/security.rs:137:29
[INFO] [stdout]     |
[INFO] [stdout] 137 |             .with_mechanism(testkit::SaslMechanism::ScramSha512)
[INFO] [stdout]     |                             ^^^^^^^ use of unresolved module or unlinked crate `testkit`
[INFO] [stdout]     |
[INFO] [stdout]     = help: if you wanted to use a crate named `testkit`, use `cargo add testkit` to add it to your `Cargo.toml`
[INFO] [stdout] 
[INFO] [stdout] 
[INFO] [stdout] error[E0433]: cannot find module or crate `testkit` in this scope
[INFO] [stdout]   --> tests/security.rs:31:19
[INFO] [stdout]    |
[INFO] [stdout] 31 |     let fixture = testkit::single_broker_with(BrokerConfig::new().with_authorizer(true))
[INFO] [stdout]    |                   ^^^^^^^ use of unresolved module or unlinked crate `testkit`
[INFO] [stdout]    |
[INFO] [stdout]    = help: if you wanted to use a crate named `testkit`, use `cargo add testkit` to add it to your `Cargo.toml`
[INFO] [stdout] 
[INFO] [stdout] 
[INFO] [stdout] error[E0433]: cannot find module or crate `testkit` in this scope
[INFO] [stdout]   --> tests/security.rs:68:19
[INFO] [stdout]    |
[INFO] [stdout] 68 |     let fixture = testkit::single_broker().await.unwrap();
[INFO] [stdout]    |                   ^^^^^^^ use of unresolved module or unlinked crate `testkit`
[INFO] [stdout]    |
[INFO] [stdout]    = help: if you wanted to use a crate named `testkit`, use `cargo add testkit` to add it to your `Cargo.toml`
[INFO] [stdout] 
[INFO] [stdout] 
[INFO] [stdout] error[E0433]: cannot find module or crate `testkit` in this scope
[INFO] [stdout]   --> tests/tokens.rs:38:25
[INFO] [stdout]    |
[INFO] [stdout] 38 |         .with_mechanism(testkit::SaslMechanism::ScramSha256)
[INFO] [stdout]    |                         ^^^^^^^ use of unresolved module or unlinked crate `testkit`
[INFO] [stdout]    |
[INFO] [stdout]    = help: if you wanted to use a crate named `testkit`, use `cargo add testkit` to add it to your `Cargo.toml`
[INFO] [stdout] 
[INFO] [stdout] 
[INFO] [stderr] error: could not compile `kafka-admin` (test "principal") due to 9 previous errors
[INFO] [stderr] warning: build failed, waiting for other jobs to finish...
[INFO] [stdout] error[E0433]: cannot find module or crate `testkit` in this scope
[INFO] [stdout]    --> tests/security.rs:134:19
[INFO] [stdout]     |
[INFO] [stdout] 134 |     let fixture = testkit::single_broker_with(
[INFO] [stdout]     |                   ^^^^^^^ use of unresolved module or unlinked crate `testkit`
[INFO] [stdout]     |
[INFO] [stdout]     = help: if you wanted to use a crate named `testkit`, use `cargo add testkit` to add it to your `Cargo.toml`
[INFO] [stdout] 
[INFO] [stdout] 
[INFO] [stdout] error[E0433]: cannot find module or crate `testkit` in this scope
[INFO] [stdout]    --> tests/security.rs:190:19
[INFO] [stdout]     |
[INFO] [stdout] 190 |     let fixture = testkit::cluster(3).await.unwrap();
[INFO] [stdout]     |                   ^^^^^^^ use of unresolved module or unlinked crate `testkit`
[INFO] [stdout]     |
[INFO] [stdout]     = help: if you wanted to use a crate named `testkit`, use `cargo add testkit` to add it to your `Cargo.toml`
[INFO] [stdout] 
[INFO] [stdout] 
[INFO] [stdout] error[E0433]: cannot find module or crate `testkit` in this scope
[INFO] [stdout]    --> tests/security.rs:245:19
[INFO] [stdout]     |
[INFO] [stdout] 245 |     let fixture = testkit::cluster(3).await.unwrap();
[INFO] [stdout]     |                   ^^^^^^^ use of unresolved module or unlinked crate `testkit`
[INFO] [stdout]     |
[INFO] [stdout]     = help: if you wanted to use a crate named `testkit`, use `cargo add testkit` to add it to your `Cargo.toml`
[INFO] [stdout] 
[INFO] [stdout] 
[INFO] [stdout] error[E0433]: cannot find module or crate `testkit` in this scope
[INFO] [stdout]    --> tests/security.rs:270:19
[INFO] [stdout]     |
[INFO] [stdout] 270 |     let fixture = testkit::single_broker().await.unwrap();
[INFO] [stdout]     |                   ^^^^^^^ use of unresolved module or unlinked crate `testkit`
[INFO] [stdout]     |
[INFO] [stdout]     = help: if you wanted to use a crate named `testkit`, use `cargo add testkit` to add it to your `Cargo.toml`
[INFO] [stdout] 
[INFO] [stdout] 
[INFO] [stdout] error[E0433]: cannot find module or crate `testkit` in this scope
[INFO] [stdout]    --> tests/security.rs:327:19
[INFO] [stdout]     |
[INFO] [stdout] 327 |     let fixture = testkit::single_broker().await.unwrap();
[INFO] [stdout]     |                   ^^^^^^^ use of unresolved module or unlinked crate `testkit`
[INFO] [stdout]     |
[INFO] [stdout]     = help: if you wanted to use a crate named `testkit`, use `cargo add testkit` to add it to your `Cargo.toml`
[INFO] [stdout] 
[INFO] [stdout] 
[INFO] [stdout] error[E0433]: cannot find module or crate `testkit` in this scope
[INFO] [stdout]   --> tests/groups.rs:62:19
[INFO] [stdout]    |
[INFO] [stdout] 62 |     let fixture = testkit::single_broker_with(
[INFO] [stdout]    |                   ^^^^^^^ use of unresolved module or unlinked crate `testkit`
[INFO] [stdout]    |
[INFO] [stdout]    = help: if you wanted to use a crate named `testkit`, use `cargo add testkit` to add it to your `Cargo.toml`
[INFO] [stdout] 
[INFO] [stdout] 
[INFO] [stdout] error[E0433]: cannot find module or crate `testkit` in this scope
[INFO] [stdout]   --> tests/groups.rs:82:5
[INFO] [stdout]    |
[INFO] [stdout] 82 |     testkit::exec_ok(
[INFO] [stdout]    |     ^^^^^^^ use of unresolved module or unlinked crate `testkit`
[INFO] [stdout]    |
[INFO] [stdout]    = help: if you wanted to use a crate named `testkit`, use `cargo add testkit` to add it to your `Cargo.toml`
[INFO] [stdout] 
[INFO] [stdout] 
[INFO] [stdout] error[E0433]: cannot find module or crate `testkit` in this scope
[INFO] [stdout]    --> tests/security.rs:381:19
[INFO] [stdout]     |
[INFO] [stdout] 381 |     let fixture = testkit::single_broker().await.unwrap();
[INFO] [stdout]     |                   ^^^^^^^ use of unresolved module or unlinked crate `testkit`
[INFO] [stdout]     |
[INFO] [stdout]     = help: if you wanted to use a crate named `testkit`, use `cargo add testkit` to add it to your `Cargo.toml`
[INFO] [stdout] 
[INFO] [stdout] 
[INFO] [stdout] Some errors have detailed explanations: E0432, E0433.
[INFO] [stdout] 
[INFO] [stdout] For more information about an error, try `rustc --explain E0432`.
[INFO] [stdout] 
[INFO] [stderr] error: could not compile `kafka-admin` (test "security") due to 19 previous errors
[INFO] [stdout] error[E0433]: cannot find module or crate `testkit` in this scope
[INFO] [stdout]    --> tests/groups.rs:351:19
[INFO] [stdout]     |
[INFO] [stdout] 351 |     let fixture = testkit::single_broker().await.unwrap();
[INFO] [stdout]     |                   ^^^^^^^ use of unresolved module or unlinked crate `testkit`
[INFO] [stdout]     |
[INFO] [stdout]     = help: if you wanted to use a crate named `testkit`, use `cargo add testkit` to add it to your `Cargo.toml`
[INFO] [stdout] 
[INFO] [stdout] 
[INFO] [stdout] error[E0433]: cannot find module or crate `testkit` in this scope
[INFO] [stdout]    --> tests/groups.rs:408:19
[INFO] [stdout]     |
[INFO] [stdout] 408 |     let fixture = testkit::single_broker().await.unwrap();
[INFO] [stdout]     |                   ^^^^^^^ use of unresolved module or unlinked crate `testkit`
[INFO] [stdout]     |
[INFO] [stdout]     = help: if you wanted to use a crate named `testkit`, use `cargo add testkit` to add it to your `Cargo.toml`
[INFO] [stdout] 
[INFO] [stdout] 
[INFO] [stdout] error[E0433]: cannot find module or crate `testkit` in this scope
[INFO] [stdout]   --> tests/topics.rs:95:19
[INFO] [stdout]    |
[INFO] [stdout] 95 |     let fixture = testkit::cluster(3).await.unwrap();
[INFO] [stdout]    |                   ^^^^^^^ use of unresolved module or unlinked crate `testkit`
[INFO] [stdout]    |
[INFO] [stdout]    = help: if you wanted to use a crate named `testkit`, use `cargo add testkit` to add it to your `Cargo.toml`
[INFO] [stdout] 
[INFO] [stdout] 
[INFO] [stdout] error[E0433]: cannot find module or crate `testkit` in this scope
[INFO] [stdout]    --> tests/groups.rs:475:19
[INFO] [stdout]     |
[INFO] [stdout] 475 |     let fixture = testkit::single_broker().await.unwrap();
[INFO] [stdout]     |                   ^^^^^^^ use of unresolved module or unlinked crate `testkit`
[INFO] [stdout]     |
[INFO] [stdout]     = help: if you wanted to use a crate named `testkit`, use `cargo add testkit` to add it to your `Cargo.toml`
[INFO] [stdout] 
[INFO] [stdout] 
[INFO] [stdout] error[E0433]: cannot find module or crate `testkit` in this scope
[INFO] [stdout]    --> tests/topics.rs:176:19
[INFO] [stdout]     |
[INFO] [stdout] 176 |     let fixture = testkit::single_broker().await.unwrap();
[INFO] [stdout]     |                   ^^^^^^^ use of unresolved module or unlinked crate `testkit`
[INFO] [stdout]     |
[INFO] [stdout]     = help: if you wanted to use a crate named `testkit`, use `cargo add testkit` to add it to your `Cargo.toml`
[INFO] [stdout] 
[INFO] [stdout] 
[INFO] [stdout] error[E0433]: cannot find module or crate `testkit` in this scope
[INFO] [stdout]    --> tests/topics.rs:213:19
[INFO] [stdout]     |
[INFO] [stdout] 213 |     let fixture = testkit::cluster(3).await.unwrap();
[INFO] [stdout]     |                   ^^^^^^^ use of unresolved module or unlinked crate `testkit`
[INFO] [stdout]     |
[INFO] [stdout]     = help: if you wanted to use a crate named `testkit`, use `cargo add testkit` to add it to your `Cargo.toml`
[INFO] [stdout] 
[INFO] [stdout] 
[INFO] [stdout] error[E0433]: cannot find module or crate `testkit` in this scope
[INFO] [stdout]    --> tests/tokens.rs:297:29
[INFO] [stdout]     |
[INFO] [stdout] 297 |             .with_mechanism(testkit::SaslMechanism::ScramSha256)
[INFO] [stdout]     |                             ^^^^^^^ use of unresolved module or unlinked crate `testkit`
[INFO] [stdout]     |
[INFO] [stdout]     = help: if you wanted to use a crate named `testkit`, use `cargo add testkit` to add it to your `Cargo.toml`
[INFO] [stdout] 
[INFO] [stdout] 
[INFO] [stdout] Some errors have detailed explanations: E0432, E0433.
[INFO] [stdout] 
[INFO] [stdout] For more information about an error, try `rustc --explain E0432`.
[INFO] [stdout] 
[INFO] [stderr] error: could not compile `kafka-admin` (test "groups") due to 12 previous errors
[INFO] [stdout] error[E0433]: cannot find module or crate `testkit` in this scope
[INFO] [stdout]   --> tests/tokens.rs:94:18
[INFO] [stdout]    |
[INFO] [stdout] 94 |     let broker = testkit::single_broker_with(broker_config()).await.unwrap();
[INFO] [stdout]    |                  ^^^^^^^ use of unresolved module or unlinked crate `testkit`
[INFO] [stdout]    |
[INFO] [stdout]    = help: if you wanted to use a crate named `testkit`, use `cargo add testkit` to add it to your `Cargo.toml`
[INFO] [stdout] 
[INFO] [stdout] 
[INFO] [stdout] error[E0433]: cannot find module or crate `testkit` in this scope
[INFO] [stdout]    --> tests/tokens.rs:189:18
[INFO] [stdout]     |
[INFO] [stdout] 189 |     let broker = testkit::single_broker_with(broker_config()).await.unwrap();
[INFO] [stdout]     |                  ^^^^^^^ use of unresolved module or unlinked crate `testkit`
[INFO] [stdout]     |
[INFO] [stdout]     = help: if you wanted to use a crate named `testkit`, use `cargo add testkit` to add it to your `Cargo.toml`
[INFO] [stdout] 
[INFO] [stdout] 
[INFO] [stdout] error[E0433]: cannot find module or crate `testkit` in this scope
[INFO] [stdout]    --> tests/tokens.rs:255:18
[INFO] [stdout]     |
[INFO] [stdout] 255 |     let broker = testkit::single_broker_with(broker_config()).await.unwrap();
[INFO] [stdout]     |                  ^^^^^^^ use of unresolved module or unlinked crate `testkit`
[INFO] [stdout]     |
[INFO] [stdout]     = help: if you wanted to use a crate named `testkit`, use `cargo add testkit` to add it to your `Cargo.toml`
[INFO] [stdout] 
[INFO] [stdout] 
[INFO] [stdout] error[E0433]: cannot find module or crate `testkit` in this scope
[INFO] [stdout]    --> tests/tokens.rs:294:18
[INFO] [stdout]     |
[INFO] [stdout] 294 |     let broker = testkit::single_broker_with(
[INFO] [stdout]     |                  ^^^^^^^ use of unresolved module or unlinked crate `testkit`
[INFO] [stdout]     |
[INFO] [stdout]     = help: if you wanted to use a crate named `testkit`, use `cargo add testkit` to add it to your `Cargo.toml`
[INFO] [stdout] 
[INFO] [stdout] 
[INFO] [stdout] error[E0433]: cannot find module or crate `testkit` in this scope
[INFO] [stdout]    --> tests/tokens.rs:329:18
[INFO] [stdout]     |
[INFO] [stdout] 329 |     let broker = testkit::single_broker_with(broker_config()).await.unwrap();
[INFO] [stdout]     |                  ^^^^^^^ use of unresolved module or unlinked crate `testkit`
[INFO] [stdout]     |
[INFO] [stdout]     = help: if you wanted to use a crate named `testkit`, use `cargo add testkit` to add it to your `Cargo.toml`
[INFO] [stdout] 
[INFO] [stdout] 
[INFO] [stdout] Some errors have detailed explanations: E0432, E0433.
[INFO] [stdout] 
[INFO] [stdout] For more information about an error, try `rustc --explain E0432`.
[INFO] [stdout] 
[INFO] [stderr] error: could not compile `kafka-admin` (test "tokens") due to 13 previous errors
[INFO] [stdout] error[E0433]: cannot find module or crate `testkit` in this scope
[INFO] [stdout]    --> tests/topics.rs:318:19
[INFO] [stdout]     |
[INFO] [stdout] 318 |     let fixture = testkit::single_broker().await.unwrap();
[INFO] [stdout]     |                   ^^^^^^^ use of unresolved module or unlinked crate `testkit`
[INFO] [stdout]     |
[INFO] [stdout]     = help: if you wanted to use a crate named `testkit`, use `cargo add testkit` to add it to your `Cargo.toml`
[INFO] [stdout] 
[INFO] [stdout] 
[INFO] [stdout] error[E0433]: cannot find module or crate `testkit` in this scope
[INFO] [stdout]    --> tests/topics.rs:366:19
[INFO] [stdout]     |
[INFO] [stdout] 366 |     let fixture = testkit::single_broker().await.unwrap();
[INFO] [stdout]     |                   ^^^^^^^ use of unresolved module or unlinked crate `testkit`
[INFO] [stdout]     |
[INFO] [stdout]     = help: if you wanted to use a crate named `testkit`, use `cargo add testkit` to add it to your `Cargo.toml`
[INFO] [stdout] 
[INFO] [stdout] 
[INFO] [stdout] error[E0433]: cannot find module or crate `testkit` in this scope
[INFO] [stdout]    --> tests/topics.rs:396:19
[INFO] [stdout]     |
[INFO] [stdout] 396 |     let fixture = testkit::cluster(3).await.unwrap();
[INFO] [stdout]     |                   ^^^^^^^ use of unresolved module or unlinked crate `testkit`
[INFO] [stdout]     |
[INFO] [stdout]     = help: if you wanted to use a crate named `testkit`, use `cargo add testkit` to add it to your `Cargo.toml`
[INFO] [stdout] 
[INFO] [stdout] 
[INFO] [stdout] error[E0433]: cannot find module or crate `testkit` in this scope
[INFO] [stdout]    --> tests/topics.rs:419:19
[INFO] [stdout]     |
[INFO] [stdout] 419 |     let fixture = testkit::single_broker().await.unwrap();
[INFO] [stdout]     |                   ^^^^^^^ use of unresolved module or unlinked crate `testkit`
[INFO] [stdout]     |
[INFO] [stdout]     = help: if you wanted to use a crate named `testkit`, use `cargo add testkit` to add it to your `Cargo.toml`
[INFO] [stdout] 
[INFO] [stdout] 
[INFO] [stderr] error: could not compile `kafka-admin` (test "topics") due to 15 previous errors
[INFO] [stdout] Some errors have detailed explanations: E0432, E0433.
[INFO] [stdout] 
[INFO] [stdout] For more information about an error, try `rustc --explain E0432`.
[INFO] [stdout] 
[INFO] running `Command { std: "docker" "inspect" "ad504db8f2fb36c6251c29726c36722b40b2d59a0e0bec5ec8967cf92d3622e6", kill_on_drop: false }`
[INFO] running `Command { std: "docker" "rm" "-f" "ad504db8f2fb36c6251c29726c36722b40b2d59a0e0bec5ec8967cf92d3622e6", kill_on_drop: false }`
[INFO] [stdout] ad504db8f2fb36c6251c29726c36722b40b2d59a0e0bec5ec8967cf92d3622e6
