[INFO] fetching crate kafence 0.1.0...
[INFO] testing kafence-0.1.0 against 1.99.0-beta.8+cargoflags=--release for beta-release-1.100-2
[INFO] extracting crate kafence 0.1.0 into /workspace/builds/worker-3-tc1/source
[INFO] started tweaking crates.io crate kafence 0.1.0
[INFO] finished tweaking crates.io crate kafence 0.1.0
[INFO] tweaked toml for crates.io crate kafence 0.1.0 written to /workspace/builds/worker-3-tc1/source/Cargo.toml
[INFO] validating manifest of crates.io crate kafence 0.1.0 on toolchain 1.99.0-beta.8
[INFO] running `Command { std: CARGO_HOME="/workspace/cargo-home" RUSTUP_HOME="/workspace/rustup-home" "/workspace/cargo-home/bin/cargo" "+1.99.0-beta.8" "metadata" "--manifest-path" "Cargo.toml" "--no-deps", kill_on_drop: false }`
[INFO] crate crates.io crate kafence 0.1.0 already has a lockfile, it will not be regenerated
[INFO] running `Command { std: CARGO_HOME="/workspace/cargo-home" RUSTUP_HOME="/workspace/rustup-home" "/workspace/cargo-home/bin/cargo" "+1.99.0-beta.8" "fetch" "--manifest-path" "Cargo.toml", kill_on_drop: false }`
[INFO] [stderr]     Updating crates.io index
[INFO] [stderr]  Downloading crates ...
[INFO] [stderr]   Downloaded rocksdb v0.24.0
[INFO] [stderr]   Downloaded rdkafka v0.39.0
[INFO] [stderr]   Downloaded rdkafka-sys v4.10.0+2.12.1
[INFO] [stderr]   Downloaded librocksdb-sys v0.17.3+10.4.2
[INFO] running `Command { std: "docker" "create" "-v" "/var/lib/crater-agent-workspace/builds/worker-3-tc1/source:/opt/rustwide/workdir:ro,Z" "-v" "/var/lib/crater-agent-workspace/builds/worker-3-tc1/target:/opt/rustwide/target:rw,Z" "-v" "/var/lib/crater-agent-workspace/cargo-home:/opt/rustwide/cargo-home:ro,Z" "-v" "/var/lib/crater-agent-workspace/rustup-home:/opt/rustwide/rustup-home:ro,Z" "-m" "1610612736" "--network" "none" "ghcr.io/rust-lang/crates-build-env/linux@sha256:77db811e55d90add9212f6832c23229e3de5f1c1f9905e8cb07319ea15df73ac" "sleep" "infinity", kill_on_drop: false }`
[INFO] [stdout] 3aaca94f0e85c0e9f3f2b3c23d3e59e8015b8305c4c1cfce14fcfc69f260d6fc
[INFO] running `Command { std: "docker" "start" "3aaca94f0e85c0e9f3f2b3c23d3e59e8015b8305c4c1cfce14fcfc69f260d6fc", kill_on_drop: false }`
[INFO] running `Command { std: "docker" "inspect" "3aaca94f0e85c0e9f3f2b3c23d3e59e8015b8305c4c1cfce14fcfc69f260d6fc", kill_on_drop: false }`
[INFO] running `Command { std: "docker" "exec" "-e" "SOURCE_DIR=/opt/rustwide/workdir" "-e" "CARGO_HOME=/opt/rustwide/cargo-home" "-e" "RUSTUP_HOME=/opt/rustwide/rustup-home" "-e" "CARGO_TARGET_DIR=/opt/rustwide/target" "-w" "/opt/rustwide/workdir" "--user" "0:0" "3aaca94f0e85c0e9f3f2b3c23d3e59e8015b8305c4c1cfce14fcfc69f260d6fc" "/opt/rustwide/cargo-home/bin/cargo" "+1.99.0-beta.8" "metadata" "--no-deps" "--format-version=1", kill_on_drop: false }`
[INFO] running `Command { std: "docker" "inspect" "3aaca94f0e85c0e9f3f2b3c23d3e59e8015b8305c4c1cfce14fcfc69f260d6fc", kill_on_drop: false }`
[INFO] running `Command { std: "docker" "exec" "-e" "SOURCE_DIR=/opt/rustwide/workdir" "-e" "CARGO_HOME=/opt/rustwide/cargo-home" "-e" "RUSTUP_HOME=/opt/rustwide/rustup-home" "-e" "CARGO_TARGET_DIR=/opt/rustwide/target" "-e" "CARGO_INCREMENTAL=0" "-e" "RUST_BACKTRACE=full" "-e" "RUSTFLAGS=--cap-lints=warn" "-e" "RUSTDOCFLAGS=--cap-lints=warn" "-w" "/opt/rustwide/workdir" "--user" "0:0" "3aaca94f0e85c0e9f3f2b3c23d3e59e8015b8305c4c1cfce14fcfc69f260d6fc" "/opt/rustwide/cargo-home/bin/cargo" "+1.99.0-beta.8" "build" "--frozen" "--message-format=json" "--release", kill_on_drop: false }`
[INFO] [stderr]    Compiling find-msvc-tools v0.1.10
[INFO] [stderr]    Compiling clang-sys v1.9.1
[INFO] [stderr]    Compiling libloading v0.8.9
[INFO] [stderr]    Compiling bindgen v0.72.1
[INFO] [stderr]    Compiling either v1.17.0
[INFO] [stderr]    Compiling rustc-hash v2.1.3
[INFO] [stderr]    Compiling syn v2.0.119
[INFO] [stderr]    Compiling futures-task v0.3.33
[INFO] [stderr]    Compiling tokio-macros v2.7.2
[INFO] [stderr]    Compiling serde_derive v1.0.229
[INFO] [stderr]    Compiling futures-channel v0.3.33
[INFO] [stderr]    Compiling uuid v1.24.0
[INFO] [stderr]    Compiling cc v1.4.2
[INFO] [stderr]    Compiling futures-util v0.3.33
[INFO] [stderr]    Compiling itertools v0.13.0
[INFO] [stderr]    Compiling tokio v1.53.1
[INFO] [stderr]    Compiling cmake v0.1.58
[INFO] [stderr]    Compiling libz-sys v1.1.29
[INFO] [stderr]    Compiling bzip2-sys v0.1.13+1.0.8
[INFO] [stderr]    Compiling zstd-sys v2.0.16+zstd.1.5.7
[INFO] [stderr]    Compiling lz4-sys v1.11.1+lz4-1.10.0
[INFO] [stderr]    Compiling rdkafka-sys v4.10.0+2.12.1
[INFO] [stderr]    Compiling serde v1.0.229
[INFO] [stderr]    Compiling num_enum_derive v0.7.6
[INFO] [stderr]    Compiling num_enum v0.7.6
[INFO] [stderr]    Compiling tokio-util v0.7.19
[INFO] [stderr]    Compiling h2 v0.3.27
[INFO] [stderr]    Compiling librocksdb-sys v0.17.3+10.4.2
[INFO] [stderr]    Compiling hyper v0.14.32
[INFO] [stderr] error: failed to run custom build command for `rdkafka-sys v4.10.0+2.12.1`
[INFO] [stderr] note: To improve backtraces for build dependencies, set the CARGO_PROFILE_RELEASE_BUILD_OVERRIDE_DEBUG=true environment variable to enable debug information generation.
[INFO] [stderr] 
[INFO] [stderr] Caused by:
[INFO] [stderr]   process didn't exit successfully: `/opt/rustwide/target/release/build/rdkafka-sys-4d6a1305123b494e/build-script-build` (exit status: 101)
[INFO] [stderr]   --- stdout
[INFO] [stderr]   Configuring and compiling librdkafka
[INFO] [stderr]   CMAKE_TOOLCHAIN_FILE_x86_64-unknown-linux-gnu = None
[INFO] [stderr]   CMAKE_TOOLCHAIN_FILE_x86_64_unknown_linux_gnu = None
[INFO] [stderr]   HOST_CMAKE_TOOLCHAIN_FILE = None
[INFO] [stderr]   CMAKE_TOOLCHAIN_FILE = None
[INFO] [stderr]   CMAKE_GENERATOR_x86_64-unknown-linux-gnu = None
[INFO] [stderr]   CMAKE_GENERATOR_x86_64_unknown_linux_gnu = None
[INFO] [stderr]   HOST_CMAKE_GENERATOR = None
[INFO] [stderr]   CMAKE_GENERATOR = None
[INFO] [stderr]   CMAKE_PREFIX_PATH_x86_64-unknown-linux-gnu = None
[INFO] [stderr]   CMAKE_PREFIX_PATH_x86_64_unknown_linux_gnu = None
[INFO] [stderr]   HOST_CMAKE_PREFIX_PATH = None
[INFO] [stderr]   CMAKE_PREFIX_PATH = None
[INFO] [stderr]   CMAKE_x86_64-unknown-linux-gnu = None
[INFO] [stderr]   CMAKE_x86_64_unknown_linux_gnu = None
[INFO] [stderr]   HOST_CMAKE = None
[INFO] [stderr]   CMAKE = None
[INFO] [stderr]   -- The C compiler identification is GNU 15.2.0
[INFO] [stderr]   -- The CXX compiler identification is GNU 15.2.0
[INFO] [stderr]   -- Detecting C compiler ABI info
[INFO] [stderr]   -- Detecting C compiler ABI info - done
[INFO] [stderr]   -- Check for working C compiler: /usr/bin/cc - skipped
[INFO] [stderr]   -- Detecting C compile features
[INFO] [stderr]   -- Detecting C compile features - done
[INFO] [stderr]   -- Detecting CXX compiler ABI info
[INFO] [stderr]   -- Detecting CXX compiler ABI info - done
[INFO] [stderr]   -- Check for working CXX compiler: /usr/bin/c++ - skipped
[INFO] [stderr]   -- Detecting CXX compile features
[INFO] [stderr]   -- Detecting CXX compile features - done
[INFO] [stderr]   -- Looking for pow in m
[INFO] [stderr]   -- Looking for pow in m - found
[INFO] [stderr]   -- Found Zstd: /usr/lib/x86_64-linux-gnu/libzstd.so
[INFO] [stderr]   -- Checking for module 'libsasl2'
[INFO] [stderr]   --   Found libsasl2, version 2.1.28
[INFO] [stderr]   -- Found ZLIB: /opt/rustwide/target/release/build/libz-sys-d6d6a16972138295/out/lib/libz.a (found version "1.3.2")
[INFO] [stderr]   -- Performing Test CMAKE_HAVE_LIBC_PTHREAD
[INFO] [stderr]   -- Performing Test CMAKE_HAVE_LIBC_PTHREAD - Success
[INFO] [stderr]   -- Found Threads: TRUE
[INFO] [stderr]   -- Configuring done (15.3s)
[INFO] [stderr]   -- Generating done (0.3s)
[INFO] [stderr]   -- Build files have been written to: /opt/rustwide/target/release/build/rdkafka-sys-1db043e535edcd6c/out/build
[INFO] [stderr]   [  1%] Building C object src/CMakeFiles/rdkafka.dir/crc32c.c.o
[INFO] [stderr]   [  2%] Building C object src/CMakeFiles/rdkafka.dir/rdaddr.c.o
[INFO] [stderr]   [  3%] Building C object src/CMakeFiles/rdkafka.dir/rdavl.c.o
[INFO] [stderr]   [  4%] Building C object src/CMakeFiles/rdkafka.dir/rdbuf.c.o
[INFO] [stderr]   [  5%] Building C object src/CMakeFiles/rdkafka.dir/rdcrc32.c.o
[INFO] [stderr]   [  6%] Building C object src/CMakeFiles/rdkafka.dir/rdfnv1a.c.o
[INFO] [stderr]   [  7%] Building C object src/CMakeFiles/rdkafka.dir/rdbase64.c.o
[INFO] [stderr]   [  8%] Building C object src/CMakeFiles/rdkafka.dir/rdkafka.c.o
[INFO] [stderr]   [  9%] Building C object src/CMakeFiles/rdkafka.dir/rdkafka_assignor.c.o
[INFO] [stderr]   [ 10%] Building C object src/CMakeFiles/rdkafka.dir/rdkafka_broker.c.o
[INFO] [stderr]   [ 11%] Building C object src/CMakeFiles/rdkafka.dir/rdkafka_buf.c.o
[INFO] [stderr]   [ 12%] Building C object src/CMakeFiles/rdkafka.dir/rdkafka_cgrp.c.o
[INFO] [stderr]   [ 13%] Building C object src/CMakeFiles/rdkafka.dir/rdkafka_conf.c.o
[INFO] [stderr]   [ 14%] Building C object src/CMakeFiles/rdkafka.dir/rdkafka_event.c.o
[INFO] [stderr]   [ 15%] Building C object src/CMakeFiles/rdkafka.dir/rdkafka_feature.c.o
[INFO] [stderr]   [ 16%] Building C object src/CMakeFiles/rdkafka.dir/rdkafka_lz4.c.o
[INFO] [stderr]   [ 17%] Building C object src/CMakeFiles/rdkafka.dir/rdkafka_metadata.c.o
[INFO] [stderr]   [ 18%] Building C object src/CMakeFiles/rdkafka.dir/rdkafka_metadata_cache.c.o
[INFO] [stderr]   [ 19%] Building C object src/CMakeFiles/rdkafka.dir/rdkafka_msg.c.o
[INFO] [stderr]   [ 20%] Building C object src/CMakeFiles/rdkafka.dir/rdkafka_msgset_reader.c.o
[INFO] [stderr]   [ 21%] Building C object src/CMakeFiles/rdkafka.dir/rdkafka_msgset_writer.c.o
[INFO] [stderr]   [ 22%] Building C object src/CMakeFiles/rdkafka.dir/rdkafka_offset.c.o
[INFO] [stderr]   [ 23%] Building C object src/CMakeFiles/rdkafka.dir/rdkafka_op.c.o
[INFO] [stderr]   [ 25%] Building C object src/CMakeFiles/rdkafka.dir/rdkafka_partition.c.o
[INFO] [stderr]   [ 26%] Building C object src/CMakeFiles/rdkafka.dir/rdkafka_pattern.c.o
[INFO] [stderr]   [ 27%] Building C object src/CMakeFiles/rdkafka.dir/rdkafka_queue.c.o
[INFO] [stderr]   [ 28%] Building C object src/CMakeFiles/rdkafka.dir/rdkafka_range_assignor.c.o
[INFO] [stderr]   [ 29%] Building C object src/CMakeFiles/rdkafka.dir/rdkafka_request.c.o
[INFO] [stderr]   [ 30%] Building C object src/CMakeFiles/rdkafka.dir/rdkafka_roundrobin_assignor.c.o
[INFO] [stderr]   [ 31%] Building C object src/CMakeFiles/rdkafka.dir/rdkafka_sasl.c.o
[INFO] [stderr]   [ 32%] Building C object src/CMakeFiles/rdkafka.dir/rdkafka_sticky_assignor.c.o
[INFO] [stderr]   [ 33%] Building C object src/CMakeFiles/rdkafka.dir/rdkafka_sasl_plain.c.o
[INFO] [stderr]   [ 34%] Building C object src/CMakeFiles/rdkafka.dir/rdkafka_subscription.c.o
[INFO] [stderr]   [ 35%] Building C object src/CMakeFiles/rdkafka.dir/rdkafka_assignment.c.o
[INFO] [stderr]   [ 36%] Building C object src/CMakeFiles/rdkafka.dir/rdkafka_timer.c.o
[INFO] [stderr]   [ 37%] Building C object src/CMakeFiles/rdkafka.dir/rdkafka_topic.c.o
[INFO] [stderr]   [ 38%] Building C object src/CMakeFiles/rdkafka.dir/rdkafka_transport.c.o
[INFO] [stderr]   [ 39%] Building C object src/CMakeFiles/rdkafka.dir/rdkafka_interceptor.c.o
[INFO] [stderr]   [ 40%] Building C object src/CMakeFiles/rdkafka.dir/rdkafka_header.c.o
[INFO] [stderr]   [ 41%] Building C object src/CMakeFiles/rdkafka.dir/rdkafka_admin.c.o
[INFO] [stderr]   [ 42%] Building C object src/CMakeFiles/rdkafka.dir/rdkafka_aux.c.o
[INFO] [stderr]   [ 43%] Building C object src/CMakeFiles/rdkafka.dir/rdkafka_background.c.o
[INFO] [stderr]   [ 44%] Building C object src/CMakeFiles/rdkafka.dir/rdkafka_idempotence.c.o
[INFO] [stderr]   [ 45%] Building C object src/CMakeFiles/rdkafka.dir/rdkafka_txnmgr.c.o
[INFO] [stderr]   [ 46%] Building C object src/CMakeFiles/rdkafka.dir/rdkafka_cert.c.o
[INFO] [stderr]   [ 47%] Building C object src/CMakeFiles/rdkafka.dir/rdkafka_coord.c.o
[INFO] [stderr]   [ 48%] Building C object src/CMakeFiles/rdkafka.dir/rdkafka_mock.c.o
[INFO] [stderr]   [ 50%] Building C object src/CMakeFiles/rdkafka.dir/rdkafka_mock_handlers.c.o
[INFO] [stderr]   [ 51%] Building C object src/CMakeFiles/rdkafka.dir/rdkafka_mock_cgrp.c.o
[INFO] [stderr]   [ 52%] Building C object src/CMakeFiles/rdkafka.dir/rdkafka_error.c.o
[INFO] [stderr]   [ 53%] Building C object src/CMakeFiles/rdkafka.dir/rdkafka_fetcher.c.o
[INFO] [stderr]   [ 54%] Building C object src/CMakeFiles/rdkafka.dir/rdkafka_telemetry.c.o
[INFO] [stderr]   [ 55%] Building C object src/CMakeFiles/rdkafka.dir/rdkafka_telemetry_decode.c.o
[INFO] [stderr]   [ 56%] Building C object src/CMakeFiles/rdkafka.dir/rdkafka_telemetry_encode.c.o
[INFO] [stderr]   [ 57%] Building C object src/CMakeFiles/rdkafka.dir/nanopb/pb_encode.c.o
[INFO] [stderr]   [ 58%] Building C object src/CMakeFiles/rdkafka.dir/nanopb/pb_decode.c.o
[INFO] [stderr]   [ 59%] Building C object src/CMakeFiles/rdkafka.dir/nanopb/pb_common.c.o
[INFO] [stderr]   [ 60%] Building C object src/CMakeFiles/rdkafka.dir/opentelemetry/metrics.pb.c.o
[INFO] [stderr]   [ 61%] Building C object src/CMakeFiles/rdkafka.dir/opentelemetry/common.pb.c.o
[INFO] [stderr]   [ 62%] Building C object src/CMakeFiles/rdkafka.dir/opentelemetry/resource.pb.c.o
[INFO] [stderr]   [ 63%] Building C object src/CMakeFiles/rdkafka.dir/rdlog.c.o
[INFO] [stderr]   [ 64%] Building C object src/CMakeFiles/rdkafka.dir/rdmurmur2.c.o
[INFO] [stderr]   [ 65%] Building C object src/CMakeFiles/rdkafka.dir/rdlist.c.o
[INFO] [stderr]   [ 66%] Building C object src/CMakeFiles/rdkafka.dir/rdports.c.o
[INFO] [stderr]   [ 67%] Building C object src/CMakeFiles/rdkafka.dir/rdrand.c.o
[INFO] [stderr]   [ 68%] Building C object src/CMakeFiles/rdkafka.dir/rdregex.c.o
[INFO] [stderr]   [ 69%] Building C object src/CMakeFiles/rdkafka.dir/rdstring.c.o
[INFO] [stderr]   [ 70%] Building C object src/CMakeFiles/rdkafka.dir/rdunittest.c.o
[INFO] [stderr]   [ 71%] Building C object src/CMakeFiles/rdkafka.dir/rdvarint.c.o
[INFO] [stderr]   [ 72%] Building C object src/CMakeFiles/rdkafka.dir/rdmap.c.o
[INFO] [stderr]   [ 73%] Building C object src/CMakeFiles/rdkafka.dir/tinycthread_extra.c.o
[INFO] [stderr]   [ 75%] Building C object src/CMakeFiles/rdkafka.dir/snappy.c.o
[INFO] [stderr]   [ 76%] Building C object src/CMakeFiles/rdkafka.dir/tinycthread.c.o
[INFO] [stderr]   [ 77%] Building C object src/CMakeFiles/rdkafka.dir/rdxxhash.c.o
[INFO] [stderr]   [ 78%] Building C object src/CMakeFiles/rdkafka.dir/cJSON.c.o
[INFO] [stderr]   [ 79%] Building C object src/CMakeFiles/rdkafka.dir/rdhdrhistogram.c.o
[INFO] [stderr]   [ 80%] Building C object src/CMakeFiles/rdkafka.dir/rddl.c.o
[INFO] [stderr]   [ 81%] Building C object src/CMakeFiles/rdkafka.dir/rdkafka_plugin.c.o
[INFO] [stderr]   [ 82%] Building C object src/CMakeFiles/rdkafka.dir/rdgz.c.o
[INFO] [stderr]   [ 83%] Building C object src/CMakeFiles/rdkafka.dir/lz4.c.o
[INFO] [stderr]   [ 84%] Building C object src/CMakeFiles/rdkafka.dir/lz4frame.c.o
[INFO] [stderr]   [ 85%] Building C object src/CMakeFiles/rdkafka.dir/lz4hc.c.o
[INFO] [stderr] 
[INFO] [stderr]   --- stderr
[INFO] [stderr]   Building and linking librdkafka statically
[INFO] [stderr]   running: cd "/opt/rustwide/target/release/build/rdkafka-sys-1db043e535edcd6c/out/build" && CMAKE_PREFIX_PATH="/opt/rustwide/target/release/build/libz-sys-d6d6a16972138295/out:" LC_ALL="C" "cmake" "/opt/rustwide/cargo-home/registry/src/index.crates.io-1949cf8c6b5b557f/rdkafka-sys-4.10.0+2.12.1/librdkafka" "-B" "/opt/rustwide/target/release/build/rdkafka-sys-1db043e535edcd6c/out/build" "-DRDKAFKA_BUILD_STATIC=1" "-DRDKAFKA_BUILD_TESTS=0" "-DRDKAFKA_BUILD_EXAMPLES=0" "-DCMAKE_INSTALL_LIBDIR=lib" "-DCMAKE_POLICY_VERSION_MINIMUM=3.5" "-DWITH_ZLIB=1" "-DWITH_CURL=0" "-DWITH_SSL=0" "-DWITH_SASL=0" "-DWITH_ZSTD=0" "-DENABLE_LZ4_EXT=0" "-DCMAKE_INSTALL_PREFIX=/opt/rustwide/target/release/build/rdkafka-sys-1db043e535edcd6c/out" "-DCMAKE_C_FLAGS= -ffunction-sections -fdata-sections -fPIC -m64 -w" "-DCMAKE_C_COMPILER=/usr/bin/cc" "-DCMAKE_CXX_FLAGS= -ffunction-sections -fdata-sections -fPIC -m64 -w" "-DCMAKE_CXX_COMPILER=/usr/bin/c++" "-DCMAKE_ASM_FLAGS= -ffunction-sections -fdata-sections -fPIC -m64 -w" "-DCMAKE_ASM_COMPILER=/usr/bin/cc" "-DCMAKE_BUILD_TYPE=Release"
[INFO] [stderr]   CMake Deprecation Warning at CMakeLists.txt:1 (cmake_minimum_required):
[INFO] [stderr]     Compatibility with CMake < 3.10 will be removed from a future version of
[INFO] [stderr]     CMake.
[INFO] [stderr] 
[INFO] [stderr]     Update the VERSION argument <min> value.  Or, use the <min>...<max> syntax
[INFO] [stderr]     to tell CMake that the project requires at least <min> but has been updated
[INFO] [stderr]     to work with policies introduced by <max> or earlier.
[INFO] [stderr] 
[INFO] [stderr] 
[INFO] [stderr]   CMake Warning:
[INFO] [stderr]     Manually-specified variables were not used by the project:
[INFO] [stderr] 
[INFO] [stderr]       CMAKE_ASM_COMPILER
[INFO] [stderr]       CMAKE_ASM_FLAGS
[INFO] [stderr] 
[INFO] [stderr] 
[INFO] [stderr]   running: cd "/opt/rustwide/target/release/build/rdkafka-sys-1db043e535edcd6c/out/build" && LC_ALL="C" MAKEFLAGS="-j --jobserver-fds=4,5 --jobserver-auth=4,5" "cmake" "--build" "/opt/rustwide/target/release/build/rdkafka-sys-1db043e535edcd6c/out/build" "--target" "install" "--config" "Release"
[INFO] [stderr]   cc: fatal error: Killed signal terminated program cc1
[INFO] [stderr]   compilation terminated.
[INFO] [stderr]   cc: fatal error: Killed signal terminated program cc1
[INFO] [stderr]   compilation terminated.
[INFO] [stderr]   gmake[2]: *** [src/CMakeFiles/rdkafka.dir/build.make:737: src/CMakeFiles/rdkafka.dir/rdkafka_mock_handlers.c.o] Error 1
[INFO] [stderr]   gmake[2]: *** Waiting for unfinished jobs....
[INFO] [stderr]   gmake[2]: *** [src/CMakeFiles/rdkafka.dir/build.make:625: src/CMakeFiles/rdkafka.dir/rdkafka_admin.c.o] Error 1
[INFO] [stderr]   cc: fatal error: Killed signal terminated program cc1
[INFO] [stderr]   compilation terminated.
[INFO] [stderr]   gmake[2]: *** [src/CMakeFiles/rdkafka.dir/build.make:457: src/CMakeFiles/rdkafka.dir/rdkafka_request.c.o] Error 1
[INFO] [stderr]   gmake[1]: *** [CMakeFiles/Makefile2:129: src/CMakeFiles/rdkafka.dir/all] Error 2
[INFO] [stderr]   gmake: *** [Makefile:136: all] Error 2
[INFO] [stderr] 
[INFO] [stderr]   thread 'main' (639) panicked at /opt/rustwide/cargo-home/registry/src/index.crates.io-1949cf8c6b5b557f/cmake-0.1.58/src/lib.rs:1132:5:
[INFO] [stderr] 
[INFO] [stderr]   command did not execute successfully, got: exit status: 2
[INFO] [stderr] 
[INFO] [stderr]   build script failed, must exit now
[INFO] [stderr]   stack backtrace:
[INFO] [stderr]      0:     0x5793521b3771 - <<std[70759c8f55707aa4]::sys::backtrace::BacktraceLock>::print::DisplayBacktrace as core[df12db4294e9bfd3]::fmt::Display>::fmt
[INFO] [stderr]      1:     0x5793521c79ba - core[df12db4294e9bfd3]::fmt::write
[INFO] [stderr]      2:     0x5793521b92dc - <std[70759c8f55707aa4]::sys::stdio::unix::Stderr as core[df12db4294e9bfd3]::io::write::Write>::write_fmt
[INFO] [stderr]      3:     0x579352191986 - std[70759c8f55707aa4]::panicking::default_hook::{closure#0}
[INFO] [stderr]      4:     0x5793521ad5d1 - std[70759c8f55707aa4]::panicking::default_hook
[INFO] [stderr]      5:     0x5793521ad78b - std[70759c8f55707aa4]::panicking::panic_with_hook
[INFO] [stderr]      6:     0x579352191a32 - std[70759c8f55707aa4]::panicking::panic_handler::{closure#0}
[INFO] [stderr]      7:     0x57935218a4a9 - std[70759c8f55707aa4]::sys::backtrace::__rust_end_short_backtrace::<std[70759c8f55707aa4]::panicking::panic_handler::{closure#0}, !>
[INFO] [stderr]      8:     0x5793521922ed - __rustc[8fa7c3cbc660c2b3]::rust_begin_unwind
[INFO] [stderr]      9:     0x5793521c812c - core[df12db4294e9bfd3]::panicking::panic_fmt
[INFO] [stderr]     10:     0x5793520fd757 - cmake[f3fd9eb98a831506]::fail
[INFO] [stderr]     11:     0x5793520fd3e3 - cmake[f3fd9eb98a831506]::run
[INFO] [stderr]     12:     0x5793521033f5 - <cmake[f3fd9eb98a831506]::Config>::build
[INFO] [stderr]     13:     0x5793520ef173 - build_script_build[64358f00fd767dc2]::build_librdkafka
[INFO] [stderr]     14:     0x5793520ef636 - build_script_build[64358f00fd767dc2]::main
[INFO] [stderr]     15:     0x5793520f0823 - <fn() as core[df12db4294e9bfd3]::ops::function::FnOnce<()>>::call_once
[INFO] [stderr]     16:     0x5793520ed346 - std[70759c8f55707aa4]::sys::backtrace::__rust_begin_short_backtrace::<fn(), ()>
[INFO] [stderr]     17:     0x5793520ed3a9 - std[70759c8f55707aa4]::rt::lang_start::<()>::{closure#0}
[INFO] [stderr]     18:     0x5793521ac899 - std[70759c8f55707aa4]::rt::lang_start_internal
[INFO] [stderr]     19:     0x5793520ecd61 - std[70759c8f55707aa4]::rt::lang_start::<()>
[INFO] [stderr]     20:     0x5793520f0895 - main
[INFO] [stderr]     21:     0x763b71119601 - <unknown>
[INFO] [stderr]     22:     0x763b71119718 - __libc_start_main
[INFO] [stderr]     23:     0x5793520eb2d5 - _start
[INFO] [stderr]     24:                0x0 - <unknown>
[INFO] [stderr] warning: build failed, waiting for other jobs to finish...
[ERROR] error running command: no output for 300 seconds
[INFO] running `Command { std: "docker" "inspect" "3aaca94f0e85c0e9f3f2b3c23d3e59e8015b8305c4c1cfce14fcfc69f260d6fc", kill_on_drop: false }`
[INFO] running `Command { std: "docker" "rm" "-f" "3aaca94f0e85c0e9f3f2b3c23d3e59e8015b8305c4c1cfce14fcfc69f260d6fc", kill_on_drop: false }`
[INFO] [stdout] 3aaca94f0e85c0e9f3f2b3c23d3e59e8015b8305c4c1cfce14fcfc69f260d6fc
