[INFO] fetching crate kaalang-render 0.2.0...
[INFO] testing kaalang-render-0.2.0 against 1.99.0-beta.8+cargoflags=--release for beta-release-1.100-2
[INFO] extracting crate kaalang-render 0.2.0 into /workspace/builds/worker-1-tc1/source
[INFO] started tweaking crates.io crate kaalang-render 0.2.0
[INFO] removed 0 missing tests
[INFO] finished tweaking crates.io crate kaalang-render 0.2.0
[INFO] tweaked toml for crates.io crate kaalang-render 0.2.0 written to /workspace/builds/worker-1-tc1/source/Cargo.toml
[INFO] validating manifest of crates.io crate kaalang-render 0.2.0 on toolchain 1.99.0-beta.8
[INFO] running `Command { std: CARGO_HOME="/workspace/cargo-home" RUSTUP_HOME="/workspace/rustup-home" "/workspace/cargo-home/bin/cargo" "+1.99.0-beta.8" "metadata" "--manifest-path" "Cargo.toml" "--no-deps", kill_on_drop: false }`
[INFO] crate crates.io crate kaalang-render 0.2.0 already has a lockfile, it will not be regenerated
[INFO] running `Command { std: CARGO_HOME="/workspace/cargo-home" RUSTUP_HOME="/workspace/rustup-home" "/workspace/cargo-home/bin/cargo" "+1.99.0-beta.8" "fetch" "--manifest-path" "Cargo.toml", kill_on_drop: false }`
[INFO] [stderr]     Updating crates.io index
[INFO] [stderr]  Downloading crates ...
[INFO] [stderr]   Downloaded kaalang-compiler v0.2.0
[INFO] running `Command { std: "docker" "create" "-v" "/var/lib/crater-agent-workspace/builds/worker-1-tc1/source:/opt/rustwide/workdir:ro,Z" "-v" "/var/lib/crater-agent-workspace/builds/worker-1-tc1/target:/opt/rustwide/target:rw,Z" "-v" "/var/lib/crater-agent-workspace/cargo-home:/opt/rustwide/cargo-home:ro,Z" "-v" "/var/lib/crater-agent-workspace/rustup-home:/opt/rustwide/rustup-home:ro,Z" "-m" "1610612736" "--network" "none" "ghcr.io/rust-lang/crates-build-env/linux@sha256:77db811e55d90add9212f6832c23229e3de5f1c1f9905e8cb07319ea15df73ac" "sleep" "infinity", kill_on_drop: false }`
[INFO] [stdout] a95a6dca5467339c8acbd46ea064112c8c06db6ee1022d76fdc7b0f73a83c036
[INFO] running `Command { std: "docker" "start" "a95a6dca5467339c8acbd46ea064112c8c06db6ee1022d76fdc7b0f73a83c036", kill_on_drop: false }`
[INFO] running `Command { std: "docker" "inspect" "a95a6dca5467339c8acbd46ea064112c8c06db6ee1022d76fdc7b0f73a83c036", kill_on_drop: false }`
[INFO] running `Command { std: "docker" "exec" "-e" "SOURCE_DIR=/opt/rustwide/workdir" "-e" "CARGO_HOME=/opt/rustwide/cargo-home" "-e" "RUSTUP_HOME=/opt/rustwide/rustup-home" "-e" "CARGO_TARGET_DIR=/opt/rustwide/target" "-w" "/opt/rustwide/workdir" "--user" "0:0" "a95a6dca5467339c8acbd46ea064112c8c06db6ee1022d76fdc7b0f73a83c036" "/opt/rustwide/cargo-home/bin/cargo" "+1.99.0-beta.8" "metadata" "--no-deps" "--format-version=1", kill_on_drop: false }`
[INFO] running `Command { std: "docker" "inspect" "a95a6dca5467339c8acbd46ea064112c8c06db6ee1022d76fdc7b0f73a83c036", kill_on_drop: false }`
[INFO] running `Command { std: "docker" "exec" "-e" "SOURCE_DIR=/opt/rustwide/workdir" "-e" "CARGO_HOME=/opt/rustwide/cargo-home" "-e" "RUSTUP_HOME=/opt/rustwide/rustup-home" "-e" "CARGO_TARGET_DIR=/opt/rustwide/target" "-e" "CARGO_INCREMENTAL=0" "-e" "RUST_BACKTRACE=full" "-e" "RUSTFLAGS=--cap-lints=warn" "-e" "RUSTDOCFLAGS=--cap-lints=warn" "-w" "/opt/rustwide/workdir" "--user" "0:0" "a95a6dca5467339c8acbd46ea064112c8c06db6ee1022d76fdc7b0f73a83c036" "/opt/rustwide/cargo-home/bin/cargo" "+1.99.0-beta.8" "build" "--frozen" "--message-format=json" "--release", kill_on_drop: false }`
[INFO] [stderr]    Compiling proc-macro2 v1.0.107
[INFO] [stderr]    Compiling unicode-ident v1.0.24
[INFO] [stderr]    Compiling quote v1.0.47
[INFO] [stderr]    Compiling syn v3.0.6
[INFO] [stderr]    Compiling kaalang-compiler v0.2.0
[INFO] [stderr]    Compiling kaalang-render v0.2.0 (/opt/rustwide/workdir)
[INFO] [stderr]     Finished `release` profile [optimized] target(s) in 1m 06s
[INFO] running `Command { std: "docker" "inspect" "a95a6dca5467339c8acbd46ea064112c8c06db6ee1022d76fdc7b0f73a83c036", kill_on_drop: false }`
[INFO] running `Command { std: "docker" "exec" "-e" "SOURCE_DIR=/opt/rustwide/workdir" "-e" "CARGO_HOME=/opt/rustwide/cargo-home" "-e" "RUSTUP_HOME=/opt/rustwide/rustup-home" "-e" "CARGO_TARGET_DIR=/opt/rustwide/target" "-e" "CARGO_INCREMENTAL=0" "-e" "RUST_BACKTRACE=full" "-e" "RUSTFLAGS=--cap-lints=warn" "-e" "RUSTDOCFLAGS=--cap-lints=warn" "-w" "/opt/rustwide/workdir" "--user" "0:0" "a95a6dca5467339c8acbd46ea064112c8c06db6ee1022d76fdc7b0f73a83c036" "/opt/rustwide/cargo-home/bin/cargo" "+1.99.0-beta.8" "test" "--frozen" "--no-run" "--message-format=json" "--release", kill_on_drop: false }`
[INFO] [stderr]    Compiling kaalang-render v0.2.0 (/opt/rustwide/workdir)
[INFO] [stdout] error[E0433]: cannot find module or crate `kaalang_testing` in this scope
[INFO] [stdout]  --> tests/performance.rs:7:5
[INFO] [stdout]   |
[INFO] [stdout] 7 | use kaalang_testing::{
[INFO] [stdout]   |     ^^^^^^^^^^^^^^^ use of unresolved module or unlinked crate `kaalang_testing`
[INFO] [stdout]   |
[INFO] [stdout]   = help: if you wanted to use a crate named `kaalang_testing`, use `cargo add kaalang_testing` to add it to your `Cargo.toml`
[INFO] [stdout] 
[INFO] [stdout] 
[INFO] [stdout] error: couldn't read `tests/../../kaalang/tests/wire/behavior/blocked_terminal_crossing.rs`: No such file or directory (os error 2)
[INFO] [stdout]    --> tests/verifier.rs:107:9
[INFO] [stdout]     |
[INFO] [stdout] 107 |         include_str!("../../kaalang/tests/wire/behavior/blocked_terminal_crossing.rs"),
[INFO] [stdout]     |         ^^^^^^^^^^^^^^^^^^^^^^^^^^^^^^^^^^^^^^^^^^^^^^^^^^^^^^^^^^^^^^^^^^^^^^^^^^^^^^
[INFO] [stdout] 
[INFO] [stdout] 
[INFO] [stdout] error: couldn't read `tests/../../kaalang/tests/gallery/sorting/bubble_sort.rs`: No such file or directory (os error 2)
[INFO] [stdout]    --> tests/verifier.rs:125:9
[INFO] [stdout]     |
[INFO] [stdout] 125 |         include_str!("../../kaalang/tests/gallery/sorting/bubble_sort.rs"),
[INFO] [stdout]     |         ^^^^^^^^^^^^^^^^^^^^^^^^^^^^^^^^^^^^^^^^^^^^^^^^^^^^^^^^^^^^^^^^^^
[INFO] [stdout] 
[INFO] [stdout] 
[INFO] [stdout] error: couldn't read `src/../../kaalang/tests/gallery/sorting/quick_sort.rs`: No such file or directory (os error 2)
[INFO] [stdout]    --> src/compact.rs:276:17
[INFO] [stdout]     |
[INFO] [stdout] 276 |                 include_str!(concat!("../../kaalang/tests/", $dir, "/", $stem, ".rs")),
[INFO] [stdout]     |                 ^^^^^^^^^^^^^^^^^^^^^^^^^^^^^^^^^^^^^^^^^^^^^^^^^^^^^^^^^^^^^^^^^^^^^^
[INFO] [stdout] ...
[INFO] [stdout] 294 |             kaalang_compiler::build(&fixture!("gallery/sorting", "quick_sort")).unwrap();
[INFO] [stdout]     |                                      ----------------------------------------- in this macro invocation
[INFO] [stdout]     |
[INFO] [stdout]     = note: this error originates in the macro `include_str` which comes from the expansion of the macro `fixture` (in Nightly builds, run with -Z macro-backtrace for more info)
[INFO] [stdout] 
[INFO] [stdout] 
[INFO] [stdout] error: couldn't read `src/../../kaalang/tests/stage/behavior/stage_cycle_alternative_outputs.rs`: No such file or directory (os error 2)
[INFO] [stdout]    --> src/compact.rs:276:17
[INFO] [stdout]     |
[INFO] [stdout] 276 |                 include_str!(concat!("../../kaalang/tests/", $dir, "/", $stem, ".rs")),
[INFO] [stdout]     |                 ^^^^^^^^^^^^^^^^^^^^^^^^^^^^^^^^^^^^^^^^^^^^^^^^^^^^^^^^^^^^^^^^^^^^^^
[INFO] [stdout] ...
[INFO] [stdout] 327 |         let function = fixture!("stage/behavior", "stage_cycle_alternative_outputs");
[INFO] [stdout]     |                        ------------------------------------------------------------- in this macro invocation
[INFO] [stdout]     |
[INFO] [stdout]     = note: this error originates in the macro `include_str` which comes from the expansion of the macro `fixture` (in Nightly builds, run with -Z macro-backtrace for more info)
[INFO] [stdout] 
[INFO] [stdout] 
[INFO] [stdout] error: couldn't read `src/../../kaalang/tests/cycle/behavior/nested_side_returns.rs`: No such file or directory (os error 2)
[INFO] [stdout]    --> src/compact.rs:276:17
[INFO] [stdout]     |
[INFO] [stdout] 276 |                 include_str!(concat!("../../kaalang/tests/", $dir, "/", $stem, ".rs")),
[INFO] [stdout]     |                 ^^^^^^^^^^^^^^^^^^^^^^^^^^^^^^^^^^^^^^^^^^^^^^^^^^^^^^^^^^^^^^^^^^^^^^
[INFO] [stdout] ...
[INFO] [stdout] 350 |             kaalang_compiler::build(&fixture!("cycle/behavior", "nested_side_returns")).unwrap();
[INFO] [stdout]     |                                      ------------------------------------------------- in this macro invocation
[INFO] [stdout]     |
[INFO] [stdout]     = note: this error originates in the macro `include_str` which comes from the expansion of the macro `fixture` (in Nightly builds, run with -Z macro-backtrace for more info)
[INFO] [stdout] 
[INFO] [stdout] 
[INFO] [stdout] error: couldn't read `src/../../kaalang/tests/gallery/sorting/bubble_sort.rs`: No such file or directory (os error 2)
[INFO] [stdout]    --> src/compact.rs:276:17
[INFO] [stdout]     |
[INFO] [stdout] 276 |                 include_str!(concat!("../../kaalang/tests/", $dir, "/", $stem, ".rs")),
[INFO] [stdout]     |                 ^^^^^^^^^^^^^^^^^^^^^^^^^^^^^^^^^^^^^^^^^^^^^^^^^^^^^^^^^^^^^^^^^^^^^^
[INFO] [stdout] ...
[INFO] [stdout] 373 |             fixture!("gallery/sorting", "bubble_sort"),
[INFO] [stdout]     |             ------------------------------------------ in this macro invocation
[INFO] [stdout]     |
[INFO] [stdout]     = note: this error originates in the macro `include_str` which comes from the expansion of the macro `fixture` (in Nightly builds, run with -Z macro-backtrace for more info)
[INFO] [stdout] 
[INFO] [stdout] 
[INFO] [stdout] error: couldn't read `src/../../kaalang/tests/cycle/behavior/collect_steps.rs`: No such file or directory (os error 2)
[INFO] [stdout]    --> src/compact.rs:276:17
[INFO] [stdout]     |
[INFO] [stdout] 276 |                 include_str!(concat!("../../kaalang/tests/", $dir, "/", $stem, ".rs")),
[INFO] [stdout]     |                 ^^^^^^^^^^^^^^^^^^^^^^^^^^^^^^^^^^^^^^^^^^^^^^^^^^^^^^^^^^^^^^^^^^^^^^
[INFO] [stdout] ...
[INFO] [stdout] 374 |             fixture!("cycle/behavior", "collect_steps"),
[INFO] [stdout]     |             ------------------------------------------- in this macro invocation
[INFO] [stdout]     |
[INFO] [stdout]     = note: this error originates in the macro `include_str` which comes from the expansion of the macro `fixture` (in Nightly builds, run with -Z macro-backtrace for more info)
[INFO] [stdout] 
[INFO] [stdout] 
[INFO] [stdout] error: couldn't read `src/../../kaalang/tests/wire/behavior/two_merges_reach_one_consumer.rs`: No such file or directory (os error 2)
[INFO] [stdout]    --> src/compact.rs:276:17
[INFO] [stdout]     |
[INFO] [stdout] 276 |                 include_str!(concat!("../../kaalang/tests/", $dir, "/", $stem, ".rs")),
[INFO] [stdout]     |                 ^^^^^^^^^^^^^^^^^^^^^^^^^^^^^^^^^^^^^^^^^^^^^^^^^^^^^^^^^^^^^^^^^^^^^^
[INFO] [stdout] ...
[INFO] [stdout] 442 |         let function = fixture!("wire/behavior", "two_merges_reach_one_consumer");
[INFO] [stdout]     |                        ---------------------------------------------------------- in this macro invocation
[INFO] [stdout]     |
[INFO] [stdout]     = note: this error originates in the macro `include_str` which comes from the expansion of the macro `fixture` (in Nightly builds, run with -Z macro-backtrace for more info)
[INFO] [stdout] 
[INFO] [stdout] 
[INFO] [stdout] error[E0433]: cannot find module or crate `kaalang_testing` in this scope
[INFO] [stdout]    --> src/compact.rs:268:9
[INFO] [stdout]     |
[INFO] [stdout] 268 |     use kaalang_testing::corpus::flow_named as fixture;
[INFO] [stdout]     |         ^^^^^^^^^^^^^^^ use of unresolved module or unlinked crate `kaalang_testing`
[INFO] [stdout]     |
[INFO] [stdout]     = help: if you wanted to use a crate named `kaalang_testing`, use `cargo add kaalang_testing` to add it to your `Cargo.toml`
[INFO] [stdout] 
[INFO] [stdout] 
[INFO] [stdout] For more information about this error, try `rustc --explain E0433`.
[INFO] [stdout] 
[INFO] [stderr] error: could not compile `kaalang-render` (test "performance") due to 1 previous error
[INFO] [stderr] warning: build failed, waiting for other jobs to finish...
[INFO] [stdout] error[E0433]: cannot find module or crate `kaalang_testing` in this scope
[INFO] [stdout]    --> src/compact.rs:412:22
[INFO] [stdout]     |
[INFO] [stdout] 412 |         let source = kaalang_testing::shapes::cycle_routes(&["repeat", "repeat", "leave"]);
[INFO] [stdout]     |                      ^^^^^^^^^^^^^^^ use of unresolved module or unlinked crate `kaalang_testing`
[INFO] [stdout]     |
[INFO] [stdout]     = help: if you wanted to use a crate named `kaalang_testing`, use `cargo add kaalang_testing` to add it to your `Cargo.toml`
[INFO] [stdout] 
[INFO] [stdout] 
[INFO] [stdout] error[E0433]: cannot find module or crate `kaalang_testing` in this scope
[INFO] [stdout]    --> src/compact.rs:427:22
[INFO] [stdout]     |
[INFO] [stdout] 427 |         let source = kaalang_testing::shapes::cycle_routes(&["repeat", "repeat", "leave"]);
[INFO] [stdout]     |                      ^^^^^^^^^^^^^^^ use of unresolved module or unlinked crate `kaalang_testing`
[INFO] [stdout]     |
[INFO] [stdout]     = help: if you wanted to use a crate named `kaalang_testing`, use `cargo add kaalang_testing` to add it to your `Cargo.toml`
[INFO] [stdout] 
[INFO] [stdout] 
[INFO] [stdout] error[E0433]: cannot find module or crate `kaalang_testing` in this scope
[INFO] [stdout]   --> tests/verifier.rs:18:30
[INFO] [stdout]    |
[INFO] [stdout] 18 |     kaalang_compiler::build(&kaalang_testing::corpus::flow_named(source, name))
[INFO] [stdout]    |                              ^^^^^^^^^^^^^^^ use of unresolved module or unlinked crate `kaalang_testing`
[INFO] [stdout]    |
[INFO] [stdout]    = help: if you wanted to use a crate named `kaalang_testing`, use `cargo add kaalang_testing` to add it to your `Cargo.toml`
[INFO] [stdout] 
[INFO] [stdout] 
[INFO] [stdout] error[E0433]: cannot find module or crate `kaalang_testing` in this scope
[INFO] [stdout]   --> tests/verifier.rs:72:18
[INFO] [stdout]    |
[INFO] [stdout] 72 |     let source = kaalang_testing::shapes::cycle_routes(&["repeat", "leave"]);
[INFO] [stdout]    |                  ^^^^^^^^^^^^^^^ use of unresolved module or unlinked crate `kaalang_testing`
[INFO] [stdout]    |
[INFO] [stdout]    = help: if you wanted to use a crate named `kaalang_testing`, use `cargo add kaalang_testing` to add it to your `Cargo.toml`
[INFO] [stdout] 
[INFO] [stdout] 
[INFO] [stdout] error[E0433]: cannot find module or crate `kaalang_testing` in this scope
[INFO] [stdout]   --> tests/verifier.rs:87:18
[INFO] [stdout]    |
[INFO] [stdout] 87 |     let source = kaalang_testing::shapes::cycle_routes(&["repeat", "leave"]);
[INFO] [stdout]    |                  ^^^^^^^^^^^^^^^ use of unresolved module or unlinked crate `kaalang_testing`
[INFO] [stdout]    |
[INFO] [stdout]    = help: if you wanted to use a crate named `kaalang_testing`, use `cargo add kaalang_testing` to add it to your `Cargo.toml`
[INFO] [stdout] 
[INFO] [stdout] 
[INFO] [stdout] For more information about this error, try `rustc --explain E0433`.
[INFO] [stdout] 
[INFO] [stderr] error: could not compile `kaalang-render` (test "verifier") due to 5 previous errors
[INFO] [stdout] For more information about this error, try `rustc --explain E0433`.
[INFO] [stdout] 
[INFO] [stderr] error: could not compile `kaalang-render` (lib test) due to 9 previous errors
[INFO] running `Command { std: "docker" "inspect" "a95a6dca5467339c8acbd46ea064112c8c06db6ee1022d76fdc7b0f73a83c036", kill_on_drop: false }`
[INFO] running `Command { std: "docker" "rm" "-f" "a95a6dca5467339c8acbd46ea064112c8c06db6ee1022d76fdc7b0f73a83c036", kill_on_drop: false }`
[INFO] [stdout] a95a6dca5467339c8acbd46ea064112c8c06db6ee1022d76fdc7b0f73a83c036
