[INFO] fetching crate juniper_iron 0.7.6...
[INFO] testing juniper_iron-0.7.6 against 1.99.0-beta.8+cargoflags=--release for beta-release-1.100-2
[INFO] extracting crate juniper_iron 0.7.6 into /workspace/builds/worker-1-tc1/source
[INFO] started tweaking crates.io crate juniper_iron 0.7.6
[INFO] finished tweaking crates.io crate juniper_iron 0.7.6
[INFO] tweaked toml for crates.io crate juniper_iron 0.7.6 written to /workspace/builds/worker-1-tc1/source/Cargo.toml
[INFO] validating manifest of crates.io crate juniper_iron 0.7.6 on toolchain 1.99.0-beta.8
[INFO] running `Command { std: CARGO_HOME="/workspace/cargo-home" RUSTUP_HOME="/workspace/rustup-home" "/workspace/cargo-home/bin/cargo" "+1.99.0-beta.8" "metadata" "--manifest-path" "Cargo.toml" "--no-deps", kill_on_drop: false }`
[INFO] crate crates.io crate juniper_iron 0.7.6 already has a lockfile, it will not be regenerated
[INFO] running `Command { std: CARGO_HOME="/workspace/cargo-home" RUSTUP_HOME="/workspace/rustup-home" "/workspace/cargo-home/bin/cargo" "+1.99.0-beta.8" "fetch" "--manifest-path" "Cargo.toml", kill_on_drop: false }`
[INFO] [stderr]     Updating crates.io index
[INFO] [stderr]  Downloading crates ...
[INFO] [stderr]   Downloaded urlencoded v0.6.0
[INFO] [stderr]   Downloaded bodyparser v0.8.0
[INFO] [stderr]   Downloaded libc v0.2.116
[INFO] [stderr]   Downloaded serde_json v1.0.78
[INFO] [stderr]   Downloaded indexmap v1.8.0
[INFO] [stderr]   Downloaded persistent v0.4.0
[INFO] [stderr]   Downloaded router v0.6.0
[INFO] [stderr]   Downloaded route-recognizer v0.1.13
[INFO] [stderr]   Downloaded mount v0.4.0
[INFO] [stderr]   Downloaded smartstring v0.2.9
[INFO] [stderr]   Downloaded logger v0.4.0
[INFO] [stderr]   Downloaded graphql-parser v0.3.0
[INFO] [stderr]   Downloaded sequence_trie v0.3.6
[INFO] [stderr]   Downloaded juniper_codegen v0.15.9
[INFO] [stderr]   Downloaded juniper v0.15.9
[INFO] [stderr]   Downloaded derive_utils v0.11.2
[INFO] [stderr]   Downloaded futures v0.3.19
[INFO] [stderr]   Downloaded futures-enum v0.1.17
[INFO] [stderr]   Downloaded futures-util v0.3.19
[INFO] [stderr]   Downloaded futures-sink v0.3.19
[INFO] [stderr]   Downloaded futures-macro v0.3.19
[INFO] [stderr]   Downloaded futures-io v0.3.19
[INFO] [stderr]   Downloaded futures-task v0.3.19
[INFO] [stderr]   Downloaded futures-executor v0.3.19
[INFO] [stderr]   Downloaded bson v1.2.4
[INFO] [stderr]   Downloaded futures-core v0.3.19
[INFO] [stderr]   Downloaded futures-channel v0.3.19
[INFO] [stderr]   Downloaded iron-test v0.6.0
[INFO] [stderr]   Downloaded async-trait v0.1.52
[INFO] [stderr]   Downloaded anyhow v1.0.53
[INFO] running `Command { std: "docker" "create" "-v" "/var/lib/crater-agent-workspace/builds/worker-1-tc1/source:/opt/rustwide/workdir:ro,Z" "-v" "/var/lib/crater-agent-workspace/builds/worker-1-tc1/target:/opt/rustwide/target:rw,Z" "-v" "/var/lib/crater-agent-workspace/cargo-home:/opt/rustwide/cargo-home:ro,Z" "-v" "/var/lib/crater-agent-workspace/rustup-home:/opt/rustwide/rustup-home:ro,Z" "-m" "1610612736" "--network" "none" "ghcr.io/rust-lang/crates-build-env/linux@sha256:77db811e55d90add9212f6832c23229e3de5f1c1f9905e8cb07319ea15df73ac" "sleep" "infinity", kill_on_drop: false }`
[INFO] [stdout] c405e0e3b3400694a21deecd7db19ba9bc6908031b31c50edb1e72ffb103d6b9
[INFO] running `Command { std: "docker" "start" "c405e0e3b3400694a21deecd7db19ba9bc6908031b31c50edb1e72ffb103d6b9", kill_on_drop: false }`
[INFO] running `Command { std: "docker" "inspect" "c405e0e3b3400694a21deecd7db19ba9bc6908031b31c50edb1e72ffb103d6b9", kill_on_drop: false }`
[INFO] running `Command { std: "docker" "exec" "-e" "SOURCE_DIR=/opt/rustwide/workdir" "-e" "CARGO_HOME=/opt/rustwide/cargo-home" "-e" "RUSTUP_HOME=/opt/rustwide/rustup-home" "-e" "CARGO_TARGET_DIR=/opt/rustwide/target" "-w" "/opt/rustwide/workdir" "--user" "0:0" "c405e0e3b3400694a21deecd7db19ba9bc6908031b31c50edb1e72ffb103d6b9" "/opt/rustwide/cargo-home/bin/cargo" "+1.99.0-beta.8" "metadata" "--no-deps" "--format-version=1", kill_on_drop: false }`
[INFO] running `Command { std: "docker" "inspect" "c405e0e3b3400694a21deecd7db19ba9bc6908031b31c50edb1e72ffb103d6b9", kill_on_drop: false }`
[INFO] running `Command { std: "docker" "exec" "-e" "SOURCE_DIR=/opt/rustwide/workdir" "-e" "CARGO_HOME=/opt/rustwide/cargo-home" "-e" "RUSTUP_HOME=/opt/rustwide/rustup-home" "-e" "CARGO_TARGET_DIR=/opt/rustwide/target" "-e" "CARGO_INCREMENTAL=0" "-e" "RUST_BACKTRACE=full" "-e" "RUSTFLAGS=--cap-lints=warn" "-e" "RUSTDOCFLAGS=--cap-lints=warn" "-w" "/opt/rustwide/workdir" "--user" "0:0" "c405e0e3b3400694a21deecd7db19ba9bc6908031b31c50edb1e72ffb103d6b9" "/opt/rustwide/cargo-home/bin/cargo" "+1.99.0-beta.8" "build" "--frozen" "--message-format=json" "--release", kill_on_drop: false }`
[INFO] [stderr]    Compiling proc-macro2 v1.0.36
[INFO] [stderr]    Compiling libc v0.2.116
[INFO] [stderr]    Compiling unicode-xid v0.2.2
[INFO] [stderr]    Compiling syn v1.0.86
[INFO] [stderr]    Compiling rand_core v0.4.2
[INFO] [stderr]    Compiling tinyvec_macros v0.1.0
[INFO] [stderr]    Compiling siphasher v0.2.3
[INFO] [stderr]    Compiling matches v0.1.9
[INFO] [stderr]    Compiling unicode-bidi v0.3.7
[INFO] [stderr]    Compiling log v0.4.14
[INFO] [stderr]    Compiling byteorder v1.4.3
[INFO] [stderr]    Compiling serde_derive v1.0.136
[INFO] [stderr]    Compiling rand v0.6.5
[INFO] [stderr]    Compiling unicase v1.4.2
[INFO] [stderr]    Compiling rand_chacha v0.1.1
[INFO] [stderr]    Compiling rand_pcg v0.1.2
[INFO] [stderr]    Compiling tinyvec v1.5.1
[INFO] [stderr]    Compiling version_check v0.9.4
[INFO] [stderr]    Compiling traitobject v0.1.0
[INFO] [stderr]    Compiling serde v1.0.136
[INFO] [stdout] error[E0119]: conflicting implementations of trait `Trait` for type `(dyn Send + Sync + 'static)`
[INFO] [stdout]   --> /opt/rustwide/cargo-home/registry/src/index.crates.io-1949cf8c6b5b557f/traitobject-0.1.0/src/impls.rs:72:1
[INFO] [stdout]    |
[INFO] [stdout] 71 | unsafe impl Trait for ::std::marker::Send + Sync { }
[INFO] [stdout]    | ------------------------------------------------ first implementation here
[INFO] [stdout] 72 | unsafe impl Trait for ::std::marker::Send + Send + Sync { }
[INFO] [stdout]    | ^^^^^^^^^^^^^^^^^^^^^^^^^^^^^^^^^^^^^^^^^^^^^^^^^^^^^^^ conflicting implementation for `(dyn Send + Sync + 'static)`
[INFO] [stdout] 
[INFO] [stdout] 
[INFO] [stdout] error[E0119]: conflicting implementations of trait `Trait` for type `(dyn Send + Sync + 'static)`
[INFO] [stdout]   --> /opt/rustwide/cargo-home/registry/src/index.crates.io-1949cf8c6b5b557f/traitobject-0.1.0/src/impls.rs:73:1
[INFO] [stdout]    |
[INFO] [stdout] 71 | unsafe impl Trait for ::std::marker::Send + Sync { }
[INFO] [stdout]    | ------------------------------------------------ first implementation here
[INFO] [stdout] 72 | unsafe impl Trait for ::std::marker::Send + Send + Sync { }
[INFO] [stdout] 73 | unsafe impl Trait for ::std::marker::Sync + Send { }
[INFO] [stdout]    | ^^^^^^^^^^^^^^^^^^^^^^^^^^^^^^^^^^^^^^^^^^^^^^^^ conflicting implementation for `(dyn Send + Sync + 'static)`
[INFO] [stdout] 
[INFO] [stdout] 
[INFO] [stdout] error[E0119]: conflicting implementations of trait `Trait` for type `(dyn Send + Sync + 'static)`
[INFO] [stdout]   --> /opt/rustwide/cargo-home/registry/src/index.crates.io-1949cf8c6b5b557f/traitobject-0.1.0/src/impls.rs:75:1
[INFO] [stdout]    |
[INFO] [stdout] 71 | unsafe impl Trait for ::std::marker::Send + Sync { }
[INFO] [stdout]    | ------------------------------------------------ first implementation here
[INFO] [stdout] ...
[INFO] [stdout] 75 | unsafe impl Trait for ::std::marker::Sync + Send + Sync { }
[INFO] [stdout]    | ^^^^^^^^^^^^^^^^^^^^^^^^^^^^^^^^^^^^^^^^^^^^^^^^^^^^^^^ conflicting implementation for `(dyn Send + Sync + 'static)`
[INFO] [stdout] 
[INFO] [stdout] 
[INFO] [stderr]    Compiling memchr v2.4.1
[INFO] [stderr]    Compiling rand_core v0.3.1
[INFO] [stderr]    Compiling phf_shared v0.7.24
[INFO] [stderr]    Compiling rand_jitter v0.1.4
[INFO] [stdout] For more information about this error, try `rustc --explain E0119`.
[INFO] [stdout] 
[INFO] [stderr] error: could not compile `traitobject` (lib) due to 3 previous errors
[INFO] [stderr] warning: build failed, waiting for other jobs to finish...
[INFO] running `Command { std: "docker" "inspect" "c405e0e3b3400694a21deecd7db19ba9bc6908031b31c50edb1e72ffb103d6b9", kill_on_drop: false }`
[INFO] running `Command { std: "docker" "rm" "-f" "c405e0e3b3400694a21deecd7db19ba9bc6908031b31c50edb1e72ffb103d6b9", kill_on_drop: false }`
[INFO] [stdout] c405e0e3b3400694a21deecd7db19ba9bc6908031b31c50edb1e72ffb103d6b9
