[INFO] fetching crate jtag 0.0.3...
[INFO] testing jtag-0.0.3 against 1.100.0-beta.1+cargoflags=--release for beta-release-1.100-2
[INFO] extracting crate jtag 0.0.3 into /workspace/builds/worker-7-tc2/source
[INFO] started tweaking crates.io crate jtag 0.0.3
[INFO] finished tweaking crates.io crate jtag 0.0.3
[INFO] tweaked toml for crates.io crate jtag 0.0.3 written to /workspace/builds/worker-7-tc2/source/Cargo.toml
[INFO] validating manifest of crates.io crate jtag 0.0.3 on toolchain 1.100.0-beta.1
[INFO] running `Command { std: CARGO_HOME="/workspace/cargo-home" RUSTUP_HOME="/workspace/rustup-home" "/workspace/cargo-home/bin/cargo" "+1.100.0-beta.1" "metadata" "--manifest-path" "Cargo.toml" "--no-deps", kill_on_drop: false }`
[INFO] crate crates.io crate jtag 0.0.3 already has a lockfile, it will not be regenerated
[INFO] running `Command { std: CARGO_HOME="/workspace/cargo-home" RUSTUP_HOME="/workspace/rustup-home" "/workspace/cargo-home/bin/cargo" "+1.100.0-beta.1" "fetch" "--manifest-path" "Cargo.toml", kill_on_drop: false }`
[INFO] running `Command { std: "docker" "create" "-v" "/var/lib/crater-agent-workspace/builds/worker-7-tc2/source:/opt/rustwide/workdir:ro,Z" "-v" "/var/lib/crater-agent-workspace/builds/worker-7-tc2/target:/opt/rustwide/target:rw,Z" "-v" "/var/lib/crater-agent-workspace/cargo-home:/opt/rustwide/cargo-home:ro,Z" "-v" "/var/lib/crater-agent-workspace/rustup-home:/opt/rustwide/rustup-home:ro,Z" "-m" "1610612736" "--network" "none" "ghcr.io/rust-lang/crates-build-env/linux@sha256:77db811e55d90add9212f6832c23229e3de5f1c1f9905e8cb07319ea15df73ac" "sleep" "infinity", kill_on_drop: false }`
[INFO] [stdout] 68c159577fb7e6698b9ce1736d737ea788cc42a4ff806037e1e3852ded980778
[INFO] running `Command { std: "docker" "start" "68c159577fb7e6698b9ce1736d737ea788cc42a4ff806037e1e3852ded980778", kill_on_drop: false }`
[INFO] running `Command { std: "docker" "inspect" "68c159577fb7e6698b9ce1736d737ea788cc42a4ff806037e1e3852ded980778", kill_on_drop: false }`
[INFO] running `Command { std: "docker" "exec" "-e" "SOURCE_DIR=/opt/rustwide/workdir" "-e" "CARGO_HOME=/opt/rustwide/cargo-home" "-e" "RUSTUP_HOME=/opt/rustwide/rustup-home" "-e" "CARGO_TARGET_DIR=/opt/rustwide/target" "-w" "/opt/rustwide/workdir" "--user" "0:0" "68c159577fb7e6698b9ce1736d737ea788cc42a4ff806037e1e3852ded980778" "/opt/rustwide/cargo-home/bin/cargo" "+1.100.0-beta.1" "metadata" "--no-deps" "--format-version=1", kill_on_drop: false }`
[INFO] running `Command { std: "docker" "inspect" "68c159577fb7e6698b9ce1736d737ea788cc42a4ff806037e1e3852ded980778", kill_on_drop: false }`
[INFO] running `Command { std: "docker" "exec" "-e" "SOURCE_DIR=/opt/rustwide/workdir" "-e" "CARGO_HOME=/opt/rustwide/cargo-home" "-e" "RUSTUP_HOME=/opt/rustwide/rustup-home" "-e" "CARGO_TARGET_DIR=/opt/rustwide/target" "-e" "CARGO_INCREMENTAL=0" "-e" "RUST_BACKTRACE=full" "-e" "RUSTFLAGS=--cap-lints=warn" "-e" "RUSTDOCFLAGS=--cap-lints=warn" "-w" "/opt/rustwide/workdir" "--user" "0:0" "68c159577fb7e6698b9ce1736d737ea788cc42a4ff806037e1e3852ded980778" "/opt/rustwide/cargo-home/bin/cargo" "+1.100.0-beta.1" "build" "--frozen" "--message-format=json" "--release", kill_on_drop: false }`
[INFO] [stderr]    Compiling pkg-config v0.3.24
[INFO] [stderr]    Compiling proc-macro2 v1.0.36
[INFO] [stderr]    Compiling libc v0.2.116
[INFO] [stderr]    Compiling unicode-xid v0.2.2
[INFO] [stderr]    Compiling cc v1.0.72
[INFO] [stderr]    Compiling syn v1.0.86
[INFO] [stderr]    Compiling radium v0.7.0
[INFO] [stderr]    Compiling tap v1.0.1
[INFO] [stderr]    Compiling rusb v0.9.0
[INFO] [stderr]    Compiling funty v2.0.0
[INFO] [stderr]    Compiling ftdi-mpsse v0.1.1
[INFO] [stderr]    Compiling wyz v0.5.0
[INFO] [stderr]    Compiling libftdi1-sys v1.1.1
[INFO] [stderr]    Compiling quote v1.0.15
[INFO] [stderr]    Compiling bitvec v1.0.0
[INFO] [stderr]    Compiling libusb1-sys v0.6.0
[INFO] [stderr]    Compiling thiserror-impl v1.0.30
[INFO] [stderr]    Compiling thiserror v1.0.30
[INFO] [stderr]    Compiling ftdi v0.1.3
[INFO] [stderr]    Compiling jtag v0.0.3 (/opt/rustwide/workdir)
[INFO] [stdout] error: linking with `cc` failed: exit status: 1
[INFO] [stdout]   |
[INFO] [stdout]   = note:  "cc" "-m64" "/opt/rustwide/target/release/build/jtag/79a40cdfe3d99f89/out/rustclSnyZG/symbols.o" "<4 object files omitted>" "-Wl,--as-needed" "-Wl,-Bstatic" "/opt/rustwide/target/release/build/jtag/23b071a4726153c6/out/libjtag-23b071a4726153c6.rlib" "/opt/rustwide/target/release/build/ftdi/446daffa72219580/out/libftdi-446daffa72219580.rlib" "/opt/rustwide/target/release/build/thiserror/ae8635866feaf0a0/out/libthiserror-ae8635866feaf0a0.rlib" "/opt/rustwide/target/release/build/libftdi1-sys/44d4f89896a2b076/out/liblibftdi1_sys-44d4f89896a2b076.rlib" "/opt/rustwide/target/release/build/cfg-if/193575a6b29a3ab9/out/libcfg_if-193575a6b29a3ab9.rlib" "/opt/rustwide/target/release/build/rusb/36a47ad4c28f0f83/out/librusb-36a47ad4c28f0f83.rlib" "/opt/rustwide/target/release/build/libusb1-sys/4903982d76800ab6/out/liblibusb1_sys-4903982d76800ab6.rlib" "/opt/rustwide/target/release/build/libc/9b77e4cca8f5df47/out/liblibc-9b77e4cca8f5df47.rlib" "/opt/rustwide/target/release/build/ftdi-mpsse/69216e3cd6a5d014/out/libftdi_mpsse-69216e3cd6a5d014.rlib" "/opt/rustwide/target/release/build/static_assertions/306fc8cfb43dc741/out/libstatic_assertions-306fc8cfb43dc741.rlib" "/opt/rustwide/target/release/build/bitvec/e8be28d0b76cdb9d/out/libbitvec-e8be28d0b76cdb9d.rlib" "/opt/rustwide/target/release/build/wyz/1fb7ff9ef689a64e/out/libwyz-1fb7ff9ef689a64e.rlib" "/opt/rustwide/target/release/build/tap/7464eb1882ed8230/out/libtap-7464eb1882ed8230.rlib" "/opt/rustwide/target/release/build/radium/fb962fc5ee6323be/out/libradium-fb962fc5ee6323be.rlib" "/opt/rustwide/target/release/build/funty/e4403ecf8fc5ac9a/out/libfunty-e4403ecf8fc5ac9a.rlib" "<sysroot>/lib/rustlib/x86_64-unknown-linux-gnu/lib/{libstd-*,libpanic_unwind-*,libobject-*,libmemchr-*,libaddr2line-*,libgimli-*,libcfg_if-*,librustc_demangle-*,libstd_detect-*,libhashbrown-*,librustc_std_workspace_alloc-*,libminiz_oxide-*,libadler2-*,libunwind-*,liblibc-*,librustc_std_workspace_core-*,liballoc-*,libcore-*,libcompiler_builtins-*}.rlib" "-Wl,-Bdynamic" "-lftdi1" "-lusb-1.0" "-lgcc_s" "-lutil" "-lrt" "-lpthread" "-lm" "-ldl" "-lc" "-L" "/opt/rustwide/target/release/build/jtag/79a40cdfe3d99f89/out/rustclSnyZG/raw-dylibs" "-B<sysroot>/lib/rustlib/x86_64-unknown-linux-gnu/bin/gcc-ld" "-fuse-ld=lld" "-Wl,--eh-frame-hdr" "-Wl,-z,noexecstack" "-L" "/usr/lib/x86_64-linux-gnu" "-L" "<sysroot>/lib/rustlib/x86_64-unknown-linux-gnu/lib" "-o" "/opt/rustwide/target/release/build/jtag/79a40cdfe3d99f89/out/cuterunner_test" "-Wl,--gc-sections" "-pie" "-Wl,-z,relro,-z,now" "-Wl,-O1" "-Wl,--strip-debug" "-nodefaultlibs"
[INFO] [stdout]   = note: some arguments are omitted. use `--verbose` to show all linker arguments
[INFO] [stdout]   = note: rust-lld: error: unable to find library -lftdi1
[INFO] [stdout]           collect2: error: ld returned 1 exit status
[INFO] [stdout]           
[INFO] [stdout] 
[INFO] [stdout] 
[INFO] [stderr] error: could not compile `jtag` (bin "cuterunner-test") due to 1 previous error
[INFO] [stderr] warning: build failed, waiting for other jobs to finish...
[INFO] [stdout] error: linking with `cc` failed: exit status: 1
[INFO] [stdout]   |
[INFO] [stdout]   = note:  "cc" "-m64" "/opt/rustwide/target/release/build/jtag/764864f60cbf5756/out/rustcreOSHv/symbols.o" "<4 object files omitted>" "-Wl,--as-needed" "-Wl,-Bstatic" "/opt/rustwide/target/release/build/jtag/23b071a4726153c6/out/libjtag-23b071a4726153c6.rlib" "/opt/rustwide/target/release/build/ftdi/446daffa72219580/out/libftdi-446daffa72219580.rlib" "/opt/rustwide/target/release/build/thiserror/ae8635866feaf0a0/out/libthiserror-ae8635866feaf0a0.rlib" "/opt/rustwide/target/release/build/libftdi1-sys/44d4f89896a2b076/out/liblibftdi1_sys-44d4f89896a2b076.rlib" "/opt/rustwide/target/release/build/cfg-if/193575a6b29a3ab9/out/libcfg_if-193575a6b29a3ab9.rlib" "/opt/rustwide/target/release/build/rusb/36a47ad4c28f0f83/out/librusb-36a47ad4c28f0f83.rlib" "/opt/rustwide/target/release/build/libusb1-sys/4903982d76800ab6/out/liblibusb1_sys-4903982d76800ab6.rlib" "/opt/rustwide/target/release/build/libc/9b77e4cca8f5df47/out/liblibc-9b77e4cca8f5df47.rlib" "/opt/rustwide/target/release/build/ftdi-mpsse/69216e3cd6a5d014/out/libftdi_mpsse-69216e3cd6a5d014.rlib" "/opt/rustwide/target/release/build/static_assertions/306fc8cfb43dc741/out/libstatic_assertions-306fc8cfb43dc741.rlib" "/opt/rustwide/target/release/build/bitvec/e8be28d0b76cdb9d/out/libbitvec-e8be28d0b76cdb9d.rlib" "/opt/rustwide/target/release/build/wyz/1fb7ff9ef689a64e/out/libwyz-1fb7ff9ef689a64e.rlib" "/opt/rustwide/target/release/build/tap/7464eb1882ed8230/out/libtap-7464eb1882ed8230.rlib" "/opt/rustwide/target/release/build/radium/fb962fc5ee6323be/out/libradium-fb962fc5ee6323be.rlib" "/opt/rustwide/target/release/build/funty/e4403ecf8fc5ac9a/out/libfunty-e4403ecf8fc5ac9a.rlib" "<sysroot>/lib/rustlib/x86_64-unknown-linux-gnu/lib/{libstd-*,libpanic_unwind-*,libobject-*,libmemchr-*,libaddr2line-*,libgimli-*,libcfg_if-*,librustc_demangle-*,libstd_detect-*,libhashbrown-*,librustc_std_workspace_alloc-*,libminiz_oxide-*,libadler2-*,libunwind-*,liblibc-*,librustc_std_workspace_core-*,liballoc-*,libcore-*,libcompiler_builtins-*}.rlib" "-Wl,-Bdynamic" "-lftdi1" "-lusb-1.0" "-lgcc_s" "-lutil" "-lrt" "-lpthread" "-lm" "-ldl" "-lc" "-L" "/opt/rustwide/target/release/build/jtag/764864f60cbf5756/out/rustcreOSHv/raw-dylibs" "-B<sysroot>/lib/rustlib/x86_64-unknown-linux-gnu/bin/gcc-ld" "-fuse-ld=lld" "-Wl,--eh-frame-hdr" "-Wl,-z,noexecstack" "-L" "/usr/lib/x86_64-linux-gnu" "-L" "<sysroot>/lib/rustlib/x86_64-unknown-linux-gnu/lib" "-o" "/opt/rustwide/target/release/build/jtag/764864f60cbf5756/out/zoidberg_coolrunner_test" "-Wl,--gc-sections" "-pie" "-Wl,-z,relro,-z,now" "-Wl,-O1" "-Wl,--strip-debug" "-nodefaultlibs"
[INFO] [stdout]   = note: some arguments are omitted. use `--verbose` to show all linker arguments
[INFO] [stdout]   = note: rust-lld: error: unable to find library -lftdi1
[INFO] [stdout]           collect2: error: ld returned 1 exit status
[INFO] [stdout]           
[INFO] [stdout] 
[INFO] [stdout] 
[INFO] [stderr] error: could not compile `jtag` (bin "zoidberg-coolrunner-test") due to 1 previous error
[INFO] running `Command { std: "docker" "inspect" "68c159577fb7e6698b9ce1736d737ea788cc42a4ff806037e1e3852ded980778", kill_on_drop: false }`
[INFO] running `Command { std: "docker" "rm" "-f" "68c159577fb7e6698b9ce1736d737ea788cc42a4ff806037e1e3852ded980778", kill_on_drop: false }`
[INFO] [stdout] 68c159577fb7e6698b9ce1736d737ea788cc42a4ff806037e1e3852ded980778
