[INFO] fetching crate jsph-tg-arceos-tutorial-exercise-printcolor 0.4.1...
[INFO] testing jsph-tg-arceos-tutorial-exercise-printcolor-0.4.1 against 1.99.0-beta.8+cargoflags=--release for beta-release-1.100-2
[INFO] extracting crate jsph-tg-arceos-tutorial-exercise-printcolor 0.4.1 into /workspace/builds/worker-0-tc1/source
[INFO] removed /workspace/builds/worker-0-tc1/source/.cargo/config.toml
[INFO] removed /workspace/builds/worker-0-tc1/source/rust-toolchain.toml
[INFO] started tweaking crates.io crate jsph-tg-arceos-tutorial-exercise-printcolor 0.4.1
[INFO] finished tweaking crates.io crate jsph-tg-arceos-tutorial-exercise-printcolor 0.4.1
[INFO] tweaked toml for crates.io crate jsph-tg-arceos-tutorial-exercise-printcolor 0.4.1 written to /workspace/builds/worker-0-tc1/source/Cargo.toml
[INFO] validating manifest of crates.io crate jsph-tg-arceos-tutorial-exercise-printcolor 0.4.1 on toolchain 1.99.0-beta.8
[INFO] running `Command { std: CARGO_HOME="/workspace/cargo-home" RUSTUP_HOME="/workspace/rustup-home" "/workspace/cargo-home/bin/cargo" "+1.99.0-beta.8" "metadata" "--manifest-path" "Cargo.toml" "--no-deps", kill_on_drop: false }`
[INFO] crate crates.io crate jsph-tg-arceos-tutorial-exercise-printcolor 0.4.1 already has a lockfile, it will not be regenerated
[INFO] running `Command { std: CARGO_HOME="/workspace/cargo-home" RUSTUP_HOME="/workspace/rustup-home" "/workspace/cargo-home/bin/cargo" "+1.99.0-beta.8" "fetch" "--manifest-path" "Cargo.toml", kill_on_drop: false }`
[INFO] [stderr]     Updating crates.io index
[INFO] [stderr]  Downloading crates ...
[INFO] [stderr]   Downloaded axstd v0.3.0-preview.1
[INFO] [stderr]   Downloaded lazyinit v0.2.2
[INFO] [stderr]   Downloaded kspin v0.1.1
[INFO] [stderr]   Downloaded kernel_guard v0.1.3
[INFO] [stderr]   Downloaded crate_interface v0.1.4
[INFO] [stderr]   Downloaded percpu_macros v0.2.3
[INFO] [stderr]   Downloaded aarch64-cpu v11.2.0
[INFO] [stderr]   Downloaded int_ratio v0.1.2
[INFO] [stderr]   Downloaded axconfig-macros v0.2.1
[INFO] [stderr]   Downloaded axplat-aarch64-qemu-virt v0.3.1-pre.5
[INFO] [stderr]   Downloaded bit v0.1.1
[INFO] [stderr]   Downloaded axplat v0.3.1-pre.5
[INFO] [stderr]   Downloaded volatile v0.4.6
[INFO] [stderr]   Downloaded uart_16550 v0.4.0
[INFO] [stderr]   Downloaded axconfig v0.3.0-preview.1
[INFO] [stderr]   Downloaded memory_addr v0.4.1
[INFO] [stderr]   Downloaded axplat-x86-pc v0.3.1-pre.5
[INFO] [stderr]   Downloaded x2apic v0.5.0
[INFO] [stderr]   Downloaded riscv-macros v0.4.0
[INFO] [stderr]   Downloaded page_table_entry v0.6.1
[INFO] [stderr]   Downloaded axconfig-gen v0.2.1
[INFO] [stderr]   Downloaded ctor_bare_macros v0.2.1
[INFO] [stderr]   Downloaded axlog v0.3.0-preview.1
[INFO] [stderr]   Downloaded page_table_multiarch v0.6.1
[INFO] [stderr]   Downloaded axplat-riscv64-qemu-virt v0.3.1-pre.5
[INFO] [stderr]   Downloaded arm_pl011 v0.1.0
[INFO] [stderr]   Downloaded axplat-macros v0.1.0
[INFO] [stderr]   Downloaded riscv-types v0.1.0
[INFO] [stderr]   Downloaded axbacktrace v0.1.1
[INFO] [stderr]   Downloaded fdt-parser v0.4.18
[INFO] [stderr]   Downloaded multiboot v0.8.0
[INFO] [stderr]   Downloaded axplat-aarch64-peripherals v0.3.1-pre.5
[INFO] [stderr]   Downloaded arm_pl031 v0.2.1
[INFO] [stderr]   Downloaded axsync v0.3.0-preview.1
[INFO] [stderr]   Downloaded axerrno v0.2.2
[INFO] [stderr]   Downloaded ctor_bare v0.2.1
[INFO] [stderr]   Downloaded percpu v0.2.3
[INFO] [stderr]   Downloaded sbi-spec v0.0.7
[INFO] [stderr]   Downloaded axplat-loongarch64-qemu-virt v0.3.1-pre.5
[INFO] [stderr]   Downloaded tock-registers v0.8.1
[INFO] [stderr]   Downloaded axtask v0.3.0-preview.1
[INFO] [stderr]   Downloaded axfeat v0.3.0-preview.1
[INFO] [stderr]   Downloaded axhal v0.3.0-preview.1
[INFO] [stderr]   Downloaded tock-registers v0.10.1
[INFO] [stderr]   Downloaded crate_interface v0.3.0
[INFO] [stderr]   Downloaded axruntime v0.3.0-preview.1
[INFO] [stderr]   Downloaded axcpu v0.3.0-preview.6
[INFO] [stderr]   Downloaded riscv v0.16.0
[INFO] [stderr]   Downloaded sbi-rt v0.0.3
[INFO] [stderr]   Downloaded arceos_api v0.3.0-preview.1
[INFO] [stderr]   Downloaded axio v0.3.0-pre.1
[INFO] [stderr]   Downloaded arm-gic-driver v0.16.4
[INFO] [stderr]   Downloaded const-str v1.1.0
[INFO] [stderr]   Downloaded loongArch64 v0.2.5
[INFO] [stderr]   Downloaded x86_64 v0.15.4
[INFO] [stderr]   Downloaded heapless v0.9.2
[INFO] running `Command { std: "docker" "create" "-v" "/var/lib/crater-agent-workspace/builds/worker-0-tc1/source:/opt/rustwide/workdir:ro,Z" "-v" "/var/lib/crater-agent-workspace/builds/worker-0-tc1/target:/opt/rustwide/target:rw,Z" "-v" "/var/lib/crater-agent-workspace/cargo-home:/opt/rustwide/cargo-home:ro,Z" "-v" "/var/lib/crater-agent-workspace/rustup-home:/opt/rustwide/rustup-home:ro,Z" "-m" "1610612736" "--network" "none" "ghcr.io/rust-lang/crates-build-env/linux@sha256:77db811e55d90add9212f6832c23229e3de5f1c1f9905e8cb07319ea15df73ac" "sleep" "infinity", kill_on_drop: false }`
[INFO] [stdout] 348063b9892b8e48eb0c157329bbda7528d4975165c0a064f708fb2bf280e4bf
[INFO] running `Command { std: "docker" "start" "348063b9892b8e48eb0c157329bbda7528d4975165c0a064f708fb2bf280e4bf", kill_on_drop: false }`
[INFO] running `Command { std: "docker" "inspect" "348063b9892b8e48eb0c157329bbda7528d4975165c0a064f708fb2bf280e4bf", kill_on_drop: false }`
[INFO] running `Command { std: "docker" "exec" "-e" "SOURCE_DIR=/opt/rustwide/workdir" "-e" "CARGO_HOME=/opt/rustwide/cargo-home" "-e" "RUSTUP_HOME=/opt/rustwide/rustup-home" "-e" "CARGO_TARGET_DIR=/opt/rustwide/target" "-w" "/opt/rustwide/workdir" "--user" "0:0" "348063b9892b8e48eb0c157329bbda7528d4975165c0a064f708fb2bf280e4bf" "/opt/rustwide/cargo-home/bin/cargo" "+1.99.0-beta.8" "metadata" "--no-deps" "--format-version=1", kill_on_drop: false }`
[INFO] running `Command { std: "docker" "inspect" "348063b9892b8e48eb0c157329bbda7528d4975165c0a064f708fb2bf280e4bf", kill_on_drop: false }`
[INFO] running `Command { std: "docker" "exec" "-e" "SOURCE_DIR=/opt/rustwide/workdir" "-e" "CARGO_HOME=/opt/rustwide/cargo-home" "-e" "RUSTUP_HOME=/opt/rustwide/rustup-home" "-e" "CARGO_TARGET_DIR=/opt/rustwide/target" "-e" "CARGO_INCREMENTAL=0" "-e" "RUST_BACKTRACE=full" "-e" "RUSTFLAGS=--cap-lints=warn" "-e" "RUSTDOCFLAGS=--cap-lints=warn" "-w" "/opt/rustwide/workdir" "--user" "0:0" "348063b9892b8e48eb0c157329bbda7528d4975165c0a064f708fb2bf280e4bf" "/opt/rustwide/cargo-home/bin/cargo" "+1.99.0-beta.8" "build" "--frozen" "--message-format=json" "--release", kill_on_drop: false }`
[INFO] [stderr]    Compiling utf8parse v0.2.2
[INFO] [stderr]    Compiling anstyle-query v1.1.5
[INFO] [stderr]    Compiling anstyle v1.0.13
[INFO] [stderr]    Compiling is_terminal_polyfill v1.70.2
[INFO] [stderr]    Compiling colorchoice v1.0.4
[INFO] [stderr]    Compiling clap_lex v1.0.0
[INFO] [stderr]    Compiling bit_field v0.10.3
[INFO] [stderr]    Compiling winnow v0.7.14
[INFO] [stderr]    Compiling bitflags v2.11.0
[INFO] [stderr]    Compiling toml_datetime v0.6.11
[INFO] [stderr]    Compiling syn v2.0.117
[INFO] [stderr]    Compiling indexmap v2.13.0
[INFO] [stderr]    Compiling x86 v0.52.0
[INFO] [stderr]    Compiling raw-cpuid v10.7.0
[INFO] [stderr]    Compiling const_fn v0.4.12
[INFO] [stderr]    Compiling axconfig v0.3.0-preview.1
[INFO] [stderr]    Compiling spin v0.10.0
[INFO] [stderr]    Compiling anstyle-parse v0.2.7
[INFO] [stderr]    Compiling percpu v0.2.3
[INFO] [stderr]    Compiling linkme-impl v0.3.35
[INFO] [stderr]    Compiling volatile v0.4.6
[INFO] [stderr]    Compiling heapless v0.9.2
[INFO] [stderr]    Compiling linkme v0.3.35
[INFO] [stderr]    Compiling memory_addr v0.4.1
[INFO] [stderr]    Compiling lazyinit v0.2.2
[INFO] [stderr]    Compiling anstream v0.6.21
[INFO] [stderr]    Compiling axplat-x86-pc v0.3.1-pre.5
[INFO] [stderr]    Compiling const-str v1.1.0
[INFO] [stderr]    Compiling bit v0.1.1
[INFO] [stderr]    Compiling axerrno v0.2.2
[INFO] [stderr]    Compiling multiboot v0.8.0
[INFO] [stderr]    Compiling raw-cpuid v11.6.0
[INFO] [stderr]    Compiling int_ratio v0.1.2
[INFO] [stderr]    Compiling crossbeam-utils v0.8.21
[INFO] [stderr]    Compiling clap_builder v4.5.60
[INFO] [stderr]    Compiling axbacktrace v0.1.1
[INFO] [stderr]    Compiling fdt-parser v0.4.18
[INFO] [stderr]    Compiling chrono v0.4.44
[INFO] [stderr]    Compiling axio v0.3.0-pre.1
[INFO] [stderr]    Compiling indoc v2.0.7
[INFO] [stderr]    Compiling memchr v2.8.0
[INFO] [stderr]    Compiling jsph-tg-arceos-tutorial-exercise-printcolor v0.4.1 (/opt/rustwide/workdir)
[INFO] [stderr]    Compiling x86_64 v0.15.4
[INFO] [stdout] error[E0554]: `#![feature]` may not be used on the beta release channel
[INFO] [stdout]  --> /opt/rustwide/cargo-home/registry/src/index.crates.io-1949cf8c6b5b557f/x86_64-0.15.4/src/lib.rs:5:44
[INFO] [stdout]   |
[INFO] [stdout] 5 | #![cfg_attr(feature = "abi_x86_interrupt", feature(abi_x86_interrupt))]
[INFO] [stdout]   |                                            ^^^^^^^^^^^^^^^^^^^^^^^^^^
[INFO] [stdout] 
[INFO] [stdout] 
[INFO] [stderr]    Compiling concurrent-queue v2.5.0
[INFO] [stdout] error[E0046]: not all trait items implemented, missing: `forward_overflowing`, `backward_overflowing`
[INFO] [stdout]    --> /opt/rustwide/cargo-home/registry/src/index.crates.io-1949cf8c6b5b557f/x86_64-0.15.4/src/addr.rs:474:1
[INFO] [stdout]     |
[INFO] [stdout] 474 | impl Step for VirtAddr {
[INFO] [stdout]     | ^^^^^^^^^^^^^^^^^^^^^^ missing `forward_overflowing`, `backward_overflowing` in implementation
[INFO] [stdout]     |
[INFO] [stdout]     = help: implement the missing item: `fn forward_overflowing(_: Self, _: usize) -> (Self, bool) { todo!() }`
[INFO] [stdout]     = help: implement the missing item: `fn backward_overflowing(_: Self, _: usize) -> (Self, bool) { todo!() }`
[INFO] [stdout] 
[INFO] [stdout] 
[INFO] [stderr]    Compiling event-listener v5.4.1
[INFO] [stdout] error[E0046]: not all trait items implemented, missing: `forward_overflowing`, `backward_overflowing`
[INFO] [stdout]    --> /opt/rustwide/cargo-home/registry/src/index.crates.io-1949cf8c6b5b557f/x86_64-0.15.4/src/structures/paging/page.rs:306:1
[INFO] [stdout]     |
[INFO] [stdout] 306 | impl<S: PageSize> Step for Page<S> {
[INFO] [stdout]     | ^^^^^^^^^^^^^^^^^^^^^^^^^^^^^^^^^^ missing `forward_overflowing`, `backward_overflowing` in implementation
[INFO] [stdout]     |
[INFO] [stdout]     = help: implement the missing item: `fn forward_overflowing(_: Self, _: usize) -> (Self, bool) { todo!() }`
[INFO] [stdout]     = help: implement the missing item: `fn backward_overflowing(_: Self, _: usize) -> (Self, bool) { todo!() }`
[INFO] [stdout] 
[INFO] [stdout] 
[INFO] [stdout] error[E0046]: not all trait items implemented, missing: `forward_overflowing`, `backward_overflowing`
[INFO] [stdout]    --> /opt/rustwide/cargo-home/registry/src/index.crates.io-1949cf8c6b5b557f/x86_64-0.15.4/src/structures/paging/page_table.rs:374:1
[INFO] [stdout]     |
[INFO] [stdout] 374 | impl Step for PageTableIndex {
[INFO] [stdout]     | ^^^^^^^^^^^^^^^^^^^^^^^^^^^^ missing `forward_overflowing`, `backward_overflowing` in implementation
[INFO] [stdout]     |
[INFO] [stdout]     = help: implement the missing item: `fn forward_overflowing(_: Self, _: usize) -> (Self, bool) { todo!() }`
[INFO] [stdout]     = help: implement the missing item: `fn backward_overflowing(_: Self, _: usize) -> (Self, bool) { todo!() }`
[INFO] [stdout] 
[INFO] [stdout] 
[INFO] [stderr]    Compiling uart_16550 v0.4.0
[INFO] [stdout] Some errors have detailed explanations: E0046, E0554.
[INFO] [stdout] 
[INFO] [stdout] For more information about an error, try `rustc --explain E0046`.
[INFO] [stdout] 
[INFO] [stderr] error: could not compile `x86_64` (lib) due to 4 previous errors
[INFO] [stderr] warning: build failed, waiting for other jobs to finish...
[INFO] running `Command { std: "docker" "inspect" "348063b9892b8e48eb0c157329bbda7528d4975165c0a064f708fb2bf280e4bf", kill_on_drop: false }`
[INFO] running `Command { std: "docker" "rm" "-f" "348063b9892b8e48eb0c157329bbda7528d4975165c0a064f708fb2bf280e4bf", kill_on_drop: false }`
[INFO] [stdout] 348063b9892b8e48eb0c157329bbda7528d4975165c0a064f708fb2bf280e4bf
