[INFO] fetching crate jsonrpseex-http-client 0.25.2...
[INFO] testing jsonrpseex-http-client-0.25.2 against 1.100.0-beta.1+cargoflags=--release for beta-release-1.100-2
[INFO] extracting crate jsonrpseex-http-client 0.25.2 into /workspace/builds/worker-7-tc2/source
[INFO] started tweaking crates.io crate jsonrpseex-http-client 0.25.2
[INFO] finished tweaking crates.io crate jsonrpseex-http-client 0.25.2
[INFO] tweaked toml for crates.io crate jsonrpseex-http-client 0.25.2 written to /workspace/builds/worker-7-tc2/source/Cargo.toml
[INFO] validating manifest of crates.io crate jsonrpseex-http-client 0.25.2 on toolchain 1.100.0-beta.1
[INFO] running `Command { std: CARGO_HOME="/workspace/cargo-home" RUSTUP_HOME="/workspace/rustup-home" "/workspace/cargo-home/bin/cargo" "+1.100.0-beta.1" "metadata" "--manifest-path" "Cargo.toml" "--no-deps", kill_on_drop: false }`
[INFO] crate crates.io crate jsonrpseex-http-client 0.25.2 already has a lockfile, it will not be regenerated
[INFO] running `Command { std: CARGO_HOME="/workspace/cargo-home" RUSTUP_HOME="/workspace/rustup-home" "/workspace/cargo-home/bin/cargo" "+1.100.0-beta.1" "fetch" "--manifest-path" "Cargo.toml", kill_on_drop: false }`
[INFO] running `Command { std: "docker" "create" "-v" "/var/lib/crater-agent-workspace/builds/worker-7-tc2/source:/opt/rustwide/workdir:ro,Z" "-v" "/var/lib/crater-agent-workspace/builds/worker-7-tc2/target:/opt/rustwide/target:rw,Z" "-v" "/var/lib/crater-agent-workspace/cargo-home:/opt/rustwide/cargo-home:ro,Z" "-v" "/var/lib/crater-agent-workspace/rustup-home:/opt/rustwide/rustup-home:ro,Z" "-m" "1610612736" "--network" "none" "ghcr.io/rust-lang/crates-build-env/linux@sha256:77db811e55d90add9212f6832c23229e3de5f1c1f9905e8cb07319ea15df73ac" "sleep" "infinity", kill_on_drop: false }`
[INFO] [stdout] 44de8f8b64af48f6f6c32c609e68769ebc8981b9a3b4b213855e6664bf4b6c5b
[INFO] running `Command { std: "docker" "start" "44de8f8b64af48f6f6c32c609e68769ebc8981b9a3b4b213855e6664bf4b6c5b", kill_on_drop: false }`
[INFO] running `Command { std: "docker" "inspect" "44de8f8b64af48f6f6c32c609e68769ebc8981b9a3b4b213855e6664bf4b6c5b", kill_on_drop: false }`
[INFO] running `Command { std: "docker" "exec" "-e" "SOURCE_DIR=/opt/rustwide/workdir" "-e" "CARGO_HOME=/opt/rustwide/cargo-home" "-e" "RUSTUP_HOME=/opt/rustwide/rustup-home" "-e" "CARGO_TARGET_DIR=/opt/rustwide/target" "-w" "/opt/rustwide/workdir" "--user" "0:0" "44de8f8b64af48f6f6c32c609e68769ebc8981b9a3b4b213855e6664bf4b6c5b" "/opt/rustwide/cargo-home/bin/cargo" "+1.100.0-beta.1" "metadata" "--no-deps" "--format-version=1", kill_on_drop: false }`
[INFO] running `Command { std: "docker" "inspect" "44de8f8b64af48f6f6c32c609e68769ebc8981b9a3b4b213855e6664bf4b6c5b", kill_on_drop: false }`
[INFO] running `Command { std: "docker" "exec" "-e" "SOURCE_DIR=/opt/rustwide/workdir" "-e" "CARGO_HOME=/opt/rustwide/cargo-home" "-e" "RUSTUP_HOME=/opt/rustwide/rustup-home" "-e" "CARGO_TARGET_DIR=/opt/rustwide/target" "-e" "CARGO_INCREMENTAL=0" "-e" "RUST_BACKTRACE=full" "-e" "RUSTFLAGS=--cap-lints=warn" "-e" "RUSTDOCFLAGS=--cap-lints=warn" "-w" "/opt/rustwide/workdir" "--user" "0:0" "44de8f8b64af48f6f6c32c609e68769ebc8981b9a3b4b213855e6664bf4b6c5b" "/opt/rustwide/cargo-home/bin/cargo" "+1.100.0-beta.1" "build" "--frozen" "--message-format=json" "--release", kill_on_drop: false }`
[INFO] [stderr]    Compiling cc v1.2.27
[INFO] [stderr]    Compiling serde v1.0.219
[INFO] [stderr]    Compiling rustls v0.23.28
[INFO] [stderr]    Compiling hashbrown v0.15.4
[INFO] [stderr]    Compiling syn v2.0.104
[INFO] [stderr]    Compiling futures-util v0.3.31
[INFO] [stderr]    Compiling serde_json v1.0.140
[INFO] [stderr]    Compiling slab v0.4.10
[INFO] [stderr]    Compiling mio v1.0.4
[INFO] [stderr]    Compiling socket2 v0.5.10
[INFO] [stderr]    Compiling getrandom v0.2.16
[INFO] [stderr]    Compiling rustls-native-certs v0.8.1
[INFO] [stderr]    Compiling base64 v0.22.1
[INFO] [stderr]    Compiling tokio v1.45.1
[INFO] [stderr]    Compiling indexmap v2.10.0
[INFO] [stderr]    Compiling ring v0.17.14
[INFO] [stderr]    Compiling tower v0.5.2
[INFO] [stderr]    Compiling synstructure v0.13.2
[INFO] [stderr]    Compiling tokio-util v0.7.15
[INFO] [stderr]    Compiling zerofrom-derive v0.1.6
[INFO] [stderr]    Compiling yoke-derive v0.8.0
[INFO] [stderr]    Compiling zerovec-derive v0.11.1
[INFO] [stderr]    Compiling displaydoc v0.2.5
[INFO] [stderr]    Compiling tracing-attributes v0.1.30
[INFO] [stderr]    Compiling serde_derive v1.0.219
[INFO] [stderr]    Compiling thiserror-impl v2.0.12
[INFO] [stderr]    Compiling pin-project-internal v1.1.10
[INFO] [stderr]    Compiling async-trait v0.1.88
[INFO] [stderr]    Compiling pin-project v1.1.10
[INFO] [stderr]    Compiling zerofrom v0.1.6
[INFO] [stderr]    Compiling tracing v0.1.41
[INFO] [stderr]    Compiling yoke v0.8.0
[INFO] [stderr]    Compiling h2 v0.4.11
[INFO] [stderr]    Compiling thiserror v2.0.12
[INFO] [stderr]    Compiling zerovec v0.11.2
[INFO] [stderr]    Compiling zerotrie v0.2.2
[INFO] [stderr]    Compiling tinystr v0.8.1
[INFO] [stderr]    Compiling potential_utf v0.1.2
[INFO] [stderr]    Compiling icu_collections v2.0.0
[INFO] [stderr]    Compiling icu_locale_core v2.0.0
[INFO] [stderr]    Compiling icu_provider v2.0.0
[INFO] [stderr]    Compiling icu_properties v2.0.1
[INFO] [stderr]    Compiling icu_normalizer v2.0.0
[INFO] [stderr]    Compiling idna_adapter v1.2.1
[INFO] [stderr]    Compiling hyper v1.6.0
[INFO] [stderr]    Compiling idna v1.0.3
[INFO] [stderr]    Compiling url v2.5.4
[INFO] [stderr]    Compiling hyper-util v0.1.14
[INFO] [stderr]    Compiling jsonrpseex-types v0.25.2
[INFO] [stderr]    Compiling jsonrpseex-core v0.25.2
[INFO] [stderr]    Compiling rustls-webpki v0.103.3
[INFO] [stderr]    Compiling tokio-rustls v0.26.2
[INFO] [stderr]    Compiling hyper-rustls v0.27.7
[INFO] [stderr]    Compiling rustls-platform-verifier v0.5.3
[INFO] [stderr]    Compiling jsonrpseex-http-client v0.25.2 (/opt/rustwide/workdir)
[INFO] [stderr]     Finished `release` profile [optimized] target(s) in 1m 00s
[INFO] running `Command { std: "docker" "inspect" "44de8f8b64af48f6f6c32c609e68769ebc8981b9a3b4b213855e6664bf4b6c5b", kill_on_drop: false }`
[INFO] running `Command { std: "docker" "exec" "-e" "SOURCE_DIR=/opt/rustwide/workdir" "-e" "CARGO_HOME=/opt/rustwide/cargo-home" "-e" "RUSTUP_HOME=/opt/rustwide/rustup-home" "-e" "CARGO_TARGET_DIR=/opt/rustwide/target" "-e" "CARGO_INCREMENTAL=0" "-e" "RUST_BACKTRACE=full" "-e" "RUSTFLAGS=--cap-lints=warn" "-e" "RUSTDOCFLAGS=--cap-lints=warn" "-w" "/opt/rustwide/workdir" "--user" "0:0" "44de8f8b64af48f6f6c32c609e68769ebc8981b9a3b4b213855e6664bf4b6c5b" "/opt/rustwide/cargo-home/bin/cargo" "+1.100.0-beta.1" "test" "--frozen" "--no-run" "--message-format=json" "--release", kill_on_drop: false }`
[INFO] [stderr]    Compiling tracing-core v0.1.34
[INFO] [stderr]    Compiling tokio-macros v2.5.0
[INFO] [stderr]    Compiling regex-syntax v0.8.5
[INFO] [stderr]    Compiling rustls v0.23.28
[INFO] [stderr]    Compiling tokio v1.45.1
[INFO] [stderr]    Compiling tracing v0.1.41
[INFO] [stderr]    Compiling tracing-log v0.2.0
[INFO] [stderr]    Compiling regex-automata v0.4.9
[INFO] [stderr]    Compiling regex v1.11.1
[INFO] [stderr]    Compiling tracing-subscriber v0.3.19
[INFO] [stderr]    Compiling tokio-util v0.7.15
[INFO] [stderr]    Compiling tokio-rustls v0.26.2
[INFO] [stderr]    Compiling jsonrpseex-core v0.25.2
[INFO] [stderr]    Compiling h2 v0.4.11
[INFO] [stderr]    Compiling rustls-platform-verifier v0.5.3
[INFO] [stderr]    Compiling hyper v1.6.0
[INFO] [stderr]    Compiling hyper-util v0.1.14
[INFO] [stderr]    Compiling hyper-rustls v0.27.7
[INFO] [stderr]    Compiling jsonrpseex-http-client v0.25.2 (/opt/rustwide/workdir)
[INFO] [stdout] error[E0433]: cannot find module or crate `jsonrpsee_test_utils` in this scope
[INFO] [stdout]   --> src/tests.rs:34:5
[INFO] [stdout]    |
[INFO] [stdout] 34 | use jsonrpsee_test_utils::helpers::*;
[INFO] [stdout]    |     ^^^^^^^^^^^^^^^^^^^^ use of unresolved module or unlinked crate `jsonrpsee_test_utils`
[INFO] [stdout]    |
[INFO] [stdout]    = help: if you wanted to use a crate named `jsonrpsee_test_utils`, use `cargo add jsonrpsee_test_utils` to add it to your `Cargo.toml`
[INFO] [stdout] 
[INFO] [stdout] 
[INFO] [stdout] error[E0433]: cannot find module or crate `jsonrpsee_test_utils` in this scope
[INFO] [stdout]   --> src/tests.rs:35:5
[INFO] [stdout]    |
[INFO] [stdout] 35 | use jsonrpsee_test_utils::mocks::Id;
[INFO] [stdout]    |     ^^^^^^^^^^^^^^^^^^^^ use of unresolved module or unlinked crate `jsonrpsee_test_utils`
[INFO] [stdout]    |
[INFO] [stdout]    = help: if you wanted to use a crate named `jsonrpsee_test_utils`, use `cargo add jsonrpsee_test_utils` to add it to your `Cargo.toml`
[INFO] [stdout] 
[INFO] [stdout] 
[INFO] [stdout] error[E0432]: unresolved import `jsonrpsee_test_utils`
[INFO] [stdout]   --> src/tests.rs:33:5
[INFO] [stdout]    |
[INFO] [stdout] 33 | use jsonrpsee_test_utils::TimeoutFutureExt;
[INFO] [stdout]    |     ^^^^^^^^^^^^^^^^^^^^ use of unresolved module or unlinked crate `jsonrpsee_test_utils`
[INFO] [stdout]    |
[INFO] [stdout]    = help: if you wanted to use a crate named `jsonrpsee_test_utils`, use `cargo add jsonrpsee_test_utils` to add it to your `Cargo.toml`
[INFO] [stdout] 
[INFO] [stdout] 
[INFO] [stdout] error[E0425]: cannot find function `http_server_with_hardcoded_response` in this scope
[INFO] [stdout]    --> src/tests.rs:258:20
[INFO] [stdout]     |
[INFO] [stdout] 258 |     let server_addr = http_server_with_hardcoded_response(response).with_default_timeout().await.unwrap();
[INFO] [stdout]     |                       ^^^^^^^^^^^^^^^^^^^^^^^^^^^^^^^^^^^ not found in this scope
[INFO] [stdout] 
[INFO] [stdout] 
[INFO] [stdout] error[E0599]: no method named `with_default_timeout` found for opaque type `impl Future<Output = Result<BatchResponse<'_, _>, ClientError>> + Send` in the current scope
[INFO] [stdout]    --> src/tests.rs:261:30
[INFO] [stdout]     |
[INFO] [stdout] 261 |     client.batch_request(batch).with_default_timeout().await.unwrap()
[INFO] [stdout]     |                                 ^^^^^^^^^^^^^^^^^^^^ method not found in `impl Future<Output = Result<BatchResponse<'_, _>, ClientError>> + Send`
[INFO] [stdout] 
[INFO] [stdout] 
[INFO] [stdout] error[E0425]: cannot find function `http_server_with_hardcoded_response` in this scope
[INFO] [stdout]    --> src/tests.rs:265:20
[INFO] [stdout]     |
[INFO] [stdout] 265 |     let server_addr = http_server_with_hardcoded_response(response).with_default_timeout().await.unwrap();
[INFO] [stdout]     |                       ^^^^^^^^^^^^^^^^^^^^^^^^^^^^^^^^^^^ not found in this scope
[INFO] [stdout] 
[INFO] [stdout] 
[INFO] [stdout] error[E0599]: no method named `with_default_timeout` found for opaque type `impl Future<Output = Result<_, ClientError>> + Send` in the current scope
[INFO] [stdout]    --> src/tests.rs:268:45
[INFO] [stdout]     |
[INFO] [stdout] 268 |     client.request("say_hello", rpc_params![]).with_default_timeout().await.unwrap()
[INFO] [stdout]     |                                                ^^^^^^^^^^^^^^^^^^^^ method not found in `impl Future<Output = Result<_, ClientError>> + Send`
[INFO] [stdout] 
[INFO] [stdout] 
[INFO] [stdout] error[E0425]: cannot find function `ok_response` in this scope
[INFO] [stdout]   --> src/tests.rs:46:41
[INFO] [stdout]    |
[INFO] [stdout] 46 |     let result = run_request_with_response(ok_response("hello".into(), Id::Num(0)))
[INFO] [stdout]    |                                            ^^^^^^^^^^^ not found in this scope
[INFO] [stdout] 
[INFO] [stdout] 
[INFO] [stdout] error[E0599]: no method named `with_default_timeout` found for opaque type `impl Future<Output = Result<std::string::String, ClientError>>` in the current scope
[INFO] [stdout]   --> src/tests.rs:47:4
[INFO] [stdout]    |
[INFO] [stdout] 46 |     let result = run_request_with_response(ok_response("hello".into(), Id::Num(0)))
[INFO] [stdout] 47 |         .with_default_timeout()
[INFO] [stdout]    |          ^^^^^^^^^^^^^^^^^^^^ method not found in `impl Future<Output = Result<std::string::String, ClientError>>`
[INFO] [stdout] 
[INFO] [stdout] 
[INFO] [stdout] error[E0425]: cannot find function `ok_response` in this scope
[INFO] [stdout]   --> src/tests.rs:58:39
[INFO] [stdout]    |
[INFO] [stdout] 58 |         http_server_with_hardcoded_response(ok_response(exp.into(), Id::Num(0))).with_default_timeout().await.unwrap();
[INFO] [stdout]    |                                             ^^^^^^^^^^^ not found in this scope
[INFO] [stdout] 
[INFO] [stdout] 
[INFO] [stdout] error[E0425]: cannot find function `http_server_with_hardcoded_response` in this scope
[INFO] [stdout]   --> src/tests.rs:58:3
[INFO] [stdout]    |
[INFO] [stdout] 58 |         http_server_with_hardcoded_response(ok_response(exp.into(), Id::Num(0))).with_default_timeout().await.unwrap();
[INFO] [stdout]    |         ^^^^^^^^^^^^^^^^^^^^^^^^^^^^^^^^^^^ not found in this scope
[INFO] [stdout] 
[INFO] [stdout] 
[INFO] [stdout] error[E0599]: no method named `with_default_timeout` found for opaque type `impl Future<Output = Result<_, ClientError>> + Send` in the current scope
[INFO] [stdout]   --> src/tests.rs:61:76
[INFO] [stdout]    |
[INFO] [stdout] 61 |     let res: Result<String, ClientError> = client.request("o", rpc_params![]).with_default_timeout().await.unwrap();
[INFO] [stdout]    |                                                                               ^^^^^^^^^^^^^^^^^^^^ method not found in `impl Future<Output = Result<_, ClientError>> + Send`
[INFO] [stdout] 
[INFO] [stdout] 
[INFO] [stdout] error[E0425]: cannot find function `ok_response` in this scope
[INFO] [stdout]   --> src/tests.rs:68:56
[INFO] [stdout]    |
[INFO] [stdout] 68 |     let server_addr = http_server_with_hardcoded_response(ok_response(exp.into(), Id::Str("0".into())))
[INFO] [stdout]    |                                                           ^^^^^^^^^^^ not found in this scope
[INFO] [stdout] 
[INFO] [stdout] 
[INFO] [stdout] error[E0425]: cannot find function `http_server_with_hardcoded_response` in this scope
[INFO] [stdout]   --> src/tests.rs:68:20
[INFO] [stdout]    |
[INFO] [stdout] 68 |     let server_addr = http_server_with_hardcoded_response(ok_response(exp.into(), Id::Str("0".into())))
[INFO] [stdout]    |                       ^^^^^^^^^^^^^^^^^^^^^^^^^^^^^^^^^^^ not found in this scope
[INFO] [stdout] 
[INFO] [stdout] 
[INFO] [stdout] error[E0599]: no method named `with_default_timeout` found for opaque type `impl Future<Output = Result<_, ClientError>> + Send` in the current scope
[INFO] [stdout]   --> src/tests.rs:74:60
[INFO] [stdout]    |
[INFO] [stdout] 74 |     let response: String = client.request("o", rpc_params![]).with_default_timeout().await.unwrap().unwrap();
[INFO] [stdout]    |                                                               ^^^^^^^^^^^^^^^^^^^^ method not found in `impl Future<Output = Result<_, ClientError>> + Send`
[INFO] [stdout] 
[INFO] [stdout] 
[INFO] [stdout] error[E0425]: cannot find function `http_server_with_hardcoded_response` in this scope
[INFO] [stdout]   --> src/tests.rs:80:20
[INFO] [stdout]    |
[INFO] [stdout] 80 |     let server_addr = http_server_with_hardcoded_response(String::new()).with_default_timeout().await.unwrap();
[INFO] [stdout]    |                       ^^^^^^^^^^^^^^^^^^^^^^^^^^^^^^^^^^^ not found in this scope
[INFO] [stdout] 
[INFO] [stdout] 
[INFO] [stdout] error[E0599]: no method named `with_default_timeout` found for opaque type `impl Future<Output = Result<(), ClientError>> + Send` in the current scope
[INFO] [stdout]   --> src/tests.rs:85:4
[INFO] [stdout]    |
[INFO] [stdout] 83 |     client
[INFO] [stdout] 84 |         .notification("i_dont_care_about_the_response_because_the_server_should_not_respond", rpc_params![])
[INFO] [stdout] 85 |         .with_default_timeout()
[INFO] [stdout]    |          ^^^^^^^^^^^^^^^^^^^^ method not found in `impl Future<Output = Result<(), ClientError>> + Send`
[INFO] [stdout] 
[INFO] [stdout] 
[INFO] [stdout] error[E0425]: cannot find function `ok_response` in this scope
[INFO] [stdout]   --> src/tests.rs:93:38
[INFO] [stdout]    |
[INFO] [stdout] 93 |     let err = run_request_with_response(ok_response("hello".into(), Id::Num(99)))
[INFO] [stdout]    |                                         ^^^^^^^^^^^ not found in this scope
[INFO] [stdout] 
[INFO] [stdout] 
[INFO] [stdout] error[E0599]: no method named `with_default_timeout` found for opaque type `impl Future<Output = Result<std::string::String, ClientError>>` in the current scope
[INFO] [stdout]   --> src/tests.rs:94:4
[INFO] [stdout]    |
[INFO] [stdout] 93 |     let err = run_request_with_response(ok_response("hello".into(), Id::Num(99)))
[INFO] [stdout] 94 |         .with_default_timeout()
[INFO] [stdout]    |          ^^^^^^^^^^^^^^^^^^^^ method not found in `impl Future<Output = Result<std::string::String, ClientError>>`
[INFO] [stdout] 
[INFO] [stdout] 
[INFO] [stdout] error[E0425]: cannot find function `method_not_found` in this scope
[INFO] [stdout]    --> src/tests.rs:104:29
[INFO] [stdout]     |
[INFO] [stdout] 104 |         run_request_with_response(method_not_found(Id::Num(0))).with_default_timeout().await.unwrap().unwrap_err();
[INFO] [stdout]     |                                   ^^^^^^^^^^^^^^^^ not found in this scope
[INFO] [stdout] 
[INFO] [stdout] 
[INFO] [stdout] error[E0599]: no method named `with_default_timeout` found for opaque type `impl Future<Output = Result<std::string::String, ClientError>>` in the current scope
[INFO] [stdout]    --> src/tests.rs:104:59
[INFO] [stdout]     |
[INFO] [stdout] 104 |         run_request_with_response(method_not_found(Id::Num(0))).with_default_timeout().await.unwrap().unwrap_err();
[INFO] [stdout]     |                                                                 ^^^^^^^^^^^^^^^^^^^^ method not found in `impl Future<Output = Result<std::string::String, ClientError>>`
[INFO] [stdout] 
[INFO] [stdout] 
[INFO] [stdout] error[E0425]: cannot find function `parse_error` in this scope
[INFO] [stdout]    --> src/tests.rs:110:38
[INFO] [stdout]     |
[INFO] [stdout] 110 |     let err = run_request_with_response(parse_error(Id::Num(0))).with_default_timeout().await.unwrap().unwrap_err();
[INFO] [stdout]     |                                         ^^^^^^^^^^^ not found in this scope
[INFO] [stdout] 
[INFO] [stdout] 
[INFO] [stdout] error[E0599]: no method named `with_default_timeout` found for opaque type `impl Future<Output = Result<std::string::String, ClientError>>` in the current scope
[INFO] [stdout]    --> src/tests.rs:110:63
[INFO] [stdout]     |
[INFO] [stdout] 110 |     let err = run_request_with_response(parse_error(Id::Num(0))).with_default_timeout().await.unwrap().unwrap_err();
[INFO] [stdout]     |                                                                  ^^^^^^^^^^^^^^^^^^^^ method not found in `impl Future<Output = Result<std::string::String, ClientError>>`
[INFO] [stdout] 
[INFO] [stdout] 
[INFO] [stdout] error[E0425]: cannot find function `invalid_request` in this scope
[INFO] [stdout]    --> src/tests.rs:117:29
[INFO] [stdout]     |
[INFO] [stdout] 117 |         run_request_with_response(invalid_request(Id::Num(0_u64))).with_default_timeout().await.unwrap().unwrap_err();
[INFO] [stdout]     |                                   ^^^^^^^^^^^^^^^ not found in this scope
[INFO] [stdout] 
[INFO] [stdout] 
[INFO] [stdout] error[E0599]: no method named `with_default_timeout` found for opaque type `impl Future<Output = Result<std::string::String, ClientError>>` in the current scope
[INFO] [stdout]    --> src/tests.rs:117:62
[INFO] [stdout]     |
[INFO] [stdout] 117 |         run_request_with_response(invalid_request(Id::Num(0_u64))).with_default_timeout().await.unwrap().unwrap_err();
[INFO] [stdout]     |                                                                    ^^^^^^^^^^^^^^^^^^^^ method not found in `impl Future<Output = Result<std::string::String, ClientError>>`
[INFO] [stdout] 
[INFO] [stdout] 
[INFO] [stdout] error[E0425]: cannot find function `invalid_params` in this scope
[INFO] [stdout]    --> src/tests.rs:124:29
[INFO] [stdout]     |
[INFO] [stdout] 124 |         run_request_with_response(invalid_params(Id::Num(0_u64))).with_default_timeout().await.unwrap().unwrap_err();
[INFO] [stdout]     |                                   ^^^^^^^^^^^^^^ not found in this scope
[INFO] [stdout] 
[INFO] [stdout] 
[INFO] [stdout] error[E0599]: no method named `with_default_timeout` found for opaque type `impl Future<Output = Result<std::string::String, ClientError>>` in the current scope
[INFO] [stdout]    --> src/tests.rs:124:61
[INFO] [stdout]     |
[INFO] [stdout] 124 |         run_request_with_response(invalid_params(Id::Num(0_u64))).with_default_timeout().await.unwrap().unwrap_err();
[INFO] [stdout]     |                                                                   ^^^^^^^^^^^^^^^^^^^^ method not found in `impl Future<Output = Result<std::string::String, ClientError>>`
[INFO] [stdout] 
[INFO] [stdout] 
[INFO] [stdout] error[E0425]: cannot find function `internal_error` in this scope
[INFO] [stdout]    --> src/tests.rs:131:29
[INFO] [stdout]     |
[INFO] [stdout] 131 |         run_request_with_response(internal_error(Id::Num(0_u64))).with_default_timeout().await.unwrap().unwrap_err();
[INFO] [stdout]     |                                   ^^^^^^^^^^^^^^ not found in this scope
[INFO] [stdout] 
[INFO] [stdout] 
[INFO] [stdout] error[E0599]: no method named `with_default_timeout` found for opaque type `impl Future<Output = Result<std::string::String, ClientError>>` in the current scope
[INFO] [stdout]    --> src/tests.rs:131:61
[INFO] [stdout]     |
[INFO] [stdout] 131 |         run_request_with_response(internal_error(Id::Num(0_u64))).with_default_timeout().await.unwrap().unwrap_err();
[INFO] [stdout]     |                                                                   ^^^^^^^^^^^^^^^^^^^^ method not found in `impl Future<Output = Result<std::string::String, ClientError>>`
[INFO] [stdout] 
[INFO] [stdout] 
[INFO] [stdout] error[E0599]: no method named `with_default_timeout` found for opaque type `impl Future<Output = Result<std::string::String, ClientError>>` in the current scope
[INFO] [stdout]    --> src/tests.rs:138:43
[INFO] [stdout]     |
[INFO] [stdout] 138 |     let err = run_request_with_response(req).with_default_timeout().await.unwrap().unwrap_err();
[INFO] [stdout]     |                                              ^^^^^^^^^^^^^^^^^^^^ method not found in `impl Future<Output = Result<std::string::String, ClientError>>`
[INFO] [stdout] 
[INFO] [stdout] 
[INFO] [stdout] error[E0599]: no method named `with_default_timeout` found for opaque type `impl Future<Output = Result<BatchResponse<'_, std::string::String>, ClientError>>` in the current scope
[INFO] [stdout]    --> src/tests.rs:150:4
[INFO] [stdout]     |
[INFO] [stdout] 149 |     let batch_response = run_batch_request_with_response::<String>(batch_request, server_response)
[INFO] [stdout] 150 |         .with_default_timeout()
[INFO] [stdout]     |          ^^^^^^^^^^^^^^^^^^^^ method not found in `impl Future<Output = Result<BatchResponse<'_, std::string::String>, ClientError>>`
[INFO] [stdout] 
[INFO] [stdout] 
[INFO] [stdout] error[E0599]: no method named `with_default_timeout` found for opaque type `impl Future<Output = Result<BatchResponse<'_, std::string::String>, ClientError>>` in the current scope
[INFO] [stdout]    --> src/tests.rs:167:4
[INFO] [stdout]     |
[INFO] [stdout] 166 |     let res = run_batch_request_with_response::<String>(batch_request, server_response)
[INFO] [stdout] 167 |         .with_default_timeout()
[INFO] [stdout]     |          ^^^^^^^^^^^^^^^^^^^^ method not found in `impl Future<Output = Result<BatchResponse<'_, std::string::String>, ClientError>>`
[INFO] [stdout] 
[INFO] [stdout] 
[INFO] [stdout] error[E0599]: no method named `with_default_timeout` found for opaque type `impl Future<Output = Result<BatchResponse<'_, std::string::String>, ClientError>>` in the current scope
[INFO] [stdout]    --> src/tests.rs:190:4
[INFO] [stdout]     |
[INFO] [stdout] 189 |     let res = run_batch_request_with_response::<String>(batch_request, server_response)
[INFO] [stdout] 190 |         .with_default_timeout()
[INFO] [stdout]     |          ^^^^^^^^^^^^^^^^^^^^ method not found in `impl Future<Output = Result<BatchResponse<'_, std::string::String>, ClientError>>`
[INFO] [stdout] 
[INFO] [stdout] 
[INFO] [stdout] error[E0599]: no method named `with_default_timeout` found for opaque type `impl Future<Output = Result<BatchResponse<'_, Custom>, ClientError>>` in the current scope
[INFO] [stdout]    --> src/tests.rs:221:4
[INFO] [stdout]     |
[INFO] [stdout] 220 |     let res = run_batch_request_with_response::<Custom>(batch_request, server_response)
[INFO] [stdout] 221 |         .with_default_timeout()
[INFO] [stdout]     |          ^^^^^^^^^^^^^^^^^^^^ method not found in `impl Future<Output = Result<BatchResponse<'_, Custom>, ClientError>>`
[INFO] [stdout]     |
[INFO] [stdout]     = note: the full name for the type has been written to '/opt/rustwide/target/release/build/jsonrpseex-http-client/c815ef749b34737f/out/jsonrpsee_http_client-c815ef749b34737f.long-type-100154290211771892.txt'
[INFO] [stdout]     = note: consider using `--verbose` to print the full type name to the console
[INFO] [stdout] 
[INFO] [stdout] 
[INFO] [stdout] error[E0599]: no method named `with_default_timeout` found for opaque type `impl Future<Output = Result<BatchResponse<'_, std::string::String>, ClientError>>` in the current scope
[INFO] [stdout]    --> src/tests.rs:242:4
[INFO] [stdout]     |
[INFO] [stdout] 241 |     let res = run_batch_request_with_response::<String>(batch_request, server_response)
[INFO] [stdout] 242 |         .with_default_timeout()
[INFO] [stdout]     |          ^^^^^^^^^^^^^^^^^^^^ method not found in `impl Future<Output = Result<BatchResponse<'_, std::string::String>, ClientError>>`
[INFO] [stdout] 
[INFO] [stdout] 
[INFO] [stdout] Some errors have detailed explanations: E0425, E0432, E0433, E0599.
[INFO] [stdout] 
[INFO] [stdout] For more information about an error, try `rustc --explain E0425`.
[INFO] [stdout] 
[INFO] [stderr] error: could not compile `jsonrpseex-http-client` (lib test) due to 35 previous errors
[INFO] running `Command { std: "docker" "inspect" "44de8f8b64af48f6f6c32c609e68769ebc8981b9a3b4b213855e6664bf4b6c5b", kill_on_drop: false }`
[INFO] running `Command { std: "docker" "rm" "-f" "44de8f8b64af48f6f6c32c609e68769ebc8981b9a3b4b213855e6664bf4b6c5b", kill_on_drop: false }`
[INFO] [stdout] 44de8f8b64af48f6f6c32c609e68769ebc8981b9a3b4b213855e6664bf4b6c5b
