[INFO] fetching crate jsonrpsee-server 0.26.1...
[INFO] testing jsonrpsee-server-0.26.1 against 1.100.0-beta.1+cargoflags=--release for beta-release-1.100-2
[INFO] extracting crate jsonrpsee-server 0.26.1 into /workspace/builds/worker-4-tc2/source
[INFO] started tweaking crates.io crate jsonrpsee-server 0.26.1
[INFO] finished tweaking crates.io crate jsonrpsee-server 0.26.1
[INFO] tweaked toml for crates.io crate jsonrpsee-server 0.26.1 written to /workspace/builds/worker-4-tc2/source/Cargo.toml
[INFO] validating manifest of crates.io crate jsonrpsee-server 0.26.1 on toolchain 1.100.0-beta.1
[INFO] running `Command { std: CARGO_HOME="/workspace/cargo-home" RUSTUP_HOME="/workspace/rustup-home" "/workspace/cargo-home/bin/cargo" "+1.100.0-beta.1" "metadata" "--manifest-path" "Cargo.toml" "--no-deps", kill_on_drop: false }`
[INFO] crate crates.io crate jsonrpsee-server 0.26.1 already has a lockfile, it will not be regenerated
[INFO] running `Command { std: CARGO_HOME="/workspace/cargo-home" RUSTUP_HOME="/workspace/rustup-home" "/workspace/cargo-home/bin/cargo" "+1.100.0-beta.1" "fetch" "--manifest-path" "Cargo.toml", kill_on_drop: false }`
[INFO] running `Command { std: "docker" "create" "-v" "/var/lib/crater-agent-workspace/builds/worker-4-tc2/source:/opt/rustwide/workdir:ro,Z" "-v" "/var/lib/crater-agent-workspace/builds/worker-4-tc2/target:/opt/rustwide/target:rw,Z" "-v" "/var/lib/crater-agent-workspace/cargo-home:/opt/rustwide/cargo-home:ro,Z" "-v" "/var/lib/crater-agent-workspace/rustup-home:/opt/rustwide/rustup-home:ro,Z" "-m" "1610612736" "--network" "none" "ghcr.io/rust-lang/crates-build-env/linux@sha256:77db811e55d90add9212f6832c23229e3de5f1c1f9905e8cb07319ea15df73ac" "sleep" "infinity", kill_on_drop: false }`
[INFO] [stdout] 078f9d66d2f083d9ff70ecf03ae55f1fc91d439823342d154e2b829e34feecf5
[INFO] running `Command { std: "docker" "start" "078f9d66d2f083d9ff70ecf03ae55f1fc91d439823342d154e2b829e34feecf5", kill_on_drop: false }`
[INFO] running `Command { std: "docker" "inspect" "078f9d66d2f083d9ff70ecf03ae55f1fc91d439823342d154e2b829e34feecf5", kill_on_drop: false }`
[INFO] running `Command { std: "docker" "exec" "-e" "SOURCE_DIR=/opt/rustwide/workdir" "-e" "CARGO_HOME=/opt/rustwide/cargo-home" "-e" "RUSTUP_HOME=/opt/rustwide/rustup-home" "-e" "CARGO_TARGET_DIR=/opt/rustwide/target" "-w" "/opt/rustwide/workdir" "--user" "0:0" "078f9d66d2f083d9ff70ecf03ae55f1fc91d439823342d154e2b829e34feecf5" "/opt/rustwide/cargo-home/bin/cargo" "+1.100.0-beta.1" "metadata" "--no-deps" "--format-version=1", kill_on_drop: false }`
[INFO] running `Command { std: "docker" "inspect" "078f9d66d2f083d9ff70ecf03ae55f1fc91d439823342d154e2b829e34feecf5", kill_on_drop: false }`
[INFO] running `Command { std: "docker" "exec" "-e" "SOURCE_DIR=/opt/rustwide/workdir" "-e" "CARGO_HOME=/opt/rustwide/cargo-home" "-e" "RUSTUP_HOME=/opt/rustwide/rustup-home" "-e" "CARGO_TARGET_DIR=/opt/rustwide/target" "-e" "CARGO_INCREMENTAL=0" "-e" "RUST_BACKTRACE=full" "-e" "RUSTFLAGS=--cap-lints=warn" "-e" "RUSTDOCFLAGS=--cap-lints=warn" "-w" "/opt/rustwide/workdir" "--user" "0:0" "078f9d66d2f083d9ff70ecf03ae55f1fc91d439823342d154e2b829e34feecf5" "/opt/rustwide/cargo-home/bin/cargo" "+1.100.0-beta.1" "build" "--frozen" "--message-format=json" "--release", kill_on_drop: false }`
[INFO] [stderr]    Compiling proc-macro2 v1.0.105
[INFO] [stderr]    Compiling quote v1.0.43
[INFO] [stderr]    Compiling libc v0.2.179
[INFO] [stderr]    Compiling futures-core v0.3.31
[INFO] [stderr]    Compiling futures-io v0.3.31
[INFO] [stderr]    Compiling zerocopy v0.8.32
[INFO] [stderr]    Compiling zmij v1.0.12
[INFO] [stderr]    Compiling futures-task v0.3.31
[INFO] [stderr]    Compiling serde_json v1.0.149
[INFO] [stderr]    Compiling crypto-common v0.1.7
[INFO] [stderr]    Compiling sync_wrapper v1.0.2
[INFO] [stderr]    Compiling base64 v0.22.1
[INFO] [stderr]    Compiling route-recognizer v0.3.1
[INFO] [stderr]    Compiling digest v0.10.7
[INFO] [stderr]    Compiling futures-channel v0.3.31
[INFO] [stderr]    Compiling http-body-util v0.1.3
[INFO] [stderr]    Compiling sha1 v0.10.6
[INFO] [stderr]    Compiling syn v2.0.114
[INFO] [stderr]    Compiling mio v1.1.1
[INFO] [stderr]    Compiling socket2 v0.6.1
[INFO] [stderr]    Compiling getrandom v0.3.4
[INFO] [stderr]    Compiling getrandom v0.2.16
[INFO] [stderr]    Compiling parking_lot_core v0.9.12
[INFO] [stderr]    Compiling rand_core v0.6.4
[INFO] [stderr]    Compiling rand_core v0.9.3
[INFO] [stderr]    Compiling parking_lot v0.12.5
[INFO] [stderr]    Compiling ppv-lite86 v0.2.21
[INFO] [stderr]    Compiling rand_chacha v0.9.0
[INFO] [stderr]    Compiling rand_chacha v0.3.1
[INFO] [stderr]    Compiling rand v0.8.5
[INFO] [stderr]    Compiling rand v0.9.2
[INFO] [stderr]    Compiling tokio-macros v2.6.0
[INFO] [stderr]    Compiling tracing-attributes v0.1.31
[INFO] [stderr]    Compiling futures-macro v0.3.31
[INFO] [stderr]    Compiling serde_derive v1.0.228
[INFO] [stderr]    Compiling thiserror-impl v2.0.17
[INFO] [stderr]    Compiling pin-project-internal v1.1.10
[INFO] [stderr]    Compiling async-trait v0.1.89
[INFO] [stderr]    Compiling tokio v1.49.0
[INFO] [stderr]    Compiling futures-util v0.3.31
[INFO] [stderr]    Compiling thiserror v2.0.17
[INFO] [stderr]    Compiling pin-project v1.1.10
[INFO] [stderr]    Compiling tracing v0.1.44
[INFO] [stderr]    Compiling serde v1.0.228
[INFO] [stderr]    Compiling jsonrpsee-types v0.26.1
[INFO] [stderr]    Compiling futures v0.3.31
[INFO] [stderr]    Compiling tower v0.5.2
[INFO] [stderr]    Compiling soketto v0.8.1
[INFO] [stderr]    Compiling tokio-util v0.7.18
[INFO] [stderr]    Compiling jsonrpsee-core v0.26.1
[INFO] [stderr]    Compiling h2 v0.4.13
[INFO] [stderr]    Compiling tokio-stream v0.1.18
[INFO] [stderr]    Compiling hyper v1.8.1
[INFO] [stderr]    Compiling hyper-util v0.1.19
[INFO] [stderr]    Compiling jsonrpsee-server v0.26.1 (/opt/rustwide/workdir)
[INFO] [stderr]     Finished `release` profile [optimized] target(s) in 41.87s
[INFO] running `Command { std: "docker" "inspect" "078f9d66d2f083d9ff70ecf03ae55f1fc91d439823342d154e2b829e34feecf5", kill_on_drop: false }`
[INFO] running `Command { std: "docker" "exec" "-e" "SOURCE_DIR=/opt/rustwide/workdir" "-e" "CARGO_HOME=/opt/rustwide/cargo-home" "-e" "RUSTUP_HOME=/opt/rustwide/rustup-home" "-e" "CARGO_TARGET_DIR=/opt/rustwide/target" "-e" "CARGO_INCREMENTAL=0" "-e" "RUST_BACKTRACE=full" "-e" "RUSTFLAGS=--cap-lints=warn" "-e" "RUSTDOCFLAGS=--cap-lints=warn" "-w" "/opt/rustwide/workdir" "--user" "0:0" "078f9d66d2f083d9ff70ecf03ae55f1fc91d439823342d154e2b829e34feecf5" "/opt/rustwide/cargo-home/bin/cargo" "+1.100.0-beta.1" "test" "--frozen" "--no-run" "--message-format=json" "--release", kill_on_drop: false }`
[INFO] [stderr]    Compiling tracing v0.1.44
[INFO] [stderr]    Compiling tokio v1.49.0
[INFO] [stderr]    Compiling regex-syntax v0.8.8
[INFO] [stderr]    Compiling tracing-log v0.2.0
[INFO] [stderr]    Compiling thread_local v1.1.9
[INFO] [stderr]    Compiling soketto v0.8.1
[INFO] [stderr]    Compiling regex-automata v0.4.13
[INFO] [stderr]    Compiling matchers v0.2.0
[INFO] [stderr]    Compiling tracing-subscriber v0.3.22
[INFO] [stderr]    Compiling tokio-util v0.7.18
[INFO] [stderr]    Compiling h2 v0.4.13
[INFO] [stderr]    Compiling tower v0.5.2
[INFO] [stderr]    Compiling tokio-stream v0.1.18
[INFO] [stderr]    Compiling jsonrpsee-core v0.26.1
[INFO] [stderr]    Compiling hyper v1.8.1
[INFO] [stderr]    Compiling hyper-util v0.1.19
[INFO] [stderr]    Compiling jsonrpsee-server v0.26.1 (/opt/rustwide/workdir)
[INFO] [stdout] error[E0433]: cannot find module or crate `jsonrpsee_test_utils` in this scope
[INFO] [stdout]   --> src/tests/http.rs:39:5
[INFO] [stdout]    |
[INFO] [stdout] 39 | use jsonrpsee_test_utils::helpers::*;
[INFO] [stdout]    |     ^^^^^^^^^^^^^^^^^^^^ use of unresolved module or unlinked crate `jsonrpsee_test_utils`
[INFO] [stdout]    |
[INFO] [stdout]    = help: if you wanted to use a crate named `jsonrpsee_test_utils`, use `cargo add jsonrpsee_test_utils` to add it to your `Cargo.toml`
[INFO] [stdout] 
[INFO] [stdout] 
[INFO] [stdout] error[E0432]: unresolved import `jsonrpsee_test_utils`
[INFO] [stdout]   --> src/tests/helpers.rs:13:5
[INFO] [stdout]    |
[INFO] [stdout] 13 | use jsonrpsee_test_utils::TimeoutFutureExt;
[INFO] [stdout]    |     ^^^^^^^^^^^^^^^^^^^^ use of unresolved module or unlinked crate `jsonrpsee_test_utils`
[INFO] [stdout]    |
[INFO] [stdout]    = help: if you wanted to use a crate named `jsonrpsee_test_utils`, use `cargo add jsonrpsee_test_utils` to add it to your `Cargo.toml`
[INFO] [stdout] 
[INFO] [stdout] 
[INFO] [stdout] error[E0433]: cannot find module or crate `jsonrpsee_test_utils` in this scope
[INFO] [stdout]  --> src/tests/shared.rs:6:5
[INFO] [stdout]   |
[INFO] [stdout] 6 | use jsonrpsee_test_utils::helpers::{http_request, ok_response, to_http_uri};
[INFO] [stdout]   |     ^^^^^^^^^^^^^^^^^^^^ use of unresolved module or unlinked crate `jsonrpsee_test_utils`
[INFO] [stdout]   |
[INFO] [stdout]   = help: if you wanted to use a crate named `jsonrpsee_test_utils`, use `cargo add jsonrpsee_test_utils` to add it to your `Cargo.toml`
[INFO] [stdout] 
[INFO] [stdout] 
[INFO] [stdout] error[E0433]: cannot find module or crate `jsonrpsee_test_utils` in this scope
[INFO] [stdout]  --> src/tests/shared.rs:7:5
[INFO] [stdout]   |
[INFO] [stdout] 7 | use jsonrpsee_test_utils::mocks::{Id, WebSocketTestClient, WebSocketTestError};
[INFO] [stdout]   |     ^^^^^^^^^^^^^^^^^^^^ use of unresolved module or unlinked crate `jsonrpsee_test_utils`
[INFO] [stdout]   |
[INFO] [stdout]   = help: if you wanted to use a crate named `jsonrpsee_test_utils`, use `cargo add jsonrpsee_test_utils` to add it to your `Cargo.toml`
[INFO] [stdout] 
[INFO] [stdout] 
[INFO] [stdout] error[E0433]: cannot find module or crate `jsonrpsee_test_utils` in this scope
[INFO] [stdout]   --> src/tests/ws.rs:37:5
[INFO] [stdout]    |
[INFO] [stdout] 37 | use jsonrpsee_test_utils::helpers::*;
[INFO] [stdout]    |     ^^^^^^^^^^^^^^^^^^^^ use of unresolved module or unlinked crate `jsonrpsee_test_utils`
[INFO] [stdout]    |
[INFO] [stdout]    = help: if you wanted to use a crate named `jsonrpsee_test_utils`, use `cargo add jsonrpsee_test_utils` to add it to your `Cargo.toml`
[INFO] [stdout] 
[INFO] [stdout] 
[INFO] [stdout] error[E0432]: unresolved import `jsonrpsee_test_utils`
[INFO] [stdout]  --> src/tests/shared.rs:5:5
[INFO] [stdout]   |
[INFO] [stdout] 5 | use jsonrpsee_test_utils::TimeoutFutureExt;
[INFO] [stdout]   |     ^^^^^^^^^^^^^^^^^^^^ use of unresolved module or unlinked crate `jsonrpsee_test_utils`
[INFO] [stdout]   |
[INFO] [stdout]   = help: if you wanted to use a crate named `jsonrpsee_test_utils`, use `cargo add jsonrpsee_test_utils` to add it to your `Cargo.toml`
[INFO] [stdout] 
[INFO] [stdout] 
[INFO] [stdout] error[E0433]: cannot find module or crate `jsonrpsee_test_utils` in this scope
[INFO] [stdout]   --> src/tests/http.rs:40:5
[INFO] [stdout]    |
[INFO] [stdout] 40 | use jsonrpsee_test_utils::mocks::{Id, StatusCode};
[INFO] [stdout]    |     ^^^^^^^^^^^^^^^^^^^^ use of unresolved module or unlinked crate `jsonrpsee_test_utils`
[INFO] [stdout]    |
[INFO] [stdout]    = help: if you wanted to use a crate named `jsonrpsee_test_utils`, use `cargo add jsonrpsee_test_utils` to add it to your `Cargo.toml`
[INFO] [stdout] 
[INFO] [stdout] 
[INFO] [stdout] error[E0432]: unresolved import `jsonrpsee_test_utils`
[INFO] [stdout]   --> src/tests/http.rs:38:5
[INFO] [stdout]    |
[INFO] [stdout] 38 | use jsonrpsee_test_utils::TimeoutFutureExt;
[INFO] [stdout]    |     ^^^^^^^^^^^^^^^^^^^^ use of unresolved module or unlinked crate `jsonrpsee_test_utils`
[INFO] [stdout]    |
[INFO] [stdout]    = help: if you wanted to use a crate named `jsonrpsee_test_utils`, use `cargo add jsonrpsee_test_utils` to add it to your `Cargo.toml`
[INFO] [stdout] 
[INFO] [stdout] 
[INFO] [stdout] error[E0433]: cannot find module or crate `jsonrpsee_test_utils` in this scope
[INFO] [stdout]   --> src/tests/ws.rs:38:5
[INFO] [stdout]    |
[INFO] [stdout] 38 | use jsonrpsee_test_utils::mocks::{Id, WebSocketTestClient, WebSocketTestError};
[INFO] [stdout]    |     ^^^^^^^^^^^^^^^^^^^^ use of unresolved module or unlinked crate `jsonrpsee_test_utils`
[INFO] [stdout]    |
[INFO] [stdout]    = help: if you wanted to use a crate named `jsonrpsee_test_utils`, use `cargo add jsonrpsee_test_utils` to add it to your `Cargo.toml`
[INFO] [stdout] 
[INFO] [stdout] 
[INFO] [stdout] error[E0432]: unresolved import `jsonrpsee_test_utils`
[INFO] [stdout]   --> src/tests/ws.rs:36:5
[INFO] [stdout]    |
[INFO] [stdout] 36 | use jsonrpsee_test_utils::TimeoutFutureExt;
[INFO] [stdout]    |     ^^^^^^^^^^^^^^^^^^^^ use of unresolved module or unlinked crate `jsonrpsee_test_utils`
[INFO] [stdout]    |
[INFO] [stdout]    = help: if you wanted to use a crate named `jsonrpsee_test_utils`, use `cargo add jsonrpsee_test_utils` to add it to your `Cargo.toml`
[INFO] [stdout] 
[INFO] [stdout] 
[INFO] [stdout] error[E0425]: cannot find function `ok_response` in this scope
[INFO] [stdout]    --> src/tests/http.rs:188:29
[INFO] [stdout]     |
[INFO] [stdout] 188 |         assert_eq!(response.body, ok_response(JsonValue::String("lo".to_owned()), Id::Num(i)));
[INFO] [stdout]     |                                   ^^^^^^^^^^^ not found in this scope
[INFO] [stdout]     |
[INFO] [stdout] help: a local variable with a similar name exists
[INFO] [stdout]     |
[INFO] [stdout] 188 -         assert_eq!(response.body, ok_response(JsonValue::String("lo".to_owned()), Id::Num(i)));
[INFO] [stdout] 188 +         assert_eq!(response.body, response(JsonValue::String("lo".to_owned()), Id::Num(i)));
[INFO] [stdout]     |
[INFO] [stdout] help: consider importing this function
[INFO] [stdout]     |
[INFO] [stdout]  27 + use crate::http::response::ok_response;
[INFO] [stdout]     |
[INFO] [stdout] 
[INFO] [stdout] 
[INFO] [stdout] error[E0425]: cannot find function `ok_response` in this scope
[INFO] [stdout]    --> src/tests/http.rs:202:29
[INFO] [stdout]     |
[INFO] [stdout] 202 |         assert_eq!(response.body, ok_response(JsonValue::String("lo".to_owned()), Id::Num(i)));
[INFO] [stdout]     |                                   ^^^^^^^^^^^ not found in this scope
[INFO] [stdout]     |
[INFO] [stdout] help: a local variable with a similar name exists
[INFO] [stdout]     |
[INFO] [stdout] 202 -         assert_eq!(response.body, ok_response(JsonValue::String("lo".to_owned()), Id::Num(i)));
[INFO] [stdout] 202 +         assert_eq!(response.body, response(JsonValue::String("lo".to_owned()), Id::Num(i)));
[INFO] [stdout]     |
[INFO] [stdout] help: consider importing this function
[INFO] [stdout]     |
[INFO] [stdout]  27 + use crate::http::response::ok_response;
[INFO] [stdout]     |
[INFO] [stdout] 
[INFO] [stdout] 
[INFO] [stdout] error[E0425]: cannot find function `ok_response` in this scope
[INFO] [stdout]    --> src/tests/http.rs:226:28
[INFO] [stdout]     |
[INFO] [stdout] 226 |     assert_eq!(response.body, ok_response(JsonValue::Number(3.into()), Id::Num(1)));
[INFO] [stdout]     |                               ^^^^^^^^^^^ not found in this scope
[INFO] [stdout]     |
[INFO] [stdout] help: a local variable with a similar name exists
[INFO] [stdout]     |
[INFO] [stdout] 226 -     assert_eq!(response.body, ok_response(JsonValue::Number(3.into()), Id::Num(1)));
[INFO] [stdout] 226 +     assert_eq!(response.body, response(JsonValue::Number(3.into()), Id::Num(1)));
[INFO] [stdout]     |
[INFO] [stdout] help: consider importing this function
[INFO] [stdout]     |
[INFO] [stdout]  27 + use crate::http::response::ok_response;
[INFO] [stdout]     |
[INFO] [stdout] 
[INFO] [stdout] 
[INFO] [stdout] error[E0425]: cannot find function `ok_response` in this scope
[INFO] [stdout]    --> src/tests/http.rs:237:28
[INFO] [stdout]     |
[INFO] [stdout] 237 |     assert_eq!(response.body, ok_response(JsonValue::String("string1=5, string2=5, vec=4".into()), Id::Num(1)));
[INFO] [stdout]     |                               ^^^^^^^^^^^ not found in this scope
[INFO] [stdout]     |
[INFO] [stdout] help: a local variable with a similar name exists
[INFO] [stdout]     |
[INFO] [stdout] 237 -     assert_eq!(response.body, ok_response(JsonValue::String("string1=5, string2=5, vec=4".into()), Id::Num(1)));
[INFO] [stdout] 237 +     assert_eq!(response.body, response(JsonValue::String("string1=5, string2=5, vec=4".into()), Id::Num(1)));
[INFO] [stdout]     |
[INFO] [stdout] help: consider importing this function
[INFO] [stdout]     |
[INFO] [stdout]  27 + use crate::http::response::ok_response;
[INFO] [stdout]     |
[INFO] [stdout] 
[INFO] [stdout] 
[INFO] [stdout] error[E0425]: cannot find function `ok_response` in this scope
[INFO] [stdout]    --> src/tests/http.rs:271:28
[INFO] [stdout]     |
[INFO] [stdout] 271 |     assert_eq!(response.body, ok_response("ok".into(), Id::Num(1)));
[INFO] [stdout]     |                               ^^^^^^^^^^^ not found in this scope
[INFO] [stdout]     |
[INFO] [stdout] help: a local variable with a similar name exists
[INFO] [stdout]     |
[INFO] [stdout] 271 -     assert_eq!(response.body, ok_response("ok".into(), Id::Num(1)));
[INFO] [stdout] 271 +     assert_eq!(response.body, response("ok".into(), Id::Num(1)));
[INFO] [stdout]     |
[INFO] [stdout] help: consider importing this function
[INFO] [stdout]     |
[INFO] [stdout]  27 + use crate::http::response::ok_response;
[INFO] [stdout]     |
[INFO] [stdout] 
[INFO] [stdout] 
[INFO] [stdout] error[E0425]: cannot find function `ok_response` in this scope
[INFO] [stdout]    --> src/tests/http.rs:282:28
[INFO] [stdout]     |
[INFO] [stdout] 282 |     assert_eq!(response.body, ok_response("ok".into(), Id::Num(1)));
[INFO] [stdout]     |                               ^^^^^^^^^^^ not found in this scope
[INFO] [stdout]     |
[INFO] [stdout] help: a local variable with a similar name exists
[INFO] [stdout]     |
[INFO] [stdout] 282 -     assert_eq!(response.body, ok_response("ok".into(), Id::Num(1)));
[INFO] [stdout] 282 +     assert_eq!(response.body, response("ok".into(), Id::Num(1)));
[INFO] [stdout]     |
[INFO] [stdout] help: consider importing this function
[INFO] [stdout]     |
[INFO] [stdout]  27 + use crate::http::response::ok_response;
[INFO] [stdout]     |
[INFO] [stdout] 
[INFO] [stdout] 
[INFO] [stdout] error[E0425]: cannot find function `ok_response` in this scope
[INFO] [stdout]    --> src/tests/http.rs:502:28
[INFO] [stdout]     |
[INFO] [stdout] 502 |     assert_eq!(response.body, ok_response(JsonValue::String("lo".to_owned()), Id::Num(1)));
[INFO] [stdout]     |                               ^^^^^^^^^^^ not found in this scope
[INFO] [stdout]     |
[INFO] [stdout] help: a local variable with a similar name exists
[INFO] [stdout]     |
[INFO] [stdout] 502 -     assert_eq!(response.body, ok_response(JsonValue::String("lo".to_owned()), Id::Num(1)));
[INFO] [stdout] 502 +     assert_eq!(response.body, response(JsonValue::String("lo".to_owned()), Id::Num(1)));
[INFO] [stdout]     |
[INFO] [stdout] help: consider importing this function
[INFO] [stdout]     |
[INFO] [stdout]  27 + use crate::http::response::ok_response;
[INFO] [stdout]     |
[INFO] [stdout] 
[INFO] [stdout] 
[INFO] [stdout] error[E0425]: cannot find function `ok_response` in this scope
[INFO] [stdout]    --> src/tests/http.rs:561:28
[INFO] [stdout]     |
[INFO] [stdout] 561 |     assert_eq!(response.body, ok_response(JsonValue::String("a".repeat(100)), Id::Num(1)));
[INFO] [stdout]     |                               ^^^^^^^^^^^ not found in this scope
[INFO] [stdout]     |
[INFO] [stdout] help: a local variable with a similar name exists
[INFO] [stdout]     |
[INFO] [stdout] 561 -     assert_eq!(response.body, ok_response(JsonValue::String("a".repeat(100)), Id::Num(1)));
[INFO] [stdout] 561 +     assert_eq!(response.body, response(JsonValue::String("a".repeat(100)), Id::Num(1)));
[INFO] [stdout]     |
[INFO] [stdout] help: consider importing this function
[INFO] [stdout]     |
[INFO] [stdout]  27 + use crate::http::response::ok_response;
[INFO] [stdout]     |
[INFO] [stdout] 
[INFO] [stdout] 
[INFO] [stdout] error[E0425]: cannot find function `ok_response` in this scope
[INFO] [stdout]    --> src/tests/http.rs:667:28
[INFO] [stdout]     |
[INFO] [stdout] 667 |     assert_eq!(response.body, ok_response(JsonValue::Number(3.into()), Id::Num(1)));
[INFO] [stdout]     |                               ^^^^^^^^^^^ not found in this scope
[INFO] [stdout]     |
[INFO] [stdout] help: a local variable with a similar name exists
[INFO] [stdout]     |
[INFO] [stdout] 667 -     assert_eq!(response.body, ok_response(JsonValue::Number(3.into()), Id::Num(1)));
[INFO] [stdout] 667 +     assert_eq!(response.body, response(JsonValue::Number(3.into()), Id::Num(1)));
[INFO] [stdout]     |
[INFO] [stdout] help: consider importing this function
[INFO] [stdout]     |
[INFO] [stdout]  27 + use crate::http::response::ok_response;
[INFO] [stdout]     |
[INFO] [stdout] 
[INFO] [stdout] 
[INFO] [stdout] error[E0425]: cannot find function `ok_response` in this scope
[INFO] [stdout]   --> src/tests/ws.rs:67:23
[INFO] [stdout]    |
[INFO] [stdout] 67 |     assert_eq!(response, ok_response(JsonValue::String("a".repeat(100)), Id::Num(1)));
[INFO] [stdout]    |                          ^^^^^^^^^^^ not found in this scope
[INFO] [stdout]    |
[INFO] [stdout] help: a local variable with a similar name exists
[INFO] [stdout]    |
[INFO] [stdout] 67 -     assert_eq!(response, ok_response(JsonValue::String("a".repeat(100)), Id::Num(1)));
[INFO] [stdout] 67 +     assert_eq!(response, response(JsonValue::String("a".repeat(100)), Id::Num(1)));
[INFO] [stdout]    |
[INFO] [stdout] help: consider importing this function
[INFO] [stdout]    |
[INFO] [stdout] 27 + use crate::http::response::ok_response;
[INFO] [stdout]    |
[INFO] [stdout] 
[INFO] [stdout] 
[INFO] [stdout] error[E0425]: cannot find function `ok_response` in this scope
[INFO] [stdout]    --> src/tests/ws.rs:168:24
[INFO] [stdout]     |
[INFO] [stdout] 168 |         assert_eq!(response, ok_response(JsonValue::String("hello".to_owned()), Id::Num(i)));
[INFO] [stdout]     |                              ^^^^^^^^^^^ not found in this scope
[INFO] [stdout]     |
[INFO] [stdout] help: a local variable with a similar name exists
[INFO] [stdout]     |
[INFO] [stdout] 168 -         assert_eq!(response, ok_response(JsonValue::String("hello".to_owned()), Id::Num(i)));
[INFO] [stdout] 168 +         assert_eq!(response, response(JsonValue::String("hello".to_owned()), Id::Num(i)));
[INFO] [stdout]     |
[INFO] [stdout] help: consider importing this function
[INFO] [stdout]     |
[INFO] [stdout]  27 + use crate::http::response::ok_response;
[INFO] [stdout]     |
[INFO] [stdout] 
[INFO] [stdout] 
[INFO] [stdout] error[E0425]: cannot find function `ok_response` in this scope
[INFO] [stdout]    --> src/tests/ws.rs:182:24
[INFO] [stdout]     |
[INFO] [stdout] 182 |         assert_eq!(response, ok_response(JsonValue::String("hello".to_owned()), Id::Num(i)));
[INFO] [stdout]     |                              ^^^^^^^^^^^ not found in this scope
[INFO] [stdout]     |
[INFO] [stdout] help: a local variable with a similar name exists
[INFO] [stdout]     |
[INFO] [stdout] 182 -         assert_eq!(response, ok_response(JsonValue::String("hello".to_owned()), Id::Num(i)));
[INFO] [stdout] 182 +         assert_eq!(response, response(JsonValue::String("hello".to_owned()), Id::Num(i)));
[INFO] [stdout]     |
[INFO] [stdout] help: consider importing this function
[INFO] [stdout]     |
[INFO] [stdout]  27 + use crate::http::response::ok_response;
[INFO] [stdout]     |
[INFO] [stdout] 
[INFO] [stdout] 
[INFO] [stdout] error[E0425]: cannot find function `ok_response` in this scope
[INFO] [stdout]    --> src/tests/ws.rs:194:23
[INFO] [stdout]     |
[INFO] [stdout] 194 |     assert_eq!(response, ok_response(JsonValue::String("Yawn!".to_owned()), Id::Num(123)));
[INFO] [stdout]     |                          ^^^^^^^^^^^ not found in this scope
[INFO] [stdout]     |
[INFO] [stdout] help: a local variable with a similar name exists
[INFO] [stdout]     |
[INFO] [stdout] 194 -     assert_eq!(response, ok_response(JsonValue::String("Yawn!".to_owned()), Id::Num(123)));
[INFO] [stdout] 194 +     assert_eq!(response, response(JsonValue::String("Yawn!".to_owned()), Id::Num(123)));
[INFO] [stdout]     |
[INFO] [stdout] help: consider importing this function
[INFO] [stdout]     |
[INFO] [stdout]  27 + use crate::http::response::ok_response;
[INFO] [stdout]     |
[INFO] [stdout] 
[INFO] [stdout] 
[INFO] [stdout] error[E0425]: cannot find function `ok_response` in this scope
[INFO] [stdout]    --> src/tests/ws.rs:315:23
[INFO] [stdout]     |
[INFO] [stdout] 315 |     assert_eq!(response, ok_response(JsonValue::Number(3u32.into()), Id::Num(1)));
[INFO] [stdout]     |                          ^^^^^^^^^^^ not found in this scope
[INFO] [stdout]     |
[INFO] [stdout] help: a local variable with a similar name exists
[INFO] [stdout]     |
[INFO] [stdout] 315 -     assert_eq!(response, ok_response(JsonValue::Number(3u32.into()), Id::Num(1)));
[INFO] [stdout] 315 +     assert_eq!(response, response(JsonValue::Number(3u32.into()), Id::Num(1)));
[INFO] [stdout]     |
[INFO] [stdout] help: consider importing this function
[INFO] [stdout]     |
[INFO] [stdout]  27 + use crate::http::response::ok_response;
[INFO] [stdout]     |
[INFO] [stdout] 
[INFO] [stdout] 
[INFO] [stdout] error[E0425]: cannot find function `ok_response` in this scope
[INFO] [stdout]    --> src/tests/ws.rs:324:23
[INFO] [stdout]     |
[INFO] [stdout] 324 |     assert_eq!(response, ok_response(JsonValue::Number(3u32.into()), Id::Num(1)));
[INFO] [stdout]     |                          ^^^^^^^^^^^ not found in this scope
[INFO] [stdout]     |
[INFO] [stdout] help: a local variable with a similar name exists
[INFO] [stdout]     |
[INFO] [stdout] 324 -     assert_eq!(response, ok_response(JsonValue::Number(3u32.into()), Id::Num(1)));
[INFO] [stdout] 324 +     assert_eq!(response, response(JsonValue::Number(3u32.into()), Id::Num(1)));
[INFO] [stdout]     |
[INFO] [stdout] help: consider importing this function
[INFO] [stdout]     |
[INFO] [stdout]  27 + use crate::http::response::ok_response;
[INFO] [stdout]     |
[INFO] [stdout] 
[INFO] [stdout] 
[INFO] [stdout] error[E0425]: cannot find function `ok_response` in this scope
[INFO] [stdout]    --> src/tests/ws.rs:339:23
[INFO] [stdout]     |
[INFO] [stdout] 339 |     assert_eq!(response, ok_response(JsonValue::Number(3.into()), Id::Num(1)));
[INFO] [stdout]     |                          ^^^^^^^^^^^ not found in this scope
[INFO] [stdout]     |
[INFO] [stdout] help: a local variable with a similar name exists
[INFO] [stdout]     |
[INFO] [stdout] 339 -     assert_eq!(response, ok_response(JsonValue::Number(3.into()), Id::Num(1)));
[INFO] [stdout] 339 +     assert_eq!(response, response(JsonValue::Number(3.into()), Id::Num(1)));
[INFO] [stdout]     |
[INFO] [stdout] help: consider importing this function
[INFO] [stdout]     |
[INFO] [stdout]  27 + use crate::http::response::ok_response;
[INFO] [stdout]     |
[INFO] [stdout] 
[INFO] [stdout] 
[INFO] [stdout] error[E0425]: cannot find function `ok_response` in this scope
[INFO] [stdout]    --> src/tests/ws.rs:370:23
[INFO] [stdout]     |
[INFO] [stdout] 370 |     assert_eq!(response, ok_response("ok".into(), Id::Num(1)));
[INFO] [stdout]     |                          ^^^^^^^^^^^ not found in this scope
[INFO] [stdout]     |
[INFO] [stdout] help: a local variable with a similar name exists
[INFO] [stdout]     |
[INFO] [stdout] 370 -     assert_eq!(response, ok_response("ok".into(), Id::Num(1)));
[INFO] [stdout] 370 +     assert_eq!(response, response("ok".into(), Id::Num(1)));
[INFO] [stdout]     |
[INFO] [stdout] help: consider importing this function
[INFO] [stdout]     |
[INFO] [stdout]  27 + use crate::http::response::ok_response;
[INFO] [stdout]     |
[INFO] [stdout] 
[INFO] [stdout] 
[INFO] [stdout] error[E0425]: cannot find function `ok_response` in this scope
[INFO] [stdout]    --> src/tests/ws.rs:380:23
[INFO] [stdout]     |
[INFO] [stdout] 380 |     assert_eq!(response, ok_response("ok!".into(), Id::Num(1)));
[INFO] [stdout]     |                          ^^^^^^^^^^^ not found in this scope
[INFO] [stdout]     |
[INFO] [stdout] help: a local variable with a similar name exists
[INFO] [stdout]     |
[INFO] [stdout] 380 -     assert_eq!(response, ok_response("ok!".into(), Id::Num(1)));
[INFO] [stdout] 380 +     assert_eq!(response, response("ok!".into(), Id::Num(1)));
[INFO] [stdout]     |
[INFO] [stdout] help: consider importing this function
[INFO] [stdout]     |
[INFO] [stdout]  27 + use crate::http::response::ok_response;
[INFO] [stdout]     |
[INFO] [stdout] 
[INFO] [stdout] 
[INFO] [stdout] error[E0425]: cannot find function `ok_response` in this scope
[INFO] [stdout]    --> src/tests/ws.rs:390:23
[INFO] [stdout]     |
[INFO] [stdout] 390 |     assert_eq!(response, ok_response(JsonValue::Number(3.into()), Id::Num(1)));
[INFO] [stdout]     |                          ^^^^^^^^^^^ not found in this scope
[INFO] [stdout]     |
[INFO] [stdout] help: a local variable with a similar name exists
[INFO] [stdout]     |
[INFO] [stdout] 390 -     assert_eq!(response, ok_response(JsonValue::Number(3.into()), Id::Num(1)));
[INFO] [stdout] 390 +     assert_eq!(response, response(JsonValue::Number(3.into()), Id::Num(1)));
[INFO] [stdout]     |
[INFO] [stdout] help: consider importing this function
[INFO] [stdout]     |
[INFO] [stdout]  27 + use crate::http::response::ok_response;
[INFO] [stdout]     |
[INFO] [stdout] 
[INFO] [stdout] 
[INFO] [stdout] error[E0425]: cannot find function `ok_response` in this scope
[INFO] [stdout]    --> src/tests/ws.rs:410:23
[INFO] [stdout]     |
[INFO] [stdout] 410 |     assert_eq!(response, ok_response(JsonValue::Number(3.into()), Id::Num(1)));
[INFO] [stdout]     |                          ^^^^^^^^^^^ not found in this scope
[INFO] [stdout]     |
[INFO] [stdout] help: a local variable with a similar name exists
[INFO] [stdout]     |
[INFO] [stdout] 410 -     assert_eq!(response, ok_response(JsonValue::Number(3.into()), Id::Num(1)));
[INFO] [stdout] 410 +     assert_eq!(response, response(JsonValue::Number(3.into()), Id::Num(1)));
[INFO] [stdout]     |
[INFO] [stdout] help: consider importing this function
[INFO] [stdout]     |
[INFO] [stdout]  27 + use crate::http::response::ok_response;
[INFO] [stdout]     |
[INFO] [stdout] 
[INFO] [stdout] 
[INFO] [stdout] error[E0425]: cannot find function `ok_response` in this scope
[INFO] [stdout]    --> src/tests/ws.rs:452:23
[INFO] [stdout]     |
[INFO] [stdout] 452 |     assert_eq!(response, ok_response(JsonValue::String("hello".to_owned()), Id::Num(1)));
[INFO] [stdout]     |                          ^^^^^^^^^^^ not found in this scope
[INFO] [stdout]     |
[INFO] [stdout] help: a local variable with a similar name exists
[INFO] [stdout]     |
[INFO] [stdout] 452 -     assert_eq!(response, ok_response(JsonValue::String("hello".to_owned()), Id::Num(1)));
[INFO] [stdout] 452 +     assert_eq!(response, response(JsonValue::String("hello".to_owned()), Id::Num(1)));
[INFO] [stdout]     |
[INFO] [stdout] help: consider importing this function
[INFO] [stdout]     |
[INFO] [stdout]  27 + use crate::http::response::ok_response;
[INFO] [stdout]     |
[INFO] [stdout] 
[INFO] [stdout] 
[INFO] [stdout] error[E0425]: cannot find function `ok_response` in this scope
[INFO] [stdout]    --> src/tests/ws.rs:504:24
[INFO] [stdout]     |
[INFO] [stdout] 504 |     assert_eq!(response2, ok_response(JsonValue::String("hello".to_owned()), Id::Num(33)));
[INFO] [stdout]     |                           ^^^^^^^^^^^ not found in this scope
[INFO] [stdout]     |
[INFO] [stdout] help: consider importing this function
[INFO] [stdout]     |
[INFO] [stdout]  27 + use crate::http::response::ok_response;
[INFO] [stdout]     |
[INFO] [stdout] 
[INFO] [stdout] 
[INFO] [stdout] error[E0425]: cannot find function `ok_response` in this scope
[INFO] [stdout]    --> src/tests/ws.rs:517:23
[INFO] [stdout]     |
[INFO] [stdout] 517 |     assert_eq!(response, ok_response(JsonValue::String("hello".to_owned()), Id::Num(33)));
[INFO] [stdout]     |                          ^^^^^^^^^^^ not found in this scope
[INFO] [stdout]     |
[INFO] [stdout] help: a local variable with a similar name exists
[INFO] [stdout]     |
[INFO] [stdout] 517 -     assert_eq!(response, ok_response(JsonValue::String("hello".to_owned()), Id::Num(33)));
[INFO] [stdout] 517 +     assert_eq!(response, response(JsonValue::String("hello".to_owned()), Id::Num(33)));
[INFO] [stdout]     |
[INFO] [stdout] help: consider importing this function
[INFO] [stdout]     |
[INFO] [stdout]  27 + use crate::http::response::ok_response;
[INFO] [stdout]     |
[INFO] [stdout] 
[INFO] [stdout] 
[INFO] [stdout] error[E0425]: cannot find function `ok_response` in this scope
[INFO] [stdout]    --> src/tests/ws.rs:528:23
[INFO] [stdout]     |
[INFO] [stdout] 528 |     assert_eq!(response, ok_response(JsonValue::String("hello".to_owned()), Id::Num(33)));
[INFO] [stdout]     |                          ^^^^^^^^^^^ not found in this scope
[INFO] [stdout]     |
[INFO] [stdout] help: a local variable with a similar name exists
[INFO] [stdout]     |
[INFO] [stdout] 528 -     assert_eq!(response, ok_response(JsonValue::String("hello".to_owned()), Id::Num(33)));
[INFO] [stdout] 528 +     assert_eq!(response, response(JsonValue::String("hello".to_owned()), Id::Num(33)));
[INFO] [stdout]     |
[INFO] [stdout] help: consider importing this function
[INFO] [stdout]     |
[INFO] [stdout]  27 + use crate::http::response::ok_response;
[INFO] [stdout]     |
[INFO] [stdout] 
[INFO] [stdout] 
[INFO] [stdout] error[E0425]: cannot find function `ok_response` in this scope
[INFO] [stdout]    --> src/tests/ws.rs:538:23
[INFO] [stdout]     |
[INFO] [stdout] 538 |     assert_eq!(response, ok_response(JsonValue::String("hello".to_owned()), Id::Num(333)));
[INFO] [stdout]     |                          ^^^^^^^^^^^ not found in this scope
[INFO] [stdout]     |
[INFO] [stdout] help: a local variable with a similar name exists
[INFO] [stdout]     |
[INFO] [stdout] 538 -     assert_eq!(response, ok_response(JsonValue::String("hello".to_owned()), Id::Num(333)));
[INFO] [stdout] 538 +     assert_eq!(response, response(JsonValue::String("hello".to_owned()), Id::Num(333)));
[INFO] [stdout]     |
[INFO] [stdout] help: consider importing this function
[INFO] [stdout]     |
[INFO] [stdout]  27 + use crate::http::response::ok_response;
[INFO] [stdout]     |
[INFO] [stdout] 
[INFO] [stdout] 
[INFO] [stdout] error[E0599]: no method named `with_default_timeout` found for opaque type `impl futures_util::Future<Output = Result<server::Server, std::io::Error>>` in the current scope
[INFO] [stdout]   --> src/tests/helpers.rs:41:61
[INFO] [stdout]    |
[INFO] [stdout] 41 |     let server = ServerBuilder::default().build("127.0.0.1:0").with_default_timeout().await.unwrap().unwrap();
[INFO] [stdout]    |                                                                ^^^^^^^^^^^^^^^^^^^^ method not found in `impl futures_util::Future<Output = Result<server::Server, std::io::Error>>`
[INFO] [stdout] 
[INFO] [stdout] 
[INFO] [stdout] error[E0599]: no method named `with_default_timeout` found for opaque type `impl futures_util::Future<Output = Result<server::Server, std::io::Error>>` in the current scope
[INFO] [stdout]    --> src/tests/helpers.rs:135:61
[INFO] [stdout]     |
[INFO] [stdout] 135 |     let server = ServerBuilder::default().build("127.0.0.1:0").with_default_timeout().await.unwrap().unwrap();
[INFO] [stdout]     |                                                                ^^^^^^^^^^^^^^^^^^^^ method not found in `impl futures_util::Future<Output = Result<server::Server, std::io::Error>>`
[INFO] [stdout] 
[INFO] [stdout] 
[INFO] [stdout] error[E0599]: no method named `with_default_timeout` found for opaque type `impl futures_util::Future<Output = Result<server::Server, std::io::Error>>` in the current scope
[INFO] [stdout]    --> src/tests/shared.rs:102:71
[INFO] [stdout]     |
[INFO] [stdout] 102 |     let server = ServerBuilder::with_config(config).build("127.0.0.1:0").with_default_timeout().await.unwrap().unwrap();
[INFO] [stdout]     |                                                                          ^^^^^^^^^^^^^^^^^^^^ method not found in `impl futures_util::Future<Output = Result<server::Server, std::io::Error>>`
[INFO] [stdout] 
[INFO] [stdout] 
[INFO] [stdout] error[E0599]: no method named `with_default_timeout` found for opaque type `impl futures_util::Future<Output = Result<server::Server, std::io::Error>>` in the current scope
[INFO] [stdout]    --> src/tests/ws.rs:945:71
[INFO] [stdout]     |
[INFO] [stdout] 945 |     let server = ServerBuilder::with_config(config).build("127.0.0.1:0").with_default_timeout().await.unwrap().unwrap();
[INFO] [stdout]     |                                                                          ^^^^^^^^^^^^^^^^^^^^ method not found in `impl futures_util::Future<Output = Result<server::Server, std::io::Error>>`
[INFO] [stdout] 
[INFO] [stdout] 
[INFO] [stdout] error[E0599]: no method named `with_default_timeout` found for opaque type `impl futures_util::Future<Output = (std::net::SocketAddr, ServerHandle)>` in the current scope
[INFO] [stdout]    --> src/tests/http.rs:181:33
[INFO] [stdout]     |
[INFO] [stdout] 181 |     let (addr, _handle) = server().with_default_timeout().await.unwrap();
[INFO] [stdout]     |                                    ^^^^^^^^^^^^^^^^^^^^ method not found in `impl futures_util::Future<Output = (std::net::SocketAddr, ServerHandle)>`
[INFO] [stdout] 
[INFO] [stdout] 
[INFO] [stdout] error[E0425]: cannot find function `to_http_uri` in this scope
[INFO] [stdout]    --> src/tests/http.rs:182:12
[INFO] [stdout]     |
[INFO] [stdout] 182 |     let uri = to_http_uri(addr);
[INFO] [stdout]     |               ^^^^^^^^^^^ not found in this scope
[INFO] [stdout] 
[INFO] [stdout] 
[INFO] [stdout] error[E0425]: cannot find function `http_request` in this scope
[INFO] [stdout]    --> src/tests/http.rs:186:18
[INFO] [stdout]     |
[INFO] [stdout] 186 |         let response = http_request(req.into(), uri.clone()).with_default_timeout().await.unwrap().unwrap();
[INFO] [stdout]     |                        ^^^^^^^^^^^^ not found in this scope
[INFO] [stdout] 
[INFO] [stdout] 
[INFO] [stdout] error[E0599]: no method named `with_default_timeout` found for opaque type `impl futures_util::Future<Output = (std::net::SocketAddr, ServerHandle)>` in the current scope
[INFO] [stdout]    --> src/tests/http.rs:195:33
[INFO] [stdout]     |
[INFO] [stdout] 195 |     let (addr, _handle) = server().with_default_timeout().await.unwrap();
[INFO] [stdout]     |                                    ^^^^^^^^^^^^^^^^^^^^ method not found in `impl futures_util::Future<Output = (std::net::SocketAddr, ServerHandle)>`
[INFO] [stdout] 
[INFO] [stdout] 
[INFO] [stdout] error[E0425]: cannot find function `to_http_uri` in this scope
[INFO] [stdout]    --> src/tests/http.rs:196:12
[INFO] [stdout]     |
[INFO] [stdout] 196 |     let uri = to_http_uri(addr);
[INFO] [stdout]     |               ^^^^^^^^^^^ not found in this scope
[INFO] [stdout] 
[INFO] [stdout] 
[INFO] [stdout] error[E0425]: cannot find function `http_request` in this scope
[INFO] [stdout]    --> src/tests/http.rs:200:18
[INFO] [stdout]     |
[INFO] [stdout] 200 |         let response = http_request(req.into(), uri.clone()).await.unwrap();
[INFO] [stdout]     |                        ^^^^^^^^^^^^ not found in this scope
[INFO] [stdout] 
[INFO] [stdout] 
[INFO] [stdout] error[E0599]: no method named `with_default_timeout` found for opaque type `impl futures_util::Future<Output = (std::net::SocketAddr, ServerHandle)>` in the current scope
[INFO] [stdout]    --> src/tests/http.rs:209:33
[INFO] [stdout]     |
[INFO] [stdout] 209 |     let (addr, _handle) = server().with_default_timeout().await.unwrap();
[INFO] [stdout]     |                                    ^^^^^^^^^^^^^^^^^^^^ method not found in `impl futures_util::Future<Output = (std::net::SocketAddr, ServerHandle)>`
[INFO] [stdout] 
[INFO] [stdout] 
[INFO] [stdout] error[E0425]: cannot find function `to_http_uri` in this scope
[INFO] [stdout]    --> src/tests/http.rs:210:12
[INFO] [stdout]     |
[INFO] [stdout] 210 |     let uri = to_http_uri(addr);
[INFO] [stdout]     |               ^^^^^^^^^^^ not found in this scope
[INFO] [stdout] 
[INFO] [stdout] 
[INFO] [stdout] error[E0425]: cannot find function `http_request` in this scope
[INFO] [stdout]    --> src/tests/http.rs:213:17
[INFO] [stdout]     |
[INFO] [stdout] 213 |     let response = http_request(req.into(), uri.clone()).with_default_timeout().await.unwrap().unwrap();
[INFO] [stdout]     |                    ^^^^^^^^^^^^ not found in this scope
[INFO] [stdout] 
[INFO] [stdout] 
[INFO] [stdout] error[E0425]: cannot find function `parse_error` in this scope
[INFO] [stdout]    --> src/tests/http.rs:215:28
[INFO] [stdout]     |
[INFO] [stdout] 215 |     assert_eq!(response.body, parse_error(Id::Null));
[INFO] [stdout]     |                               ^^^^^^^^^^^ not found in this scope
[INFO] [stdout] 
[INFO] [stdout] 
[INFO] [stdout] error[E0599]: no method named `with_default_timeout` found for opaque type `impl futures_util::Future<Output = (std::net::SocketAddr, ServerHandle)>` in the current scope
[INFO] [stdout]    --> src/tests/http.rs:220:33
[INFO] [stdout]     |
[INFO] [stdout] 220 |     let (addr, _handle) = server().with_default_timeout().await.unwrap();
[INFO] [stdout]     |                                    ^^^^^^^^^^^^^^^^^^^^ method not found in `impl futures_util::Future<Output = (std::net::SocketAddr, ServerHandle)>`
[INFO] [stdout] 
[INFO] [stdout] 
[INFO] [stdout] error[E0425]: cannot find function `to_http_uri` in this scope
[INFO] [stdout]    --> src/tests/http.rs:221:12
[INFO] [stdout]     |
[INFO] [stdout] 221 |     let uri = to_http_uri(addr);
[INFO] [stdout]     |               ^^^^^^^^^^^ not found in this scope
[INFO] [stdout] 
[INFO] [stdout] 
[INFO] [stdout] error[E0425]: cannot find function `http_request` in this scope
[INFO] [stdout]    --> src/tests/http.rs:224:17
[INFO] [stdout]     |
[INFO] [stdout] 224 |     let response = http_request(req.into(), uri).with_default_timeout().await.unwrap().unwrap();
[INFO] [stdout]     |                    ^^^^^^^^^^^^ not found in this scope
[INFO] [stdout] 
[INFO] [stdout] 
[INFO] [stdout] error[E0599]: no method named `with_default_timeout` found for opaque type `impl futures_util::Future<Output = (std::net::SocketAddr, ServerHandle)>` in the current scope
[INFO] [stdout]    --> src/tests/http.rs:231:33
[INFO] [stdout]     |
[INFO] [stdout] 231 |     let (addr, _handle) = server().with_default_timeout().await.unwrap();
[INFO] [stdout]     |                                    ^^^^^^^^^^^^^^^^^^^^ method not found in `impl futures_util::Future<Output = (std::net::SocketAddr, ServerHandle)>`
[INFO] [stdout] 
[INFO] [stdout] 
[INFO] [stdout] error[E0425]: cannot find function `to_http_uri` in this scope
[INFO] [stdout]    --> src/tests/http.rs:232:12
[INFO] [stdout]     |
[INFO] [stdout] 232 |     let uri = to_http_uri(addr);
[INFO] [stdout]     |               ^^^^^^^^^^^ not found in this scope
[INFO] [stdout] 
[INFO] [stdout] 
[INFO] [stdout] error[E0425]: cannot find function `http_request` in this scope
[INFO] [stdout]    --> src/tests/http.rs:235:17
[INFO] [stdout]     |
[INFO] [stdout] 235 |     let response = http_request(req.into(), uri).with_default_timeout().await.unwrap().unwrap();
[INFO] [stdout]     |                    ^^^^^^^^^^^^ not found in this scope
[INFO] [stdout] 
[INFO] [stdout] 
[INFO] [stdout] error[E0599]: no method named `with_default_timeout` found for opaque type `impl futures_util::Future<Output = (std::net::SocketAddr, ServerHandle)>` in the current scope
[INFO] [stdout]    --> src/tests/http.rs:242:33
[INFO] [stdout]     |
[INFO] [stdout] 242 |     let (addr, _handle) = server().with_default_timeout().await.unwrap();
[INFO] [stdout]     |                                    ^^^^^^^^^^^^^^^^^^^^ method not found in `impl futures_util::Future<Output = (std::net::SocketAddr, ServerHandle)>`
[INFO] [stdout] 
[INFO] [stdout] 
[INFO] [stdout] error[E0425]: cannot find function `to_http_uri` in this scope
[INFO] [stdout]    --> src/tests/http.rs:243:12
[INFO] [stdout]     |
[INFO] [stdout] 243 |     let uri = to_http_uri(addr);
[INFO] [stdout]     |               ^^^^^^^^^^^ not found in this scope
[INFO] [stdout] 
[INFO] [stdout] 
[INFO] [stdout] error[E0425]: cannot find function `http_request` in this scope
[INFO] [stdout]    --> src/tests/http.rs:247:17
[INFO] [stdout]     |
[INFO] [stdout] 247 |     let response = http_request(req.into(), uri).with_default_timeout().await.unwrap().unwrap();
[INFO] [stdout]     |                    ^^^^^^^^^^^^ not found in this scope
[INFO] [stdout] 
[INFO] [stdout] 
[INFO] [stdout] error[E0599]: no method named `with_default_timeout` found for opaque type `impl futures_util::Future<Output = (std::net::SocketAddr, ServerHandle)>` in the current scope
[INFO] [stdout]    --> src/tests/http.rs:254:33
[INFO] [stdout]     |
[INFO] [stdout] 254 |     let (addr, _handle) = server().with_default_timeout().await.unwrap();
[INFO] [stdout]     |                                    ^^^^^^^^^^^^^^^^^^^^ method not found in `impl futures_util::Future<Output = (std::net::SocketAddr, ServerHandle)>`
[INFO] [stdout] 
[INFO] [stdout] 
[INFO] [stdout] error[E0425]: cannot find function `to_http_uri` in this scope
[INFO] [stdout]    --> src/tests/http.rs:255:12
[INFO] [stdout]     |
[INFO] [stdout] 255 |     let uri = to_http_uri(addr);
[INFO] [stdout]     |               ^^^^^^^^^^^ not found in this scope
[INFO] [stdout] 
[INFO] [stdout] 
[INFO] [stdout] error[E0425]: cannot find function `http_request` in this scope
[INFO] [stdout]    --> src/tests/http.rs:258:17
[INFO] [stdout]     |
[INFO] [stdout] 258 |     let response = http_request(req.into(), uri).with_default_timeout().await.unwrap().unwrap();
[INFO] [stdout]     |                    ^^^^^^^^^^^^ not found in this scope
[INFO] [stdout] 
[INFO] [stdout] 
[INFO] [stdout] error[E0425]: cannot find function `call_execution_failed` in this scope
[INFO] [stdout]    --> src/tests/http.rs:260:28
[INFO] [stdout]     |
[INFO] [stdout] 260 |     assert_eq!(response.body, call_execution_failed("MyAppError", Id::Num(1)));
[INFO] [stdout]     |                               ^^^^^^^^^^^^^^^^^^^^^ not found in this scope
[INFO] [stdout] 
[INFO] [stdout] 
[INFO] [stdout] error[E0599]: no method named `with_default_timeout` found for opaque type `impl futures_util::Future<Output = (std::net::SocketAddr, ServerHandle)>` in the current scope
[INFO] [stdout]    --> src/tests/http.rs:265:33
[INFO] [stdout]     |
[INFO] [stdout] 265 |     let (addr, _handle) = server().with_default_timeout().await.unwrap();
[INFO] [stdout]     |                                    ^^^^^^^^^^^^^^^^^^^^ method not found in `impl futures_util::Future<Output = (std::net::SocketAddr, ServerHandle)>`
[INFO] [stdout] 
[INFO] [stdout] 
[INFO] [stdout] error[E0425]: cannot find function `to_http_uri` in this scope
[INFO] [stdout]    --> src/tests/http.rs:266:12
[INFO] [stdout]     |
[INFO] [stdout] 266 |     let uri = to_http_uri(addr);
[INFO] [stdout]     |               ^^^^^^^^^^^ not found in this scope
[INFO] [stdout] 
[INFO] [stdout] 
[INFO] [stdout] error[E0425]: cannot find function `http_request` in this scope
[INFO] [stdout]    --> src/tests/http.rs:269:17
[INFO] [stdout]     |
[INFO] [stdout] 269 |     let response = http_request(req.into(), uri).with_default_timeout().await.unwrap().unwrap();
[INFO] [stdout]     |                    ^^^^^^^^^^^^ not found in this scope
[INFO] [stdout] 
[INFO] [stdout] 
[INFO] [stdout] error[E0599]: no method named `with_default_timeout` found for opaque type `impl futures_util::Future<Output = (std::net::SocketAddr, ServerHandle)>` in the current scope
[INFO] [stdout]    --> src/tests/http.rs:276:33
[INFO] [stdout]     |
[INFO] [stdout] 276 |     let (addr, _handle) = server().with_default_timeout().await.unwrap();
[INFO] [stdout]     |                                    ^^^^^^^^^^^^^^^^^^^^ method not found in `impl futures_util::Future<Output = (std::net::SocketAddr, ServerHandle)>`
[INFO] [stdout] 
[INFO] [stdout] 
[INFO] [stdout] error[E0425]: cannot find function `to_http_uri` in this scope
[INFO] [stdout]    --> src/tests/http.rs:277:12
[INFO] [stdout]     |
[INFO] [stdout] 277 |     let uri = to_http_uri(addr);
[INFO] [stdout]     |               ^^^^^^^^^^^ not found in this scope
[INFO] [stdout] 
[INFO] [stdout] 
[INFO] [stdout] error[E0425]: cannot find function `http_request` in this scope
[INFO] [stdout]    --> src/tests/http.rs:280:17
[INFO] [stdout]     |
[INFO] [stdout] 280 |     let response = http_request(req.into(), uri).await.unwrap();
[INFO] [stdout]     |                    ^^^^^^^^^^^^ not found in this scope
[INFO] [stdout] 
[INFO] [stdout] 
[INFO] [stdout] error[E0599]: no method named `with_default_timeout` found for opaque type `impl futures_util::Future<Output = (std::net::SocketAddr, ServerHandle)>` in the current scope
[INFO] [stdout]    --> src/tests/http.rs:289:33
[INFO] [stdout]     |
[INFO] [stdout] 289 |     let (addr, _handle) = server().with_default_timeout().await.unwrap();
[INFO] [stdout]     |                                    ^^^^^^^^^^^^^^^^^^^^ method not found in `impl futures_util::Future<Output = (std::net::SocketAddr, ServerHandle)>`
[INFO] [stdout] 
[INFO] [stdout] 
[INFO] [stdout] error[E0425]: cannot find function `to_http_uri` in this scope
[INFO] [stdout]    --> src/tests/http.rs:290:12
[INFO] [stdout]     |
[INFO] [stdout] 290 |     let uri = to_http_uri(addr);
[INFO] [stdout]     |               ^^^^^^^^^^^ not found in this scope
[INFO] [stdout] 
[INFO] [stdout] 
[INFO] [stdout] error[E0425]: cannot find function `http_request` in this scope
[INFO] [stdout]    --> src/tests/http.rs:298:17
[INFO] [stdout]     |
[INFO] [stdout] 298 |     let response = http_request(req.into(), uri).with_default_timeout().await.unwrap().unwrap();
[INFO] [stdout]     |                    ^^^^^^^^^^^^ not found in this scope
[INFO] [stdout] 
[INFO] [stdout] 
[INFO] [stdout] error[E0599]: no method named `with_default_timeout` found for opaque type `impl futures_util::Future<Output = (std::net::SocketAddr, ServerHandle)>` in the current scope
[INFO] [stdout]    --> src/tests/http.rs:310:33
[INFO] [stdout]     |
[INFO] [stdout] 310 |     let (addr, _handle) = server().with_default_timeout().await.unwrap();
[INFO] [stdout]     |                                    ^^^^^^^^^^^^^^^^^^^^ method not found in `impl futures_util::Future<Output = (std::net::SocketAddr, ServerHandle)>`
[INFO] [stdout] 
[INFO] [stdout] 
[INFO] [stdout] error[E0425]: cannot find function `to_http_uri` in this scope
[INFO] [stdout]    --> src/tests/http.rs:311:12
[INFO] [stdout]     |
[INFO] [stdout] 311 |     let uri = to_http_uri(addr);
[INFO] [stdout]     |               ^^^^^^^^^^^ not found in this scope
[INFO] [stdout] 
[INFO] [stdout] 
[INFO] [stdout] error[E0425]: cannot find function `http_request` in this scope
[INFO] [stdout]    --> src/tests/http.rs:314:17
[INFO] [stdout]     |
[INFO] [stdout] 314 |     let response = http_request(req.into(), uri).with_default_timeout().await.unwrap().unwrap();
[INFO] [stdout]     |                    ^^^^^^^^^^^^ not found in this scope
[INFO] [stdout] 
[INFO] [stdout] 
[INFO] [stdout] error[E0599]: no method named `with_default_timeout` found for opaque type `impl futures_util::Future<Output = (std::net::SocketAddr, ServerHandle)>` in the current scope
[INFO] [stdout]    --> src/tests/http.rs:324:33
[INFO] [stdout]     |
[INFO] [stdout] 324 |     let (addr, _handle) = server().with_default_timeout().await.unwrap();
[INFO] [stdout]     |                                    ^^^^^^^^^^^^^^^^^^^^ method not found in `impl futures_util::Future<Output = (std::net::SocketAddr, ServerHandle)>`
[INFO] [stdout] 
[INFO] [stdout] 
[INFO] [stdout] error[E0425]: cannot find function `to_http_uri` in this scope
[INFO] [stdout]    --> src/tests/http.rs:325:12
[INFO] [stdout]     |
[INFO] [stdout] 325 |     let uri = to_http_uri(addr);
[INFO] [stdout]     |               ^^^^^^^^^^^ not found in this scope
[INFO] [stdout] 
[INFO] [stdout] 
[INFO] [stdout] error[E0425]: cannot find function `http_request` in this scope
[INFO] [stdout]    --> src/tests/http.rs:329:17
[INFO] [stdout]     |
[INFO] [stdout] 329 |     let response = http_request(req.into(), uri.clone()).with_default_timeout().await.unwrap().unwrap();
[INFO] [stdout]     |                    ^^^^^^^^^^^^ not found in this scope
[INFO] [stdout] 
[INFO] [stdout] 
[INFO] [stdout] error[E0425]: cannot find function `invalid_request` in this scope
[INFO] [stdout]    --> src/tests/http.rs:331:28
[INFO] [stdout]     |
[INFO] [stdout] 331 |     assert_eq!(response.body, invalid_request(Id::Null));
[INFO] [stdout]     |                               ^^^^^^^^^^^^^^^ not found in this scope
[INFO] [stdout] 
[INFO] [stdout] 
[INFO] [stdout] error[E0425]: cannot find function `http_request` in this scope
[INFO] [stdout]    --> src/tests/http.rs:335:17
[INFO] [stdout]     |
[INFO] [stdout] 335 |     let response = http_request(req.into(), uri.clone()).with_default_timeout().await.unwrap().unwrap();
[INFO] [stdout]     |                    ^^^^^^^^^^^^ not found in this scope
[INFO] [stdout] 
[INFO] [stdout] 
[INFO] [stdout] error[E0425]: cannot find function `invalid_batch` in this scope
[INFO] [stdout]    --> src/tests/http.rs:337:28
[INFO] [stdout]     |
[INFO] [stdout] 337 |     assert_eq!(response.body, invalid_batch(vec![Id::Null]));
[INFO] [stdout]     |                               ^^^^^^^^^^^^^ not found in this scope
[INFO] [stdout] 
[INFO] [stdout] 
[INFO] [stdout] error[E0425]: cannot find function `http_request` in this scope
[INFO] [stdout]    --> src/tests/http.rs:341:17
[INFO] [stdout]     |
[INFO] [stdout] 341 |     let response = http_request(req.into(), uri.clone()).with_default_timeout().await.unwrap().unwrap();
[INFO] [stdout]     |                    ^^^^^^^^^^^^ not found in this scope
[INFO] [stdout] 
[INFO] [stdout] 
[INFO] [stdout] error[E0425]: cannot find function `invalid_batch` in this scope
[INFO] [stdout]    --> src/tests/http.rs:343:28
[INFO] [stdout]     |
[INFO] [stdout] 343 |     assert_eq!(response.body, invalid_batch(vec![Id::Null, Id::Null, Id::Null]));
[INFO] [stdout]     |                               ^^^^^^^^^^^^^ not found in this scope
[INFO] [stdout] 
[INFO] [stdout] 
[INFO] [stdout] error[E0425]: cannot find function `http_request` in this scope
[INFO] [stdout]    --> src/tests/http.rs:350:17
[INFO] [stdout]     |
[INFO] [stdout] 350 |     let response = http_request(req.into(), uri.clone()).with_default_timeout().await.unwrap().unwrap();
[INFO] [stdout]     |                    ^^^^^^^^^^^^ not found in this scope
[INFO] [stdout] 
[INFO] [stdout] 
[INFO] [stdout] error[E0425]: cannot find function `parse_error` in this scope
[INFO] [stdout]    --> src/tests/http.rs:352:28
[INFO] [stdout]     |
[INFO] [stdout] 352 |     assert_eq!(response.body, parse_error(Id::Null));
[INFO] [stdout]     |                               ^^^^^^^^^^^ not found in this scope
[INFO] [stdout] 
[INFO] [stdout] 
[INFO] [stdout] error[E0599]: no method named `with_default_timeout` found for opaque type `impl futures_util::Future<Output = (std::net::SocketAddr, ServerHandle)>` in the current scope
[INFO] [stdout]    --> src/tests/http.rs:359:33
[INFO] [stdout]     |
[INFO] [stdout] 359 |     let (addr, _handle) = server().with_default_timeout().await.unwrap();
[INFO] [stdout]     |                                    ^^^^^^^^^^^^^^^^^^^^ method not found in `impl futures_util::Future<Output = (std::net::SocketAddr, ServerHandle)>`
[INFO] [stdout] 
[INFO] [stdout] 
[INFO] [stdout] error[E0425]: cannot find function `to_http_uri` in this scope
[INFO] [stdout]    --> src/tests/http.rs:360:12
[INFO] [stdout]     |
[INFO] [stdout] 360 |     let uri = to_http_uri(addr);
[INFO] [stdout]     |               ^^^^^^^^^^^ not found in this scope
[INFO] [stdout] 
[INFO] [stdout] 
[INFO] [stdout] error[E0425]: cannot find function `http_request` in this scope
[INFO] [stdout]    --> src/tests/http.rs:369:17
[INFO] [stdout]     |
[INFO] [stdout] 369 |     let response = http_request(req.into(), uri.clone()).with_default_timeout().await.unwrap().unwrap();
[INFO] [stdout]     |                    ^^^^^^^^^^^^ not found in this scope
[INFO] [stdout] 
[INFO] [stdout] 
[INFO] [stdout] error[E0599]: no method named `with_default_timeout` found for opaque type `impl futures_util::Future<Output = (std::net::SocketAddr, ServerHandle)>` in the current scope
[INFO] [stdout]    --> src/tests/http.rs:378:33
[INFO] [stdout]     |
[INFO] [stdout] 378 |     let (addr, _handle) = server().with_default_timeout().await.unwrap();
[INFO] [stdout]     |                                    ^^^^^^^^^^^^^^^^^^^^ method not found in `impl futures_util::Future<Output = (std::net::SocketAddr, ServerHandle)>`
[INFO] [stdout] 
[INFO] [stdout] 
[INFO] [stdout] error[E0425]: cannot find function `to_http_uri` in this scope
[INFO] [stdout]    --> src/tests/http.rs:379:12
[INFO] [stdout]     |
[INFO] [stdout] 379 |     let uri = to_http_uri(addr);
[INFO] [stdout]     |               ^^^^^^^^^^^ not found in this scope
[INFO] [stdout] 
[INFO] [stdout] 
[INFO] [stdout] error[E0425]: cannot find function `http_request` in this scope
[INFO] [stdout]    --> src/tests/http.rs:386:17
[INFO] [stdout]     |
[INFO] [stdout] 386 |     let response = http_request(req.into(), uri.clone()).with_default_timeout().await.unwrap().unwrap();
[INFO] [stdout]     |                    ^^^^^^^^^^^^ not found in this scope
[INFO] [stdout] 
[INFO] [stdout] 
[INFO] [stdout] error[E0425]: cannot find function `to_http_uri` in this scope
[INFO] [stdout]    --> src/tests/http.rs:394:12
[INFO] [stdout]     |
[INFO] [stdout] 394 |     let uri = to_http_uri(addr);
[INFO] [stdout]     |               ^^^^^^^^^^^ not found in this scope
[INFO] [stdout] 
[INFO] [stdout] 
[INFO] [stdout] error[E0425]: cannot find function `http_request` in this scope
[INFO] [stdout]    --> src/tests/http.rs:397:17
[INFO] [stdout]     |
[INFO] [stdout] 397 |     let response = http_request(req.into(), uri.clone()).await.unwrap();
[INFO] [stdout]     |                    ^^^^^^^^^^^^ not found in this scope
[INFO] [stdout] 
[INFO] [stdout] 
[INFO] [stdout] error[E0425]: cannot find function `parse_error` in this scope
[INFO] [stdout]    --> src/tests/http.rs:398:28
[INFO] [stdout]     |
[INFO] [stdout] 398 |     assert_eq!(response.body, parse_error(Id::Null));
[INFO] [stdout]     |                               ^^^^^^^^^^^ not found in this scope
[INFO] [stdout] 
[INFO] [stdout] 
[INFO] [stdout] error[E0425]: cannot find function `http_request` in this scope
[INFO] [stdout]    --> src/tests/http.rs:401:17
[INFO] [stdout]     |
[INFO] [stdout] 401 |     let response = http_request(req.into(), uri.clone()).await.unwrap();
[INFO] [stdout]     |                    ^^^^^^^^^^^^ not found in this scope
[INFO] [stdout] 
[INFO] [stdout] 
[INFO] [stdout] error[E0425]: cannot find function `parse_error` in this scope
[INFO] [stdout]    --> src/tests/http.rs:402:28
[INFO] [stdout]     |
[INFO] [stdout] 402 |     assert_eq!(response.body, parse_error(Id::Null));
[INFO] [stdout]     |                               ^^^^^^^^^^^ not found in this scope
[INFO] [stdout] 
[INFO] [stdout] 
[INFO] [stdout] error[E0425]: cannot find function `http_request` in this scope
[INFO] [stdout]    --> src/tests/http.rs:405:17
[INFO] [stdout]     |
[INFO] [stdout] 405 |     let response = http_request(req.into(), uri.clone()).await.unwrap();
[INFO] [stdout]     |                    ^^^^^^^^^^^^ not found in this scope
[INFO] [stdout] 
[INFO] [stdout] 
[INFO] [stdout] error[E0425]: cannot find function `parse_error` in this scope
[INFO] [stdout]    --> src/tests/http.rs:406:28
[INFO] [stdout]     |
[INFO] [stdout] 406 |     assert_eq!(response.body, parse_error(Id::Null));
[INFO] [stdout]     |                               ^^^^^^^^^^^ not found in this scope
[INFO] [stdout] 
[INFO] [stdout] 
[INFO] [stdout] error[E0425]: cannot find function `http_request` in this scope
[INFO] [stdout]    --> src/tests/http.rs:409:17
[INFO] [stdout]     |
[INFO] [stdout] 409 |     let response = http_request(req.into(), uri.clone()).await.unwrap();
[INFO] [stdout]     |                    ^^^^^^^^^^^^ not found in this scope
[INFO] [stdout] 
[INFO] [stdout] 
[INFO] [stdout] error[E0425]: cannot find function `parse_error` in this scope
[INFO] [stdout]    --> src/tests/http.rs:410:28
[INFO] [stdout]     |
[INFO] [stdout] 410 |     assert_eq!(response.body, parse_error(Id::Null));
[INFO] [stdout]     |                               ^^^^^^^^^^^ not found in this scope
[INFO] [stdout] 
[INFO] [stdout] 
[INFO] [stdout] error[E0425]: cannot find function `http_request` in this scope
[INFO] [stdout]    --> src/tests/http.rs:413:17
[INFO] [stdout]     |
[INFO] [stdout] 413 |     let response = http_request(req.into(), uri.clone()).await.unwrap();
[INFO] [stdout]     |                    ^^^^^^^^^^^^ not found in this scope
[INFO] [stdout] 
[INFO] [stdout] 
[INFO] [stdout] error[E0425]: cannot find function `parse_error` in this scope
[INFO] [stdout]    --> src/tests/http.rs:414:28
[INFO] [stdout]     |
[INFO] [stdout] 414 |     assert_eq!(response.body, parse_error(Id::Null));
[INFO] [stdout]     |                               ^^^^^^^^^^^ not found in this scope
[INFO] [stdout] 
[INFO] [stdout] 
[INFO] [stdout] error[E0425]: cannot find function `http_request` in this scope
[INFO] [stdout]    --> src/tests/http.rs:417:17
[INFO] [stdout]     |
[INFO] [stdout] 417 |     let response = http_request(req.into(), uri.clone()).await.unwrap();
[INFO] [stdout]     |                    ^^^^^^^^^^^^ not found in this scope
[INFO] [stdout] 
[INFO] [stdout] 
[INFO] [stdout] error[E0425]: cannot find function `parse_error` in this scope
[INFO] [stdout]    --> src/tests/http.rs:418:28
[INFO] [stdout]     |
[INFO] [stdout] 418 |     assert_eq!(response.body, parse_error(Id::Null));
[INFO] [stdout]     |                               ^^^^^^^^^^^ not found in this scope
[INFO] [stdout] 
[INFO] [stdout] 
[INFO] [stdout] error[E0425]: cannot find function `http_request` in this scope
[INFO] [stdout]    --> src/tests/http.rs:421:17
[INFO] [stdout]     |
[INFO] [stdout] 421 |     let response = http_request(req.into(), uri.clone()).await.unwrap();
[INFO] [stdout]     |                    ^^^^^^^^^^^^ not found in this scope
[INFO] [stdout] 
[INFO] [stdout] 
[INFO] [stdout] error[E0425]: cannot find function `invalid_request` in this scope
[INFO] [stdout]    --> src/tests/http.rs:422:28
[INFO] [stdout]     |
[INFO] [stdout] 422 |     assert_eq!(response.body, invalid_request(Id::Null));
[INFO] [stdout]     |                               ^^^^^^^^^^^^^^^ not found in this scope
[INFO] [stdout] 
[INFO] [stdout] 
[INFO] [stdout] error[E0425]: cannot find function `http_request` in this scope
[INFO] [stdout]    --> src/tests/http.rs:425:17
[INFO] [stdout]     |
[INFO] [stdout] 425 |     let response = http_request(req.into(), uri.clone()).await.unwrap();
[INFO] [stdout]     |                    ^^^^^^^^^^^^ not found in this scope
[INFO] [stdout] 
[INFO] [stdout] 
[INFO] [stdout] error[E0425]: cannot find function `parse_error` in this scope
[INFO] [stdout]    --> src/tests/http.rs:426:28
[INFO] [stdout]     |
[INFO] [stdout] 426 |     assert_eq!(response.body, parse_error(Id::Null));
[INFO] [stdout]     |                               ^^^^^^^^^^^ not found in this scope
[INFO] [stdout] 
[INFO] [stdout] 
[INFO] [stdout] error[E0599]: no method named `with_default_timeout` found for opaque type `impl futures_util::Future<Output = (std::net::SocketAddr, ServerHandle)>` in the current scope
[INFO] [stdout]    --> src/tests/http.rs:431:33
[INFO] [stdout]     |
[INFO] [stdout] 431 |     let (addr, _handle) = server().with_default_timeout().await.unwrap();
[INFO] [stdout]     |                                    ^^^^^^^^^^^^^^^^^^^^ method not found in `impl futures_util::Future<Output = (std::net::SocketAddr, ServerHandle)>`
[INFO] [stdout] 
[INFO] [stdout] 
[INFO] [stdout] error[E0425]: cannot find function `to_http_uri` in this scope
[INFO] [stdout]    --> src/tests/http.rs:432:12
[INFO] [stdout]     |
[INFO] [stdout] 432 |     let uri = to_http_uri(addr);
[INFO] [stdout]     |               ^^^^^^^^^^^ not found in this scope
[INFO] [stdout] 
[INFO] [stdout] 
[INFO] [stdout] error[E0425]: cannot find function `http_request` in this scope
[INFO] [stdout]    --> src/tests/http.rs:435:17
[INFO] [stdout]     |
[INFO] [stdout] 435 |     let response = http_request(req.into(), uri.clone()).await.unwrap();
[INFO] [stdout]     |                    ^^^^^^^^^^^^ not found in this scope
[INFO] [stdout] 
[INFO] [stdout] 
[INFO] [stdout] error[E0425]: cannot find function `http_request` in this scope
[INFO] [stdout]    --> src/tests/http.rs:441:17
[INFO] [stdout]     |
[INFO] [stdout] 441 |     let response = http_request(req.into(), uri.clone()).await.unwrap();
[INFO] [stdout]     |                    ^^^^^^^^^^^^ not found in this scope
[INFO] [stdout] 
[INFO] [stdout] 
[INFO] [stdout] error[E0425]: cannot find function `http_request` in this scope
[INFO] [stdout]    --> src/tests/http.rs:448:17
[INFO] [stdout]     |
[INFO] [stdout] 448 |     let response = http_request(req.into(), uri.clone()).await.unwrap();
[INFO] [stdout]     |                    ^^^^^^^^^^^^ not found in this scope
[INFO] [stdout] 
[INFO] [stdout] 
[INFO] [stdout] error[E0425]: cannot find function `http_request` in this scope
[INFO] [stdout]    --> src/tests/http.rs:455:17
[INFO] [stdout]     |
[INFO] [stdout] 455 |     let response = http_request(req.into(), uri.clone()).await.unwrap();
[INFO] [stdout]     |                    ^^^^^^^^^^^^ not found in this scope
[INFO] [stdout] 
[INFO] [stdout] 
[INFO] [stdout] error[E0425]: cannot find function `parse_error` in this scope
[INFO] [stdout]    --> src/tests/http.rs:457:28
[INFO] [stdout]     |
[INFO] [stdout] 457 |     assert_eq!(response.body, parse_error(Id::Null));
[INFO] [stdout]     |                               ^^^^^^^^^^^ not found in this scope
[INFO] [stdout] 
[INFO] [stdout] 
[INFO] [stdout] error[E0599]: no method named `with_default_timeout` found for opaque type `impl futures_util::Future<Output = (std::net::SocketAddr, ServerHandle)>` in the current scope
[INFO] [stdout]    --> src/tests/http.rs:462:33
[INFO] [stdout]     |
[INFO] [stdout] 462 |     let (addr, _handle) = server().with_default_timeout().await.unwrap();
[INFO] [stdout]     |                                    ^^^^^^^^^^^^^^^^^^^^ method not found in `impl futures_util::Future<Output = (std::net::SocketAddr, ServerHandle)>`
[INFO] [stdout] 
[INFO] [stdout] 
[INFO] [stdout] error[E0425]: cannot find function `to_http_uri` in this scope
[INFO] [stdout]    --> src/tests/http.rs:463:12
[INFO] [stdout]     |
[INFO] [stdout] 463 |     let uri = to_http_uri(addr);
[INFO] [stdout]     |               ^^^^^^^^^^^ not found in this scope
[INFO] [stdout] 
[INFO] [stdout] 
[INFO] [stdout] error[E0425]: cannot find function `http_request` in this scope
[INFO] [stdout]    --> src/tests/http.rs:466:17
[INFO] [stdout]     |
[INFO] [stdout] 466 |     let response = http_request(req.into(), uri).with_default_timeout().await.unwrap().unwrap();
[INFO] [stdout]     |                    ^^^^^^^^^^^^ not found in this scope
[INFO] [stdout] 
[INFO] [stdout] 
[INFO] [stdout] error[E0425]: cannot find function `method_not_found` in this scope
[INFO] [stdout]    --> src/tests/http.rs:468:28
[INFO] [stdout]     |
[INFO] [stdout] 468 |     assert_eq!(response.body, method_not_found(Id::Str("foo".into())));
[INFO] [stdout]     |                               ^^^^^^^^^^^^^^^^ not found in this scope
[INFO] [stdout] 
[INFO] [stdout] 
[INFO] [stdout] error[E0599]: no method named `with_default_timeout` found for opaque type `impl futures_util::Future<Output = (std::net::SocketAddr, ServerHandle)>` in the current scope
[INFO] [stdout]    --> src/tests/http.rs:473:33
[INFO] [stdout]     |
[INFO] [stdout] 473 |     let (addr, _handle) = server().with_default_timeout().await.unwrap();
[INFO] [stdout]     |                                    ^^^^^^^^^^^^^^^^^^^^ method not found in `impl futures_util::Future<Output = (std::net::SocketAddr, ServerHandle)>`
[INFO] [stdout] 
[INFO] [stdout] 
[INFO] [stdout] error[E0425]: cannot find function `to_http_uri` in this scope
[INFO] [stdout]    --> src/tests/http.rs:474:12
[INFO] [stdout]     |
[INFO] [stdout] 474 |     let uri = to_http_uri(addr);
[INFO] [stdout]     |               ^^^^^^^^^^^ not found in this scope
[INFO] [stdout] 
[INFO] [stdout] 
[INFO] [stdout] error[E0425]: cannot find function `http_request` in this scope
[INFO] [stdout]    --> src/tests/http.rs:477:17
[INFO] [stdout]     |
[INFO] [stdout] 477 |     let response = http_request(req.into(), uri).with_default_timeout().await.unwrap().unwrap();
[INFO] [stdout]     |                    ^^^^^^^^^^^^ not found in this scope
[INFO] [stdout] 
[INFO] [stdout] 
[INFO] [stdout] error[E0425]: cannot find function `parse_error` in this scope
[INFO] [stdout]    --> src/tests/http.rs:480:28
[INFO] [stdout]     |
[INFO] [stdout] 480 |     assert_eq!(response.body, parse_error(Id::Null));
[INFO] [stdout]     |                               ^^^^^^^^^^^ not found in this scope
[INFO] [stdout] 
[INFO] [stdout] 
[INFO] [stdout] error[E0599]: no method named `with_default_timeout` found for opaque type `impl futures_util::Future<Output = (std::net::SocketAddr, ServerHandle)>` in the current scope
[INFO] [stdout]    --> src/tests/http.rs:485:33
[INFO] [stdout]     |
[INFO] [stdout] 485 |     let (addr, _handle) = server().with_default_timeout().await.unwrap();
[INFO] [stdout]     |                                    ^^^^^^^^^^^^^^^^^^^^ method not found in `impl futures_util::Future<Output = (std::net::SocketAddr, ServerHandle)>`
[INFO] [stdout] 
[INFO] [stdout] 
[INFO] [stdout] error[E0425]: cannot find function `to_http_uri` in this scope
[INFO] [stdout]    --> src/tests/http.rs:486:12
[INFO] [stdout]     |
[INFO] [stdout] 486 |     let uri = to_http_uri(addr);
[INFO] [stdout]     |               ^^^^^^^^^^^ not found in this scope
[INFO] [stdout] 
[INFO] [stdout] 
[INFO] [stdout] error[E0425]: cannot find function `http_request` in this scope
[INFO] [stdout]    --> src/tests/http.rs:489:17
[INFO] [stdout]     |
[INFO] [stdout] 489 |     let response = http_request(req.into(), uri).with_default_timeout().await.unwrap().unwrap();
[INFO] [stdout]     |                    ^^^^^^^^^^^^ not found in this scope
[INFO] [stdout] 
[INFO] [stdout] 
[INFO] [stdout] error[E0425]: cannot find function `invalid_request` in this scope
[INFO] [stdout]    --> src/tests/http.rs:491:28
[INFO] [stdout]     |
[INFO] [stdout] 491 |     assert_eq!(response.body, invalid_request(Id::Num(1)));
[INFO] [stdout]     |                               ^^^^^^^^^^^^^^^ not found in this scope
[INFO] [stdout] 
[INFO] [stdout] 
[INFO] [stdout] error[E0599]: no method named `with_default_timeout` found for opaque type `impl futures_util::Future<Output = (std::net::SocketAddr, ServerHandle)>` in the current scope
[INFO] [stdout]    --> src/tests/http.rs:496:33
[INFO] [stdout]     |
[INFO] [stdout] 496 |     let (addr, _handle) = server().with_default_timeout().await.unwrap();
[INFO] [stdout]     |                                    ^^^^^^^^^^^^^^^^^^^^ method not found in `impl futures_util::Future<Output = (std::net::SocketAddr, ServerHandle)>`
[INFO] [stdout] 
[INFO] [stdout] 
[INFO] [stdout] error[E0425]: cannot find function `to_http_uri` in this scope
[INFO] [stdout]    --> src/tests/http.rs:497:12
[INFO] [stdout]     |
[INFO] [stdout] 497 |     let uri = to_http_uri(addr);
[INFO] [stdout]     |               ^^^^^^^^^^^ not found in this scope
[INFO] [stdout] 
[INFO] [stdout] 
[INFO] [stdout] error[E0425]: cannot find function `http_request` in this scope
[INFO] [stdout]    --> src/tests/http.rs:500:17
[INFO] [stdout]     |
[INFO] [stdout] 500 |     let response = http_request(req.into(), uri).with_default_timeout().await.unwrap().unwrap();
[INFO] [stdout]     |                    ^^^^^^^^^^^^ not found in this scope
[INFO] [stdout] 
[INFO] [stdout] 
[INFO] [stdout] error[E0599]: no method named `with_default_timeout` found for opaque type `impl futures_util::Future<Output = (std::net::SocketAddr, ServerHandle)>` in the current scope
[INFO] [stdout]    --> src/tests/http.rs:507:33
[INFO] [stdout]     |
[INFO] [stdout] 507 |     let (addr, _handle) = server().with_default_timeout().await.unwrap();
[INFO] [stdout]     |                                    ^^^^^^^^^^^^^^^^^^^^ method not found in `impl futures_util::Future<Output = (std::net::SocketAddr, ServerHandle)>`
[INFO] [stdout] 
[INFO] [stdout] 
[INFO] [stdout] error[E0425]: cannot find function `to_http_uri` in this scope
[INFO] [stdout]    --> src/tests/http.rs:508:12
[INFO] [stdout]     |
[INFO] [stdout] 508 |     let uri = to_http_uri(addr);
[INFO] [stdout]     |               ^^^^^^^^^^^ not found in this scope
[INFO] [stdout] 
[INFO] [stdout] 
[INFO] [stdout] error[E0425]: cannot find function `http_request` in this scope
[INFO] [stdout]    --> src/tests/http.rs:511:17
[INFO] [stdout]     |
[INFO] [stdout] 511 |     let response = http_request(req.into(), uri).with_default_timeout().await.unwrap().unwrap();
[INFO] [stdout]     |                    ^^^^^^^^^^^^ not found in this scope
[INFO] [stdout] 
[INFO] [stdout] 
[INFO] [stdout] error[E0425]: cannot find function `to_http_uri` in this scope
[INFO] [stdout]    --> src/tests/http.rs:550:12
[INFO] [stdout]     |
[INFO] [stdout] 550 |     let uri = to_http_uri(addr);
[INFO] [stdout]     |               ^^^^^^^^^^^ not found in this scope
[INFO] [stdout] 
[INFO] [stdout] 
[INFO] [stdout] error[E0425]: cannot find function `http_request` in this scope
[INFO] [stdout]    --> src/tests/http.rs:555:17
[INFO] [stdout]     |
[INFO] [stdout] 555 |     let response = http_request(req.into(), uri.clone()).with_default_timeout().await.unwrap().unwrap();
[INFO] [stdout]     |                    ^^^^^^^^^^^^ not found in this scope
[INFO] [stdout] 
[INFO] [stdout] 
[INFO] [stdout] error[E0425]: cannot find function `oversized_request` in this scope
[INFO] [stdout]    --> src/tests/http.rs:556:28
[INFO] [stdout]     |
[INFO] [stdout] 556 |     assert_eq!(response.body, oversized_request(100));
[INFO] [stdout]     |                               ^^^^^^^^^^^^^^^^^ not found in this scope
[INFO] [stdout] 
[INFO] [stdout] 
[INFO] [stdout] error[E0425]: cannot find function `http_request` in this scope
[INFO] [stdout]    --> src/tests/http.rs:560:17
[INFO] [stdout]     |
[INFO] [stdout] 560 |     let response = http_request(req.into(), uri.clone()).with_default_timeout().await.unwrap().unwrap();
[INFO] [stdout]     |                    ^^^^^^^^^^^^ not found in this scope
[INFO] [stdout] 
[INFO] [stdout] 
[INFO] [stdout] error[E0425]: cannot find function `to_http_uri` in this scope
[INFO] [stdout]    --> src/tests/http.rs:576:12
[INFO] [stdout]     |
[INFO] [stdout] 576 |     let uri = to_http_uri(addr);
[INFO] [stdout]     |               ^^^^^^^^^^^ not found in this scope
[INFO] [stdout] 
[INFO] [stdout] 
[INFO] [stdout] error[E0425]: cannot find function `http_request` in this scope
[INFO] [stdout]    --> src/tests/http.rs:581:17
[INFO] [stdout]     |
[INFO] [stdout] 581 |     let response = http_request(req.into(), uri.clone()).with_default_timeout().await.unwrap().unwrap();
[INFO] [stdout]     |                    ^^^^^^^^^^^^ not found in this scope
[INFO] [stdout] 
[INFO] [stdout] 
[INFO] [stdout] error[E0425]: cannot find function `oversized_response` in this scope
[INFO] [stdout]    --> src/tests/http.rs:582:28
[INFO] [stdout]     |
[INFO] [stdout] 582 |     assert_eq!(response.body, oversized_response(Id::Num(1), 100));
[INFO] [stdout]     |                               ^^^^^^^^^^^^^^^^^^ not found in this scope
[INFO] [stdout] 
[INFO] [stdout] 
[INFO] [stdout] error[E0425]: cannot find function `to_http_uri` in this scope
[INFO] [stdout]    --> src/tests/http.rs:597:12
[INFO] [stdout]     |
[INFO] [stdout] 597 |     let uri = to_http_uri(addr);
[INFO] [stdout]     |               ^^^^^^^^^^^ not found in this scope
[INFO] [stdout] 
[INFO] [stdout] 
[INFO] [stdout] error[E0425]: cannot find function `http_request` in this scope
[INFO] [stdout]    --> src/tests/http.rs:602:17
[INFO] [stdout]     |
[INFO] [stdout] 602 |     let response = http_request(req.into(), uri.clone()).with_default_timeout().await.unwrap().unwrap();
[INFO] [stdout]     |                    ^^^^^^^^^^^^ not found in this scope
[INFO] [stdout] 
[INFO] [stdout] 
[INFO] [stdout] error[E0425]: cannot find function `batch_response_too_large` in this scope
[INFO] [stdout]    --> src/tests/http.rs:603:28
[INFO] [stdout]     |
[INFO] [stdout] 603 |     assert_eq!(response.body, batch_response_too_large(100));
[INFO] [stdout]     |                               ^^^^^^^^^^^^^^^^^^^^^^^^ not found in this scope
[INFO] [stdout] 
[INFO] [stdout] 
[INFO] [stdout] error[E0425]: cannot find function `to_http_uri` in this scope
[INFO] [stdout]    --> src/tests/http.rs:618:12
[INFO] [stdout]     |
[INFO] [stdout] 618 |     let uri = to_http_uri(addr);
[INFO] [stdout]     |               ^^^^^^^^^^^ not found in this scope
[INFO] [stdout] 
[INFO] [stdout] 
[INFO] [stdout] error[E0425]: cannot find function `http_request` in this scope
[INFO] [stdout]    --> src/tests/http.rs:626:17
[INFO] [stdout]     |
[INFO] [stdout] 626 |     let response = http_request(req.into(), uri.clone()).with_default_timeout().await.unwrap().unwrap();
[INFO] [stdout]     |                    ^^^^^^^^^^^^ not found in this scope
[INFO] [stdout] 
[INFO] [stdout] 
[INFO] [stdout] error[E0425]: cannot find function `batches_not_supported` in this scope
[INFO] [stdout]    --> src/tests/http.rs:627:28
[INFO] [stdout]     |
[INFO] [stdout] 627 |     assert_eq!(response.body, batches_not_supported());
[INFO] [stdout]     |                               ^^^^^^^^^^^^^^^^^^^^^ not found in this scope
[INFO] [stdout] 
[INFO] [stdout] 
[INFO] [stdout] error[E0425]: cannot find function `to_http_uri` in this scope
[INFO] [stdout]    --> src/tests/http.rs:642:12
[INFO] [stdout]     |
[INFO] [stdout] 642 |     let uri = to_http_uri(addr);
[INFO] [stdout]     |               ^^^^^^^^^^^ not found in this scope
[INFO] [stdout] 
[INFO] [stdout] 
[INFO] [stdout] error[E0425]: cannot find function `http_request` in this scope
[INFO] [stdout]    --> src/tests/http.rs:650:17
[INFO] [stdout]     |
[INFO] [stdout] 650 |     let response = http_request(req.into(), uri.clone()).with_default_timeout().await.unwrap().unwrap();
[INFO] [stdout]     |                    ^^^^^^^^^^^^ not found in this scope
[INFO] [stdout] 
[INFO] [stdout] 
[INFO] [stdout] error[E0425]: cannot find function `batches_too_large` in this scope
[INFO] [stdout]    --> src/tests/http.rs:651:28
[INFO] [stdout]     |
[INFO] [stdout] 651 |     assert_eq!(response.body, batches_too_large(1));
[INFO] [stdout]     |                               ^^^^^^^^^^^^^^^^^ not found in this scope
[INFO] [stdout] 
[INFO] [stdout] 
[INFO] [stdout] error[E0599]: no method named `with_default_timeout` found for opaque type `impl futures_util::Future<Output = (std::net::SocketAddr, ServerHandle)>` in the current scope
[INFO] [stdout]    --> src/tests/http.rs:661:33
[INFO] [stdout]     |
[INFO] [stdout] 661 |     let (addr, _handle) = server().with_default_timeout().await.unwrap();
[INFO] [stdout]     |                                    ^^^^^^^^^^^^^^^^^^^^ method not found in `impl futures_util::Future<Output = (std::net::SocketAddr, ServerHandle)>`
[INFO] [stdout] 
[INFO] [stdout] 
[INFO] [stdout] error[E0425]: cannot find function `to_http_uri` in this scope
[INFO] [stdout]    --> src/tests/http.rs:662:12
[INFO] [stdout]     |
[INFO] [stdout] 662 |     let uri = to_http_uri(addr);
[INFO] [stdout]     |               ^^^^^^^^^^^ not found in this scope
[INFO] [stdout] 
[INFO] [stdout] 
[INFO] [stdout] error[E0425]: cannot find function `http2_request` in this scope
[INFO] [stdout]    --> src/tests/http.rs:665:17
[INFO] [stdout]     |
[INFO] [stdout] 665 |     let response = http2_request(req.into(), uri).with_default_timeout().await.unwrap().unwrap();
[INFO] [stdout]     |                    ^^^^^^^^^^^^^ not found in this scope
[INFO] [stdout] 
[INFO] [stdout] 
[INFO] [stdout] error[E0425]: cannot find function `to_http_uri` in this scope
[INFO] [stdout]    --> src/tests/http.rs:683:12
[INFO] [stdout]     |
[INFO] [stdout] 683 |     let uri = to_http_uri(addr);
[INFO] [stdout]     |               ^^^^^^^^^^^ not found in this scope
[INFO] [stdout] 
[INFO] [stdout] 
[INFO] [stdout] error[E0425]: cannot find function `http_request` in this scope
[INFO] [stdout]    --> src/tests/http.rs:687:17
[INFO] [stdout]     |
[INFO] [stdout] 687 |     let response = http_request(req.into(), uri).with_default_timeout().await.unwrap().unwrap();
[INFO] [stdout]     |                    ^^^^^^^^^^^^ not found in this scope
[INFO] [stdout] 
[INFO] [stdout] 
[INFO] [stdout] error[E0425]: cannot find function `to_http_uri` in this scope
[INFO] [stdout]    --> src/tests/http.rs:708:12
[INFO] [stdout]     |
[INFO] [stdout] 708 |     let uri = to_http_uri(addr);
[INFO] [stdout]     |               ^^^^^^^^^^^ not found in this scope
[INFO] [stdout] 
[INFO] [stdout] 
[INFO] [stdout] error[E0425]: cannot find function `http_request` in this scope
[INFO] [stdout]    --> src/tests/http.rs:716:17
[INFO] [stdout]     |
[INFO] [stdout] 716 |     let response = http_request(req.into(), uri.clone()).with_default_timeout().await.unwrap().unwrap();
[INFO] [stdout]     |                    ^^^^^^^^^^^^ not found in this scope
[INFO] [stdout] 
[INFO] [stdout] 
[INFO] [stdout] error[E0425]: cannot find function `http_request` in this scope
[INFO] [stdout]    --> src/tests/http.rs:724:17
[INFO] [stdout]     |
[INFO] [stdout] 724 |     let response = http_request(req.into(), uri).with_default_timeout().await.unwrap().unwrap();
[INFO] [stdout]     |                    ^^^^^^^^^^^^ not found in this scope
[INFO] [stdout] 
[INFO] [stdout] 
[INFO] [stdout] error[E0599]: no method named `with_default_timeout` found for opaque type `impl futures_util::Future<Output = (std::net::SocketAddr, ServerHandle)>` in the current scope
[INFO] [stdout]   --> src/tests/shared.rs:16:53
[INFO] [stdout]    |
[INFO] [stdout] 16 |     let (_addr, server_handle) = server_with_handles().with_default_timeout().await.unwrap();
[INFO] [stdout]    |                                                        ^^^^^^^^^^^^^^^^^^^^ method not found in `impl futures_util::Future<Output = (std::net::SocketAddr, ServerHandle)>`
[INFO] [stdout] 
[INFO] [stdout] 
[INFO] [stdout] error[E0599]: no method named `with_default_timeout` found for opaque type `impl futures_util::Future<Output = (std::net::SocketAddr, ServerHandle)>` in the current scope
[INFO] [stdout]   --> src/tests/shared.rs:34:53
[INFO] [stdout]    |
[INFO] [stdout] 34 |     let (_addr, server_handle) = server_with_handles().with_default_timeout().await.unwrap();
[INFO] [stdout]    |                                                        ^^^^^^^^^^^^^^^^^^^^ method not found in `impl futures_util::Future<Output = (std::net::SocketAddr, ServerHandle)>`
[INFO] [stdout] 
[INFO] [stdout] 
[INFO] [stdout] error[E0599]: no method named `with_default_timeout` found for opaque type `impl futures_util::Future<Output = (std::net::SocketAddr, ServerHandle)>` in the current scope
[INFO] [stdout]   --> src/tests/shared.rs:38:53
[INFO] [stdout]    |
[INFO] [stdout] 38 |     let (_addr, server_handle) = server_with_handles().with_default_timeout().await.unwrap();
[INFO] [stdout]    |                                                        ^^^^^^^^^^^^^^^^^^^^ method not found in `impl futures_util::Future<Output = (std::net::SocketAddr, ServerHandle)>`
[INFO] [stdout] 
[INFO] [stdout] 
[INFO] [stdout] error[E0599]: no method named `with_default_timeout` found for opaque type `impl futures_util::Future<Output = Result<server::Server, std::io::Error>>` in the current scope
[INFO] [stdout]   --> src/tests/shared.rs:51:71
[INFO] [stdout]    |
[INFO] [stdout] 51 |     let server = ServerBuilder::with_config(config).build("127.0.0.1:0").with_default_timeout().await.unwrap().unwrap();
[INFO] [stdout]    |                                                                          ^^^^^^^^^^^^^^^^^^^^ method not found in `impl futures_util::Future<Output = Result<server::Server, std::io::Error>>`
[INFO] [stdout] 
[INFO] [stdout] 
[INFO] [stdout] error[E0599]: no method named `with_default_timeout` found for opaque type `impl futures_util::Future<Output = Result<server::Server, std::io::Error>>` in the current scope
[INFO] [stdout]   --> src/tests/shared.rs:77:71
[INFO] [stdout]    |
[INFO] [stdout] 77 |     let server = ServerBuilder::with_config(config).build("127.0.0.1:0").with_default_timeout().await.unwrap().unwrap();
[INFO] [stdout]    |                                                                          ^^^^^^^^^^^^^^^^^^^^ method not found in `impl futures_util::Future<Output = Result<server::Server, std::io::Error>>`
[INFO] [stdout] 
[INFO] [stdout] 
[INFO] [stdout] error[E0599]: no method named `with_default_timeout` found for opaque type `impl futures_util::Future<Output = Result<tokio::net::TcpStream, std::io::Error>>` in the current scope
[INFO] [stdout]    --> src/tests/shared.rs:120:44
[INFO] [stdout]     |
[INFO] [stdout] 120 |     let mut stream = TcpStream::connect(addr).with_default_timeout().await.unwrap().unwrap();
[INFO] [stdout]     |                                               ^^^^^^^^^^^^^^^^^^^^ method not found in `impl futures_util::Future<Output = Result<tokio::net::TcpStream, std::io::Error>>`
[INFO] [stdout] 
[INFO] [stdout] 
[INFO] [stdout] error[E0599]: no method named `with_default_timeout` found for opaque type `impl futures_util::Future<Output = Result<tokio::net::TcpStream, std::io::Error>>` in the current scope
[INFO] [stdout]    --> src/tests/shared.rs:129:44
[INFO] [stdout]     |
[INFO] [stdout] 129 |     let mut stream = TcpStream::connect(addr).with_default_timeout().await.unwrap().unwrap();
[INFO] [stdout]     |                                               ^^^^^^^^^^^^^^^^^^^^ method not found in `impl futures_util::Future<Output = Result<tokio::net::TcpStream, std::io::Error>>`
[INFO] [stdout] 
[INFO] [stdout] 
[INFO] [stdout] error[E0599]: no method named `with_default_timeout` found for opaque type `impl futures_util::Future<Output = Result<tokio::net::TcpStream, std::io::Error>>` in the current scope
[INFO] [stdout]    --> src/tests/shared.rs:139:44
[INFO] [stdout]     |
[INFO] [stdout] 139 |     let mut stream = TcpStream::connect(addr).with_default_timeout().await.unwrap().unwrap();
[INFO] [stdout]     |                                               ^^^^^^^^^^^^^^^^^^^^ method not found in `impl futures_util::Future<Output = Result<tokio::net::TcpStream, std::io::Error>>`
[INFO] [stdout] 
[INFO] [stdout] 
[INFO] [stdout] error[E0599]: no method named `with_default_timeout` found for opaque type `impl futures_util::Future<Output = Result<tokio::net::TcpStream, std::io::Error>>` in the current scope
[INFO] [stdout]    --> src/tests/shared.rs:149:44
[INFO] [stdout]     |
[INFO] [stdout] 149 |     let mut stream = TcpStream::connect(addr).with_default_timeout().await.unwrap().unwrap();
[INFO] [stdout]     |                                               ^^^^^^^^^^^^^^^^^^^^ method not found in `impl futures_util::Future<Output = Result<tokio::net::TcpStream, std::io::Error>>`
[INFO] [stdout] 
[INFO] [stdout] 
[INFO] [stdout] error[E0599]: no method named `with_default_timeout` found for opaque type `impl Future<Output = Result<Server<Stack<_, _>>, Error>>` in the current scope
[INFO] [stdout]    --> src/tests/shared.rs:178:4
[INFO] [stdout]     |
[INFO] [stdout] 175 |     let server = ServerBuilder::with_config(config)
[INFO] [stdout] 176 |         .set_http_middleware(middleware)
[INFO] [stdout] 177 |         .build("127.0.0.1:0")
[INFO] [stdout] 178 |         .with_default_timeout()
[INFO] [stdout]     |          ^^^^^^^^^^^^^^^^^^^^ method not found in `impl Future<Output = Result<Server<Stack<_, _>>, Error>>`
[INFO] [stdout]     |
[INFO] [stdout]     = note: the full name for the type has been written to '/opt/rustwide/target/release/build/jsonrpsee-server/2a11a7c4a0e97f7c/out/jsonrpsee_server-2a11a7c4a0e97f7c.long-type-6270465775145614168.txt'
[INFO] [stdout]     = note: consider using `--verbose` to print the full type name to the console
[INFO] [stdout] 
[INFO] [stdout] 
[INFO] [stdout] error[E0599]: no method named `with_timeout` found for opaque type `impl Future<Output = Result<(), Box<dyn Error + Send + Sync>>>` in the current scope
[INFO] [stdout]    --> src/tests/shared.rs:223:4
[INFO] [stdout]     |
[INFO] [stdout] 222 |     let served = crate::serve_with_graceful_shutdown(io, service, std::future::pending::<()>())
[INFO] [stdout] 223 |         .with_timeout(Duration::from_secs(60))
[INFO] [stdout]     |          ^^^^^^^^^^^^ method not found in `impl Future<Output = Result<(), Box<dyn Error + Send + Sync>>>`
[INFO] [stdout]     |
[INFO] [stdout]     = note: the full name for the type has been written to '/opt/rustwide/target/release/build/jsonrpsee-server/2a11a7c4a0e97f7c/out/jsonrpsee_server-2a11a7c4a0e97f7c.long-type-14465291406050741525.txt'
[INFO] [stdout]     = note: consider using `--verbose` to print the full type name to the console
[INFO] [stdout] 
[INFO] [stdout] 
[INFO] [stdout] error[E0599]: no method named `with_timeout` found for opaque type `impl Future<Output = Result<(), Box<dyn Error + Send + Sync>>>` in the current scope
[INFO] [stdout]    --> src/tests/shared.rs:237:4
[INFO] [stdout]     |
[INFO] [stdout] 236 |     let served = crate::serve_with_graceful_shutdown(io, service, std::future::pending::<()>())
[INFO] [stdout] 237 |         .with_timeout(Duration::from_secs(60))
[INFO] [stdout]     |          ^^^^^^^^^^^^ method not found in `impl Future<Output = Result<(), Box<dyn Error + Send + Sync>>>`
[INFO] [stdout]     |
[INFO] [stdout]     = note: the full name for the type has been written to '/opt/rustwide/target/release/build/jsonrpsee-server/2a11a7c4a0e97f7c/out/jsonrpsee_server-2a11a7c4a0e97f7c.long-type-7140672437083857274.txt'
[INFO] [stdout]     = note: consider using `--verbose` to print the full type name to the console
[INFO] [stdout] 
[INFO] [stdout] 
[INFO] [stdout] error[E0425]: cannot find function `oversized_request` in this scope
[INFO] [stdout]   --> src/tests/ws.rs:62:23
[INFO] [stdout]    |
[INFO] [stdout] 62 |     assert_eq!(response, oversized_request(100));
[INFO] [stdout]    |                          ^^^^^^^^^^^^^^^^^ not found in this scope
[INFO] [stdout] 
[INFO] [stdout] 
[INFO] [stdout] error[E0425]: cannot find function `oversized_response` in this scope
[INFO] [stdout]   --> src/tests/ws.rs:91:23
[INFO] [stdout]    |
[INFO] [stdout] 91 |     assert_eq!(response, oversized_response(Id::Num(1), 100));
[INFO] [stdout]    |                          ^^^^^^^^^^^^^^^^^^ not found in this scope
[INFO] [stdout] 
[INFO] [stdout] 
[INFO] [stdout] error[E0425]: cannot find function `batch_response_too_large` in this scope
[INFO] [stdout]    --> src/tests/ws.rs:115:23
[INFO] [stdout]     |
[INFO] [stdout] 115 |     assert_eq!(response, batch_response_too_large(100));
[INFO] [stdout]     |                          ^^^^^^^^^^^^^^^^^^^^^^^^ not found in this scope
[INFO] [stdout] 
[INFO] [stdout] 
[INFO] [stdout] error[E0599]: no method named `with_default_timeout` found for struct `tokio::sync::oneshot::Receiver<T>` in the current scope
[INFO] [stdout]    --> src/tests/ws.rs:219:13
[INFO] [stdout]     |
[INFO] [stdout] 219 |     started_rx.with_default_timeout().await.unwrap().unwrap();
[INFO] [stdout]     |                ^^^^^^^^^^^^^^^^^^^^ method not found in `tokio::sync::oneshot::Receiver<()>`
[INFO] [stdout] 
[INFO] [stdout] 
[INFO] [stdout] error[E0425]: cannot find function `parse_error` in this scope
[INFO] [stdout]    --> src/tests/ws.rs:275:23
[INFO] [stdout]     |
[INFO] [stdout] 275 |     assert_eq!(response, parse_error(Id::Null));
[INFO] [stdout]     |                          ^^^^^^^^^^^ not found in this scope
[INFO] [stdout] 
[INFO] [stdout] 
[INFO] [stdout] error[E0425]: cannot find function `parse_error` in this scope
[INFO] [stdout]    --> src/tests/ws.rs:279:23
[INFO] [stdout]     |
[INFO] [stdout] 279 |     assert_eq!(response, parse_error(Id::Null));
[INFO] [stdout]     |                          ^^^^^^^^^^^ not found in this scope
[INFO] [stdout] 
[INFO] [stdout] 
[INFO] [stdout] error[E0425]: cannot find function `parse_error` in this scope
[INFO] [stdout]    --> src/tests/ws.rs:283:23
[INFO] [stdout]     |
[INFO] [stdout] 283 |     assert_eq!(response, parse_error(Id::Null));
[INFO] [stdout]     |                          ^^^^^^^^^^^ not found in this scope
[INFO] [stdout] 
[INFO] [stdout] 
[INFO] [stdout] error[E0425]: cannot find function `parse_error` in this scope
[INFO] [stdout]    --> src/tests/ws.rs:287:23
[INFO] [stdout]     |
[INFO] [stdout] 287 |     assert_eq!(response, parse_error(Id::Null));
[INFO] [stdout]     |                          ^^^^^^^^^^^ not found in this scope
[INFO] [stdout] 
[INFO] [stdout] 
[INFO] [stdout] error[E0425]: cannot find function `parse_error` in this scope
[INFO] [stdout]    --> src/tests/ws.rs:291:23
[INFO] [stdout]     |
[INFO] [stdout] 291 |     assert_eq!(response, parse_error(Id::Null));
[INFO] [stdout]     |                          ^^^^^^^^^^^ not found in this scope
[INFO] [stdout] 
[INFO] [stdout] 
[INFO] [stdout] error[E0425]: cannot find function `parse_error` in this scope
[INFO] [stdout]    --> src/tests/ws.rs:295:23
[INFO] [stdout]     |
[INFO] [stdout] 295 |     assert_eq!(response, parse_error(Id::Null));
[INFO] [stdout]     |                          ^^^^^^^^^^^ not found in this scope
[INFO] [stdout] 
[INFO] [stdout] 
[INFO] [stdout] error[E0425]: cannot find function `invalid_request` in this scope
[INFO] [stdout]    --> src/tests/ws.rs:299:23
[INFO] [stdout]     |
[INFO] [stdout] 299 |     assert_eq!(response, invalid_request(Id::Null));
[INFO] [stdout]     |                          ^^^^^^^^^^^^^^^ not found in this scope
[INFO] [stdout] 
[INFO] [stdout] 
[INFO] [stdout] error[E0425]: cannot find function `parse_error` in this scope
[INFO] [stdout]    --> src/tests/ws.rs:303:23
[INFO] [stdout]     |
[INFO] [stdout] 303 |     assert_eq!(response, parse_error(Id::Null));
[INFO] [stdout]     |                          ^^^^^^^^^^^ not found in this scope
[INFO] [stdout] 
[INFO] [stdout] 
[INFO] [stdout] error[E0425]: cannot find function `parse_error` in this scope
[INFO] [stdout]    --> src/tests/ws.rs:329:23
[INFO] [stdout]     |
[INFO] [stdout] 329 |     assert_eq!(response, parse_error(Id::Null));
[INFO] [stdout]     |                          ^^^^^^^^^^^ not found in this scope
[INFO] [stdout] 
[INFO] [stdout] 
[INFO] [stdout] error[E0425]: cannot find function `call_execution_failed` in this scope
[INFO] [stdout]    --> src/tests/ws.rs:360:23
[INFO] [stdout]     |
[INFO] [stdout] 360 |     assert_eq!(response, call_execution_failed("MyAppError", Id::Num(1)));
[INFO] [stdout]     |                          ^^^^^^^^^^^^^^^^^^^^^ not found in this scope
[INFO] [stdout] 
[INFO] [stdout] 
[INFO] [stdout] error[E0425]: cannot find function `call_execution_failed` in this scope
[INFO] [stdout]    --> src/tests/ws.rs:400:23
[INFO] [stdout]     |
[INFO] [stdout] 400 |     assert_eq!(response, call_execution_failed("MyAppError", Id::Num(1)));
[INFO] [stdout]     |                          ^^^^^^^^^^^^^^^^^^^^^ not found in this scope
[INFO] [stdout] 
[INFO] [stdout] 
[INFO] [stdout] error[E0425]: cannot find function `method_not_found` in this scope
[INFO] [stdout]    --> src/tests/ws.rs:420:23
[INFO] [stdout]     |
[INFO] [stdout] 420 |     assert_eq!(response, method_not_found(Id::Str("foo".into())));
[INFO] [stdout]     |                          ^^^^^^^^^^^^^^^^ not found in this scope
[INFO] [stdout] 
[INFO] [stdout] 
[INFO] [stdout] error[E0425]: cannot find function `parse_error` in this scope
[INFO] [stdout]    --> src/tests/ws.rs:432:23
[INFO] [stdout]     |
[INFO] [stdout] 432 |     assert_eq!(response, parse_error(Id::Null));
[INFO] [stdout]     |                          ^^^^^^^^^^^ not found in this scope
[INFO] [stdout] 
[INFO] [stdout] 
[INFO] [stdout] error[E0425]: cannot find function `invalid_request` in this scope
[INFO] [stdout]    --> src/tests/ws.rs:442:23
[INFO] [stdout]     |
[INFO] [stdout] 442 |     assert_eq!(response, invalid_request(Id::Num(1)));
[INFO] [stdout]     |                          ^^^^^^^^^^^^^^^ not found in this scope
[INFO] [stdout] 
[INFO] [stdout] 
[INFO] [stdout] error[E0425]: cannot find function `parse_error` in this scope
[INFO] [stdout]    --> src/tests/ws.rs:501:24
[INFO] [stdout]     |
[INFO] [stdout] 501 |     assert_eq!(response1, parse_error(Id::Null));
[INFO] [stdout]     |                           ^^^^^^^^^^^ not found in this scope
[INFO] [stdout] 
[INFO] [stdout] 
[INFO] [stdout] error[E0425]: cannot find function `invalid_request` in this scope
[INFO] [stdout]    --> src/tests/ws.rs:514:23
[INFO] [stdout]     |
[INFO] [stdout] 514 |     assert_eq!(response, invalid_request(Id::Num(1)));
[INFO] [stdout]     |                          ^^^^^^^^^^^^^^^ not found in this scope
[INFO] [stdout] 
[INFO] [stdout] 
[INFO] [stdout] error[E0425]: cannot find function `call` in this scope
[INFO] [stdout]    --> src/tests/ws.rs:570:17
[INFO] [stdout]     |
[INFO] [stdout] 570 |     let sub_call = call("subscribe_hello", Vec::<()>::new(), Id::Num(0));
[INFO] [stdout]     |                    ^^^^ not found in this scope
[INFO] [stdout] 
[INFO] [stdout] 
[INFO] [stdout] error[E0425]: cannot find function `call` in this scope
[INFO] [stdout]    --> src/tests/ws.rs:573:19
[INFO] [stdout]     |
[INFO] [stdout] 573 |     let unsub_call = call("unsubscribe_hello", vec![sub_id], Id::Num(1));
[INFO] [stdout]     |                      ^^^^ not found in this scope
[INFO] [stdout] 
[INFO] [stdout] 
[INFO] [stdout] error[E0425]: cannot find function `call` in this scope
[INFO] [stdout]    --> src/tests/ws.rs:577:19
[INFO] [stdout]     |
[INFO] [stdout] 577 |     let unsub_call = call("unsubscribe_hello", vec![sub_id], Id::Num(2));
[INFO] [stdout]     |                      ^^^^ not found in this scope
[INFO] [stdout] 
[INFO] [stdout] 
[INFO] [stdout] error[E0425]: cannot find function `call` in this scope
[INFO] [stdout]    --> src/tests/ws.rs:590:39
[INFO] [stdout]     |
[INFO] [stdout] 590 |         deser_call(client.send_request_text(call("unsubscribe_hello", vec![13.99_f64], Id::Num(0))).await.unwrap());
[INFO] [stdout]     |                                             ^^^^ not found in this scope
[INFO] [stdout] 
[INFO] [stdout] 
[INFO] [stdout] error[E0599]: no method named `with_default_timeout` found for opaque type `impl futures_util::Future<Output = Result<server::Server, std::io::Error>>` in the current scope
[INFO] [stdout]    --> src/tests/ws.rs:607:71
[INFO] [stdout]     |
[INFO] [stdout] 607 |     let server = ServerBuilder::with_config(config).build("127.0.0.1:0").with_default_timeout().await.unwrap().unwrap();
[INFO] [stdout]     |                                                                          ^^^^^^^^^^^^^^^^^^^^ method not found in `impl futures_util::Future<Output = Result<server::Server, std::io::Error>>`
[INFO] [stdout] 
[INFO] [stdout] 
[INFO] [stdout] error[E0425]: cannot find function `call` in this scope
[INFO] [stdout]    --> src/tests/ws.rs:629:37
[INFO] [stdout]     |
[INFO] [stdout] 629 |     let sub = client.send_request_text(call("subscribe_hello", Vec::<()>::new(), Id::Num(0))).await.unwrap();
[INFO] [stdout]     |                                        ^^^^ not found in this scope
[INFO] [stdout] 
[INFO] [stdout] 
[INFO] [stdout] error[E0425]: cannot find function `call` in this scope
[INFO] [stdout]    --> src/tests/ws.rs:631:39
[INFO] [stdout]     |
[INFO] [stdout] 631 |     let unsub = client.send_request_text(call("unsubscribe_hello", vec!["0xdeadbeef"], Id::Num(1))).await.unwrap();
[INFO] [stdout]     |                                          ^^^^ not found in this scope
[INFO] [stdout] 
[INFO] [stdout] 
[INFO] [stdout] error[E0599]: no method named `with_default_timeout` found for opaque type `impl futures_util::Future<Output = Result<server::Server, std::io::Error>>` in the current scope
[INFO] [stdout]    --> src/tests/ws.rs:639:71
[INFO] [stdout]     |
[INFO] [stdout] 639 |     let server = ServerBuilder::with_config(config).build("127.0.0.1:0").with_default_timeout().await.unwrap().unwrap();
[INFO] [stdout]     |                                                                          ^^^^^^^^^^^^^^^^^^^^ method not found in `impl futures_util::Future<Output = Result<server::Server, std::io::Error>>`
[INFO] [stdout] 
[INFO] [stdout] 
[INFO] [stdout] error[E0425]: cannot find function `batches_not_supported` in this scope
[INFO] [stdout]    --> src/tests/ws.rs:654:23
[INFO] [stdout]     |
[INFO] [stdout] 654 |     assert_eq!(response, batches_not_supported());
[INFO] [stdout]     |                          ^^^^^^^^^^^^^^^^^^^^^ not found in this scope
[INFO] [stdout] 
[INFO] [stdout] 
[INFO] [stdout] error[E0599]: no method named `with_default_timeout` found for opaque type `impl futures_util::Future<Output = Result<server::Server, std::io::Error>>` in the current scope
[INFO] [stdout]    --> src/tests/ws.rs:664:71
[INFO] [stdout]     |
[INFO] [stdout] 664 |     let server = ServerBuilder::with_config(config).build("127.0.0.1:0").with_default_timeout().await.unwrap().unwrap();
[INFO] [stdout]     |                                                                          ^^^^^^^^^^^^^^^^^^^^ method not found in `impl futures_util::Future<Output = Result<server::Server, std::io::Error>>`
[INFO] [stdout] 
[INFO] [stdout] 
[INFO] [stdout] error[E0425]: cannot find function `batches_too_large` in this scope
[INFO] [stdout]    --> src/tests/ws.rs:679:23
[INFO] [stdout]     |
[INFO] [stdout] 679 |     assert_eq!(response, batches_too_large(1));
[INFO] [stdout]     |                          ^^^^^^^^^^^^^^^^^ not found in this scope
[INFO] [stdout] 
[INFO] [stdout] 
[INFO] [stdout] error[E0425]: cannot find function `invalid_request` in this scope
[INFO] [stdout]    --> src/tests/ws.rs:695:23
[INFO] [stdout]     |
[INFO] [stdout] 695 |     assert_eq!(response, invalid_request(Id::Null));
[INFO] [stdout]     |                          ^^^^^^^^^^^^^^^ not found in this scope
[INFO] [stdout] 
[INFO] [stdout] 
[INFO] [stdout] error[E0425]: cannot find function `invalid_batch` in this scope
[INFO] [stdout]    --> src/tests/ws.rs:700:23
[INFO] [stdout]     |
[INFO] [stdout] 700 |     assert_eq!(response, invalid_batch(vec![Id::Null]));
[INFO] [stdout]     |                          ^^^^^^^^^^^^^ not found in this scope
[INFO] [stdout] 
[INFO] [stdout] 
[INFO] [stdout] error[E0425]: cannot find function `invalid_batch` in this scope
[INFO] [stdout]    --> src/tests/ws.rs:705:23
[INFO] [stdout]     |
[INFO] [stdout] 705 |     assert_eq!(response, invalid_batch(vec![Id::Null, Id::Null, Id::Null]));
[INFO] [stdout]     |                          ^^^^^^^^^^^^^ not found in this scope
[INFO] [stdout] 
[INFO] [stdout] 
[INFO] [stdout] error[E0425]: cannot find function `parse_error` in this scope
[INFO] [stdout]    --> src/tests/ws.rs:713:23
[INFO] [stdout]     |
[INFO] [stdout] 713 |     assert_eq!(response, parse_error(Id::Null));
[INFO] [stdout]     |                          ^^^^^^^^^^^ not found in this scope
[INFO] [stdout] 
[INFO] [stdout] 
[INFO] [stdout] error[E0599]: no method named `with_default_timeout` found for opaque type `impl futures_util::Future<Output = std::net::SocketAddr>` in the current scope
[INFO] [stdout]    --> src/tests/ws.rs:720:22
[INFO] [stdout]     |
[INFO] [stdout] 720 |     let addr = server().with_default_timeout().await.unwrap();
[INFO] [stdout]     |                         ^^^^^^^^^^^^^^^^^^^^ method not found in `impl futures_util::Future<Output = std::net::SocketAddr>`
[INFO] [stdout] 
[INFO] [stdout] 
[INFO] [stdout] error[E0599]: no method named `with_default_timeout` found for opaque type `impl futures_util::Future<Output = std::net::SocketAddr>` in the current scope
[INFO] [stdout]    --> src/tests/ws.rs:738:22
[INFO] [stdout]     |
[INFO] [stdout] 738 |     let addr = server().with_default_timeout().await.unwrap();
[INFO] [stdout]     |                         ^^^^^^^^^^^^^^^^^^^^ method not found in `impl futures_util::Future<Output = std::net::SocketAddr>`
[INFO] [stdout] 
[INFO] [stdout] 
[INFO] [stdout] error[E0599]: no method named `with_default_timeout` found for opaque type `impl futures_util::Future<Output = Result<server::Server, std::io::Error>>` in the current scope
[INFO] [stdout]    --> src/tests/ws.rs:757:71
[INFO] [stdout]     |
[INFO] [stdout] 757 |     let server = ServerBuilder::with_config(config).build("127.0.0.1:0").with_default_timeout().await.unwrap().unwrap();
[INFO] [stdout]     |                                                                          ^^^^^^^^^^^^^^^^^^^^ method not found in `impl futures_util::Future<Output = Result<server::Server, std::io::Error>>`
[INFO] [stdout] 
[INFO] [stdout] 
[INFO] [stdout] error[E0599]: no method named `with_timeout` found for opaque type `impl futures_util::Future<Output = ()>` in the current scope
[INFO] [stdout]    --> src/tests/ws.rs:882:27
[INFO] [stdout]     |
[INFO] [stdout] 882 |     assert!(handle.stopped().with_timeout(MAX_TIMEOUT).await.is_ok());
[INFO] [stdout]     |                              ^^^^^^^^^^^^ method not found in `impl futures_util::Future<Output = ()>`
[INFO] [stdout] 
[INFO] [stdout] 
[INFO] [stdout] error[E0599]: no method named `with_timeout` found for opaque type `impl futures_util::Future<Output = ()>` in the current scope
[INFO] [stdout]    --> src/tests/ws.rs:910:27
[INFO] [stdout]     |
[INFO] [stdout] 910 |     assert!(handle.stopped().with_timeout(MAX_TIMEOUT).await.is_ok());
[INFO] [stdout]     |                              ^^^^^^^^^^^^ method not found in `impl futures_util::Future<Output = ()>`
[INFO] [stdout] 
[INFO] [stdout] 
[INFO] [stdout] Some errors have detailed explanations: E0425, E0432, E0433, E0599.
[INFO] [stdout] 
[INFO] [stdout] For more information about an error, try `rustc --explain E0425`.
[INFO] [stdout] 
[INFO] [stderr] error: could not compile `jsonrpsee-server` (lib test) due to 208 previous errors
[INFO] running `Command { std: "docker" "inspect" "078f9d66d2f083d9ff70ecf03ae55f1fc91d439823342d154e2b829e34feecf5", kill_on_drop: false }`
[INFO] running `Command { std: "docker" "rm" "-f" "078f9d66d2f083d9ff70ecf03ae55f1fc91d439823342d154e2b829e34feecf5", kill_on_drop: false }`
[INFO] [stdout] 078f9d66d2f083d9ff70ecf03ae55f1fc91d439823342d154e2b829e34feecf5
