[INFO] fetching crate jsi 0.3.0-alpha.5...
[INFO] testing jsi-0.3.0-alpha.5 against 1.99.0-beta.8+cargoflags=--release for beta-release-1.100-2
[INFO] extracting crate jsi 0.3.0-alpha.5 into /workspace/builds/worker-2-tc1/source
[INFO] started tweaking crates.io crate jsi 0.3.0-alpha.5
[INFO] finished tweaking crates.io crate jsi 0.3.0-alpha.5
[INFO] tweaked toml for crates.io crate jsi 0.3.0-alpha.5 written to /workspace/builds/worker-2-tc1/source/Cargo.toml
[INFO] validating manifest of crates.io crate jsi 0.3.0-alpha.5 on toolchain 1.99.0-beta.8
[INFO] running `Command { std: CARGO_HOME="/workspace/cargo-home" RUSTUP_HOME="/workspace/rustup-home" "/workspace/cargo-home/bin/cargo" "+1.99.0-beta.8" "metadata" "--manifest-path" "Cargo.toml" "--no-deps", kill_on_drop: false }`
[INFO] running `Command { std: CARGO_HOME="/workspace/cargo-home" RUSTUP_HOME="/workspace/rustup-home" "/workspace/cargo-home/bin/cargo" "+1.99.0-beta.8" "generate-lockfile" "--manifest-path" "Cargo.toml", kill_on_drop: false }`
[INFO] [stderr]     Updating crates.io index
[INFO] [stderr]      Locking 52 packages to highest compatible versions
[INFO] [stderr]       Adding syn v2.0.56 (available: v2.0.119)
[INFO] [stderr]       Adding thiserror v1.0.65 (available: v1.0.69)
[INFO] [stderr]       Adding thiserror-impl v1.0.65 (available: v1.0.69)
[INFO] running `Command { std: CARGO_HOME="/workspace/cargo-home" RUSTUP_HOME="/workspace/rustup-home" "/workspace/cargo-home/bin/cargo" "+1.99.0-beta.8" "fetch" "--manifest-path" "Cargo.toml", kill_on_drop: false }`
[INFO] [stderr]  Downloading crates ...
[INFO] [stderr]   Downloaded cxx-build v1.0.205
[INFO] [stderr]   Downloaded scratch v1.0.9
[INFO] [stderr]   Downloaded link-cplusplus v1.0.12
[INFO] [stderr]   Downloaded cxxbridge-flags v1.0.205
[INFO] [stderr]   Downloaded jsi-macros v0.3.1-alpha.5
[INFO] [stderr]   Downloaded cxxbridge-macro v1.0.205
[INFO] [stderr]   Downloaded cxxbridge-cmd v1.0.205
[INFO] [stderr]   Downloaded syn v2.0.56
[INFO] [stderr]   Downloaded cxx v1.0.205
[INFO] [stderr]   Downloaded jsi-sys v0.3.0-alpha.5
[INFO] running `Command { std: "docker" "create" "-v" "/var/lib/crater-agent-workspace/builds/worker-2-tc1/source:/opt/rustwide/workdir:ro,Z" "-v" "/var/lib/crater-agent-workspace/builds/worker-2-tc1/target:/opt/rustwide/target:rw,Z" "-v" "/var/lib/crater-agent-workspace/cargo-home:/opt/rustwide/cargo-home:ro,Z" "-v" "/var/lib/crater-agent-workspace/rustup-home:/opt/rustwide/rustup-home:ro,Z" "-m" "1610612736" "--network" "none" "ghcr.io/rust-lang/crates-build-env/linux@sha256:77db811e55d90add9212f6832c23229e3de5f1c1f9905e8cb07319ea15df73ac" "sleep" "infinity", kill_on_drop: false }`
[INFO] [stdout] 43416729edb4f1c2022233e8455c94dc9b40eee7ba592545a98d33990b542961
[INFO] running `Command { std: "docker" "start" "43416729edb4f1c2022233e8455c94dc9b40eee7ba592545a98d33990b542961", kill_on_drop: false }`
[INFO] running `Command { std: "docker" "inspect" "43416729edb4f1c2022233e8455c94dc9b40eee7ba592545a98d33990b542961", kill_on_drop: false }`
[INFO] running `Command { std: "docker" "exec" "-e" "SOURCE_DIR=/opt/rustwide/workdir" "-e" "CARGO_HOME=/opt/rustwide/cargo-home" "-e" "RUSTUP_HOME=/opt/rustwide/rustup-home" "-e" "CARGO_TARGET_DIR=/opt/rustwide/target" "-w" "/opt/rustwide/workdir" "--user" "0:0" "43416729edb4f1c2022233e8455c94dc9b40eee7ba592545a98d33990b542961" "/opt/rustwide/cargo-home/bin/cargo" "+1.99.0-beta.8" "metadata" "--no-deps" "--format-version=1", kill_on_drop: false }`
[INFO] running `Command { std: "docker" "inspect" "43416729edb4f1c2022233e8455c94dc9b40eee7ba592545a98d33990b542961", kill_on_drop: false }`
[INFO] running `Command { std: "docker" "exec" "-e" "SOURCE_DIR=/opt/rustwide/workdir" "-e" "CARGO_HOME=/opt/rustwide/cargo-home" "-e" "RUSTUP_HOME=/opt/rustwide/rustup-home" "-e" "CARGO_TARGET_DIR=/opt/rustwide/target" "-e" "CARGO_INCREMENTAL=0" "-e" "RUST_BACKTRACE=full" "-e" "RUSTFLAGS=--cap-lints=warn" "-e" "RUSTDOCFLAGS=--cap-lints=warn" "-w" "/opt/rustwide/workdir" "--user" "0:0" "43416729edb4f1c2022233e8455c94dc9b40eee7ba592545a98d33990b542961" "/opt/rustwide/cargo-home/bin/cargo" "+1.99.0-beta.8" "build" "--frozen" "--message-format=json" "--release", kill_on_drop: false }`
[INFO] [stderr]    Compiling scratch v1.0.9
[INFO] [stderr]    Compiling cxxbridge-flags v1.0.205
[INFO] [stderr]    Compiling syn v1.0.109
[INFO] [stderr]    Compiling proc-macro2 v1.0.107
[INFO] [stderr]    Compiling codespan-reporting v0.13.1
[INFO] [stderr]    Compiling proc-macro-error-attr v1.0.4
[INFO] [stderr]    Compiling aho-corasick v1.1.5
[INFO] [stderr]    Compiling proc-macro-error v1.0.4
[INFO] [stderr]    Compiling lazy_static v1.5.1
[INFO] [stderr]    Compiling link-cplusplus v1.0.12
[INFO] [stderr]    Compiling thiserror v1.0.65
[INFO] [stderr]    Compiling foldhash v0.2.0
[INFO] [stderr]    Compiling better_any v0.2.1
[INFO] [stderr]    Compiling cxx v1.0.205
[INFO] [stderr]    Compiling quote v1.0.47
[INFO] [stderr]    Compiling syn v3.0.9
[INFO] [stderr]    Compiling syn v2.0.56
[INFO] [stderr]    Compiling regex-automata v0.4.18
[INFO] [stderr]    Compiling thiserror-impl v1.0.65
[INFO] [stderr]    Compiling cxx-build v1.0.205
[INFO] [stderr]    Compiling regex v1.13.1
[INFO] [stderr]    Compiling cxxbridge-macro v1.0.205
[INFO] [stderr]    Compiling Inflector v0.11.4
[INFO] [stderr]    Compiling jsi-macros v0.3.1-alpha.5
[INFO] [stderr]    Compiling jsi-sys v0.3.0-alpha.5
[INFO] [stderr] warning: jsi-sys@0.3.0-alpha.5: In file included from /opt/rustwide/target/release/build/jsi-sys-5b4a51d9224f46cf/out/cxxbridge/sources/jsi-sys/src/ffi/base.rs.cc:1:
[INFO] [stderr] warning: jsi-sys@0.3.0-alpha.5: /opt/rustwide/cargo-home/registry/src/index.crates.io-1949cf8c6b5b557f/jsi-sys-0.3.0-alpha.5/vendor/react-native/packages/react-native/ReactCommon/jsi/jsi/jsi.h:42:17: error: 'uint8_t' does not name a type
[INFO] [stderr] warning: jsi-sys@0.3.0-alpha.5:    42 |   virtual const uint8_t* data() const = 0;
[INFO] [stderr] warning: jsi-sys@0.3.0-alpha.5:       |                 ^~~~~~~
[INFO] [stderr] warning: jsi-sys@0.3.0-alpha.5: /opt/rustwide/cargo-home/registry/src/index.crates.io-1949cf8c6b5b557f/jsi-sys-0.3.0-alpha.5/vendor/react-native/packages/react-native/ReactCommon/jsi/jsi/jsi.h:16:1: note: 'uint8_t' is defined in header '<cstdint>'; this is probably fixable by adding '#include <cstdint>'
[INFO] [stderr] warning: jsi-sys@0.3.0-alpha.5:    15 | #include <string>
[INFO] [stderr] warning: jsi-sys@0.3.0-alpha.5:   +++ |+#include <cstdint>
[INFO] [stderr] warning: jsi-sys@0.3.0-alpha.5:    16 | #include <vector>
[INFO] [stderr] warning: jsi-sys@0.3.0-alpha.5: /opt/rustwide/cargo-home/registry/src/index.crates.io-1949cf8c6b5b557f/jsi-sys-0.3.0-alpha.5/vendor/react-native/packages/react-native/ReactCommon/jsi/jsi/jsi.h:51:9: error: 'uint8_t' does not name a type
[INFO] [stderr] warning: jsi-sys@0.3.0-alpha.5:    51 |   const uint8_t* data() const override {
[INFO] [stderr] warning: jsi-sys@0.3.0-alpha.5:       |         ^~~~~~~
[INFO] [stderr] warning: jsi-sys@0.3.0-alpha.5: /opt/rustwide/cargo-home/registry/src/index.crates.io-1949cf8c6b5b557f/jsi-sys-0.3.0-alpha.5/vendor/react-native/packages/react-native/ReactCommon/jsi/jsi/jsi.h:51:9: note: 'uint8_t' is defined in header '<cstdint>'; this is probably fixable by adding '#include <cstdint>'
[INFO] [stderr] warning: jsi-sys@0.3.0-alpha.5: /opt/rustwide/cargo-home/registry/src/index.crates.io-1949cf8c6b5b557f/jsi-sys-0.3.0-alpha.5/vendor/react-native/packages/react-native/ReactCommon/jsi/jsi/jsi.h:68:11: error: 'uint8_t' does not name a type
[INFO] [stderr] warning: jsi-sys@0.3.0-alpha.5:    68 |   virtual uint8_t* data() = 0;
[INFO] [stderr] warning: jsi-sys@0.3.0-alpha.5:       |           ^~~~~~~
[INFO] [stderr] warning: jsi-sys@0.3.0-alpha.5: /opt/rustwide/cargo-home/registry/src/index.crates.io-1949cf8c6b5b557f/jsi-sys-0.3.0-alpha.5/vendor/react-native/packages/react-native/ReactCommon/jsi/jsi/jsi.h:68:11: note: 'uint8_t' is defined in header '<cstdint>'; this is probably fixable by adding '#include <cstdint>'
[INFO] [stderr] warning: jsi-sys@0.3.0-alpha.5: /opt/rustwide/cargo-home/registry/src/index.crates.io-1949cf8c6b5b557f/jsi-sys-0.3.0-alpha.5/vendor/react-native/packages/react-native/ReactCommon/jsi/jsi/jsi.h:300:13: error: 'uint8_t' does not name a type
[INFO] [stderr] warning: jsi-sys@0.3.0-alpha.5:   300 |       const uint8_t* utf8,
[INFO] [stderr] warning: jsi-sys@0.3.0-alpha.5:       |             ^~~~~~~
[INFO] [stderr] warning: jsi-sys@0.3.0-alpha.5: /opt/rustwide/cargo-home/registry/src/index.crates.io-1949cf8c6b5b557f/jsi-sys-0.3.0-alpha.5/vendor/react-native/packages/react-native/ReactCommon/jsi/jsi/jsi.h:300:13: note: 'uint8_t' is defined in header '<cstdint>'; this is probably fixable by adding '#include <cstdint>'
[INFO] [stderr] warning: jsi-sys@0.3.0-alpha.5: /opt/rustwide/cargo-home/registry/src/index.crates.io-1949cf8c6b5b557f/jsi-sys-0.3.0-alpha.5/vendor/react-native/packages/react-native/ReactCommon/jsi/jsi/jsi.h:310:41: error: 'uint64_t' has not been declared
[INFO] [stderr] warning: jsi-sys@0.3.0-alpha.5:   310 |   virtual BigInt createBigIntFromUint64(uint64_t) = 0;
[INFO] [stderr] warning: jsi-sys@0.3.0-alpha.5:       |                                         ^~~~~~~~
[INFO] [stderr] warning: jsi-sys@0.3.0-alpha.5: /opt/rustwide/cargo-home/registry/src/index.crates.io-1949cf8c6b5b557f/jsi-sys-0.3.0-alpha.5/vendor/react-native/packages/react-native/ReactCommon/jsi/jsi/jsi.h:310:41: note: 'uint64_t' is defined in header '<cstdint>'; this is probably fixable by adding '#include <cstdint>'
[INFO] [stderr] warning: jsi-sys@0.3.0-alpha.5: /opt/rustwide/cargo-home/registry/src/index.crates.io-1949cf8c6b5b557f/jsi-sys-0.3.0-alpha.5/vendor/react-native/packages/react-native/ReactCommon/jsi/jsi/jsi.h:313:11: error: 'uint64_t' does not name a type
[INFO] [stderr] warning: jsi-sys@0.3.0-alpha.5:   313 |   virtual uint64_t truncate(const BigInt&) = 0;
[INFO] [stderr] warning: jsi-sys@0.3.0-alpha.5:       |           ^~~~~~~~
[INFO] [stderr] warning: jsi-sys@0.3.0-alpha.5: /opt/rustwide/cargo-home/registry/src/index.crates.io-1949cf8c6b5b557f/jsi-sys-0.3.0-alpha.5/vendor/react-native/packages/react-native/ReactCommon/jsi/jsi/jsi.h:313:11: note: 'uint64_t' is defined in header '<cstdint>'; this is probably fixable by adding '#include <cstdint>'
[INFO] [stderr] warning: jsi-sys@0.3.0-alpha.5: /opt/rustwide/cargo-home/registry/src/index.crates.io-1949cf8c6b5b557f/jsi-sys-0.3.0-alpha.5/vendor/react-native/packages/react-native/ReactCommon/jsi/jsi/jsi.h:317:45: error: 'uint8_t' does not name a type
[INFO] [stderr] warning: jsi-sys@0.3.0-alpha.5:   317 |   virtual String createStringFromUtf8(const uint8_t* utf8, size_t length) = 0;
[INFO] [stderr] warning: jsi-sys@0.3.0-alpha.5:       |                                             ^~~~~~~
[INFO] [stderr] warning: jsi-sys@0.3.0-alpha.5: /opt/rustwide/cargo-home/registry/src/index.crates.io-1949cf8c6b5b557f/jsi-sys-0.3.0-alpha.5/vendor/react-native/packages/react-native/ReactCommon/jsi/jsi/jsi.h:317:45: note: 'uint8_t' is defined in header '<cstdint>'; this is probably fixable by adding '#include <cstdint>'
[INFO] [stderr] warning: jsi-sys@0.3.0-alpha.5: /opt/rustwide/cargo-home/registry/src/index.crates.io-1949cf8c6b5b557f/jsi-sys-0.3.0-alpha.5/vendor/react-native/packages/react-native/ReactCommon/jsi/jsi/jsi.h:322:47: error: 'uint8_t' does not name a type
[INFO] [stderr] warning: jsi-sys@0.3.0-alpha.5:   322 |   virtual Value createValueFromJsonUtf8(const uint8_t* json, size_t length);
[INFO] [stderr] warning: jsi-sys@0.3.0-alpha.5:       |                                               ^~~~~~~
[INFO] [stderr] warning: jsi-sys@0.3.0-alpha.5: /opt/rustwide/cargo-home/registry/src/index.crates.io-1949cf8c6b5b557f/jsi-sys-0.3.0-alpha.5/vendor/react-native/packages/react-native/ReactCommon/jsi/jsi/jsi.h:322:47: note: 'uint8_t' is defined in header '<cstdint>'; this is probably fixable by adding '#include <cstdint>'
[INFO] [stderr] warning: jsi-sys@0.3.0-alpha.5: /opt/rustwide/cargo-home/registry/src/index.crates.io-1949cf8c6b5b557f/jsi-sys-0.3.0-alpha.5/vendor/react-native/packages/react-native/ReactCommon/jsi/jsi/jsi.h:361:11: error: 'uint8_t' does not name a type
[INFO] [stderr] warning: jsi-sys@0.3.0-alpha.5:   361 |   virtual uint8_t* data(const ArrayBuffer&) = 0;
[INFO] [stderr] warning: jsi-sys@0.3.0-alpha.5:       |           ^~~~~~~
[INFO] [stderr] warning: jsi-sys@0.3.0-alpha.5: /opt/rustwide/cargo-home/registry/src/index.crates.io-1949cf8c6b5b557f/jsi-sys-0.3.0-alpha.5/vendor/react-native/packages/react-native/ReactCommon/jsi/jsi/jsi.h:361:11: note: 'uint8_t' is defined in header '<cstdint>'; this is probably fixable by adding '#include <cstdint>'
[INFO] [stderr] warning: jsi-sys@0.3.0-alpha.5: /opt/rustwide/cargo-home/registry/src/index.crates.io-1949cf8c6b5b557f/jsi-sys-0.3.0-alpha.5/vendor/react-native/packages/react-native/ReactCommon/jsi/jsi/jsi.h:457:35: error: 'uint8_t' does not name a type
[INFO] [stderr] warning: jsi-sys@0.3.0-alpha.5:   457 |   forUtf8(Runtime& runtime, const uint8_t* utf8, size_t length) {
[INFO] [stderr] warning: jsi-sys@0.3.0-alpha.5:       |                                   ^~~~~~~
[INFO] [stderr] warning: jsi-sys@0.3.0-alpha.5: /opt/rustwide/cargo-home/registry/src/index.crates.io-1949cf8c6b5b557f/jsi-sys-0.3.0-alpha.5/vendor/react-native/packages/react-native/ReactCommon/jsi/jsi/jsi.h:457:35: note: 'uint8_t' is defined in header '<cstdint>'; this is probably fixable by adding '#include <cstdint>'
[INFO] [stderr] warning: jsi-sys@0.3.0-alpha.5: /opt/rustwide/cargo-home/registry/src/index.crates.io-1949cf8c6b5b557f/jsi-sys-0.3.0-alpha.5/vendor/react-native/packages/react-native/ReactCommon/jsi/jsi/jsi.h: In static member function 'static facebook::jsi::PropNameID facebook::jsi::PropNameID::forUtf8(facebook::jsi::Runtime&, const std::string&)':
[INFO] [stderr] warning: jsi-sys@0.3.0-alpha.5: /opt/rustwide/cargo-home/registry/src/index.crates.io-1949cf8c6b5b557f/jsi-sys-0.3.0-alpha.5/vendor/react-native/packages/react-native/ReactCommon/jsi/jsi/jsi.h:466:32: error: ISO C++ forbids declaration of 'type name' with no type [-fpermissive]
[INFO] [stderr] warning: jsi-sys@0.3.0-alpha.5:   466 |         reinterpret_cast<const uint8_t*>(utf8.data()), utf8.size());
[INFO] [stderr] warning: jsi-sys@0.3.0-alpha.5:       |                                ^~~~~~~
[INFO] [stderr] warning: jsi-sys@0.3.0-alpha.5: /opt/rustwide/cargo-home/registry/src/index.crates.io-1949cf8c6b5b557f/jsi-sys-0.3.0-alpha.5/vendor/react-native/packages/react-native/ReactCommon/jsi/jsi/jsi.h:466:32: error: expected '>' before 'uint8_t'
[INFO] [stderr] warning: jsi-sys@0.3.0-alpha.5: /opt/rustwide/cargo-home/registry/src/index.crates.io-1949cf8c6b5b557f/jsi-sys-0.3.0-alpha.5/vendor/react-native/packages/react-native/ReactCommon/jsi/jsi/jsi.h:466:9: error: cast from 'const char*' to 'int' loses precision [-fpermissive]
[INFO] [stderr] warning: jsi-sys@0.3.0-alpha.5:   466 |         reinterpret_cast<const uint8_t*>(utf8.data()), utf8.size());
[INFO] [stderr] warning: jsi-sys@0.3.0-alpha.5:       |         ^~~~~~~~~~~~~~~~~~~~~~~~~~~~~~~~~~~~~~~~~~~~~
[INFO] [stderr] warning: jsi-sys@0.3.0-alpha.5: /opt/rustwide/cargo-home/registry/src/index.crates.io-1949cf8c6b5b557f/jsi-sys-0.3.0-alpha.5/vendor/react-native/packages/react-native/ReactCommon/jsi/jsi/jsi.h:466:9: warning: type qualifiers ignored on cast result type [-Wignored-qualifiers]
[INFO] [stderr] warning: jsi-sys@0.3.0-alpha.5: /opt/rustwide/cargo-home/registry/src/index.crates.io-1949cf8c6b5b557f/jsi-sys-0.3.0-alpha.5/vendor/react-native/packages/react-native/ReactCommon/jsi/jsi/jsi.h:466:9: error: invalid conversion from 'int' to 'const int*' [-fpermissive]
[INFO] [stderr] warning: jsi-sys@0.3.0-alpha.5:   466 |         reinterpret_cast<const uint8_t*>(utf8.data()), utf8.size());
[INFO] [stderr] warning: jsi-sys@0.3.0-alpha.5:       |         ^~~~~~~~~~~~~~~~~~~~~~~~~~~~~~~~~~~~~~~~~~~~~
[INFO] [stderr] warning: jsi-sys@0.3.0-alpha.5:       |         |
[INFO] [stderr] warning: jsi-sys@0.3.0-alpha.5:       |         int
[INFO] [stderr] warning: jsi-sys@0.3.0-alpha.5: /opt/rustwide/cargo-home/registry/src/index.crates.io-1949cf8c6b5b557f/jsi-sys-0.3.0-alpha.5/vendor/react-native/packages/react-native/ReactCommon/jsi/jsi/jsi.h:300:22: note: initializing argument 1 of 'virtual facebook::jsi::PropNameID facebook::jsi::Runtime::createPropNameIDFromUtf8(const int*, size_t)'
[INFO] [stderr] warning: jsi-sys@0.3.0-alpha.5:   300 |       const uint8_t* utf8,
[INFO] [stderr] warning: jsi-sys@0.3.0-alpha.5:       |       ~~~~~~~~~~~~~~~^~~~
[INFO] [stderr] warning: jsi-sys@0.3.0-alpha.5: /opt/rustwide/cargo-home/registry/src/index.crates.io-1949cf8c6b5b557f/jsi-sys-0.3.0-alpha.5/vendor/react-native/packages/react-native/ReactCommon/jsi/jsi/jsi.h: At global scope:
[INFO] [stderr] warning: jsi-sys@0.3.0-alpha.5: /opt/rustwide/cargo-home/registry/src/index.crates.io-1949cf8c6b5b557f/jsi-sys-0.3.0-alpha.5/vendor/react-native/packages/react-native/ReactCommon/jsi/jsi/jsi.h:544:46: error: 'uint64_t' has not been declared
[INFO] [stderr] warning: jsi-sys@0.3.0-alpha.5:   544 |   static BigInt fromUint64(Runtime& runtime, uint64_t value) {
[INFO] [stderr] warning: jsi-sys@0.3.0-alpha.5:       |                                              ^~~~~~~~
[INFO] [stderr] warning: jsi-sys@0.3.0-alpha.5: /opt/rustwide/cargo-home/registry/src/index.crates.io-1949cf8c6b5b557f/jsi-sys-0.3.0-alpha.5/vendor/react-native/packages/react-native/ReactCommon/jsi/jsi/jsi.h:544:46: note: 'uint64_t' is defined in header '<cstdint>'; this is probably fixable by adding '#include <cstdint>'
[INFO] [stderr] warning: jsi-sys@0.3.0-alpha.5: /opt/rustwide/cargo-home/registry/src/index.crates.io-1949cf8c6b5b557f/jsi-sys-0.3.0-alpha.5/vendor/react-native/packages/react-native/ReactCommon/jsi/jsi/jsi.h:568:3: error: 'uint64_t' does not name a type
[INFO] [stderr] warning: jsi-sys@0.3.0-alpha.5:   568 |   uint64_t getUint64(Runtime& runtime) const {
[INFO] [stderr] warning: jsi-sys@0.3.0-alpha.5:       |   ^~~~~~~~
[INFO] [stderr] warning: jsi-sys@0.3.0-alpha.5: /opt/rustwide/cargo-home/registry/src/index.crates.io-1949cf8c6b5b557f/jsi-sys-0.3.0-alpha.5/vendor/react-native/packages/react-native/ReactCommon/jsi/jsi/jsi.h:568:3: note: 'uint64_t' is defined in header '<cstdint>'; this is probably fixable by adding '#include <cstdint>'
[INFO] [stderr] warning: jsi-sys@0.3.0-alpha.5: /opt/rustwide/cargo-home/registry/src/index.crates.io-1949cf8c6b5b557f/jsi-sys-0.3.0-alpha.5/vendor/react-native/packages/react-native/ReactCommon/jsi/jsi/jsi.h:579:3: error: 'uint64_t' does not name a type
[INFO] [stderr] warning: jsi-sys@0.3.0-alpha.5:   579 |   uint64_t asUint64(Runtime& runtime) const;
[INFO] [stderr] warning: jsi-sys@0.3.0-alpha.5:       |   ^~~~~~~~
[INFO] [stderr] warning: jsi-sys@0.3.0-alpha.5: /opt/rustwide/cargo-home/registry/src/index.crates.io-1949cf8c6b5b557f/jsi-sys-0.3.0-alpha.5/vendor/react-native/packages/react-native/ReactCommon/jsi/jsi/jsi.h:579:3: note: 'uint64_t' is defined in header '<cstdint>'; this is probably fixable by adding '#include <cstdint>'
[INFO] [stderr] warning: jsi-sys@0.3.0-alpha.5: /opt/rustwide/cargo-home/registry/src/index.crates.io-1949cf8c6b5b557f/jsi-sys-0.3.0-alpha.5/vendor/react-native/packages/react-native/ReactCommon/jsi/jsi/jsi.h: In member function 'int64_t facebook::jsi::BigInt::getInt64(facebook::jsi::Runtime&) const':
[INFO] [stderr] warning: jsi-sys@0.3.0-alpha.5: /opt/rustwide/cargo-home/registry/src/index.crates.io-1949cf8c6b5b557f/jsi-sys-0.3.0-alpha.5/vendor/react-native/packages/react-native/ReactCommon/jsi/jsi/jsi.h:555:20: error: 'class facebook::jsi::Runtime' has no member named 'truncate'
[INFO] [stderr] warning: jsi-sys@0.3.0-alpha.5:   555 |     return runtime.truncate(*this);
[INFO] [stderr] warning: jsi-sys@0.3.0-alpha.5:       |                    ^~~~~~~~
[INFO] [stderr] warning: jsi-sys@0.3.0-alpha.5: /opt/rustwide/cargo-home/registry/src/index.crates.io-1949cf8c6b5b557f/jsi-sys-0.3.0-alpha.5/vendor/react-native/packages/react-native/ReactCommon/jsi/jsi/jsi.h: At global scope:
[INFO] [stderr] warning: jsi-sys@0.3.0-alpha.5: /opt/rustwide/cargo-home/registry/src/index.crates.io-1949cf8c6b5b557f/jsi-sys-0.3.0-alpha.5/vendor/react-native/packages/react-native/ReactCommon/jsi/jsi/jsi.h:620:42: error: 'uint8_t' does not name a type
[INFO] [stderr] warning: jsi-sys@0.3.0-alpha.5:   620 |   createFromUtf8(Runtime& runtime, const uint8_t* utf8, size_t length) {
[INFO] [stderr] warning: jsi-sys@0.3.0-alpha.5:       |                                          ^~~~~~~
[INFO] [stderr] warning: jsi-sys@0.3.0-alpha.5: /opt/rustwide/cargo-home/registry/src/index.crates.io-1949cf8c6b5b557f/jsi-sys-0.3.0-alpha.5/vendor/react-native/packages/react-native/ReactCommon/jsi/jsi/jsi.h:620:42: note: 'uint8_t' is defined in header '<cstdint>'; this is probably fixable by adding '#include <cstdint>'
[INFO] [stderr] warning: jsi-sys@0.3.0-alpha.5: /opt/rustwide/cargo-home/registry/src/index.crates.io-1949cf8c6b5b557f/jsi-sys-0.3.0-alpha.5/vendor/react-native/packages/react-native/ReactCommon/jsi/jsi/jsi.h: In static member function 'static facebook::jsi::String facebook::jsi::String::createFromUtf8(facebook::jsi::Runtime&, const std::string&)':
[INFO] [stderr] warning: jsi-sys@0.3.0-alpha.5: /opt/rustwide/cargo-home/registry/src/index.crates.io-1949cf8c6b5b557f/jsi-sys-0.3.0-alpha.5/vendor/react-native/packages/react-native/ReactCommon/jsi/jsi/jsi.h:629:32: error: ISO C++ forbids declaration of 'type name' with no type [-fpermissive]
[INFO] [stderr] warning: jsi-sys@0.3.0-alpha.5:   629 |         reinterpret_cast<const uint8_t*>(utf8.data()), utf8.length());
[INFO] [stderr] warning: jsi-sys@0.3.0-alpha.5:       |                                ^~~~~~~
[INFO] [stderr] warning: jsi-sys@0.3.0-alpha.5: /opt/rustwide/cargo-home/registry/src/index.crates.io-1949cf8c6b5b557f/jsi-sys-0.3.0-alpha.5/vendor/react-native/packages/react-native/ReactCommon/jsi/jsi/jsi.h:629:32: error: expected '>' before 'uint8_t'
[INFO] [stderr] warning: jsi-sys@0.3.0-alpha.5: /opt/rustwide/cargo-home/registry/src/index.crates.io-1949cf8c6b5b557f/jsi-sys-0.3.0-alpha.5/vendor/react-native/packages/react-native/ReactCommon/jsi/jsi/jsi.h:629:9: error: cast from 'const char*' to 'int' loses precision [-fpermissive]
[INFO] [stderr] warning: jsi-sys@0.3.0-alpha.5:   629 |         reinterpret_cast<const uint8_t*>(utf8.data()), utf8.length());
[INFO] [stderr] warning: jsi-sys@0.3.0-alpha.5:       |         ^~~~~~~~~~~~~~~~~~~~~~~~~~~~~~~~~~~~~~~~~~~~~
[INFO] [stderr] warning: jsi-sys@0.3.0-alpha.5: /opt/rustwide/cargo-home/registry/src/index.crates.io-1949cf8c6b5b557f/jsi-sys-0.3.0-alpha.5/vendor/react-native/packages/react-native/ReactCommon/jsi/jsi/jsi.h:629:9: warning: type qualifiers ignored on cast result type [-Wignored-qualifiers]
[INFO] [stderr] warning: jsi-sys@0.3.0-alpha.5: /opt/rustwide/cargo-home/registry/src/index.crates.io-1949cf8c6b5b557f/jsi-sys-0.3.0-alpha.5/vendor/react-native/packages/react-native/ReactCommon/jsi/jsi/jsi.h:629:9: error: invalid conversion from 'int' to 'const int*' [-fpermissive]
[INFO] [stderr] warning: jsi-sys@0.3.0-alpha.5:   629 |         reinterpret_cast<const uint8_t*>(utf8.data()), utf8.length());
[INFO] [stderr] warning: jsi-sys@0.3.0-alpha.5:       |         ^~~~~~~~~~~~~~~~~~~~~~~~~~~~~~~~~~~~~~~~~~~~~
[INFO] [stderr] warning: jsi-sys@0.3.0-alpha.5:       |         |
[INFO] [stderr] warning: jsi-sys@0.3.0-alpha.5:       |         int
[INFO] [stderr] warning: jsi-sys@0.3.0-alpha.5: /opt/rustwide/cargo-home/registry/src/index.crates.io-1949cf8c6b5b557f/jsi-sys-0.3.0-alpha.5/vendor/react-native/packages/react-native/ReactCommon/jsi/jsi/jsi.h:317:54: note: initializing argument 1 of 'virtual facebook::jsi::String facebook::jsi::Runtime::createStringFromUtf8(const int*, size_t)'
[INFO] [stderr] warning: jsi-sys@0.3.0-alpha.5:   317 |   virtual String createStringFromUtf8(const uint8_t* utf8, size_t length) = 0;
[INFO] [stderr] warning: jsi-sys@0.3.0-alpha.5:       |                                       ~~~~~~~~~~~~~~~^~~~
[INFO] [stderr] warning: jsi-sys@0.3.0-alpha.5: /opt/rustwide/cargo-home/registry/src/index.crates.io-1949cf8c6b5b557f/jsi-sys-0.3.0-alpha.5/vendor/react-native/packages/react-native/ReactCommon/jsi/jsi/jsi.h: At global scope:
[INFO] [stderr] warning: jsi-sys@0.3.0-alpha.5: /opt/rustwide/cargo-home/registry/src/index.crates.io-1949cf8c6b5b557f/jsi-sys-0.3.0-alpha.5/vendor/react-native/packages/react-native/ReactCommon/jsi/jsi/jsi.h:956:3: error: 'uint8_t' does not name a type
[INFO] [stderr] warning: jsi-sys@0.3.0-alpha.5:   956 |   uint8_t* data(Runtime& runtime) const {
[INFO] [stderr] warning: jsi-sys@0.3.0-alpha.5:       |   ^~~~~~~
[INFO] [stderr] warning: jsi-sys@0.3.0-alpha.5: /opt/rustwide/cargo-home/registry/src/index.crates.io-1949cf8c6b5b557f/jsi-sys-0.3.0-alpha.5/vendor/react-native/packages/react-native/ReactCommon/jsi/jsi/jsi.h:956:3: note: 'uint8_t' is defined in header '<cstdint>'; this is probably fixable by adding '#include <cstdint>'
[INFO] [stderr] warning: jsi-sys@0.3.0-alpha.5: /opt/rustwide/cargo-home/registry/src/index.crates.io-1949cf8c6b5b557f/jsi-sys-0.3.0-alpha.5/vendor/react-native/packages/react-native/ReactCommon/jsi/jsi/jsi.h:1171:46: error: 'uint8_t' does not name a type
[INFO] [stderr] warning: jsi-sys@0.3.0-alpha.5:  1171 |   createFromJsonUtf8(Runtime& runtime, const uint8_t* json, size_t length) {
[INFO] [stderr] warning: jsi-sys@0.3.0-alpha.5:       |                                              ^~~~~~~
[INFO] [stderr] warning: jsi-sys@0.3.0-alpha.5: /opt/rustwide/cargo-home/registry/src/index.crates.io-1949cf8c6b5b557f/jsi-sys-0.3.0-alpha.5/vendor/react-native/packages/react-native/ReactCommon/jsi/jsi/jsi.h:1171:46: note: 'uint8_t' is defined in header '<cstdint>'; this is probably fixable by adding '#include <cstdint>'
[INFO] [stderr] warning: jsi-sys@0.3.0-alpha.5: /opt/rustwide/cargo-home/registry/src/index.crates.io-1949cf8c6b5b557f/jsi-sys-0.3.0-alpha.5/vendor/react-native/packages/react-native/ReactCommon/jsi/jsi/jsi.h: In constructor 'facebook::jsi::Value::Data::Data()':
[INFO] [stderr] warning: jsi-sys@0.3.0-alpha.5: /opt/rustwide/cargo-home/registry/src/index.crates.io-1949cf8c6b5b557f/jsi-sys-0.3.0-alpha.5/vendor/react-native/packages/react-native/ReactCommon/jsi/jsi/jsi.h:1339:34: error: 'uint64_t' was not declared in this scope
[INFO] [stderr] warning: jsi-sys@0.3.0-alpha.5:  1339 |           sizeof(Data) == sizeof(uint64_t),
[INFO] [stderr] warning: jsi-sys@0.3.0-alpha.5:       |                                  ^~~~~~~~
[INFO] [stderr] warning: jsi-sys@0.3.0-alpha.5: /opt/rustwide/cargo-home/registry/src/index.crates.io-1949cf8c6b5b557f/jsi-sys-0.3.0-alpha.5/vendor/react-native/packages/react-native/ReactCommon/jsi/jsi/jsi.h:1339:34: note: 'uint64_t' is defined in header '<cstdint>'; this is probably fixable by adding '#include <cstdint>'
[INFO] [stderr] warning: jsi-sys@0.3.0-alpha.5: In file included from /opt/rustwide/target/release/build/jsi-sys-5b4a51d9224f46cf/out/cxxbridge/sources/jsi-sys/src/ffi/base.rs.cc:2:
[INFO] [stderr] warning: jsi-sys@0.3.0-alpha.5: /opt/rustwide/cargo-home/registry/src/index.crates.io-1949cf8c6b5b557f/jsi-sys-0.3.0-alpha.5/include/wrapper.h: In function 'std::unique_ptr<facebook::jsi::PropNameID> jsi_rs::ffi::PropNameID_forUtf8(Runtime&, rust::cxxbridge1::Str)':
[INFO] [stderr] warning: jsi-sys@0.3.0-alpha.5: /opt/rustwide/cargo-home/registry/src/index.crates.io-1949cf8c6b5b557f/jsi-sys-0.3.0-alpha.5/include/wrapper.h:134:26: error: no matching function for call to 'facebook::jsi::PropNameID::forUtf8(jsi_rs::ffi::Runtime&, const uint8_t*, std::size_t)'
[INFO] [stderr] warning: jsi-sys@0.3.0-alpha.5:   134 |       PropNameID::forUtf8(rt, (const uint8_t *)str.data(), str.length());
[INFO] [stderr] warning: jsi-sys@0.3.0-alpha.5:       |       ~~~~~~~~~~~~~~~~~~~^~~~~~~~~~~~~~~~~~~~~~~~~~~~~~~~~~~~~~~~~~~~~~~
[INFO] [stderr] warning: jsi-sys@0.3.0-alpha.5: /opt/rustwide/cargo-home/registry/src/index.crates.io-1949cf8c6b5b557f/jsi-sys-0.3.0-alpha.5/include/wrapper.h:134:26: note: there are 2 candidates
[INFO] [stderr] warning: jsi-sys@0.3.0-alpha.5: /opt/rustwide/cargo-home/registry/src/index.crates.io-1949cf8c6b5b557f/jsi-sys-0.3.0-alpha.5/vendor/react-native/packages/react-native/ReactCommon/jsi/jsi/jsi.h:457:3: note: candidate 1: 'static facebook::jsi::PropNameID facebook::jsi::PropNameID::forUtf8(facebook::jsi::Runtime&, const int*, size_t)'
[INFO] [stderr] warning: jsi-sys@0.3.0-alpha.5:   457 |   forUtf8(Runtime& runtime, const uint8_t* utf8, size_t length) {
[INFO] [stderr] warning: jsi-sys@0.3.0-alpha.5:       |   ^~~~~~~
[INFO] [stderr] warning: jsi-sys@0.3.0-alpha.5: /opt/rustwide/cargo-home/registry/src/index.crates.io-1949cf8c6b5b557f/jsi-sys-0.3.0-alpha.5/vendor/react-native/packages/react-native/ReactCommon/jsi/jsi/jsi.h:457:44: note: no known conversion for argument 2 from 'const uint8_t*' {aka 'const unsigned char*'} to 'const int*'
[INFO] [stderr] warning: jsi-sys@0.3.0-alpha.5:   457 |   forUtf8(Runtime& runtime, const uint8_t* utf8, size_t length) {
[INFO] [stderr] warning: jsi-sys@0.3.0-alpha.5:       |                             ~~~~~~~~~~~~~~~^~~~
[INFO] [stderr] warning: jsi-sys@0.3.0-alpha.5: /opt/rustwide/cargo-home/registry/src/index.crates.io-1949cf8c6b5b557f/jsi-sys-0.3.0-alpha.5/vendor/react-native/packages/react-native/ReactCommon/jsi/jsi/jsi.h:464:21: note: candidate 2: 'static facebook::jsi::PropNameID facebook::jsi::PropNameID::forUtf8(facebook::jsi::Runtime&, const std::string&)'
[INFO] [stderr] warning: jsi-sys@0.3.0-alpha.5:   464 |   static PropNameID forUtf8(Runtime& runtime, const std::string& utf8) {
[INFO] [stderr] warning: jsi-sys@0.3.0-alpha.5:       |                     ^~~~~~~
[INFO] [stderr] warning: jsi-sys@0.3.0-alpha.5: /opt/rustwide/cargo-home/registry/src/index.crates.io-1949cf8c6b5b557f/jsi-sys-0.3.0-alpha.5/vendor/react-native/packages/react-native/ReactCommon/jsi/jsi/jsi.h:464:21: note: candidate expects 2 arguments, 3 provided
[INFO] [stderr] warning: jsi-sys@0.3.0-alpha.5: /opt/rustwide/cargo-home/registry/src/index.crates.io-1949cf8c6b5b557f/jsi-sys-0.3.0-alpha.5/include/wrapper.h: In function 'std::unique_ptr<facebook::jsi::String> jsi_rs::ffi::String_fromUtf8(Runtime&, rust::cxxbridge1::Str)':
[INFO] [stderr] warning: jsi-sys@0.3.0-alpha.5: /opt/rustwide/cargo-home/registry/src/index.crates.io-1949cf8c6b5b557f/jsi-sys-0.3.0-alpha.5/include/wrapper.h:190:29: error: no matching function for call to 'facebook::jsi::String::createFromUtf8(jsi_rs::ffi::Runtime&, const uint8_t*, std::size_t)'
[INFO] [stderr] warning: jsi-sys@0.3.0-alpha.5:   190 |       String::createFromUtf8(rt, (const uint8_t *)str.data(), str.length());
[INFO] [stderr] warning: jsi-sys@0.3.0-alpha.5:       |       ~~~~~~~~~~~~~~~~~~~~~~^~~~~~~~~~~~~~~~~~~~~~~~~~~~~~~~~~~~~~~~~~~~~~~
[INFO] [stderr] warning: jsi-sys@0.3.0-alpha.5: /opt/rustwide/cargo-home/registry/src/index.crates.io-1949cf8c6b5b557f/jsi-sys-0.3.0-alpha.5/include/wrapper.h:190:29: note: there are 2 candidates
[INFO] [stderr] warning: jsi-sys@0.3.0-alpha.5: /opt/rustwide/cargo-home/registry/src/index.crates.io-1949cf8c6b5b557f/jsi-sys-0.3.0-alpha.5/vendor/react-native/packages/react-native/ReactCommon/jsi/jsi/jsi.h:620:3: note: candidate 1: 'static facebook::jsi::String facebook::jsi::String::createFromUtf8(facebook::jsi::Runtime&, const int*, size_t)'
[INFO] [stderr] warning: jsi-sys@0.3.0-alpha.5:   620 |   createFromUtf8(Runtime& runtime, const uint8_t* utf8, size_t length) {
[INFO] [stderr] warning: jsi-sys@0.3.0-alpha.5:       |   ^~~~~~~~~~~~~~
[INFO] [stderr] warning: jsi-sys@0.3.0-alpha.5: /opt/rustwide/cargo-home/registry/src/index.crates.io-1949cf8c6b5b557f/jsi-sys-0.3.0-alpha.5/vendor/react-native/packages/react-native/ReactCommon/jsi/jsi/jsi.h:620:51: note: no known conversion for argument 2 from 'const uint8_t*' {aka 'const unsigned char*'} to 'const int*'
[INFO] [stderr] warning: jsi-sys@0.3.0-alpha.5:   620 |   createFromUtf8(Runtime& runtime, const uint8_t* utf8, size_t length) {
[INFO] [stderr] warning: jsi-sys@0.3.0-alpha.5:       |                                    ~~~~~~~~~~~~~~~^~~~
[INFO] [stderr] warning: jsi-sys@0.3.0-alpha.5: /opt/rustwide/cargo-home/registry/src/index.crates.io-1949cf8c6b5b557f/jsi-sys-0.3.0-alpha.5/vendor/react-native/packages/react-native/ReactCommon/jsi/jsi/jsi.h:627:17: note: candidate 2: 'static facebook::jsi::String facebook::jsi::String::createFromUtf8(facebook::jsi::Runtime&, const std::string&)'
[INFO] [stderr] warning: jsi-sys@0.3.0-alpha.5:   627 |   static String createFromUtf8(Runtime& runtime, const std::string& utf8) {
[INFO] [stderr] warning: jsi-sys@0.3.0-alpha.5:       |                 ^~~~~~~~~~~~~~
[INFO] [stderr] warning: jsi-sys@0.3.0-alpha.5: /opt/rustwide/cargo-home/registry/src/index.crates.io-1949cf8c6b5b557f/jsi-sys-0.3.0-alpha.5/vendor/react-native/packages/react-native/ReactCommon/jsi/jsi/jsi.h:627:17: note: candidate expects 2 arguments, 3 provided
[INFO] [stderr] warning: jsi-sys@0.3.0-alpha.5: /opt/rustwide/cargo-home/registry/src/index.crates.io-1949cf8c6b5b557f/jsi-sys-0.3.0-alpha.5/include/wrapper.h: In function 'void jsi_rs::ffi::Array_set(Array&, Runtime&, size_t, const Value&)':
[INFO] [stderr] warning: jsi-sys@0.3.0-alpha.5: /opt/rustwide/cargo-home/registry/src/index.crates.io-1949cf8c6b5b557f/jsi-sys-0.3.0-alpha.5/include/wrapper.h:336:25: warning: the compiler can assume that the address of 'value' will never be NULL [-Waddress]
[INFO] [stderr] warning: jsi-sys@0.3.0-alpha.5:   336 |   (self.*fp)(rt, index, &value);
[INFO] [stderr] warning: jsi-sys@0.3.0-alpha.5:       |                         ^~~~~~
[INFO] [stderr] warning: jsi-sys@0.3.0-alpha.5: /opt/rustwide/cargo-home/registry/src/index.crates.io-1949cf8c6b5b557f/jsi-sys-0.3.0-alpha.5/include/wrapper.h:332:69: note: 'value' declared here
[INFO] [stderr] warning: jsi-sys@0.3.0-alpha.5:   332 | void Array_set(Array &self, Runtime &rt, size_t index, Value const &value)
[INFO] [stderr] warning: jsi-sys@0.3.0-alpha.5:       |                                                        ~~~~~~~~~~~~~^~~~~
[INFO] [stderr] warning: jsi-sys@0.3.0-alpha.5: /opt/rustwide/cargo-home/registry/src/index.crates.io-1949cf8c6b5b557f/jsi-sys-0.3.0-alpha.5/include/wrapper.h: In function 'std::unique_ptr<facebook::jsi::Value> jsi_rs::ffi::Value_fromJson(Runtime&, rust::cxxbridge1::Str)':
[INFO] [stderr] warning: jsi-sys@0.3.0-alpha.5: /opt/rustwide/cargo-home/registry/src/index.crates.io-1949cf8c6b5b557f/jsi-sys-0.3.0-alpha.5/include/wrapper.h:456:37: error: cannot convert 'const uint8_t*' {aka 'const unsigned char*'} to 'const int*'
[INFO] [stderr] warning: jsi-sys@0.3.0-alpha.5:   456 |       Value::createFromJsonUtf8(rt, (const uint8_t *)s.data(), s.length());
[INFO] [stderr] warning: jsi-sys@0.3.0-alpha.5:       |                                     ^~~~~~~~~~~~~~~~~~~~~~~~~
[INFO] [stderr] warning: jsi-sys@0.3.0-alpha.5:       |                                     |
[INFO] [stderr] warning: jsi-sys@0.3.0-alpha.5:       |                                     const uint8_t* {aka const unsigned char*}
[INFO] [stderr] warning: jsi-sys@0.3.0-alpha.5: /opt/rustwide/cargo-home/registry/src/index.crates.io-1949cf8c6b5b557f/jsi-sys-0.3.0-alpha.5/vendor/react-native/packages/react-native/ReactCommon/jsi/jsi/jsi.h:1171:55: note: initializing argument 2 of 'static facebook::jsi::Value facebook::jsi::Value::createFromJsonUtf8(facebook::jsi::Runtime&, const int*, size_t)'
[INFO] [stderr] warning: jsi-sys@0.3.0-alpha.5:  1171 |   createFromJsonUtf8(Runtime& runtime, const uint8_t* json, size_t length) {
[INFO] [stderr] warning: jsi-sys@0.3.0-alpha.5:       |                                        ~~~~~~~~~~~~~~~^~~~
[INFO] [stderr] warning: jsi-sys@0.3.0-alpha.5: /opt/rustwide/target/release/build/jsi-sys-5b4a51d9224f46cf/out/cxxbridge/sources/jsi-sys/src/ffi/base.rs.cc: In function 'const uint8_t* facebook::jsi::facebook$jsi$cxxbridge1$205$Buffer$data(const Buffer&)':
[INFO] [stderr] warning: jsi-sys@0.3.0-alpha.5: /opt/rustwide/target/release/build/jsi-sys-5b4a51d9224f46cf/out/cxxbridge/sources/jsi-sys/src/ffi/base.rs.cc:267:95: error: 'data' is not a member of 'facebook::jsi::Buffer'
[INFO] [stderr] warning: jsi-sys@0.3.0-alpha.5:   267 |   ::std::uint8_t const *(::facebook::jsi::Buffer::*data$)() const = &::facebook::jsi::Buffer::data;
[INFO] [stderr] warning: jsi-sys@0.3.0-alpha.5:       |                                                                                               ^~~~
[INFO] [stderr] warning: jsi-sys@0.3.0-alpha.5: /opt/rustwide/target/release/build/jsi-sys-5b4a51d9224f46cf/out/cxxbridge/sources/jsi-sys/src/ffi/base.rs.cc: In function 'uint8_t* facebook::jsi::facebook$jsi$cxxbridge1$205$ArrayBuffer$data(const ArrayBuffer&, Runtime&)':
[INFO] [stderr] warning: jsi-sys@0.3.0-alpha.5: /opt/rustwide/target/release/build/jsi-sys-5b4a51d9224f46cf/out/cxxbridge/sources/jsi-sys/src/ffi/base.rs.cc:604:125: error: 'data' is not a member of 'facebook::jsi::ArrayBuffer'
[INFO] [stderr] warning: jsi-sys@0.3.0-alpha.5:   604 |   ::std::uint8_t *(::facebook::jsi::ArrayBuffer::*data$)(::facebook::jsi::Runtime &) const = &::facebook::jsi::ArrayBuffer::data;
[INFO] [stderr] warning: jsi-sys@0.3.0-alpha.5:       |                                                                                                                             ^~~~
[INFO] [stderr] error: failed to run custom build command for `jsi-sys v0.3.0-alpha.5`
[INFO] [stderr] note: To improve backtraces for build dependencies, set the CARGO_PROFILE_RELEASE_BUILD_OVERRIDE_DEBUG=true environment variable to enable debug information generation.
[INFO] [stderr] 
[INFO] [stderr] Caused by:
[INFO] [stderr]   process didn't exit successfully: `/opt/rustwide/target/release/build/jsi-sys-ecf8e788888f7ef5/build-script-build` (exit status: 1)
[INFO] [stderr]   --- stdout
[INFO] [stderr]   cargo:rerun-if-changed=src/ffi/base.rs
[INFO] [stderr]   cargo:rerun-if-changed=src/ffi/host.rs
[INFO] [stderr]   cargo:rerun-if-changed=src/ffi/base.rs
[INFO] [stderr]   cargo:rerun-if-changed=src/ffi/host.rs
[INFO] [stderr]   cargo:CXXBRIDGE_PREFIX=jsi-sys
[INFO] [stderr]   cargo:CXXBRIDGE_LINKS=jsi
[INFO] [stderr]   cargo:CXXBRIDGE_DIR0=/opt/rustwide/target/release/build/jsi-sys-5b4a51d9224f46cf/out/cxxbridge/include
[INFO] [stderr]   cargo:CXXBRIDGE_DIR1=/opt/rustwide/target/release/build/jsi-sys-5b4a51d9224f46cf/out/cxxbridge/crate
[INFO] [stderr]   cargo:CXXBRIDGE_DIR2=/opt/rustwide/cargo-home/registry/src/index.crates.io-1949cf8c6b5b557f/jsi-sys-0.3.0-alpha.5/vendor/react-native/packages/react-native/React
[INFO] [stderr]   cargo:CXXBRIDGE_DIR3=/opt/rustwide/cargo-home/registry/src/index.crates.io-1949cf8c6b5b557f/jsi-sys-0.3.0-alpha.5/vendor/react-native/packages/react-native/React/Base
[INFO] [stderr]   cargo:CXXBRIDGE_DIR4=/opt/rustwide/cargo-home/registry/src/index.crates.io-1949cf8c6b5b557f/jsi-sys-0.3.0-alpha.5/vendor/react-native/packages/react-native/ReactCommon/jsi
[INFO] [stderr]   cargo:CXXBRIDGE_DIR5=/opt/rustwide/cargo-home/registry/src/index.crates.io-1949cf8c6b5b557f/jsi-sys-0.3.0-alpha.5/vendor/react-native/packages/react-native/ReactCommon/callinvoker
[INFO] [stderr]   cargo:CXXBRIDGE_DIR6=/opt/rustwide/cargo-home/registry/src/index.crates.io-1949cf8c6b5b557f/jsi-sys-0.3.0-alpha.5/include
[INFO] [stderr]   cargo:rerun-if-env-changed=CC_FORCE_DISABLE
[INFO] [stderr]   CC_FORCE_DISABLE = None
[INFO] [stderr]   cargo:rerun-if-env-changed=CXX_x86_64-unknown-linux-gnu
[INFO] [stderr]   CXX_x86_64-unknown-linux-gnu = None
[INFO] [stderr]   cargo:rerun-if-env-changed=CXX_x86_64_unknown_linux_gnu
[INFO] [stderr]   CXX_x86_64_unknown_linux_gnu = None
[INFO] [stderr]   cargo:rerun-if-env-changed=HOST_CXX
[INFO] [stderr]   HOST_CXX = None
[INFO] [stderr]   cargo:rerun-if-env-changed=CXX
[INFO] [stderr]   CXX = None
[INFO] [stderr]   cargo:rerun-if-env-changed=CC_ENABLE_DEBUG_OUTPUT
[INFO] [stderr]   cargo:rerun-if-env-changed=CRATE_CC_NO_DEFAULTS
[INFO] [stderr]   CRATE_CC_NO_DEFAULTS = None
[INFO] [stderr]   cargo:rerun-if-env-changed=CXXFLAGS
[INFO] [stderr]   CXXFLAGS = None
[INFO] [stderr]   cargo:rerun-if-env-changed=HOST_CXXFLAGS
[INFO] [stderr]   HOST_CXXFLAGS = None
[INFO] [stderr]   cargo:rerun-if-env-changed=CXXFLAGS_x86_64_unknown_linux_gnu
[INFO] [stderr]   CXXFLAGS_x86_64_unknown_linux_gnu = None
[INFO] [stderr]   cargo:rerun-if-env-changed=CXXFLAGS_x86_64-unknown-linux-gnu
[INFO] [stderr]   CXXFLAGS_x86_64-unknown-linux-gnu = None
[INFO] [stderr]   cargo:rerun-if-env-changed=CRATE_CC_NO_DEFAULTS
[INFO] [stderr]   CRATE_CC_NO_DEFAULTS = None
[INFO] [stderr]   cargo:rerun-if-env-changed=CXXFLAGS
[INFO] [stderr]   CXXFLAGS = None
[INFO] [stderr]   cargo:rerun-if-env-changed=HOST_CXXFLAGS
[INFO] [stderr]   HOST_CXXFLAGS = None
[INFO] [stderr]   cargo:rerun-if-env-changed=CXXFLAGS_x86_64_unknown_linux_gnu
[INFO] [stderr]   CXXFLAGS_x86_64_unknown_linux_gnu = None
[INFO] [stderr]   cargo:rerun-if-env-changed=CXXFLAGS_x86_64-unknown-linux-gnu
[INFO] [stderr]   CXXFLAGS_x86_64-unknown-linux-gnu = None
[INFO] [stderr]   cargo:warning=In file included from /opt/rustwide/target/release/build/jsi-sys-5b4a51d9224f46cf/out/cxxbridge/sources/jsi-sys/src/ffi/base.rs.cc:1:
[INFO] [stderr]   cargo:warning=/opt/rustwide/cargo-home/registry/src/index.crates.io-1949cf8c6b5b557f/jsi-sys-0.3.0-alpha.5/vendor/react-native/packages/react-native/ReactCommon/jsi/jsi/jsi.h:42:17: error: 'uint8_t' does not name a type
[INFO] [stderr]   cargo:warning=   42 |   virtual const uint8_t* data() const = 0;
[INFO] [stderr]   cargo:warning=      |                 ^~~~~~~
[INFO] [stderr]   cargo:warning=/opt/rustwide/cargo-home/registry/src/index.crates.io-1949cf8c6b5b557f/jsi-sys-0.3.0-alpha.5/vendor/react-native/packages/react-native/ReactCommon/jsi/jsi/jsi.h:16:1: note: 'uint8_t' is defined in header '<cstdint>'; this is probably fixable by adding '#include <cstdint>'
[INFO] [stderr]   cargo:warning=   15 | #include <string>
[INFO] [stderr]   cargo:warning=  +++ |+#include <cstdint>
[INFO] [stderr]   cargo:warning=   16 | #include <vector>
[INFO] [stderr]   cargo:warning=/opt/rustwide/cargo-home/registry/src/index.crates.io-1949cf8c6b5b557f/jsi-sys-0.3.0-alpha.5/vendor/react-native/packages/react-native/ReactCommon/jsi/jsi/jsi.h:51:9: error: 'uint8_t' does not name a type
[INFO] [stderr]   cargo:warning=   51 |   const uint8_t* data() const override {
[INFO] [stderr]   cargo:warning=      |         ^~~~~~~
[INFO] [stderr]   cargo:warning=/opt/rustwide/cargo-home/registry/src/index.crates.io-1949cf8c6b5b557f/jsi-sys-0.3.0-alpha.5/vendor/react-native/packages/react-native/ReactCommon/jsi/jsi/jsi.h:51:9: note: 'uint8_t' is defined in header '<cstdint>'; this is probably fixable by adding '#include <cstdint>'
[INFO] [stderr]   cargo:warning=/opt/rustwide/cargo-home/registry/src/index.crates.io-1949cf8c6b5b557f/jsi-sys-0.3.0-alpha.5/vendor/react-native/packages/react-native/ReactCommon/jsi/jsi/jsi.h:68:11: error: 'uint8_t' does not name a type
[INFO] [stderr]   cargo:warning=   68 |   virtual uint8_t* data() = 0;
[INFO] [stderr]   cargo:warning=      |           ^~~~~~~
[INFO] [stderr]   cargo:warning=/opt/rustwide/cargo-home/registry/src/index.crates.io-1949cf8c6b5b557f/jsi-sys-0.3.0-alpha.5/vendor/react-native/packages/react-native/ReactCommon/jsi/jsi/jsi.h:68:11: note: 'uint8_t' is defined in header '<cstdint>'; this is probably fixable by adding '#include <cstdint>'
[INFO] [stderr]   cargo:warning=/opt/rustwide/cargo-home/registry/src/index.crates.io-1949cf8c6b5b557f/jsi-sys-0.3.0-alpha.5/vendor/react-native/packages/react-native/ReactCommon/jsi/jsi/jsi.h:300:13: error: 'uint8_t' does not name a type
[INFO] [stderr]   cargo:warning=  300 |       const uint8_t* utf8,
[INFO] [stderr]   cargo:warning=      |             ^~~~~~~
[INFO] [stderr]   cargo:warning=/opt/rustwide/cargo-home/registry/src/index.crates.io-1949cf8c6b5b557f/jsi-sys-0.3.0-alpha.5/vendor/react-native/packages/react-native/ReactCommon/jsi/jsi/jsi.h:300:13: note: 'uint8_t' is defined in header '<cstdint>'; this is probably fixable by adding '#include <cstdint>'
[INFO] [stderr]   cargo:warning=/opt/rustwide/cargo-home/registry/src/index.crates.io-1949cf8c6b5b557f/jsi-sys-0.3.0-alpha.5/vendor/react-native/packages/react-native/ReactCommon/jsi/jsi/jsi.h:310:41: error: 'uint64_t' has not been declared
[INFO] [stderr]   cargo:warning=  310 |   virtual BigInt createBigIntFromUint64(uint64_t) = 0;
[INFO] [stderr]   cargo:warning=      |                                         ^~~~~~~~
[INFO] [stderr]   cargo:warning=/opt/rustwide/cargo-home/registry/src/index.crates.io-1949cf8c6b5b557f/jsi-sys-0.3.0-alpha.5/vendor/react-native/packages/react-native/ReactCommon/jsi/jsi/jsi.h:310:41: note: 'uint64_t' is defined in header '<cstdint>'; this is probably fixable by adding '#include <cstdint>'
[INFO] [stderr]   cargo:warning=/opt/rustwide/cargo-home/registry/src/index.crates.io-1949cf8c6b5b557f/jsi-sys-0.3.0-alpha.5/vendor/react-native/packages/react-native/ReactCommon/jsi/jsi/jsi.h:313:11: error: 'uint64_t' does not name a type
[INFO] [stderr]   cargo:warning=  313 |   virtual uint64_t truncate(const BigInt&) = 0;
[INFO] [stderr]   cargo:warning=      |           ^~~~~~~~
[INFO] [stderr]   cargo:warning=/opt/rustwide/cargo-home/registry/src/index.crates.io-1949cf8c6b5b557f/jsi-sys-0.3.0-alpha.5/vendor/react-native/packages/react-native/ReactCommon/jsi/jsi/jsi.h:313:11: note: 'uint64_t' is defined in header '<cstdint>'; this is probably fixable by adding '#include <cstdint>'
[INFO] [stderr]   cargo:warning=/opt/rustwide/cargo-home/registry/src/index.crates.io-1949cf8c6b5b557f/jsi-sys-0.3.0-alpha.5/vendor/react-native/packages/react-native/ReactCommon/jsi/jsi/jsi.h:317:45: error: 'uint8_t' does not name a type
[INFO] [stderr]   cargo:warning=  317 |   virtual String createStringFromUtf8(const uint8_t* utf8, size_t length) = 0;
[INFO] [stderr]   cargo:warning=      |                                             ^~~~~~~
[INFO] [stderr]   cargo:warning=/opt/rustwide/cargo-home/registry/src/index.crates.io-1949cf8c6b5b557f/jsi-sys-0.3.0-alpha.5/vendor/react-native/packages/react-native/ReactCommon/jsi/jsi/jsi.h:317:45: note: 'uint8_t' is defined in header '<cstdint>'; this is probably fixable by adding '#include <cstdint>'
[INFO] [stderr]   cargo:warning=/opt/rustwide/cargo-home/registry/src/index.crates.io-1949cf8c6b5b557f/jsi-sys-0.3.0-alpha.5/vendor/react-native/packages/react-native/ReactCommon/jsi/jsi/jsi.h:322:47: error: 'uint8_t' does not name a type
[INFO] [stderr]   cargo:warning=  322 |   virtual Value createValueFromJsonUtf8(const uint8_t* json, size_t length);
[INFO] [stderr]   cargo:warning=      |                                               ^~~~~~~
[INFO] [stderr]   cargo:warning=/opt/rustwide/cargo-home/registry/src/index.crates.io-1949cf8c6b5b557f/jsi-sys-0.3.0-alpha.5/vendor/react-native/packages/react-native/ReactCommon/jsi/jsi/jsi.h:322:47: note: 'uint8_t' is defined in header '<cstdint>'; this is probably fixable by adding '#include <cstdint>'
[INFO] [stderr]   cargo:warning=/opt/rustwide/cargo-home/registry/src/index.crates.io-1949cf8c6b5b557f/jsi-sys-0.3.0-alpha.5/vendor/react-native/packages/react-native/ReactCommon/jsi/jsi/jsi.h:361:11: error: 'uint8_t' does not name a type
[INFO] [stderr]   cargo:warning=  361 |   virtual uint8_t* data(const ArrayBuffer&) = 0;
[INFO] [stderr]   cargo:warning=      |           ^~~~~~~
[INFO] [stderr]   cargo:warning=/opt/rustwide/cargo-home/registry/src/index.crates.io-1949cf8c6b5b557f/jsi-sys-0.3.0-alpha.5/vendor/react-native/packages/react-native/ReactCommon/jsi/jsi/jsi.h:361:11: note: 'uint8_t' is defined in header '<cstdint>'; this is probably fixable by adding '#include <cstdint>'
[INFO] [stderr]   cargo:warning=/opt/rustwide/cargo-home/registry/src/index.crates.io-1949cf8c6b5b557f/jsi-sys-0.3.0-alpha.5/vendor/react-native/packages/react-native/ReactCommon/jsi/jsi/jsi.h:457:35: error: 'uint8_t' does not name a type
[INFO] [stderr]   cargo:warning=  457 |   forUtf8(Runtime& runtime, const uint8_t* utf8, size_t length) {
[INFO] [stderr]   cargo:warning=      |                                   ^~~~~~~
[INFO] [stderr]   cargo:warning=/opt/rustwide/cargo-home/registry/src/index.crates.io-1949cf8c6b5b557f/jsi-sys-0.3.0-alpha.5/vendor/react-native/packages/react-native/ReactCommon/jsi/jsi/jsi.h:457:35: note: 'uint8_t' is defined in header '<cstdint>'; this is probably fixable by adding '#include <cstdint>'
[INFO] [stderr]   cargo:warning=/opt/rustwide/cargo-home/registry/src/index.crates.io-1949cf8c6b5b557f/jsi-sys-0.3.0-alpha.5/vendor/react-native/packages/react-native/ReactCommon/jsi/jsi/jsi.h: In static member function 'static facebook::jsi::PropNameID facebook::jsi::PropNameID::forUtf8(facebook::jsi::Runtime&, const std::string&)':
[INFO] [stderr]   cargo:warning=/opt/rustwide/cargo-home/registry/src/index.crates.io-1949cf8c6b5b557f/jsi-sys-0.3.0-alpha.5/vendor/react-native/packages/react-native/ReactCommon/jsi/jsi/jsi.h:466:32: error: ISO C++ forbids declaration of 'type name' with no type [-fpermissive]
[INFO] [stderr]   cargo:warning=  466 |         reinterpret_cast<const uint8_t*>(utf8.data()), utf8.size());
[INFO] [stderr]   cargo:warning=      |                                ^~~~~~~
[INFO] [stderr]   cargo:warning=/opt/rustwide/cargo-home/registry/src/index.crates.io-1949cf8c6b5b557f/jsi-sys-0.3.0-alpha.5/vendor/react-native/packages/react-native/ReactCommon/jsi/jsi/jsi.h:466:32: error: expected '>' before 'uint8_t'
[INFO] [stderr]   cargo:warning=/opt/rustwide/cargo-home/registry/src/index.crates.io-1949cf8c6b5b557f/jsi-sys-0.3.0-alpha.5/vendor/react-native/packages/react-native/ReactCommon/jsi/jsi/jsi.h:466:9: error: cast from 'const char*' to 'int' loses precision [-fpermissive]
[INFO] [stderr]   cargo:warning=  466 |         reinterpret_cast<const uint8_t*>(utf8.data()), utf8.size());
[INFO] [stderr]   cargo:warning=      |         ^~~~~~~~~~~~~~~~~~~~~~~~~~~~~~~~~~~~~~~~~~~~~
[INFO] [stderr]   cargo:warning=/opt/rustwide/cargo-home/registry/src/index.crates.io-1949cf8c6b5b557f/jsi-sys-0.3.0-alpha.5/vendor/react-native/packages/react-native/ReactCommon/jsi/jsi/jsi.h:466:9: warning: type qualifiers ignored on cast result type [-Wignored-qualifiers]
[INFO] [stderr]   cargo:warning=/opt/rustwide/cargo-home/registry/src/index.crates.io-1949cf8c6b5b557f/jsi-sys-0.3.0-alpha.5/vendor/react-native/packages/react-native/ReactCommon/jsi/jsi/jsi.h:466:9: error: invalid conversion from 'int' to 'const int*' [-fpermissive]
[INFO] [stderr]   cargo:warning=  466 |         reinterpret_cast<const uint8_t*>(utf8.data()), utf8.size());
[INFO] [stderr]   cargo:warning=      |         ^~~~~~~~~~~~~~~~~~~~~~~~~~~~~~~~~~~~~~~~~~~~~
[INFO] [stderr]   cargo:warning=      |         |
[INFO] [stderr]   cargo:warning=      |         int
[INFO] [stderr]   cargo:warning=/opt/rustwide/cargo-home/registry/src/index.crates.io-1949cf8c6b5b557f/jsi-sys-0.3.0-alpha.5/vendor/react-native/packages/react-native/ReactCommon/jsi/jsi/jsi.h:300:22: note: initializing argument 1 of 'virtual facebook::jsi::PropNameID facebook::jsi::Runtime::createPropNameIDFromUtf8(const int*, size_t)'
[INFO] [stderr]   cargo:warning=  300 |       const uint8_t* utf8,
[INFO] [stderr]   cargo:warning=      |       ~~~~~~~~~~~~~~~^~~~
[INFO] [stderr]   cargo:warning=/opt/rustwide/cargo-home/registry/src/index.crates.io-1949cf8c6b5b557f/jsi-sys-0.3.0-alpha.5/vendor/react-native/packages/react-native/ReactCommon/jsi/jsi/jsi.h: At global scope:
[INFO] [stderr]   cargo:warning=/opt/rustwide/cargo-home/registry/src/index.crates.io-1949cf8c6b5b557f/jsi-sys-0.3.0-alpha.5/vendor/react-native/packages/react-native/ReactCommon/jsi/jsi/jsi.h:544:46: error: 'uint64_t' has not been declared
[INFO] [stderr]   cargo:warning=  544 |   static BigInt fromUint64(Runtime& runtime, uint64_t value) {
[INFO] [stderr]   cargo:warning=      |                                              ^~~~~~~~
[INFO] [stderr]   cargo:warning=/opt/rustwide/cargo-home/registry/src/index.crates.io-1949cf8c6b5b557f/jsi-sys-0.3.0-alpha.5/vendor/react-native/packages/react-native/ReactCommon/jsi/jsi/jsi.h:544:46: note: 'uint64_t' is defined in header '<cstdint>'; this is probably fixable by adding '#include <cstdint>'
[INFO] [stderr]   cargo:warning=/opt/rustwide/cargo-home/registry/src/index.crates.io-1949cf8c6b5b557f/jsi-sys-0.3.0-alpha.5/vendor/react-native/packages/react-native/ReactCommon/jsi/jsi/jsi.h:568:3: error: 'uint64_t' does not name a type
[INFO] [stderr]   cargo:warning=  568 |   uint64_t getUint64(Runtime& runtime) const {
[INFO] [stderr]   cargo:warning=      |   ^~~~~~~~
[INFO] [stderr]   cargo:warning=/opt/rustwide/cargo-home/registry/src/index.crates.io-1949cf8c6b5b557f/jsi-sys-0.3.0-alpha.5/vendor/react-native/packages/react-native/ReactCommon/jsi/jsi/jsi.h:568:3: note: 'uint64_t' is defined in header '<cstdint>'; this is probably fixable by adding '#include <cstdint>'
[INFO] [stderr]   cargo:warning=/opt/rustwide/cargo-home/registry/src/index.crates.io-1949cf8c6b5b557f/jsi-sys-0.3.0-alpha.5/vendor/react-native/packages/react-native/ReactCommon/jsi/jsi/jsi.h:579:3: error: 'uint64_t' does not name a type
[INFO] [stderr]   cargo:warning=  579 |   uint64_t asUint64(Runtime& runtime) const;
[INFO] [stderr]   cargo:warning=      |   ^~~~~~~~
[INFO] [stderr]   cargo:warning=/opt/rustwide/cargo-home/registry/src/index.crates.io-1949cf8c6b5b557f/jsi-sys-0.3.0-alpha.5/vendor/react-native/packages/react-native/ReactCommon/jsi/jsi/jsi.h:579:3: note: 'uint64_t' is defined in header '<cstdint>'; this is probably fixable by adding '#include <cstdint>'
[INFO] [stderr]   cargo:warning=/opt/rustwide/cargo-home/registry/src/index.crates.io-1949cf8c6b5b557f/jsi-sys-0.3.0-alpha.5/vendor/react-native/packages/react-native/ReactCommon/jsi/jsi/jsi.h: In member function 'int64_t facebook::jsi::BigInt::getInt64(facebook::jsi::Runtime&) const':
[INFO] [stderr]   cargo:warning=/opt/rustwide/cargo-home/registry/src/index.crates.io-1949cf8c6b5b557f/jsi-sys-0.3.0-alpha.5/vendor/react-native/packages/react-native/ReactCommon/jsi/jsi/jsi.h:555:20: error: 'class facebook::jsi::Runtime' has no member named 'truncate'
[INFO] [stderr]   cargo:warning=  555 |     return runtime.truncate(*this);
[INFO] [stderr]   cargo:warning=      |                    ^~~~~~~~
[INFO] [stderr]   cargo:warning=/opt/rustwide/cargo-home/registry/src/index.crates.io-1949cf8c6b5b557f/jsi-sys-0.3.0-alpha.5/vendor/react-native/packages/react-native/ReactCommon/jsi/jsi/jsi.h: At global scope:
[INFO] [stderr]   cargo:warning=/opt/rustwide/cargo-home/registry/src/index.crates.io-1949cf8c6b5b557f/jsi-sys-0.3.0-alpha.5/vendor/react-native/packages/react-native/ReactCommon/jsi/jsi/jsi.h:620:42: error: 'uint8_t' does not name a type
[INFO] [stderr]   cargo:warning=  620 |   createFromUtf8(Runtime& runtime, const uint8_t* utf8, size_t length) {
[INFO] [stderr]   cargo:warning=      |                                          ^~~~~~~
[INFO] [stderr]   cargo:warning=/opt/rustwide/cargo-home/registry/src/index.crates.io-1949cf8c6b5b557f/jsi-sys-0.3.0-alpha.5/vendor/react-native/packages/react-native/ReactCommon/jsi/jsi/jsi.h:620:42: note: 'uint8_t' is defined in header '<cstdint>'; this is probably fixable by adding '#include <cstdint>'
[INFO] [stderr]   cargo:warning=/opt/rustwide/cargo-home/registry/src/index.crates.io-1949cf8c6b5b557f/jsi-sys-0.3.0-alpha.5/vendor/react-native/packages/react-native/ReactCommon/jsi/jsi/jsi.h: In static member function 'static facebook::jsi::String facebook::jsi::String::createFromUtf8(facebook::jsi::Runtime&, const std::string&)':
[INFO] [stderr]   cargo:warning=/opt/rustwide/cargo-home/registry/src/index.crates.io-1949cf8c6b5b557f/jsi-sys-0.3.0-alpha.5/vendor/react-native/packages/react-native/ReactCommon/jsi/jsi/jsi.h:629:32: error: ISO C++ forbids declaration of 'type name' with no type [-fpermissive]
[INFO] [stderr]   cargo:warning=  629 |         reinterpret_cast<const uint8_t*>(utf8.data()), utf8.length());
[INFO] [stderr]   cargo:warning=      |                                ^~~~~~~
[INFO] [stderr]   cargo:warning=/opt/rustwide/cargo-home/registry/src/index.crates.io-1949cf8c6b5b557f/jsi-sys-0.3.0-alpha.5/vendor/react-native/packages/react-native/ReactCommon/jsi/jsi/jsi.h:629:32: error: expected '>' before 'uint8_t'
[INFO] [stderr]   cargo:warning=/opt/rustwide/cargo-home/registry/src/index.crates.io-1949cf8c6b5b557f/jsi-sys-0.3.0-alpha.5/vendor/react-native/packages/react-native/ReactCommon/jsi/jsi/jsi.h:629:9: error: cast from 'const char*' to 'int' loses precision [-fpermissive]
[INFO] [stderr]   cargo:warning=  629 |         reinterpret_cast<const uint8_t*>(utf8.data()), utf8.length());
[INFO] [stderr]   cargo:warning=      |         ^~~~~~~~~~~~~~~~~~~~~~~~~~~~~~~~~~~~~~~~~~~~~
[INFO] [stderr]   cargo:warning=/opt/rustwide/cargo-home/registry/src/index.crates.io-1949cf8c6b5b557f/jsi-sys-0.3.0-alpha.5/vendor/react-native/packages/react-native/ReactCommon/jsi/jsi/jsi.h:629:9: warning: type qualifiers ignored on cast result type [-Wignored-qualifiers]
[INFO] [stderr]   cargo:warning=/opt/rustwide/cargo-home/registry/src/index.crates.io-1949cf8c6b5b557f/jsi-sys-0.3.0-alpha.5/vendor/react-native/packages/react-native/ReactCommon/jsi/jsi/jsi.h:629:9: error: invalid conversion from 'int' to 'const int*' [-fpermissive]
[INFO] [stderr]   cargo:warning=  629 |         reinterpret_cast<const uint8_t*>(utf8.data()), utf8.length());
[INFO] [stderr]   cargo:warning=      |         ^~~~~~~~~~~~~~~~~~~~~~~~~~~~~~~~~~~~~~~~~~~~~
[INFO] [stderr]   cargo:warning=      |         |
[INFO] [stderr]   cargo:warning=      |         int
[INFO] [stderr]   cargo:warning=/opt/rustwide/cargo-home/registry/src/index.crates.io-1949cf8c6b5b557f/jsi-sys-0.3.0-alpha.5/vendor/react-native/packages/react-native/ReactCommon/jsi/jsi/jsi.h:317:54: note: initializing argument 1 of 'virtual facebook::jsi::String facebook::jsi::Runtime::createStringFromUtf8(const int*, size_t)'
[INFO] [stderr]   cargo:warning=  317 |   virtual String createStringFromUtf8(const uint8_t* utf8, size_t length) = 0;
[INFO] [stderr]   cargo:warning=      |                                       ~~~~~~~~~~~~~~~^~~~
[INFO] [stderr]   cargo:warning=/opt/rustwide/cargo-home/registry/src/index.crates.io-1949cf8c6b5b557f/jsi-sys-0.3.0-alpha.5/vendor/react-native/packages/react-native/ReactCommon/jsi/jsi/jsi.h: At global scope:
[INFO] [stderr]   cargo:warning=/opt/rustwide/cargo-home/registry/src/index.crates.io-1949cf8c6b5b557f/jsi-sys-0.3.0-alpha.5/vendor/react-native/packages/react-native/ReactCommon/jsi/jsi/jsi.h:956:3: error: 'uint8_t' does not name a type
[INFO] [stderr]   cargo:warning=  956 |   uint8_t* data(Runtime& runtime) const {
[INFO] [stderr]   cargo:warning=      |   ^~~~~~~
[INFO] [stderr]   cargo:warning=/opt/rustwide/cargo-home/registry/src/index.crates.io-1949cf8c6b5b557f/jsi-sys-0.3.0-alpha.5/vendor/react-native/packages/react-native/ReactCommon/jsi/jsi/jsi.h:956:3: note: 'uint8_t' is defined in header '<cstdint>'; this is probably fixable by adding '#include <cstdint>'
[INFO] [stderr]   cargo:warning=/opt/rustwide/cargo-home/registry/src/index.crates.io-1949cf8c6b5b557f/jsi-sys-0.3.0-alpha.5/vendor/react-native/packages/react-native/ReactCommon/jsi/jsi/jsi.h:1171:46: error: 'uint8_t' does not name a type
[INFO] [stderr]   cargo:warning= 1171 |   createFromJsonUtf8(Runtime& runtime, const uint8_t* json, size_t length) {
[INFO] [stderr]   cargo:warning=      |                                              ^~~~~~~
[INFO] [stderr]   cargo:warning=/opt/rustwide/cargo-home/registry/src/index.crates.io-1949cf8c6b5b557f/jsi-sys-0.3.0-alpha.5/vendor/react-native/packages/react-native/ReactCommon/jsi/jsi/jsi.h:1171:46: note: 'uint8_t' is defined in header '<cstdint>'; this is probably fixable by adding '#include <cstdint>'
[INFO] [stderr]   cargo:warning=/opt/rustwide/cargo-home/registry/src/index.crates.io-1949cf8c6b5b557f/jsi-sys-0.3.0-alpha.5/vendor/react-native/packages/react-native/ReactCommon/jsi/jsi/jsi.h: In constructor 'facebook::jsi::Value::Data::Data()':
[INFO] [stderr]   cargo:warning=/opt/rustwide/cargo-home/registry/src/index.crates.io-1949cf8c6b5b557f/jsi-sys-0.3.0-alpha.5/vendor/react-native/packages/react-native/ReactCommon/jsi/jsi/jsi.h:1339:34: error: 'uint64_t' was not declared in this scope
[INFO] [stderr]   cargo:warning= 1339 |           sizeof(Data) == sizeof(uint64_t),
[INFO] [stderr]   cargo:warning=      |                                  ^~~~~~~~
[INFO] [stderr]   cargo:warning=/opt/rustwide/cargo-home/registry/src/index.crates.io-1949cf8c6b5b557f/jsi-sys-0.3.0-alpha.5/vendor/react-native/packages/react-native/ReactCommon/jsi/jsi/jsi.h:1339:34: note: 'uint64_t' is defined in header '<cstdint>'; this is probably fixable by adding '#include <cstdint>'
[INFO] [stderr]   cargo:warning=In file included from /opt/rustwide/target/release/build/jsi-sys-5b4a51d9224f46cf/out/cxxbridge/sources/jsi-sys/src/ffi/base.rs.cc:2:
[INFO] [stderr]   cargo:warning=/opt/rustwide/cargo-home/registry/src/index.crates.io-1949cf8c6b5b557f/jsi-sys-0.3.0-alpha.5/include/wrapper.h: In function 'std::unique_ptr<facebook::jsi::PropNameID> jsi_rs::ffi::PropNameID_forUtf8(Runtime&, rust::cxxbridge1::Str)':
[INFO] [stderr]   cargo:warning=/opt/rustwide/cargo-home/registry/src/index.crates.io-1949cf8c6b5b557f/jsi-sys-0.3.0-alpha.5/include/wrapper.h:134:26: error: no matching function for call to 'facebook::jsi::PropNameID::forUtf8(jsi_rs::ffi::Runtime&, const uint8_t*, std::size_t)'
[INFO] [stderr]   cargo:warning=  134 |       PropNameID::forUtf8(rt, (const uint8_t *)str.data(), str.length());
[INFO] [stderr]   cargo:warning=      |       ~~~~~~~~~~~~~~~~~~~^~~~~~~~~~~~~~~~~~~~~~~~~~~~~~~~~~~~~~~~~~~~~~~
[INFO] [stderr]   cargo:warning=/opt/rustwide/cargo-home/registry/src/index.crates.io-1949cf8c6b5b557f/jsi-sys-0.3.0-alpha.5/include/wrapper.h:134:26: note: there are 2 candidates
[INFO] [stderr]   cargo:warning=/opt/rustwide/cargo-home/registry/src/index.crates.io-1949cf8c6b5b557f/jsi-sys-0.3.0-alpha.5/vendor/react-native/packages/react-native/ReactCommon/jsi/jsi/jsi.h:457:3: note: candidate 1: 'static facebook::jsi::PropNameID facebook::jsi::PropNameID::forUtf8(facebook::jsi::Runtime&, const int*, size_t)'
[INFO] [stderr]   cargo:warning=  457 |   forUtf8(Runtime& runtime, const uint8_t* utf8, size_t length) {
[INFO] [stderr]   cargo:warning=      |   ^~~~~~~
[INFO] [stderr]   cargo:warning=/opt/rustwide/cargo-home/registry/src/index.crates.io-1949cf8c6b5b557f/jsi-sys-0.3.0-alpha.5/vendor/react-native/packages/react-native/ReactCommon/jsi/jsi/jsi.h:457:44: note: no known conversion for argument 2 from 'const uint8_t*' {aka 'const unsigned char*'} to 'const int*'
[INFO] [stderr]   cargo:warning=  457 |   forUtf8(Runtime& runtime, const uint8_t* utf8, size_t length) {
[INFO] [stderr]   cargo:warning=      |                             ~~~~~~~~~~~~~~~^~~~
[INFO] [stderr]   cargo:warning=/opt/rustwide/cargo-home/registry/src/index.crates.io-1949cf8c6b5b557f/jsi-sys-0.3.0-alpha.5/vendor/react-native/packages/react-native/ReactCommon/jsi/jsi/jsi.h:464:21: note: candidate 2: 'static facebook::jsi::PropNameID facebook::jsi::PropNameID::forUtf8(facebook::jsi::Runtime&, const std::string&)'
[INFO] [stderr]   cargo:warning=  464 |   static PropNameID forUtf8(Runtime& runtime, const std::string& utf8) {
[INFO] [stderr]   cargo:warning=      |                     ^~~~~~~
[INFO] [stderr]   cargo:warning=/opt/rustwide/cargo-home/registry/src/index.crates.io-1949cf8c6b5b557f/jsi-sys-0.3.0-alpha.5/vendor/react-native/packages/react-native/ReactCommon/jsi/jsi/jsi.h:464:21: note: candidate expects 2 arguments, 3 provided
[INFO] [stderr]   cargo:warning=/opt/rustwide/cargo-home/registry/src/index.crates.io-1949cf8c6b5b557f/jsi-sys-0.3.0-alpha.5/include/wrapper.h: In function 'std::unique_ptr<facebook::jsi::String> jsi_rs::ffi::String_fromUtf8(Runtime&, rust::cxxbridge1::Str)':
[INFO] [stderr]   cargo:warning=/opt/rustwide/cargo-home/registry/src/index.crates.io-1949cf8c6b5b557f/jsi-sys-0.3.0-alpha.5/include/wrapper.h:190:29: error: no matching function for call to 'facebook::jsi::String::createFromUtf8(jsi_rs::ffi::Runtime&, const uint8_t*, std::size_t)'
[INFO] [stderr]   cargo:warning=  190 |       String::createFromUtf8(rt, (const uint8_t *)str.data(), str.length());
[INFO] [stderr]   cargo:warning=      |       ~~~~~~~~~~~~~~~~~~~~~~^~~~~~~~~~~~~~~~~~~~~~~~~~~~~~~~~~~~~~~~~~~~~~~
[INFO] [stderr]   cargo:warning=/opt/rustwide/cargo-home/registry/src/index.crates.io-1949cf8c6b5b557f/jsi-sys-0.3.0-alpha.5/include/wrapper.h:190:29: note: there are 2 candidates
[INFO] [stderr]   cargo:warning=/opt/rustwide/cargo-home/registry/src/index.crates.io-1949cf8c6b5b557f/jsi-sys-0.3.0-alpha.5/vendor/react-native/packages/react-native/ReactCommon/jsi/jsi/jsi.h:620:3: note: candidate 1: 'static facebook::jsi::String facebook::jsi::String::createFromUtf8(facebook::jsi::Runtime&, const int*, size_t)'
[INFO] [stderr]   cargo:warning=  620 |   createFromUtf8(Runtime& runtime, const uint8_t* utf8, size_t length) {
[INFO] [stderr]   cargo:warning=      |   ^~~~~~~~~~~~~~
[INFO] [stderr]   cargo:warning=/opt/rustwide/cargo-home/registry/src/index.crates.io-1949cf8c6b5b557f/jsi-sys-0.3.0-alpha.5/vendor/react-native/packages/react-native/ReactCommon/jsi/jsi/jsi.h:620:51: note: no known conversion for argument 2 from 'const uint8_t*' {aka 'const unsigned char*'} to 'const int*'
[INFO] [stderr]   cargo:warning=  620 |   createFromUtf8(Runtime& runtime, const uint8_t* utf8, size_t length) {
[INFO] [stderr]   cargo:warning=      |                                    ~~~~~~~~~~~~~~~^~~~
[INFO] [stderr]   cargo:warning=/opt/rustwide/cargo-home/registry/src/index.crates.io-1949cf8c6b5b557f/jsi-sys-0.3.0-alpha.5/vendor/react-native/packages/react-native/ReactCommon/jsi/jsi/jsi.h:627:17: note: candidate 2: 'static facebook::jsi::String facebook::jsi::String::createFromUtf8(facebook::jsi::Runtime&, const std::string&)'
[INFO] [stderr]   cargo:warning=  627 |   static String createFromUtf8(Runtime& runtime, const std::string& utf8) {
[INFO] [stderr]   cargo:warning=      |                 ^~~~~~~~~~~~~~
[INFO] [stderr]   cargo:warning=/opt/rustwide/cargo-home/registry/src/index.crates.io-1949cf8c6b5b557f/jsi-sys-0.3.0-alpha.5/vendor/react-native/packages/react-native/ReactCommon/jsi/jsi/jsi.h:627:17: note: candidate expects 2 arguments, 3 provided
[INFO] [stderr]   cargo:warning=/opt/rustwide/cargo-home/registry/src/index.crates.io-1949cf8c6b5b557f/jsi-sys-0.3.0-alpha.5/include/wrapper.h: In function 'void jsi_rs::ffi::Array_set(Array&, Runtime&, size_t, const Value&)':
[INFO] [stderr]   cargo:warning=/opt/rustwide/cargo-home/registry/src/index.crates.io-1949cf8c6b5b557f/jsi-sys-0.3.0-alpha.5/include/wrapper.h:336:25: warning: the compiler can assume that the address of 'value' will never be NULL [-Waddress]
[INFO] [stderr]   cargo:warning=  336 |   (self.*fp)(rt, index, &value);
[INFO] [stderr]   cargo:warning=      |                         ^~~~~~
[INFO] [stderr]   cargo:warning=/opt/rustwide/cargo-home/registry/src/index.crates.io-1949cf8c6b5b557f/jsi-sys-0.3.0-alpha.5/include/wrapper.h:332:69: note: 'value' declared here
[INFO] [stderr]   cargo:warning=  332 | void Array_set(Array &self, Runtime &rt, size_t index, Value const &value)
[INFO] [stderr]   cargo:warning=      |                                                        ~~~~~~~~~~~~~^~~~~
[INFO] [stderr]   cargo:warning=/opt/rustwide/cargo-home/registry/src/index.crates.io-1949cf8c6b5b557f/jsi-sys-0.3.0-alpha.5/include/wrapper.h: In function 'std::unique_ptr<facebook::jsi::Value> jsi_rs::ffi::Value_fromJson(Runtime&, rust::cxxbridge1::Str)':
[INFO] [stderr]   cargo:warning=/opt/rustwide/cargo-home/registry/src/index.crates.io-1949cf8c6b5b557f/jsi-sys-0.3.0-alpha.5/include/wrapper.h:456:37: error: cannot convert 'const uint8_t*' {aka 'const unsigned char*'} to 'const int*'
[INFO] [stderr]   cargo:warning=  456 |       Value::createFromJsonUtf8(rt, (const uint8_t *)s.data(), s.length());
[INFO] [stderr]   cargo:warning=      |                                     ^~~~~~~~~~~~~~~~~~~~~~~~~
[INFO] [stderr]   cargo:warning=      |                                     |
[INFO] [stderr]   cargo:warning=      |                                     const uint8_t* {aka const unsigned char*}
[INFO] [stderr]   cargo:warning=/opt/rustwide/cargo-home/registry/src/index.crates.io-1949cf8c6b5b557f/jsi-sys-0.3.0-alpha.5/vendor/react-native/packages/react-native/ReactCommon/jsi/jsi/jsi.h:1171:55: note: initializing argument 2 of 'static facebook::jsi::Value facebook::jsi::Value::createFromJsonUtf8(facebook::jsi::Runtime&, const int*, size_t)'
[INFO] [stderr]   cargo:warning= 1171 |   createFromJsonUtf8(Runtime& runtime, const uint8_t* json, size_t length) {
[INFO] [stderr]   cargo:warning=      |                                        ~~~~~~~~~~~~~~~^~~~
[INFO] [stderr]   cargo:warning=/opt/rustwide/target/release/build/jsi-sys-5b4a51d9224f46cf/out/cxxbridge/sources/jsi-sys/src/ffi/base.rs.cc: In function 'const uint8_t* facebook::jsi::facebook$jsi$cxxbridge1$205$Buffer$data(const Buffer&)':
[INFO] [stderr]   cargo:warning=/opt/rustwide/target/release/build/jsi-sys-5b4a51d9224f46cf/out/cxxbridge/sources/jsi-sys/src/ffi/base.rs.cc:267:95: error: 'data' is not a member of 'facebook::jsi::Buffer'
[INFO] [stderr]   cargo:warning=  267 |   ::std::uint8_t const *(::facebook::jsi::Buffer::*data$)() const = &::facebook::jsi::Buffer::data;
[INFO] [stderr]   cargo:warning=      |                                                                                               ^~~~
[INFO] [stderr]   cargo:warning=/opt/rustwide/target/release/build/jsi-sys-5b4a51d9224f46cf/out/cxxbridge/sources/jsi-sys/src/ffi/base.rs.cc: In function 'uint8_t* facebook::jsi::facebook$jsi$cxxbridge1$205$ArrayBuffer$data(const ArrayBuffer&, Runtime&)':
[INFO] [stderr]   cargo:warning=/opt/rustwide/target/release/build/jsi-sys-5b4a51d9224f46cf/out/cxxbridge/sources/jsi-sys/src/ffi/base.rs.cc:604:125: error: 'data' is not a member of 'facebook::jsi::ArrayBuffer'
[INFO] [stderr]   cargo:warning=  604 |   ::std::uint8_t *(::facebook::jsi::ArrayBuffer::*data$)(::facebook::jsi::Runtime &) const = &::facebook::jsi::ArrayBuffer::data;
[INFO] [stderr]   cargo:warning=      |                                                                                                                             ^~~~
[INFO] [stderr] 
[INFO] [stderr]   --- stderr
[INFO] [stderr] 
[INFO] [stderr]   CXX include path:
[INFO] [stderr]     /opt/rustwide/target/release/build/jsi-sys-5b4a51d9224f46cf/out/cxxbridge/include
[INFO] [stderr]     /opt/rustwide/target/release/build/jsi-sys-5b4a51d9224f46cf/out/cxxbridge/crate
[INFO] [stderr]     /opt/rustwide/cargo-home/registry/src/index.crates.io-1949cf8c6b5b557f/jsi-sys-0.3.0-alpha.5/vendor/react-native/packages/react-native/React
[INFO] [stderr]     /opt/rustwide/cargo-home/registry/src/index.crates.io-1949cf8c6b5b557f/jsi-sys-0.3.0-alpha.5/vendor/react-native/packages/react-native/React/Base
[INFO] [stderr]     /opt/rustwide/cargo-home/registry/src/index.crates.io-1949cf8c6b5b557f/jsi-sys-0.3.0-alpha.5/vendor/react-native/packages/react-native/ReactCommon/jsi
[INFO] [stderr]     /opt/rustwide/cargo-home/registry/src/index.crates.io-1949cf8c6b5b557f/jsi-sys-0.3.0-alpha.5/vendor/react-native/packages/react-native/ReactCommon/callinvoker
[INFO] [stderr]     /opt/rustwide/cargo-home/registry/src/index.crates.io-1949cf8c6b5b557f/jsi-sys-0.3.0-alpha.5/include
[INFO] [stderr] 
[INFO] [stderr] 
[INFO] [stderr]   error occurred in cc-rs: command did not execute successfully (status code exit status: 1): "c++" "-O3" "-ffunction-sections" "-fdata-sections" "-fPIC" "-m64" "-I" "/opt/rustwide/target/release/build/jsi-sys-5b4a51d9224f46cf/out/cxxbridge/include" "-I" "/opt/rustwide/target/release/build/jsi-sys-5b4a51d9224f46cf/out/cxxbridge/crate" "-I" "/opt/rustwide/cargo-home/registry/src/index.crates.io-1949cf8c6b5b557f/jsi-sys-0.3.0-alpha.5/vendor/react-native/packages/react-native/React" "-I" "/opt/rustwide/cargo-home/registry/src/index.crates.io-1949cf8c6b5b557f/jsi-sys-0.3.0-alpha.5/vendor/react-native/packages/react-native/React/Base" "-I" "/opt/rustwide/cargo-home/registry/src/index.crates.io-1949cf8c6b5b557f/jsi-sys-0.3.0-alpha.5/vendor/react-native/packages/react-native/ReactCommon/jsi" "-I" "/opt/rustwide/cargo-home/registry/src/index.crates.io-1949cf8c6b5b557f/jsi-sys-0.3.0-alpha.5/vendor/react-native/packages/react-native/ReactCommon/callinvoker" "-I" "/opt/rustwide/cargo-home/registry/src/index.crates.io-1949cf8c6b5b557f/jsi-sys-0.3.0-alpha.5/include" "-Wall" "-Wextra" "-std=c++17" "-o" "/opt/rustwide/target/release/build/jsi-sys-5b4a51d9224f46cf/out/017c04292d959ade-base.rs.o" "-c" "/opt/rustwide/target/release/build/jsi-sys-5b4a51d9224f46cf/out/cxxbridge/sources/jsi-sys/src/ffi/base.rs.cc"
[INFO] [stderr] 
[INFO] [stderr] 
[INFO] [stderr] warning: build failed, waiting for other jobs to finish...
[INFO] running `Command { std: "docker" "inspect" "43416729edb4f1c2022233e8455c94dc9b40eee7ba592545a98d33990b542961", kill_on_drop: false }`
[INFO] running `Command { std: "docker" "rm" "-f" "43416729edb4f1c2022233e8455c94dc9b40eee7ba592545a98d33990b542961", kill_on_drop: false }`
[INFO] [stdout] 43416729edb4f1c2022233e8455c94dc9b40eee7ba592545a98d33990b542961
