[INFO] fetching crate js-canvas-rendering-context-2d 0.3.0...
[INFO] testing js-canvas-rendering-context-2d-0.3.0 against 1.100.0-beta.1+cargoflags=--release for beta-release-1.100-2
[INFO] extracting crate js-canvas-rendering-context-2d 0.3.0 into /workspace/builds/worker-2-tc2/source
[INFO] started tweaking crates.io crate js-canvas-rendering-context-2d 0.3.0
[INFO] finished tweaking crates.io crate js-canvas-rendering-context-2d 0.3.0
[INFO] tweaked toml for crates.io crate js-canvas-rendering-context-2d 0.3.0 written to /workspace/builds/worker-2-tc2/source/Cargo.toml
[INFO] validating manifest of crates.io crate js-canvas-rendering-context-2d 0.3.0 on toolchain 1.100.0-beta.1
[INFO] running `Command { std: CARGO_HOME="/workspace/cargo-home" RUSTUP_HOME="/workspace/rustup-home" "/workspace/cargo-home/bin/cargo" "+1.100.0-beta.1" "metadata" "--manifest-path" "Cargo.toml" "--no-deps", kill_on_drop: false }`
[INFO] crate crates.io crate js-canvas-rendering-context-2d 0.3.0 already has a lockfile, it will not be regenerated
[INFO] running `Command { std: CARGO_HOME="/workspace/cargo-home" RUSTUP_HOME="/workspace/rustup-home" "/workspace/cargo-home/bin/cargo" "+1.100.0-beta.1" "fetch" "--manifest-path" "Cargo.toml", kill_on_drop: false }`
[INFO] running `Command { std: "docker" "create" "-v" "/var/lib/crater-agent-workspace/builds/worker-2-tc2/source:/opt/rustwide/workdir:ro,Z" "-v" "/var/lib/crater-agent-workspace/builds/worker-2-tc2/target:/opt/rustwide/target:rw,Z" "-v" "/var/lib/crater-agent-workspace/cargo-home:/opt/rustwide/cargo-home:ro,Z" "-v" "/var/lib/crater-agent-workspace/rustup-home:/opt/rustwide/rustup-home:ro,Z" "-m" "1610612736" "--network" "none" "ghcr.io/rust-lang/crates-build-env/linux@sha256:77db811e55d90add9212f6832c23229e3de5f1c1f9905e8cb07319ea15df73ac" "sleep" "infinity", kill_on_drop: false }`
[INFO] [stdout] 4bb59c5f3d57a8c8535b24ecb59c6feef1704d5e90e3879c806a0439d8ee5b10
[INFO] running `Command { std: "docker" "start" "4bb59c5f3d57a8c8535b24ecb59c6feef1704d5e90e3879c806a0439d8ee5b10", kill_on_drop: false }`
[INFO] running `Command { std: "docker" "inspect" "4bb59c5f3d57a8c8535b24ecb59c6feef1704d5e90e3879c806a0439d8ee5b10", kill_on_drop: false }`
[INFO] running `Command { std: "docker" "exec" "-e" "SOURCE_DIR=/opt/rustwide/workdir" "-e" "CARGO_HOME=/opt/rustwide/cargo-home" "-e" "RUSTUP_HOME=/opt/rustwide/rustup-home" "-e" "CARGO_TARGET_DIR=/opt/rustwide/target" "-w" "/opt/rustwide/workdir" "--user" "0:0" "4bb59c5f3d57a8c8535b24ecb59c6feef1704d5e90e3879c806a0439d8ee5b10" "/opt/rustwide/cargo-home/bin/cargo" "+1.100.0-beta.1" "metadata" "--no-deps" "--format-version=1", kill_on_drop: false }`
[INFO] running `Command { std: "docker" "inspect" "4bb59c5f3d57a8c8535b24ecb59c6feef1704d5e90e3879c806a0439d8ee5b10", kill_on_drop: false }`
[INFO] running `Command { std: "docker" "exec" "-e" "SOURCE_DIR=/opt/rustwide/workdir" "-e" "CARGO_HOME=/opt/rustwide/cargo-home" "-e" "RUSTUP_HOME=/opt/rustwide/rustup-home" "-e" "CARGO_TARGET_DIR=/opt/rustwide/target" "-e" "CARGO_INCREMENTAL=0" "-e" "RUST_BACKTRACE=full" "-e" "RUSTFLAGS=--cap-lints=warn" "-e" "RUSTDOCFLAGS=--cap-lints=warn" "-w" "/opt/rustwide/workdir" "--user" "0:0" "4bb59c5f3d57a8c8535b24ecb59c6feef1704d5e90e3879c806a0439d8ee5b10" "/opt/rustwide/cargo-home/bin/cargo" "+1.100.0-beta.1" "build" "--frozen" "--message-format=json" "--release", kill_on_drop: false }`
[INFO] [stderr]    Compiling js-canvas-rendering-context-2d v0.3.0 (/opt/rustwide/workdir)
[INFO] [stderr]     Finished `release` profile [optimized] target(s) in 0.12s
[INFO] running `Command { std: "docker" "inspect" "4bb59c5f3d57a8c8535b24ecb59c6feef1704d5e90e3879c806a0439d8ee5b10", kill_on_drop: false }`
[INFO] running `Command { std: "docker" "exec" "-e" "SOURCE_DIR=/opt/rustwide/workdir" "-e" "CARGO_HOME=/opt/rustwide/cargo-home" "-e" "RUSTUP_HOME=/opt/rustwide/rustup-home" "-e" "CARGO_TARGET_DIR=/opt/rustwide/target" "-e" "CARGO_INCREMENTAL=0" "-e" "RUST_BACKTRACE=full" "-e" "RUSTFLAGS=--cap-lints=warn" "-e" "RUSTDOCFLAGS=--cap-lints=warn" "-w" "/opt/rustwide/workdir" "--user" "0:0" "4bb59c5f3d57a8c8535b24ecb59c6feef1704d5e90e3879c806a0439d8ee5b10" "/opt/rustwide/cargo-home/bin/cargo" "+1.100.0-beta.1" "test" "--frozen" "--no-run" "--message-format=json" "--release", kill_on_drop: false }`
[INFO] [stderr]    Compiling js-canvas-rendering-context-2d v0.3.0 (/opt/rustwide/workdir)
[INFO] [stdout] error: linking with `cc` failed: exit status: 1
[INFO] [stdout]   |
[INFO] [stdout]   = note:  "cc" "-m64" "/opt/rustwide/target/release/build/js-canvas-rendering-context-2d/ee57a90c9fdadde2/out/rustci8Zli6/symbols.o" "<2 object files omitted>" "-Wl,--as-needed" "-Wl,-Bstatic" "/opt/rustwide/target/release/build/js-canvas-rendering-context-2d/d7c934061bf57b9f/out/libjs_canvas_rendering_context_2d-d7c934061bf57b9f.rlib" "<sysroot>/lib/rustlib/x86_64-unknown-linux-gnu/lib/{libstd-*,libpanic_unwind-*,libobject-*,libmemchr-*,libaddr2line-*,libgimli-*,libcfg_if-*,librustc_demangle-*,libstd_detect-*,libhashbrown-*,librustc_std_workspace_alloc-*,libminiz_oxide-*,libadler2-*,libunwind-*,liblibc-*,librustc_std_workspace_core-*,liballoc-*,libcore-*,libcompiler_builtins-*}.rlib" "-Wl,-Bdynamic" "-lgcc_s" "-lutil" "-lrt" "-lpthread" "-lm" "-ldl" "-lc" "-L" "/opt/rustwide/target/release/build/js-canvas-rendering-context-2d/ee57a90c9fdadde2/out/rustci8Zli6/raw-dylibs" "-B<sysroot>/lib/rustlib/x86_64-unknown-linux-gnu/bin/gcc-ld" "-fuse-ld=lld" "-Wl,--eh-frame-hdr" "-Wl,-z,noexecstack" "-L" "<sysroot>/lib/rustlib/x86_64-unknown-linux-gnu/lib" "-o" "/opt/rustwide/target/release/build/js-canvas-rendering-context-2d/ee57a90c9fdadde2/out/big_m" "-Wl,--gc-sections" "-pie" "-Wl,-z,relro,-z,now" "-Wl,-O1" "-Wl,--strip-debug" "-nodefaultlibs"
[INFO] [stdout]   = note: some arguments are omitted. use `--verbose` to show all linker arguments
[INFO] [stdout]   = note: rust-lld: error: undefined symbol: js_set_line_width
[INFO] [stdout]           >>> referenced by js_canvas_rendering_context_2d.a151d440969c7677-cgu.0
[INFO] [stdout]           >>>               js_canvas_rendering_context_2d-d7c934061bf57b9f.js_canvas_rendering_context_2d.a151d440969c7677-cgu.0.rcgu.o:(<js_canvas_rendering_context_2d::CanvasRenderingContext2D>::set_line_width) in archive /opt/rustwide/target/release/build/js-canvas-rendering-context-2d/d7c934061bf57b9f/out/libjs_canvas_rendering_context_2d-d7c934061bf57b9f.rlib
[INFO] [stdout]           
[INFO] [stdout]           rust-lld: error: undefined symbol: js_get_canvas_width
[INFO] [stdout]           >>> referenced by js_canvas_rendering_context_2d.a151d440969c7677-cgu.0
[INFO] [stdout]           >>>               js_canvas_rendering_context_2d-d7c934061bf57b9f.js_canvas_rendering_context_2d.a151d440969c7677-cgu.0.rcgu.o:(<js_canvas_rendering_context_2d::CanvasRenderingContext2D>::get_canvas_width) in archive /opt/rustwide/target/release/build/js-canvas-rendering-context-2d/d7c934061bf57b9f/out/libjs_canvas_rendering_context_2d-d7c934061bf57b9f.rlib
[INFO] [stdout]           
[INFO] [stdout]           rust-lld: error: undefined symbol: js_get_canvas_height
[INFO] [stdout]           >>> referenced by js_canvas_rendering_context_2d.a151d440969c7677-cgu.0
[INFO] [stdout]           >>>               js_canvas_rendering_context_2d-d7c934061bf57b9f.js_canvas_rendering_context_2d.a151d440969c7677-cgu.0.rcgu.o:(<js_canvas_rendering_context_2d::CanvasRenderingContext2D>::get_canvas_height) in archive /opt/rustwide/target/release/build/js-canvas-rendering-context-2d/d7c934061bf57b9f/out/libjs_canvas_rendering_context_2d-d7c934061bf57b9f.rlib
[INFO] [stdout]           
[INFO] [stdout]           rust-lld: error: undefined symbol: js_stroke
[INFO] [stdout]           >>> referenced by js_canvas_rendering_context_2d.a151d440969c7677-cgu.0
[INFO] [stdout]           >>>               js_canvas_rendering_context_2d-d7c934061bf57b9f.js_canvas_rendering_context_2d.a151d440969c7677-cgu.0.rcgu.o:(<js_canvas_rendering_context_2d::CanvasRenderingContext2D>::stroke) in archive /opt/rustwide/target/release/build/js-canvas-rendering-context-2d/d7c934061bf57b9f/out/libjs_canvas_rendering_context_2d-d7c934061bf57b9f.rlib
[INFO] [stdout]           
[INFO] [stdout]           rust-lld: error: undefined symbol: js_line_to
[INFO] [stdout]           >>> referenced by js_canvas_rendering_context_2d.a151d440969c7677-cgu.0
[INFO] [stdout]           >>>               js_canvas_rendering_context_2d-d7c934061bf57b9f.js_canvas_rendering_context_2d.a151d440969c7677-cgu.0.rcgu.o:(<js_canvas_rendering_context_2d::CanvasRenderingContext2D>::line_to) in archive /opt/rustwide/target/release/build/js-canvas-rendering-context-2d/d7c934061bf57b9f/out/libjs_canvas_rendering_context_2d-d7c934061bf57b9f.rlib
[INFO] [stdout]           
[INFO] [stdout]           rust-lld: error: undefined symbol: js_move_to
[INFO] [stdout]           >>> referenced by js_canvas_rendering_context_2d.a151d440969c7677-cgu.0
[INFO] [stdout]           >>>               js_canvas_rendering_context_2d-d7c934061bf57b9f.js_canvas_rendering_context_2d.a151d440969c7677-cgu.0.rcgu.o:(<js_canvas_rendering_context_2d::CanvasRenderingContext2D>::move_to) in archive /opt/rustwide/target/release/build/js-canvas-rendering-context-2d/d7c934061bf57b9f/out/libjs_canvas_rendering_context_2d-d7c934061bf57b9f.rlib
[INFO] [stdout]           collect2: error: ld returned 1 exit status
[INFO] [stdout]           
[INFO] [stdout] 
[INFO] [stdout] 
[INFO] [stdout] error: linking with `cc` failed: exit status: 1
[INFO] [stdout]   |
[INFO] [stdout]   = note:  "cc" "-m64" "/opt/rustwide/target/release/build/js-canvas-rendering-context-2d/97b41d3a436f6c48/out/rustcpB0zO3/symbols.o" "<2 object files omitted>" "-Wl,--as-needed" "-Wl,-Bstatic" "/opt/rustwide/target/release/build/js-canvas-rendering-context-2d/d7c934061bf57b9f/out/libjs_canvas_rendering_context_2d-d7c934061bf57b9f.rlib" "<sysroot>/lib/rustlib/x86_64-unknown-linux-gnu/lib/{libstd-*,libpanic_unwind-*,libobject-*,libmemchr-*,libaddr2line-*,libgimli-*,libcfg_if-*,librustc_demangle-*,libstd_detect-*,libhashbrown-*,librustc_std_workspace_alloc-*,libminiz_oxide-*,libadler2-*,libunwind-*,liblibc-*,librustc_std_workspace_core-*,liballoc-*,libcore-*,libcompiler_builtins-*}.rlib" "-Wl,-Bdynamic" "-lgcc_s" "-lutil" "-lrt" "-lpthread" "-lm" "-ldl" "-lc" "-L" "/opt/rustwide/target/release/build/js-canvas-rendering-context-2d/97b41d3a436f6c48/out/rustcpB0zO3/raw-dylibs" "-B<sysroot>/lib/rustlib/x86_64-unknown-linux-gnu/bin/gcc-ld" "-fuse-ld=lld" "-Wl,--eh-frame-hdr" "-Wl,-z,noexecstack" "-L" "<sysroot>/lib/rustlib/x86_64-unknown-linux-gnu/lib" "-o" "/opt/rustwide/target/release/build/js-canvas-rendering-context-2d/97b41d3a436f6c48/out/fill_style" "-Wl,--gc-sections" "-pie" "-Wl,-z,relro,-z,now" "-Wl,-O1" "-Wl,--strip-debug" "-nodefaultlibs"
[INFO] [stdout]   = note: some arguments are omitted. use `--verbose` to show all linker arguments
[INFO] [stdout]   = note: rust-lld: error: undefined symbol: js_set_fill_style_rgba
[INFO] [stdout]           >>> referenced by js_canvas_rendering_context_2d.a151d440969c7677-cgu.0
[INFO] [stdout]           >>>               js_canvas_rendering_context_2d-d7c934061bf57b9f.js_canvas_rendering_context_2d.a151d440969c7677-cgu.0.rcgu.o:(<js_canvas_rendering_context_2d::CanvasRenderingContext2D>::set_fill_style_rgba) in archive /opt/rustwide/target/release/build/js-canvas-rendering-context-2d/d7c934061bf57b9f/out/libjs_canvas_rendering_context_2d-d7c934061bf57b9f.rlib
[INFO] [stdout]           
[INFO] [stdout]           rust-lld: error: undefined symbol: js_fill_rect
[INFO] [stdout]           >>> referenced by js_canvas_rendering_context_2d.a151d440969c7677-cgu.0
[INFO] [stdout]           >>>               js_canvas_rendering_context_2d-d7c934061bf57b9f.js_canvas_rendering_context_2d.a151d440969c7677-cgu.0.rcgu.o:(<js_canvas_rendering_context_2d::CanvasRenderingContext2D>::fill_rect) in archive /opt/rustwide/target/release/build/js-canvas-rendering-context-2d/d7c934061bf57b9f/out/libjs_canvas_rendering_context_2d-d7c934061bf57b9f.rlib
[INFO] [stdout]           collect2: error: ld returned 1 exit status
[INFO] [stdout]           
[INFO] [stdout] 
[INFO] [stdout] 
[INFO] [stderr] error: could not compile `js-canvas-rendering-context-2d` (example "big-m") due to 1 previous error
[INFO] [stderr] warning: build failed, waiting for other jobs to finish...
[INFO] [stderr] error: could not compile `js-canvas-rendering-context-2d` (example "fill-style") due to 1 previous error
[INFO] [stdout] error: linking with `cc` failed: exit status: 1
[INFO] [stdout]   |
[INFO] [stdout]   = note:  "cc" "-m64" "/opt/rustwide/target/release/build/js-canvas-rendering-context-2d/174755b41a15f35d/out/rustc9Hwt6G/symbols.o" "<2 object files omitted>" "-Wl,--as-needed" "-Wl,-Bstatic" "/opt/rustwide/target/release/build/js-canvas-rendering-context-2d/d7c934061bf57b9f/out/libjs_canvas_rendering_context_2d-d7c934061bf57b9f.rlib" "<sysroot>/lib/rustlib/x86_64-unknown-linux-gnu/lib/{libstd-*,libpanic_unwind-*,libobject-*,libmemchr-*,libaddr2line-*,libgimli-*,libcfg_if-*,librustc_demangle-*,libstd_detect-*,libhashbrown-*,librustc_std_workspace_alloc-*,libminiz_oxide-*,libadler2-*,libunwind-*,liblibc-*,librustc_std_workspace_core-*,liballoc-*,libcore-*,libcompiler_builtins-*}.rlib" "-Wl,-Bdynamic" "-lgcc_s" "-lutil" "-lrt" "-lpthread" "-lm" "-ldl" "-lc" "-L" "/opt/rustwide/target/release/build/js-canvas-rendering-context-2d/174755b41a15f35d/out/rustc9Hwt6G/raw-dylibs" "-B<sysroot>/lib/rustlib/x86_64-unknown-linux-gnu/bin/gcc-ld" "-fuse-ld=lld" "-Wl,--eh-frame-hdr" "-Wl,-z,noexecstack" "-L" "<sysroot>/lib/rustlib/x86_64-unknown-linux-gnu/lib" "-o" "/opt/rustwide/target/release/build/js-canvas-rendering-context-2d/174755b41a15f35d/out/shadow_boxes" "-Wl,--gc-sections" "-pie" "-Wl,-z,relro,-z,now" "-Wl,-O1" "-Wl,--strip-debug" "-nodefaultlibs"
[INFO] [stdout]   = note: some arguments are omitted. use `--verbose` to show all linker arguments
[INFO] [stdout]   = note: rust-lld: error: undefined symbol: js_stroke_rect
[INFO] [stdout]           >>> referenced by js_canvas_rendering_context_2d.a151d440969c7677-cgu.0
[INFO] [stdout]           >>>               js_canvas_rendering_context_2d-d7c934061bf57b9f.js_canvas_rendering_context_2d.a151d440969c7677-cgu.0.rcgu.o:(<js_canvas_rendering_context_2d::CanvasRenderingContext2D>::stroke_rect) in archive /opt/rustwide/target/release/build/js-canvas-rendering-context-2d/d7c934061bf57b9f/out/libjs_canvas_rendering_context_2d-d7c934061bf57b9f.rlib
[INFO] [stdout]           
[INFO] [stdout]           rust-lld: error: undefined symbol: js_set_line_width
[INFO] [stdout]           >>> referenced by js_canvas_rendering_context_2d.a151d440969c7677-cgu.0
[INFO] [stdout]           >>>               js_canvas_rendering_context_2d-d7c934061bf57b9f.js_canvas_rendering_context_2d.a151d440969c7677-cgu.0.rcgu.o:(<js_canvas_rendering_context_2d::CanvasRenderingContext2D>::set_line_width) in archive /opt/rustwide/target/release/build/js-canvas-rendering-context-2d/d7c934061bf57b9f/out/libjs_canvas_rendering_context_2d-d7c934061bf57b9f.rlib
[INFO] [stdout]           
[INFO] [stdout]           rust-lld: error: undefined symbol: js_set_shadow_blur
[INFO] [stdout]           >>> referenced by js_canvas_rendering_context_2d.a151d440969c7677-cgu.0
[INFO] [stdout]           >>>               js_canvas_rendering_context_2d-d7c934061bf57b9f.js_canvas_rendering_context_2d.a151d440969c7677-cgu.0.rcgu.o:(<js_canvas_rendering_context_2d::CanvasRenderingContext2D>::set_shadow_blur) in archive /opt/rustwide/target/release/build/js-canvas-rendering-context-2d/d7c934061bf57b9f/out/libjs_canvas_rendering_context_2d-d7c934061bf57b9f.rlib
[INFO] [stdout]           
[INFO] [stdout]           rust-lld: error: undefined symbol: js_set_fill_style_rgba
[INFO] [stdout]           >>> referenced by js_canvas_rendering_context_2d.a151d440969c7677-cgu.0
[INFO] [stdout]           >>>               js_canvas_rendering_context_2d-d7c934061bf57b9f.js_canvas_rendering_context_2d.a151d440969c7677-cgu.0.rcgu.o:(<js_canvas_rendering_context_2d::CanvasRenderingContext2D>::set_fill_style_rgba) in archive /opt/rustwide/target/release/build/js-canvas-rendering-context-2d/d7c934061bf57b9f/out/libjs_canvas_rendering_context_2d-d7c934061bf57b9f.rlib
[INFO] [stdout]           
[INFO] [stdout]           rust-lld: error: undefined symbol: js_set_shadow_offset_x
[INFO] [stdout]           >>> referenced by js_canvas_rendering_context_2d.a151d440969c7677-cgu.0
[INFO] [stdout]           >>>               js_canvas_rendering_context_2d-d7c934061bf57b9f.js_canvas_rendering_context_2d.a151d440969c7677-cgu.0.rcgu.o:(<js_canvas_rendering_context_2d::CanvasRenderingContext2D>::set_shadow_offset_x) in archive /opt/rustwide/target/release/build/js-canvas-rendering-context-2d/d7c934061bf57b9f/out/libjs_canvas_rendering_context_2d-d7c934061bf57b9f.rlib
[INFO] [stdout]           
[INFO] [stdout]           rust-lld: error: undefined symbol: js_set_shadow_offset_y
[INFO] [stdout]           >>> referenced by js_canvas_rendering_context_2d.a151d440969c7677-cgu.0
[INFO] [stdout]           >>>               js_canvas_rendering_context_2d-d7c934061bf57b9f.js_canvas_rendering_context_2d.a151d440969c7677-cgu.0.rcgu.o:(<js_canvas_rendering_context_2d::CanvasRenderingContext2D>::set_shadow_offset_y) in archive /opt/rustwide/target/release/build/js-canvas-rendering-context-2d/d7c934061bf57b9f/out/libjs_canvas_rendering_context_2d-d7c934061bf57b9f.rlib
[INFO] [stdout]           
[INFO] [stdout]           rust-lld: error: undefined symbol: js_set_shadow_color_rgba
[INFO] [stdout]           >>> referenced by js_canvas_rendering_context_2d.a151d440969c7677-cgu.0
[INFO] [stdout]           >>>               js_canvas_rendering_context_2d-d7c934061bf57b9f.js_canvas_rendering_context_2d.a151d440969c7677-cgu.0.rcgu.o:(<js_canvas_rendering_context_2d::CanvasRenderingContext2D>::set_shadow_color_rgba) in archive /opt/rustwide/target/release/build/js-canvas-rendering-context-2d/d7c934061bf57b9f/out/libjs_canvas_rendering_context_2d-d7c934061bf57b9f.rlib
[INFO] [stdout]           
[INFO] [stdout]           rust-lld: error: undefined symbol: js_set_stroke_style_rgba
[INFO] [stdout]           >>> referenced by js_canvas_rendering_context_2d.a151d440969c7677-cgu.0
[INFO] [stdout]           >>>               js_canvas_rendering_context_2d-d7c934061bf57b9f.js_canvas_rendering_context_2d.a151d440969c7677-cgu.0.rcgu.o:(<js_canvas_rendering_context_2d::CanvasRenderingContext2D>::set_stroke_style_rgba) in archive /opt/rustwide/target/release/build/js-canvas-rendering-context-2d/d7c934061bf57b9f/out/libjs_canvas_rendering_context_2d-d7c934061bf57b9f.rlib
[INFO] [stdout]           
[INFO] [stdout]           rust-lld: error: undefined symbol: js_fill_rect
[INFO] [stdout]           >>> referenced by js_canvas_rendering_context_2d.a151d440969c7677-cgu.0
[INFO] [stdout]           >>>               js_canvas_rendering_context_2d-d7c934061bf57b9f.js_canvas_rendering_context_2d.a151d440969c7677-cgu.0.rcgu.o:(<js_canvas_rendering_context_2d::CanvasRenderingContext2D>::fill_rect) in archive /opt/rustwide/target/release/build/js-canvas-rendering-context-2d/d7c934061bf57b9f/out/libjs_canvas_rendering_context_2d-d7c934061bf57b9f.rlib
[INFO] [stdout]           collect2: error: ld returned 1 exit status
[INFO] [stdout]           
[INFO] [stdout] 
[INFO] [stdout] 
[INFO] [stdout] error: linking with `cc` failed: exit status: 1
[INFO] [stdout]   |
[INFO] [stdout]   = note:  "cc" "-m64" "/opt/rustwide/target/release/build/js-canvas-rendering-context-2d/5e72b79213919c73/out/rustcnkpF4o/symbols.o" "<2 object files omitted>" "-Wl,--as-needed" "-Wl,-Bstatic" "/opt/rustwide/target/release/build/js-canvas-rendering-context-2d/d7c934061bf57b9f/out/libjs_canvas_rendering_context_2d-d7c934061bf57b9f.rlib" "<sysroot>/lib/rustlib/x86_64-unknown-linux-gnu/lib/{libstd-*,libpanic_unwind-*,libobject-*,libmemchr-*,libaddr2line-*,libgimli-*,libcfg_if-*,librustc_demangle-*,libstd_detect-*,libhashbrown-*,librustc_std_workspace_alloc-*,libminiz_oxide-*,libadler2-*,libunwind-*,liblibc-*,librustc_std_workspace_core-*,liballoc-*,libcore-*,libcompiler_builtins-*}.rlib" "-Wl,-Bdynamic" "-lgcc_s" "-lutil" "-lrt" "-lpthread" "-lm" "-ldl" "-lc" "-L" "/opt/rustwide/target/release/build/js-canvas-rendering-context-2d/5e72b79213919c73/out/rustcnkpF4o/raw-dylibs" "-B<sysroot>/lib/rustlib/x86_64-unknown-linux-gnu/bin/gcc-ld" "-fuse-ld=lld" "-Wl,--eh-frame-hdr" "-Wl,-z,noexecstack" "-L" "<sysroot>/lib/rustlib/x86_64-unknown-linux-gnu/lib" "-o" "/opt/rustwide/target/release/build/js-canvas-rendering-context-2d/5e72b79213919c73/out/line_joins" "-Wl,--gc-sections" "-pie" "-Wl,-z,relro,-z,now" "-Wl,-O1" "-Wl,--strip-debug" "-nodefaultlibs"
[INFO] [stdout]   = note: some arguments are omitted. use `--verbose` to show all linker arguments
[INFO] [stdout]   = note: rust-lld: error: undefined symbol: js_begin_path
[INFO] [stdout]           >>> referenced by js_canvas_rendering_context_2d.a151d440969c7677-cgu.0
[INFO] [stdout]           >>>               js_canvas_rendering_context_2d-d7c934061bf57b9f.js_canvas_rendering_context_2d.a151d440969c7677-cgu.0.rcgu.o:(<js_canvas_rendering_context_2d::CanvasRenderingContext2D>::begin_path) in archive /opt/rustwide/target/release/build/js-canvas-rendering-context-2d/d7c934061bf57b9f/out/libjs_canvas_rendering_context_2d-d7c934061bf57b9f.rlib
[INFO] [stdout]           
[INFO] [stdout]           rust-lld: error: undefined symbol: js_set_line_join
[INFO] [stdout]           >>> referenced by js_canvas_rendering_context_2d.a151d440969c7677-cgu.0
[INFO] [stdout]           >>>               js_canvas_rendering_context_2d-d7c934061bf57b9f.js_canvas_rendering_context_2d.a151d440969c7677-cgu.0.rcgu.o:(<js_canvas_rendering_context_2d::CanvasRenderingContext2D>::set_line_join) in archive /opt/rustwide/target/release/build/js-canvas-rendering-context-2d/d7c934061bf57b9f/out/libjs_canvas_rendering_context_2d-d7c934061bf57b9f.rlib
[INFO] [stdout]           
[INFO] [stdout]           rust-lld: error: undefined symbol: js_set_line_width
[INFO] [stdout]           >>> referenced by js_canvas_rendering_context_2d.a151d440969c7677-cgu.0
[INFO] [stdout]           >>>               js_canvas_rendering_context_2d-d7c934061bf57b9f.js_canvas_rendering_context_2d.a151d440969c7677-cgu.0.rcgu.o:(<js_canvas_rendering_context_2d::CanvasRenderingContext2D>::set_line_width) in archive /opt/rustwide/target/release/build/js-canvas-rendering-context-2d/d7c934061bf57b9f/out/libjs_canvas_rendering_context_2d-d7c934061bf57b9f.rlib
[INFO] [stdout]           
[INFO] [stdout]           rust-lld: error: undefined symbol: js_set_stroke_style_rgba
[INFO] [stdout]           >>> referenced by js_canvas_rendering_context_2d.a151d440969c7677-cgu.0
[INFO] [stdout]           >>>               js_canvas_rendering_context_2d-d7c934061bf57b9f.js_canvas_rendering_context_2d.a151d440969c7677-cgu.0.rcgu.o:(<js_canvas_rendering_context_2d::CanvasRenderingContext2D>::set_stroke_style_rgba) in archive /opt/rustwide/target/release/build/js-canvas-rendering-context-2d/d7c934061bf57b9f/out/libjs_canvas_rendering_context_2d-d7c934061bf57b9f.rlib
[INFO] [stdout]           
[INFO] [stdout]           rust-lld: error: undefined symbol: js_stroke
[INFO] [stdout]           >>> referenced by js_canvas_rendering_context_2d.a151d440969c7677-cgu.0
[INFO] [stdout]           >>>               js_canvas_rendering_context_2d-d7c934061bf57b9f.js_canvas_rendering_context_2d.a151d440969c7677-cgu.0.rcgu.o:(<js_canvas_rendering_context_2d::CanvasRenderingContext2D>::stroke) in archive /opt/rustwide/target/release/build/js-canvas-rendering-context-2d/d7c934061bf57b9f/out/libjs_canvas_rendering_context_2d-d7c934061bf57b9f.rlib
[INFO] [stdout]           
[INFO] [stdout]           rust-lld: error: undefined symbol: js_line_to
[INFO] [stdout]           >>> referenced by js_canvas_rendering_context_2d.a151d440969c7677-cgu.0
[INFO] [stdout]           >>>               js_canvas_rendering_context_2d-d7c934061bf57b9f.js_canvas_rendering_context_2d.a151d440969c7677-cgu.0.rcgu.o:(<js_canvas_rendering_context_2d::CanvasRenderingContext2D>::line_to) in archive /opt/rustwide/target/release/build/js-canvas-rendering-context-2d/d7c934061bf57b9f/out/libjs_canvas_rendering_context_2d-d7c934061bf57b9f.rlib
[INFO] [stdout]           
[INFO] [stdout]           rust-lld: error: undefined symbol: js_move_to
[INFO] [stdout]           >>> referenced by js_canvas_rendering_context_2d.a151d440969c7677-cgu.0
[INFO] [stdout]           >>>               js_canvas_rendering_context_2d-d7c934061bf57b9f.js_canvas_rendering_context_2d.a151d440969c7677-cgu.0.rcgu.o:(<js_canvas_rendering_context_2d::CanvasRenderingContext2D>::move_to) in archive /opt/rustwide/target/release/build/js-canvas-rendering-context-2d/d7c934061bf57b9f/out/libjs_canvas_rendering_context_2d-d7c934061bf57b9f.rlib
[INFO] [stdout]           collect2: error: ld returned 1 exit status
[INFO] [stdout]           
[INFO] [stdout] 
[INFO] [stdout] 
[INFO] [stdout] error: linking with `cc` failed: exit status: 1
[INFO] [stdout]   |
[INFO] [stdout]   = note:  "cc" "-m64" "/opt/rustwide/target/release/build/js-canvas-rendering-context-2d/eaa349a515a747b4/out/rustcNUVCs7/symbols.o" "<2 object files omitted>" "-Wl,--as-needed" "-Wl,-Bstatic" "/opt/rustwide/target/release/build/js-canvas-rendering-context-2d/d7c934061bf57b9f/out/libjs_canvas_rendering_context_2d-d7c934061bf57b9f.rlib" "<sysroot>/lib/rustlib/x86_64-unknown-linux-gnu/lib/{libstd-*,libpanic_unwind-*,libobject-*,libmemchr-*,libaddr2line-*,libgimli-*,libcfg_if-*,librustc_demangle-*,libstd_detect-*,libhashbrown-*,librustc_std_workspace_alloc-*,libminiz_oxide-*,libadler2-*,libunwind-*,liblibc-*,librustc_std_workspace_core-*,liballoc-*,libcore-*,libcompiler_builtins-*}.rlib" "-Wl,-Bdynamic" "-lgcc_s" "-lutil" "-lrt" "-lpthread" "-lm" "-ldl" "-lc" "-L" "/opt/rustwide/target/release/build/js-canvas-rendering-context-2d/eaa349a515a747b4/out/rustcNUVCs7/raw-dylibs" "-B<sysroot>/lib/rustlib/x86_64-unknown-linux-gnu/bin/gcc-ld" "-fuse-ld=lld" "-Wl,--eh-frame-hdr" "-Wl,-z,noexecstack" "-L" "<sysroot>/lib/rustlib/x86_64-unknown-linux-gnu/lib" "-o" "/opt/rustwide/target/release/build/js-canvas-rendering-context-2d/eaa349a515a747b4/out/clear_rect" "-Wl,--gc-sections" "-pie" "-Wl,-z,relro,-z,now" "-Wl,-O1" "-Wl,--strip-debug" "-nodefaultlibs"
[INFO] [stdout]   = note: some arguments are omitted. use `--verbose` to show all linker arguments
[INFO] [stdout]   = note: rust-lld: error: undefined symbol: js_begin_path
[INFO] [stdout]           >>> referenced by js_canvas_rendering_context_2d.a151d440969c7677-cgu.0
[INFO] [stdout]           >>>               js_canvas_rendering_context_2d-d7c934061bf57b9f.js_canvas_rendering_context_2d.a151d440969c7677-cgu.0.rcgu.o:(<js_canvas_rendering_context_2d::CanvasRenderingContext2D>::begin_path) in archive /opt/rustwide/target/release/build/js-canvas-rendering-context-2d/d7c934061bf57b9f/out/libjs_canvas_rendering_context_2d-d7c934061bf57b9f.rlib
[INFO] [stdout]           
[INFO] [stdout]           rust-lld: error: undefined symbol: js_clear_rect
[INFO] [stdout]           >>> referenced by js_canvas_rendering_context_2d.a151d440969c7677-cgu.0
[INFO] [stdout]           >>>               js_canvas_rendering_context_2d-d7c934061bf57b9f.js_canvas_rendering_context_2d.a151d440969c7677-cgu.0.rcgu.o:(<js_canvas_rendering_context_2d::CanvasRenderingContext2D>::clear_rect) in archive /opt/rustwide/target/release/build/js-canvas-rendering-context-2d/d7c934061bf57b9f/out/libjs_canvas_rendering_context_2d-d7c934061bf57b9f.rlib
[INFO] [stdout]           
[INFO] [stdout]           rust-lld: error: undefined symbol: js_close_path
[INFO] [stdout]           >>> referenced by js_canvas_rendering_context_2d.a151d440969c7677-cgu.0
[INFO] [stdout]           >>>               js_canvas_rendering_context_2d-d7c934061bf57b9f.js_canvas_rendering_context_2d.a151d440969c7677-cgu.0.rcgu.o:(<js_canvas_rendering_context_2d::CanvasRenderingContext2D>::close_path) in archive /opt/rustwide/target/release/build/js-canvas-rendering-context-2d/d7c934061bf57b9f/out/libjs_canvas_rendering_context_2d-d7c934061bf57b9f.rlib
[INFO] [stdout]           
[INFO] [stdout]           rust-lld: error: undefined symbol: js_get_canvas_width
[INFO] [stdout]           >>> referenced by js_canvas_rendering_context_2d.a151d440969c7677-cgu.0
[INFO] [stdout]           >>>               js_canvas_rendering_context_2d-d7c934061bf57b9f.js_canvas_rendering_context_2d.a151d440969c7677-cgu.0.rcgu.o:(<js_canvas_rendering_context_2d::CanvasRenderingContext2D>::get_canvas_width) in archive /opt/rustwide/target/release/build/js-canvas-rendering-context-2d/d7c934061bf57b9f/out/libjs_canvas_rendering_context_2d-d7c934061bf57b9f.rlib
[INFO] [stdout]           
[INFO] [stdout]           rust-lld: error: undefined symbol: js_get_canvas_height
[INFO] [stdout]           >>> referenced by js_canvas_rendering_context_2d.a151d440969c7677-cgu.0
[INFO] [stdout]           >>>               js_canvas_rendering_context_2d-d7c934061bf57b9f.js_canvas_rendering_context_2d.a151d440969c7677-cgu.0.rcgu.o:(<js_canvas_rendering_context_2d::CanvasRenderingContext2D>::get_canvas_height) in archive /opt/rustwide/target/release/build/js-canvas-rendering-context-2d/d7c934061bf57b9f/out/libjs_canvas_rendering_context_2d-d7c934061bf57b9f.rlib
[INFO] [stdout]           
[INFO] [stdout]           rust-lld: error: undefined symbol: js_set_fill_style_rgba
[INFO] [stdout]           >>> referenced by js_canvas_rendering_context_2d.a151d440969c7677-cgu.0
[INFO] [stdout]           >>>               js_canvas_rendering_context_2d-d7c934061bf57b9f.js_canvas_rendering_context_2d.a151d440969c7677-cgu.0.rcgu.o:(<js_canvas_rendering_context_2d::CanvasRenderingContext2D>::set_fill_style_rgba) in archive /opt/rustwide/target/release/build/js-canvas-rendering-context-2d/d7c934061bf57b9f/out/libjs_canvas_rendering_context_2d-d7c934061bf57b9f.rlib
[INFO] [stdout]           
[INFO] [stdout]           rust-lld: error: undefined symbol: js_fill
[INFO] [stdout]           >>> referenced by js_canvas_rendering_context_2d.a151d440969c7677-cgu.0
[INFO] [stdout]           >>>               js_canvas_rendering_context_2d-d7c934061bf57b9f.js_canvas_rendering_context_2d.a151d440969c7677-cgu.0.rcgu.o:(<js_canvas_rendering_context_2d::CanvasRenderingContext2D>::fill) in archive /opt/rustwide/target/release/build/js-canvas-rendering-context-2d/d7c934061bf57b9f/out/libjs_canvas_rendering_context_2d-d7c934061bf57b9f.rlib
[INFO] [stdout]           
[INFO] [stdout]           rust-lld: error: undefined symbol: js_line_to
[INFO] [stdout]           >>> referenced by js_canvas_rendering_context_2d.a151d440969c7677-cgu.0
[INFO] [stdout]           >>>               js_canvas_rendering_context_2d-d7c934061bf57b9f.js_canvas_rendering_context_2d.a151d440969c7677-cgu.0.rcgu.o:(<js_canvas_rendering_context_2d::CanvasRenderingContext2D>::line_to) in archive /opt/rustwide/target/release/build/js-canvas-rendering-context-2d/d7c934061bf57b9f/out/libjs_canvas_rendering_context_2d-d7c934061bf57b9f.rlib
[INFO] [stdout]           
[INFO] [stdout]           rust-lld: error: undefined symbol: js_move_to
[INFO] [stdout]           >>> referenced by js_canvas_rendering_context_2d.a151d440969c7677-cgu.0
[INFO] [stdout]           >>>               js_canvas_rendering_context_2d-d7c934061bf57b9f.js_canvas_rendering_context_2d.a151d440969c7677-cgu.0.rcgu.o:(<js_canvas_rendering_context_2d::CanvasRenderingContext2D>::move_to) in archive /opt/rustwide/target/release/build/js-canvas-rendering-context-2d/d7c934061bf57b9f/out/libjs_canvas_rendering_context_2d-d7c934061bf57b9f.rlib
[INFO] [stdout]           
[INFO] [stdout]           rust-lld: error: undefined symbol: js_fill_rect
[INFO] [stdout]           >>> referenced by js_canvas_rendering_context_2d.a151d440969c7677-cgu.0
[INFO] [stdout]           >>>               js_canvas_rendering_context_2d-d7c934061bf57b9f.js_canvas_rendering_context_2d.a151d440969c7677-cgu.0.rcgu.o:(<js_canvas_rendering_context_2d::CanvasRenderingContext2D>::fill_rect) in archive /opt/rustwide/target/release/build/js-canvas-rendering-context-2d/d7c934061bf57b9f/out/libjs_canvas_rendering_context_2d-d7c934061bf57b9f.rlib
[INFO] [stdout]           collect2: error: ld returned 1 exit status
[INFO] [stdout]           
[INFO] [stdout] 
[INFO] [stdout] 
[INFO] [stderr] error: could not compile `js-canvas-rendering-context-2d` (example "shadow-boxes") due to 1 previous error
[INFO] [stderr] error: could not compile `js-canvas-rendering-context-2d` (example "clear-rect") due to 1 previous error
[INFO] [stderr] error: could not compile `js-canvas-rendering-context-2d` (example "line-joins") due to 1 previous error
[INFO] [stdout] error: linking with `cc` failed: exit status: 1
[INFO] [stdout]   |
[INFO] [stdout]   = note:  "cc" "-m64" "/opt/rustwide/target/release/build/js-canvas-rendering-context-2d/36fd32eb30c8efff/out/rustcnXGMkF/symbols.o" "<2 object files omitted>" "-Wl,--as-needed" "-Wl,-Bstatic" "/opt/rustwide/target/release/build/js-canvas-rendering-context-2d/d7c934061bf57b9f/out/libjs_canvas_rendering_context_2d-d7c934061bf57b9f.rlib" "<sysroot>/lib/rustlib/x86_64-unknown-linux-gnu/lib/{libstd-*,libpanic_unwind-*,libobject-*,libmemchr-*,libaddr2line-*,libgimli-*,libcfg_if-*,librustc_demangle-*,libstd_detect-*,libhashbrown-*,librustc_std_workspace_alloc-*,libminiz_oxide-*,libadler2-*,libunwind-*,liblibc-*,librustc_std_workspace_core-*,liballoc-*,libcore-*,libcompiler_builtins-*}.rlib" "-Wl,-Bdynamic" "-lgcc_s" "-lutil" "-lrt" "-lpthread" "-lm" "-ldl" "-lc" "-L" "/opt/rustwide/target/release/build/js-canvas-rendering-context-2d/36fd32eb30c8efff/out/rustcnXGMkF/raw-dylibs" "-B<sysroot>/lib/rustlib/x86_64-unknown-linux-gnu/bin/gcc-ld" "-fuse-ld=lld" "-Wl,--eh-frame-hdr" "-Wl,-z,noexecstack" "-L" "<sysroot>/lib/rustlib/x86_64-unknown-linux-gnu/lib" "-o" "/opt/rustwide/target/release/build/js-canvas-rendering-context-2d/36fd32eb30c8efff/out/line_caps" "-Wl,--gc-sections" "-pie" "-Wl,-z,relro,-z,now" "-Wl,-O1" "-Wl,--strip-debug" "-nodefaultlibs"
[INFO] [stdout]   = note: some arguments are omitted. use `--verbose` to show all linker arguments
[INFO] [stdout]   = note: rust-lld: error: undefined symbol: js_begin_path
[INFO] [stdout]           >>> referenced by js_canvas_rendering_context_2d.a151d440969c7677-cgu.0
[INFO] [stdout]           >>>               js_canvas_rendering_context_2d-d7c934061bf57b9f.js_canvas_rendering_context_2d.a151d440969c7677-cgu.0.rcgu.o:(<js_canvas_rendering_context_2d::CanvasRenderingContext2D>::begin_path) in archive /opt/rustwide/target/release/build/js-canvas-rendering-context-2d/d7c934061bf57b9f/out/libjs_canvas_rendering_context_2d-d7c934061bf57b9f.rlib
[INFO] [stdout]           
[INFO] [stdout]           rust-lld: error: undefined symbol: js_set_line_cap
[INFO] [stdout]           >>> referenced by js_canvas_rendering_context_2d.a151d440969c7677-cgu.0
[INFO] [stdout]           >>>               js_canvas_rendering_context_2d-d7c934061bf57b9f.js_canvas_rendering_context_2d.a151d440969c7677-cgu.0.rcgu.o:(<js_canvas_rendering_context_2d::CanvasRenderingContext2D>::set_line_cap) in archive /opt/rustwide/target/release/build/js-canvas-rendering-context-2d/d7c934061bf57b9f/out/libjs_canvas_rendering_context_2d-d7c934061bf57b9f.rlib
[INFO] [stdout]           
[INFO] [stdout]           rust-lld: error: undefined symbol: js_set_line_width
[INFO] [stdout]           >>> referenced by js_canvas_rendering_context_2d.a151d440969c7677-cgu.0
[INFO] [stdout]           >>>               js_canvas_rendering_context_2d-d7c934061bf57b9f.js_canvas_rendering_context_2d.a151d440969c7677-cgu.0.rcgu.o:(<js_canvas_rendering_context_2d::CanvasRenderingContext2D>::set_line_width) in archive /opt/rustwide/target/release/build/js-canvas-rendering-context-2d/d7c934061bf57b9f/out/libjs_canvas_rendering_context_2d-d7c934061bf57b9f.rlib
[INFO] [stdout]           
[INFO] [stdout]           rust-lld: error: undefined symbol: js_set_stroke_style_rgba
[INFO] [stdout]           >>> referenced by js_canvas_rendering_context_2d.a151d440969c7677-cgu.0
[INFO] [stdout]           >>>               js_canvas_rendering_context_2d-d7c934061bf57b9f.js_canvas_rendering_context_2d.a151d440969c7677-cgu.0.rcgu.o:(<js_canvas_rendering_context_2d::CanvasRenderingContext2D>::set_stroke_style_rgba) in archive /opt/rustwide/target/release/build/js-canvas-rendering-context-2d/d7c934061bf57b9f/out/libjs_canvas_rendering_context_2d-d7c934061bf57b9f.rlib
[INFO] [stdout]           
[INFO] [stdout]           rust-lld: error: undefined symbol: js_stroke
[INFO] [stdout]           >>> referenced by js_canvas_rendering_context_2d.a151d440969c7677-cgu.0
[INFO] [stdout]           >>>               js_canvas_rendering_context_2d-d7c934061bf57b9f.js_canvas_rendering_context_2d.a151d440969c7677-cgu.0.rcgu.o:(<js_canvas_rendering_context_2d::CanvasRenderingContext2D>::stroke) in archive /opt/rustwide/target/release/build/js-canvas-rendering-context-2d/d7c934061bf57b9f/out/libjs_canvas_rendering_context_2d-d7c934061bf57b9f.rlib
[INFO] [stdout]           
[INFO] [stdout]           rust-lld: error: undefined symbol: js_line_to
[INFO] [stdout]           >>> referenced by js_canvas_rendering_context_2d.a151d440969c7677-cgu.0
[INFO] [stdout]           >>>               js_canvas_rendering_context_2d-d7c934061bf57b9f.js_canvas_rendering_context_2d.a151d440969c7677-cgu.0.rcgu.o:(<js_canvas_rendering_context_2d::CanvasRenderingContext2D>::line_to) in archive /opt/rustwide/target/release/build/js-canvas-rendering-context-2d/d7c934061bf57b9f/out/libjs_canvas_rendering_context_2d-d7c934061bf57b9f.rlib
[INFO] [stdout]           
[INFO] [stdout]           rust-lld: error: undefined symbol: js_move_to
[INFO] [stdout]           >>> referenced by js_canvas_rendering_context_2d.a151d440969c7677-cgu.0
[INFO] [stdout]           >>>               js_canvas_rendering_context_2d-d7c934061bf57b9f.js_canvas_rendering_context_2d.a151d440969c7677-cgu.0.rcgu.o:(<js_canvas_rendering_context_2d::CanvasRenderingContext2D>::move_to) in archive /opt/rustwide/target/release/build/js-canvas-rendering-context-2d/d7c934061bf57b9f/out/libjs_canvas_rendering_context_2d-d7c934061bf57b9f.rlib
[INFO] [stdout]           collect2: error: ld returned 1 exit status
[INFO] [stdout]           
[INFO] [stdout] 
[INFO] [stdout] 
[INFO] [stderr] error: could not compile `js-canvas-rendering-context-2d` (example "line-caps") due to 1 previous error
[INFO] [stdout] error: linking with `cc` failed: exit status: 1
[INFO] [stdout]   |
[INFO] [stdout]   = note:  "cc" "-m64" "/opt/rustwide/target/release/build/js-canvas-rendering-context-2d/133813576b4d22d5/out/rustc2NMvRn/symbols.o" "<2 object files omitted>" "-Wl,--as-needed" "-Wl,-Bstatic" "/opt/rustwide/target/release/build/js-canvas-rendering-context-2d/d7c934061bf57b9f/out/libjs_canvas_rendering_context_2d-d7c934061bf57b9f.rlib" "<sysroot>/lib/rustlib/x86_64-unknown-linux-gnu/lib/{libstd-*,libpanic_unwind-*,libobject-*,libmemchr-*,libaddr2line-*,libgimli-*,libcfg_if-*,librustc_demangle-*,libstd_detect-*,libhashbrown-*,librustc_std_workspace_alloc-*,libminiz_oxide-*,libadler2-*,libunwind-*,liblibc-*,librustc_std_workspace_core-*,liballoc-*,libcore-*,libcompiler_builtins-*}.rlib" "-Wl,-Bdynamic" "-lgcc_s" "-lutil" "-lrt" "-lpthread" "-lm" "-ldl" "-lc" "-L" "/opt/rustwide/target/release/build/js-canvas-rendering-context-2d/133813576b4d22d5/out/rustc2NMvRn/raw-dylibs" "-B<sysroot>/lib/rustlib/x86_64-unknown-linux-gnu/bin/gcc-ld" "-fuse-ld=lld" "-Wl,--eh-frame-hdr" "-Wl,-z,noexecstack" "-L" "<sysroot>/lib/rustlib/x86_64-unknown-linux-gnu/lib" "-o" "/opt/rustwide/target/release/build/js-canvas-rendering-context-2d/133813576b4d22d5/out/multi_color_circles" "-Wl,--gc-sections" "-pie" "-Wl,-z,relro,-z,now" "-Wl,-O1" "-Wl,--strip-debug" "-nodefaultlibs"
[INFO] [stdout]   = note: some arguments are omitted. use `--verbose` to show all linker arguments
[INFO] [stdout]   = note: rust-lld: error: undefined symbol: js_begin_path
[INFO] [stdout]           >>> referenced by js_canvas_rendering_context_2d.a151d440969c7677-cgu.0
[INFO] [stdout]           >>>               js_canvas_rendering_context_2d-d7c934061bf57b9f.js_canvas_rendering_context_2d.a151d440969c7677-cgu.0.rcgu.o:(<js_canvas_rendering_context_2d::CanvasRenderingContext2D>::begin_path) in archive /opt/rustwide/target/release/build/js-canvas-rendering-context-2d/d7c934061bf57b9f/out/libjs_canvas_rendering_context_2d-d7c934061bf57b9f.rlib
[INFO] [stdout]           
[INFO] [stdout]           rust-lld: error: undefined symbol: js_set_stroke_style_rgba
[INFO] [stdout]           >>> referenced by js_canvas_rendering_context_2d.a151d440969c7677-cgu.0
[INFO] [stdout]           >>>               js_canvas_rendering_context_2d-d7c934061bf57b9f.js_canvas_rendering_context_2d.a151d440969c7677-cgu.0.rcgu.o:(<js_canvas_rendering_context_2d::CanvasRenderingContext2D>::set_stroke_style_rgba) in archive /opt/rustwide/target/release/build/js-canvas-rendering-context-2d/d7c934061bf57b9f/out/libjs_canvas_rendering_context_2d-d7c934061bf57b9f.rlib
[INFO] [stdout]           
[INFO] [stdout]           rust-lld: error: undefined symbol: js_arc
[INFO] [stdout]           >>> referenced by js_canvas_rendering_context_2d.a151d440969c7677-cgu.0
[INFO] [stdout]           >>>               js_canvas_rendering_context_2d-d7c934061bf57b9f.js_canvas_rendering_context_2d.a151d440969c7677-cgu.0.rcgu.o:(<js_canvas_rendering_context_2d::CanvasRenderingContext2D>::arc) in archive /opt/rustwide/target/release/build/js-canvas-rendering-context-2d/d7c934061bf57b9f/out/libjs_canvas_rendering_context_2d-d7c934061bf57b9f.rlib
[INFO] [stdout]           
[INFO] [stdout]           rust-lld: error: undefined symbol: js_stroke
[INFO] [stdout]           >>> referenced by js_canvas_rendering_context_2d.a151d440969c7677-cgu.0
[INFO] [stdout]           >>>               js_canvas_rendering_context_2d-d7c934061bf57b9f.js_canvas_rendering_context_2d.a151d440969c7677-cgu.0.rcgu.o:(<js_canvas_rendering_context_2d::CanvasRenderingContext2D>::stroke) in archive /opt/rustwide/target/release/build/js-canvas-rendering-context-2d/d7c934061bf57b9f/out/libjs_canvas_rendering_context_2d-d7c934061bf57b9f.rlib
[INFO] [stdout]           collect2: error: ld returned 1 exit status
[INFO] [stdout]           
[INFO] [stdout] 
[INFO] [stdout] 
[INFO] [stderr] error: could not compile `js-canvas-rendering-context-2d` (example "multi-color-circles") due to 1 previous error
[INFO] [stdout] error: linking with `cc` failed: exit status: 1
[INFO] [stdout]   |
[INFO] [stdout]   = note:  "cc" "-m64" "/opt/rustwide/target/release/build/js-canvas-rendering-context-2d/7016390ab26c97c5/out/rustcp1h0gQ/symbols.o" "<2 object files omitted>" "-Wl,--as-needed" "-Wl,-Bstatic" "/opt/rustwide/target/release/build/js-canvas-rendering-context-2d/d7c934061bf57b9f/out/libjs_canvas_rendering_context_2d-d7c934061bf57b9f.rlib" "<sysroot>/lib/rustlib/x86_64-unknown-linux-gnu/lib/{libstd-*,libpanic_unwind-*,libobject-*,libmemchr-*,libaddr2line-*,libgimli-*,libcfg_if-*,librustc_demangle-*,libstd_detect-*,libhashbrown-*,librustc_std_workspace_alloc-*,libminiz_oxide-*,libadler2-*,libunwind-*,liblibc-*,librustc_std_workspace_core-*,liballoc-*,libcore-*,libcompiler_builtins-*}.rlib" "-Wl,-Bdynamic" "-lgcc_s" "-lutil" "-lrt" "-lpthread" "-lm" "-ldl" "-lc" "-L" "/opt/rustwide/target/release/build/js-canvas-rendering-context-2d/7016390ab26c97c5/out/rustcp1h0gQ/raw-dylibs" "-B<sysroot>/lib/rustlib/x86_64-unknown-linux-gnu/bin/gcc-ld" "-fuse-ld=lld" "-Wl,--eh-frame-hdr" "-Wl,-z,noexecstack" "-L" "<sysroot>/lib/rustlib/x86_64-unknown-linux-gnu/lib" "-o" "/opt/rustwide/target/release/build/js-canvas-rendering-context-2d/7016390ab26c97c5/out/game_of_life" "-Wl,--gc-sections" "-pie" "-Wl,-z,relro,-z,now" "-Wl,-O1" "-Wl,--strip-debug" "-nodefaultlibs"
[INFO] [stdout]   = note: some arguments are omitted. use `--verbose` to show all linker arguments
[INFO] [stdout]   = note: rust-lld: error: undefined symbol: js_begin_path
[INFO] [stdout]           >>> referenced by js_canvas_rendering_context_2d.a151d440969c7677-cgu.0
[INFO] [stdout]           >>>               js_canvas_rendering_context_2d-d7c934061bf57b9f.js_canvas_rendering_context_2d.a151d440969c7677-cgu.0.rcgu.o:(<js_canvas_rendering_context_2d::CanvasRenderingContext2D>::begin_path) in archive /opt/rustwide/target/release/build/js-canvas-rendering-context-2d/d7c934061bf57b9f/out/libjs_canvas_rendering_context_2d-d7c934061bf57b9f.rlib
[INFO] [stdout]           
[INFO] [stdout]           rust-lld: error: undefined symbol: js_clear_rect
[INFO] [stdout]           >>> referenced by js_canvas_rendering_context_2d.a151d440969c7677-cgu.0
[INFO] [stdout]           >>>               js_canvas_rendering_context_2d-d7c934061bf57b9f.js_canvas_rendering_context_2d.a151d440969c7677-cgu.0.rcgu.o:(<js_canvas_rendering_context_2d::CanvasRenderingContext2D>::clear_rect) in archive /opt/rustwide/target/release/build/js-canvas-rendering-context-2d/d7c934061bf57b9f/out/libjs_canvas_rendering_context_2d-d7c934061bf57b9f.rlib
[INFO] [stdout]           
[INFO] [stdout]           rust-lld: error: undefined symbol: js_get_canvas_width
[INFO] [stdout]           >>> referenced by js_canvas_rendering_context_2d.a151d440969c7677-cgu.0
[INFO] [stdout]           >>>               js_canvas_rendering_context_2d-d7c934061bf57b9f.js_canvas_rendering_context_2d.a151d440969c7677-cgu.0.rcgu.o:(<js_canvas_rendering_context_2d::CanvasRenderingContext2D>::get_canvas_width) in archive /opt/rustwide/target/release/build/js-canvas-rendering-context-2d/d7c934061bf57b9f/out/libjs_canvas_rendering_context_2d-d7c934061bf57b9f.rlib
[INFO] [stdout]           
[INFO] [stdout]           rust-lld: error: undefined symbol: js_get_canvas_height
[INFO] [stdout]           >>> referenced by js_canvas_rendering_context_2d.a151d440969c7677-cgu.0
[INFO] [stdout]           >>>               js_canvas_rendering_context_2d-d7c934061bf57b9f.js_canvas_rendering_context_2d.a151d440969c7677-cgu.0.rcgu.o:(<js_canvas_rendering_context_2d::CanvasRenderingContext2D>::get_canvas_height) in archive /opt/rustwide/target/release/build/js-canvas-rendering-context-2d/d7c934061bf57b9f/out/libjs_canvas_rendering_context_2d-d7c934061bf57b9f.rlib
[INFO] [stdout]           
[INFO] [stdout]           rust-lld: error: undefined symbol: js_set_fill_style_rgba
[INFO] [stdout]           >>> referenced by js_canvas_rendering_context_2d.a151d440969c7677-cgu.0
[INFO] [stdout]           >>>               js_canvas_rendering_context_2d-d7c934061bf57b9f.js_canvas_rendering_context_2d.a151d440969c7677-cgu.0.rcgu.o:(<js_canvas_rendering_context_2d::CanvasRenderingContext2D>::set_fill_style_rgba) in archive /opt/rustwide/target/release/build/js-canvas-rendering-context-2d/d7c934061bf57b9f/out/libjs_canvas_rendering_context_2d-d7c934061bf57b9f.rlib
[INFO] [stdout]           
[INFO] [stdout]           rust-lld: error: undefined symbol: js_fill_rect
[INFO] [stdout]           >>> referenced by js_canvas_rendering_context_2d.a151d440969c7677-cgu.0
[INFO] [stdout]           >>>               js_canvas_rendering_context_2d-d7c934061bf57b9f.js_canvas_rendering_context_2d.a151d440969c7677-cgu.0.rcgu.o:(<js_canvas_rendering_context_2d::CanvasRenderingContext2D>::fill_rect) in archive /opt/rustwide/target/release/build/js-canvas-rendering-context-2d/d7c934061bf57b9f/out/libjs_canvas_rendering_context_2d-d7c934061bf57b9f.rlib
[INFO] [stdout]           collect2: error: ld returned 1 exit status
[INFO] [stdout]           
[INFO] [stdout] 
[INFO] [stdout] 
[INFO] [stderr] error: could not compile `js-canvas-rendering-context-2d` (example "game-of-life") due to 1 previous error
[INFO] running `Command { std: "docker" "inspect" "4bb59c5f3d57a8c8535b24ecb59c6feef1704d5e90e3879c806a0439d8ee5b10", kill_on_drop: false }`
[INFO] running `Command { std: "docker" "rm" "-f" "4bb59c5f3d57a8c8535b24ecb59c6feef1704d5e90e3879c806a0439d8ee5b10", kill_on_drop: false }`
[INFO] [stdout] 4bb59c5f3d57a8c8535b24ecb59c6feef1704d5e90e3879c806a0439d8ee5b10
