[INFO] fetching crate jpegli-rs 0.12.0...
[INFO] testing jpegli-rs-0.12.0 against 1.99.0-beta.8+cargoflags=--release for beta-release-1.100-2
[INFO] extracting crate jpegli-rs 0.12.0 into /workspace/builds/worker-5-tc1/source
[INFO] started tweaking crates.io crate jpegli-rs 0.12.0
[INFO] removed 0 missing examples
[INFO] removed 0 missing tests
[INFO] finished tweaking crates.io crate jpegli-rs 0.12.0
[INFO] tweaked toml for crates.io crate jpegli-rs 0.12.0 written to /workspace/builds/worker-5-tc1/source/Cargo.toml
[INFO] validating manifest of crates.io crate jpegli-rs 0.12.0 on toolchain 1.99.0-beta.8
[INFO] running `Command { std: CARGO_HOME="/workspace/cargo-home" RUSTUP_HOME="/workspace/rustup-home" "/workspace/cargo-home/bin/cargo" "+1.99.0-beta.8" "metadata" "--manifest-path" "Cargo.toml" "--no-deps", kill_on_drop: false }`
[INFO] crate crates.io crate jpegli-rs 0.12.0 already has a lockfile, it will not be regenerated
[INFO] running `Command { std: CARGO_HOME="/workspace/cargo-home" RUSTUP_HOME="/workspace/rustup-home" "/workspace/cargo-home/bin/cargo" "+1.99.0-beta.8" "fetch" "--manifest-path" "Cargo.toml", kill_on_drop: false }`
[INFO] [stderr]     Updating crates.io index
[INFO] [stderr]  Downloading crates ...
[INFO] [stderr]   Downloaded wide v1.1.1
[INFO] [stderr]   Downloaded enough v0.3.1
[INFO] [stderr]   Downloaded archmage-macros v0.1.1
[INFO] [stderr]   Downloaded zmij v1.0.15
[INFO] [stderr]   Downloaded multiversed v0.1.0
[INFO] [stderr]   Downloaded mutate_once v0.1.2
[INFO] [stderr]   Downloaded ultrahdr-core v0.1.0
[INFO] [stderr]   Downloaded img-parts v0.4.0
[INFO] [stderr]   Downloaded safe_unaligned_simd v0.2.3
[INFO] [stderr]   Downloaded lcms2 v6.1.1
[INFO] [stderr]   Downloaded yuvxyb-math v0.1.0
[INFO] [stderr]   Downloaded ordered-channel v1.2.0
[INFO] [stderr]   Downloaded yuvxyb v0.4.2
[INFO] [stderr]   Downloaded dssim v3.4.0
[INFO] [stderr]   Downloaded dssim-core v3.4.0
[INFO] [stderr]   Downloaded zune-jpeg v0.5.11
[INFO] [stderr]   Downloaded whereat v0.1.3
[INFO] [stderr]   Downloaded linear-srgb v0.3.2
[INFO] [stderr]   Downloaded kamadak-exif v0.6.1
[INFO] [stderr]   Downloaded lodepng v3.12.1
[INFO] [stderr]   Downloaded almost-enough v0.3.1
[INFO] [stderr]   Downloaded archmage v0.1.3
[INFO] [stderr]   Downloaded fast-ssim2 v0.6.5
[INFO] [stderr]   Downloaded butteraugli v0.3.1
[INFO] [stderr]   Downloaded moxcms v0.6.4
[INFO] [stderr]   Downloaded lcms2-sys v4.0.6
[INFO] [stderr]   Downloaded mozjpeg-rs v0.5.1
[INFO] [stderr]   Downloaded yuv v0.8.9
[INFO] [stderr]   Downloaded load_image v3.3.1
[INFO] running `Command { std: "docker" "create" "-v" "/var/lib/crater-agent-workspace/builds/worker-5-tc1/source:/opt/rustwide/workdir:ro,Z" "-v" "/var/lib/crater-agent-workspace/builds/worker-5-tc1/target:/opt/rustwide/target:rw,Z" "-v" "/var/lib/crater-agent-workspace/cargo-home:/opt/rustwide/cargo-home:ro,Z" "-v" "/var/lib/crater-agent-workspace/rustup-home:/opt/rustwide/rustup-home:ro,Z" "-m" "1610612736" "--network" "none" "ghcr.io/rust-lang/crates-build-env/linux@sha256:77db811e55d90add9212f6832c23229e3de5f1c1f9905e8cb07319ea15df73ac" "sleep" "infinity", kill_on_drop: false }`
[INFO] [stdout] 867302f33566fdb7352971852f10e91c63fa1ac79cd5089691bcad4d846ac708
[INFO] running `Command { std: "docker" "start" "867302f33566fdb7352971852f10e91c63fa1ac79cd5089691bcad4d846ac708", kill_on_drop: false }`
[INFO] running `Command { std: "docker" "inspect" "867302f33566fdb7352971852f10e91c63fa1ac79cd5089691bcad4d846ac708", kill_on_drop: false }`
[INFO] running `Command { std: "docker" "exec" "-e" "SOURCE_DIR=/opt/rustwide/workdir" "-e" "CARGO_HOME=/opt/rustwide/cargo-home" "-e" "RUSTUP_HOME=/opt/rustwide/rustup-home" "-e" "CARGO_TARGET_DIR=/opt/rustwide/target" "-w" "/opt/rustwide/workdir" "--user" "0:0" "867302f33566fdb7352971852f10e91c63fa1ac79cd5089691bcad4d846ac708" "/opt/rustwide/cargo-home/bin/cargo" "+1.99.0-beta.8" "metadata" "--no-deps" "--format-version=1", kill_on_drop: false }`
[INFO] running `Command { std: "docker" "inspect" "867302f33566fdb7352971852f10e91c63fa1ac79cd5089691bcad4d846ac708", kill_on_drop: false }`
[INFO] running `Command { std: "docker" "exec" "-e" "SOURCE_DIR=/opt/rustwide/workdir" "-e" "CARGO_HOME=/opt/rustwide/cargo-home" "-e" "RUSTUP_HOME=/opt/rustwide/rustup-home" "-e" "CARGO_TARGET_DIR=/opt/rustwide/target" "-e" "CARGO_INCREMENTAL=0" "-e" "RUST_BACKTRACE=full" "-e" "RUSTFLAGS=--cap-lints=warn" "-e" "RUSTDOCFLAGS=--cap-lints=warn" "-w" "/opt/rustwide/workdir" "--user" "0:0" "867302f33566fdb7352971852f10e91c63fa1ac79cd5089691bcad4d846ac708" "/opt/rustwide/cargo-home/bin/cargo" "+1.99.0-beta.8" "build" "--frozen" "--message-format=json" "--release", kill_on_drop: false }`
[INFO] [stderr]    Compiling target-features v0.1.6
[INFO] [stderr]    Compiling bytemuck_derive v1.10.2
[INFO] [stderr]    Compiling equator-macro v0.4.2
[INFO] [stderr]    Compiling thiserror v2.0.18
[INFO] [stderr]    Compiling archmage-macros v0.1.1
[INFO] [stderr]    Compiling multiversed v0.1.0
[INFO] [stderr]    Compiling thiserror-impl v2.0.18
[INFO] [stderr]    Compiling safe_unaligned_simd v0.2.3
[INFO] [stderr]    Compiling imgref v1.12.0
[INFO] [stderr]    Compiling whereat v0.1.3
[INFO] [stderr]    Compiling enough v0.3.1
[INFO] [stderr]    Compiling num-traits v0.2.19
[INFO] [stderr]    Compiling equator v0.4.2
[INFO] [stderr]    Compiling archmage v0.1.3
[INFO] [stderr]    Compiling aligned-vec v0.6.4
[INFO] [stderr]    Compiling multiversion-macros v0.8.0
[INFO] [stderr]    Compiling bytemuck v1.24.0
[INFO] [stderr]    Compiling safe_arch v1.0.0
[INFO] [stderr]    Compiling rgb v0.8.52
[INFO] [stderr]    Compiling wide v1.1.1
[INFO] [stderr]    Compiling yuv v0.8.9
[INFO] [stderr]    Compiling multiversion v0.8.0
[INFO] [stderr]    Compiling linear-srgb v0.3.2
[INFO] [stderr]    Compiling jpegli-rs v0.12.0 (/opt/rustwide/workdir)
[INFO] [stdout] warning: unused import: `archmage_impl::mage_compute_fuzzy_erosion_row`
[INFO] [stdout]     --> src/quant/aq/simd.rs:2433:9
[INFO] [stdout]      |
[INFO] [stdout] 2433 | pub use archmage_impl::mage_compute_fuzzy_erosion_row;
[INFO] [stdout]      |         ^^^^^^^^^^^^^^^^^^^^^^^^^^^^^^^^^^^^^^^^^^^^^
[INFO] [stdout]      |
[INFO] [stdout]      = note: `#[warn(unused_imports)]` (part of `#[warn(unused)]`) on by default
[INFO] [stdout] 
[INFO] [stdout] 
[INFO] [stderr]     Finished `release` profile [optimized] target(s) in 1m 14s
[INFO] running `Command { std: "docker" "inspect" "867302f33566fdb7352971852f10e91c63fa1ac79cd5089691bcad4d846ac708", kill_on_drop: false }`
[INFO] running `Command { std: "docker" "exec" "-e" "SOURCE_DIR=/opt/rustwide/workdir" "-e" "CARGO_HOME=/opt/rustwide/cargo-home" "-e" "RUSTUP_HOME=/opt/rustwide/rustup-home" "-e" "CARGO_TARGET_DIR=/opt/rustwide/target" "-e" "CARGO_INCREMENTAL=0" "-e" "RUST_BACKTRACE=full" "-e" "RUSTFLAGS=--cap-lints=warn" "-e" "RUSTDOCFLAGS=--cap-lints=warn" "-w" "/opt/rustwide/workdir" "--user" "0:0" "867302f33566fdb7352971852f10e91c63fa1ac79cd5089691bcad4d846ac708" "/opt/rustwide/cargo-home/bin/cargo" "+1.99.0-beta.8" "test" "--frozen" "--no-run" "--message-format=json" "--release", kill_on_drop: false }`
[INFO] [stderr]    Compiling zerocopy v0.8.33
[INFO] [stderr]    Compiling simd-adler32 v0.3.8
[INFO] [stderr]    Compiling num-traits v0.2.19
[INFO] [stderr]    Compiling libc v0.2.180
[INFO] [stderr]    Compiling getrandom v0.3.4
[INFO] [stderr]    Compiling zlib-rs v0.5.5
[INFO] [stderr]    Compiling zerocopy-derive v0.8.33
[INFO] [stderr]    Compiling zmij v1.0.15
[INFO] [stderr]    Compiling bytemuck v1.24.0
[INFO] [stderr]    Compiling serde v1.0.228
[INFO] [stderr]    Compiling foreign-types-macros v0.2.3
[INFO] [stderr]    Compiling foreign-types-shared v0.3.1
[INFO] [stderr]    Compiling thiserror v2.0.18
[INFO] [stderr]    Compiling num-derive v0.4.2
[INFO] [stderr]    Compiling clap_lex v0.7.7
[INFO] [stderr]    Compiling byte-slice-cast v1.2.3
[INFO] [stderr]    Compiling yuvxyb-math v0.1.0
[INFO] [stderr]    Compiling miniz_oxide v0.8.9
[INFO] [stderr]    Compiling rand_core v0.9.5
[INFO] [stderr]    Compiling safe_arch v1.0.0
[INFO] [stderr]    Compiling rgb v0.8.52
[INFO] [stderr]    Compiling safe_arch v0.7.4
[INFO] [stderr]    Compiling fast-ssim2 v0.6.5
[INFO] [stderr]    Compiling tempfile v3.24.0
[INFO] [stderr]    Compiling clap_builder v4.5.54
[INFO] [stderr]    Compiling foreign-types v0.5.0
[INFO] [stderr]    Compiling serde_json v1.0.149
[INFO] [stderr]    Compiling test-case-core v3.3.1
[INFO] [stderr]    Compiling regex-automata v0.4.13
[INFO] [stderr]    Compiling jpeg-decoder v0.3.2
[INFO] [stderr]    Compiling wide v1.1.1
[INFO] [stderr]    Compiling wait-timeout v0.2.1
[INFO] [stderr]    Compiling itertools v0.14.0
[INFO] [stderr]    Compiling itertools v0.10.5
[INFO] [stderr]    Compiling jobserver v0.1.34
[INFO] [stderr]    Compiling quick-error v2.0.1
[INFO] [stderr]    Compiling quick-error v1.2.3
[INFO] [stderr]    Compiling rexif v0.7.5
[INFO] [stderr]    Compiling rusty-fork v0.3.1
[INFO] [stderr]    Compiling cc v1.2.53
[INFO] [stderr]    Compiling num-integer v0.1.46
[INFO] [stderr]    Compiling v_frame v0.3.9
[INFO] [stderr]    Compiling yuv v0.8.9
[INFO] [stderr]    Compiling test-case-macros v3.3.1
[INFO] [stderr]    Compiling num-bigint v0.4.6
[INFO] [stderr]    Compiling tinytemplate v1.2.1
[INFO] [stderr]    Compiling plotters v0.3.7
[INFO] [stderr]    Compiling bit-set v0.8.0
[INFO] [stderr]    Compiling wide v0.7.33
[INFO] [stderr]    Compiling flate2 v1.1.8
[INFO] [stderr]    Compiling criterion-plot v0.5.0
[INFO] [stderr]    Compiling lcms2-sys v4.0.6
[INFO] [stderr]    Compiling dssim-core v3.4.0
[INFO] [stderr]    Compiling clap v4.5.54
[INFO] [stderr]    Compiling regex v1.12.2
[INFO] [stderr]    Compiling lodepng v3.12.1
[INFO] [stderr]    Compiling rand v0.9.2
[INFO] [stderr]    Compiling rand_xorshift v0.4.0
[INFO] [stderr]    Compiling fdeflate v0.3.7
[INFO] [stderr]    Compiling num-rational v0.4.2
[INFO] [stderr]    Compiling linear-srgb v0.3.2
[INFO] [stderr]    Compiling half v2.7.1
[INFO] [stderr]    Compiling ppv-lite86 v0.2.21
[INFO] [stderr]    Compiling av-data v0.4.4
[INFO] [stderr]    Compiling rand_chacha v0.9.0
[INFO] [stderr]    Compiling ciborium-ll v0.2.2
[INFO] [stderr]    Compiling yuvxyb v0.4.2
[INFO] [stderr]    Compiling is-terminal v0.4.17
[INFO] [stderr]    Compiling mutate_once v0.1.2
[INFO] [stderr]    Compiling zune-core v0.5.1
[INFO] [stderr]    Compiling ciborium v0.2.2
[INFO] [stderr]    Compiling unarray v0.1.4
[INFO] [stderr]    Compiling ordered-channel v1.2.0
[INFO] [stderr]    Compiling proptest v1.9.0
[INFO] [stderr]    Compiling png v0.17.16
[INFO] [stderr]    Compiling kamadak-exif v0.6.1
[INFO] [stderr]    Compiling zune-jpeg v0.5.11
[INFO] [stderr]    Compiling criterion v0.5.1
[INFO] [stderr]    Compiling chrono v0.4.43
[INFO] [stderr]    Compiling butteraugli v0.3.1
[INFO] [stderr]    Compiling ultrahdr-core v0.1.0
[INFO] [stderr]    Compiling test-case v3.3.1
[INFO] [stderr]    Compiling approx v0.5.1
[INFO] [stderr]    Compiling img-parts v0.4.0
[INFO] [stderr]    Compiling bincode v1.3.3
[INFO] [stderr]    Compiling almost-enough v0.3.1
[INFO] [stderr]    Compiling mozjpeg-rs v0.5.1
[INFO] [stderr]    Compiling jpegli-rs v0.12.0 (/opt/rustwide/workdir)
[INFO] [stdout] warning: unused import: `archmage_impl::mage_compute_fuzzy_erosion_row`
[INFO] [stdout]     --> src/quant/aq/simd.rs:2433:9
[INFO] [stdout]      |
[INFO] [stdout] 2433 | pub use archmage_impl::mage_compute_fuzzy_erosion_row;
[INFO] [stdout]      |         ^^^^^^^^^^^^^^^^^^^^^^^^^^^^^^^^^^^^^^^^^^^^^
[INFO] [stdout]      |
[INFO] [stdout]      = note: `#[warn(unused_imports)]` (part of `#[warn(unused)]`) on by default
[INFO] [stdout] 
[INFO] [stdout] 
[INFO] [stderr]    Compiling lcms2 v6.1.1
[INFO] [stderr]    Compiling load_image v3.3.1
[INFO] [stderr]    Compiling dssim v3.4.0
[INFO] [stdout] error[E0432]: unresolved import `jpegli::decoder`
[INFO] [stdout]    --> examples/wasm_simd_test.rs:12:13
[INFO] [stdout]     |
[INFO] [stdout]  12 | use jpegli::decoder::{Decoder, PixelFormat};
[INFO] [stdout]     |             ^^^^^^^ could not find `decoder` in `jpegli`
[INFO] [stdout]     |
[INFO] [stdout] note: found an item that was configured out
[INFO] [stdout]    --> src/lib.rs:149:9
[INFO] [stdout]     |
[INFO] [stdout] 148 | #[cfg(feature = "decoder")]
[INFO] [stdout]     |       ------------------- the item is gated behind the `decoder` feature
[INFO] [stdout] 149 | pub mod decoder;
[INFO] [stdout]     |         ^^^^^^^
[INFO] [stdout] 
[INFO] [stdout] 
[INFO] [stdout] error[E0432]: unresolved import `jpegli::decoder`
[INFO] [stdout]    --> tests/decoder_consistency.rs:7:5
[INFO] [stdout]     |
[INFO] [stdout]   7 |     decoder::Decoder,
[INFO] [stdout]     |     ^^^^^^^ could not find `decoder` in `jpegli`
[INFO] [stdout]     |
[INFO] [stdout] note: found an item that was configured out
[INFO] [stdout]    --> src/lib.rs:149:9
[INFO] [stdout]     |
[INFO] [stdout] 148 | #[cfg(feature = "decoder")]
[INFO] [stdout]     |       ------------------- the item is gated behind the `decoder` feature
[INFO] [stdout] 149 | pub mod decoder;
[INFO] [stdout]     |         ^^^^^^^
[INFO] [stdout] 
[INFO] [stdout] 
[INFO] [stdout] For more information about this error, try `rustc --explain E0432`.
[INFO] [stdout] 
[INFO] [stdout] error[E0432]: unresolved import `jpegli::decoder`
[INFO] [stdout]    --> tests/decoder_error_handling.rs:8:13
[INFO] [stdout]     |
[INFO] [stdout]   8 | use jpegli::decoder::Decoder;
[INFO] [stdout]     |             ^^^^^^^ could not find `decoder` in `jpegli`
[INFO] [stdout]     |
[INFO] [stdout] note: found an item that was configured out
[INFO] [stdout]    --> src/lib.rs:149:9
[INFO] [stdout]     |
[INFO] [stdout] 148 | #[cfg(feature = "decoder")]
[INFO] [stdout]     |       ------------------- the item is gated behind the `decoder` feature
[INFO] [stdout] 149 | pub mod decoder;
[INFO] [stdout]     |         ^^^^^^^
[INFO] [stdout] 
[INFO] [stdout] 
[INFO] [stderr] error: could not compile `jpegli-rs` (example "wasm_simd_test") due to 1 previous error
[INFO] [stderr] warning: build failed, waiting for other jobs to finish...
[INFO] [stdout] For more information about this error, try `rustc --explain E0432`.
[INFO] [stdout] 
[INFO] [stderr] error: could not compile `jpegli-rs` (test "decoder_consistency") due to 1 previous error
[INFO] [stdout] error[E0432]: unresolved import `jpegli::decoder`
[INFO] [stdout]    --> examples/valgrind_decode.rs:11:5
[INFO] [stdout]     |
[INFO] [stdout]  11 |     decoder::{Decoder, PixelFormat},
[INFO] [stdout]     |     ^^^^^^^ could not find `decoder` in `jpegli`
[INFO] [stdout]     |
[INFO] [stdout] note: found an item that was configured out
[INFO] [stdout]    --> src/lib.rs:149:9
[INFO] [stdout]     |
[INFO] [stdout] 148 | #[cfg(feature = "decoder")]
[INFO] [stdout]     |       ------------------- the item is gated behind the `decoder` feature
[INFO] [stdout] 149 | pub mod decoder;
[INFO] [stdout]     |         ^^^^^^^
[INFO] [stdout] 
[INFO] [stdout] 
[INFO] [stdout] error[E0433]: cannot find `decoder` in `jpegli`
[INFO] [stdout]    --> tests/decode_external.rs:27:27
[INFO] [stdout]     |
[INFO] [stdout]  27 |     let decoder = jpegli::decoder::Decoder::new();
[INFO] [stdout]     |                           ^^^^^^^ could not find `decoder` in `jpegli`
[INFO] [stdout]     |
[INFO] [stdout] note: found an item that was configured out
[INFO] [stdout]    --> src/lib.rs:149:9
[INFO] [stdout]     |
[INFO] [stdout] 148 | #[cfg(feature = "decoder")]
[INFO] [stdout]     |       ------------------- the item is gated behind the `decoder` feature
[INFO] [stdout] 149 | pub mod decoder;
[INFO] [stdout]     |         ^^^^^^^
[INFO] [stdout] 
[INFO] [stdout] 
[INFO] [stdout] error[E0433]: cannot find `test_utils` in `jpegli`
[INFO] [stdout]    --> tests/decode_external.rs:43:24
[INFO] [stdout]     |
[INFO] [stdout]  43 |     let path = jpegli::test_utils::get_testdata_dir().join("jxl/flower/flower.png.im_q85_444.jpg");
[INFO] [stdout]     |                        ^^^^^^^^^^ could not find `test_utils` in `jpegli`
[INFO] [stdout]     |
[INFO] [stdout] note: found an item that was configured out
[INFO] [stdout]    --> src/lib.rs:219:9
[INFO] [stdout]     |
[INFO] [stdout] 218 | #[cfg(feature = "test-utils")]
[INFO] [stdout]     |       ---------------------- the item is gated behind the `test-utils` feature
[INFO] [stdout] 219 | pub mod test_utils;
[INFO] [stdout]     |         ^^^^^^^^^^
[INFO] [stdout] 
[INFO] [stdout] 
[INFO] [stdout] error[E0433]: cannot find `test_utils` in `jpegli`
[INFO] [stdout]    --> tests/decode_external.rs:76:24
[INFO] [stdout]     |
[INFO] [stdout]  76 |     let path = jpegli::test_utils::get_testdata_dir()
[INFO] [stdout]     |                        ^^^^^^^^^^ could not find `test_utils` in `jpegli`
[INFO] [stdout]     |
[INFO] [stdout] note: found an item that was configured out
[INFO] [stdout]    --> src/lib.rs:219:9
[INFO] [stdout]     |
[INFO] [stdout] 218 | #[cfg(feature = "test-utils")]
[INFO] [stdout]     |       ---------------------- the item is gated behind the `test-utils` feature
[INFO] [stdout] 219 | pub mod test_utils;
[INFO] [stdout]     |         ^^^^^^^^^^
[INFO] [stdout] 
[INFO] [stdout] 
[INFO] [stdout] error[E0433]: cannot find `test_utils` in `jpegli`
[INFO] [stdout]    --> tests/decode_external.rs:106:24
[INFO] [stdout]     |
[INFO] [stdout] 106 |     let path = jpegli::test_utils::get_testdata_dir().join("jxl/flower/flower.png.im_q85_420.jpg");
[INFO] [stdout]     |                        ^^^^^^^^^^ could not find `test_utils` in `jpegli`
[INFO] [stdout]     |
[INFO] [stdout] note: found an item that was configured out
[INFO] [stdout]    --> src/lib.rs:219:9
[INFO] [stdout]     |
[INFO] [stdout] 218 | #[cfg(feature = "test-utils")]
[INFO] [stdout]     |       ---------------------- the item is gated behind the `test-utils` feature
[INFO] [stdout] 219 | pub mod test_utils;
[INFO] [stdout]     |         ^^^^^^^^^^
[INFO] [stdout] 
[INFO] [stdout] 
[INFO] [stdout] error[E0432]: unresolved import `jpegli::decoder`
[INFO] [stdout]    --> tests/decode_api.rs:11:5
[INFO] [stdout]     |
[INFO] [stdout]  11 |     decoder::{Decoder, PixelFormat},
[INFO] [stdout]     |     ^^^^^^^ could not find `decoder` in `jpegli`
[INFO] [stdout]     |
[INFO] [stdout] note: found an item that was configured out
[INFO] [stdout]    --> src/lib.rs:149:9
[INFO] [stdout]     |
[INFO] [stdout] 148 | #[cfg(feature = "decoder")]
[INFO] [stdout]     |       ------------------- the item is gated behind the `decoder` feature
[INFO] [stdout] 149 | pub mod decoder;
[INFO] [stdout]     |         ^^^^^^^
[INFO] [stdout] 
[INFO] [stdout] 
[INFO] [stdout] error[E0433]: cannot find `test_utils` in `jpegli`
[INFO] [stdout]    --> tests/decode_external.rs:140:24
[INFO] [stdout]     |
[INFO] [stdout] 140 |     let path = jpegli::test_utils::get_testdata_dir().join("jxl/flower/flower.png.im_q85_gray.jpg");
[INFO] [stdout]     |                        ^^^^^^^^^^ could not find `test_utils` in `jpegli`
[INFO] [stdout]     |
[INFO] [stdout] note: found an item that was configured out
[INFO] [stdout]    --> src/lib.rs:219:9
[INFO] [stdout]     |
[INFO] [stdout] 218 | #[cfg(feature = "test-utils")]
[INFO] [stdout]     |       ---------------------- the item is gated behind the `test-utils` feature
[INFO] [stdout] 219 | pub mod test_utils;
[INFO] [stdout]     |         ^^^^^^^^^^
[INFO] [stdout] 
[INFO] [stdout] 
[INFO] [stdout] For more information about this error, try `rustc --explain E0433`.
[INFO] [stdout] 
[INFO] [stderr] error: could not compile `jpegli-rs` (test "decode_external") due to 5 previous errors
[INFO] [stdout] error[E0433]: cannot find `decoder` in `jpegli`
[INFO] [stdout]    --> tests/progressive_xyb_decode.rs:113:26
[INFO] [stdout]     |
[INFO] [stdout] 113 |     let result = jpegli::decoder::Decoder::new().decode(PROGRESSIVE_XYB_JPEG);
[INFO] [stdout]     |                          ^^^^^^^ could not find `decoder` in `jpegli`
[INFO] [stdout]     |
[INFO] [stdout] note: found an item that was configured out
[INFO] [stdout]    --> src/lib.rs:149:9
[INFO] [stdout]     |
[INFO] [stdout] 148 | #[cfg(feature = "decoder")]
[INFO] [stdout]     |       ------------------- the item is gated behind the `decoder` feature
[INFO] [stdout] 149 | pub mod decoder;
[INFO] [stdout]     |         ^^^^^^^
[INFO] [stdout] 
[INFO] [stdout] 
[INFO] [stdout] error[E0603]: module `encode` is private
[INFO] [stdout]    --> tests/quant_config_effects.rs:3:13
[INFO] [stdout]     |
[INFO] [stdout]   3 | use jpegli::encode::tuning::{EncodingTables, PerComponent, ScalingParams};
[INFO] [stdout]     |             ^^^^^^           -------------- struct `EncodingTables` is not publicly re-exported
[INFO] [stdout]     |             |
[INFO] [stdout]     |             private module
[INFO] [stdout]     |
[INFO] [stdout] note: the module `encode` is defined here
[INFO] [stdout]    --> src/lib.rs:171:1
[INFO] [stdout]     |
[INFO] [stdout] 171 | pub(crate) mod encode;
[INFO] [stdout]     | ^^^^^^^^^^^^^^^^^^^^^
[INFO] [stdout] 
[INFO] [stdout] 
[INFO] [stdout] error[E0603]: module `encode` is private
[INFO] [stdout]    --> tests/quant_config_effects.rs:3:13
[INFO] [stdout]     |
[INFO] [stdout]   3 | use jpegli::encode::tuning::{EncodingTables, PerComponent, ScalingParams};
[INFO] [stdout]     |             ^^^^^^ private module            ------------ struct `PerComponent` is not publicly re-exported
[INFO] [stdout]     |
[INFO] [stdout] note: the module `encode` is defined here
[INFO] [stdout]    --> src/lib.rs:171:1
[INFO] [stdout]     |
[INFO] [stdout] 171 | pub(crate) mod encode;
[INFO] [stdout]     | ^^^^^^^^^^^^^^^^^^^^^
[INFO] [stdout] 
[INFO] [stdout] 
[INFO] [stdout] error[E0603]: module `encode` is private
[INFO] [stdout]    --> tests/quant_config_effects.rs:3:13
[INFO] [stdout]     |
[INFO] [stdout]   3 | use jpegli::encode::tuning::{EncodingTables, PerComponent, ScalingParams};
[INFO] [stdout]     |             ^^^^^^ private module                          ------------- enum `ScalingParams` is not publicly re-exported
[INFO] [stdout]     |
[INFO] [stdout] note: the module `encode` is defined here
[INFO] [stdout]    --> src/lib.rs:171:1
[INFO] [stdout]     |
[INFO] [stdout] 171 | pub(crate) mod encode;
[INFO] [stdout]     | ^^^^^^^^^^^^^^^^^^^^^
[INFO] [stdout] 
[INFO] [stdout] 
[INFO] [stdout] For more information about this error, try `rustc --explain E0432`.
[INFO] [stdout] 
[INFO] [stdout] error[E0433]: cannot find `test_utils` in `jpegli`
[INFO] [stdout]    --> tests/q100_comparison.rs:12:13
[INFO] [stdout]     |
[INFO] [stdout]  12 |     jpegli::test_utils::find_cjpegli()
[INFO] [stdout]     |             ^^^^^^^^^^ could not find `test_utils` in `jpegli`
[INFO] [stdout]     |
[INFO] [stdout] note: found an item that was configured out
[INFO] [stdout]    --> src/lib.rs:219:9
[INFO] [stdout]     |
[INFO] [stdout] 218 | #[cfg(feature = "test-utils")]
[INFO] [stdout]     |       ---------------------- the item is gated behind the `test-utils` feature
[INFO] [stdout] 219 | pub mod test_utils;
[INFO] [stdout]     |         ^^^^^^^^^^
[INFO] [stdout] 
[INFO] [stdout] 
[INFO] [stderr] error: could not compile `jpegli-rs` (example "valgrind_decode") due to 1 previous error
[INFO] [stdout] error[E0433]: cannot find `decoder` in `jpegli`
[INFO] [stdout]    --> tests/progressive_xyb_decode.rs:149:26
[INFO] [stdout]     |
[INFO] [stdout] 149 |     let result = jpegli::decoder::Decoder::new().decode(&jpeg_data);
[INFO] [stdout]     |                          ^^^^^^^ could not find `decoder` in `jpegli`
[INFO] [stdout]     |
[INFO] [stdout] note: found an item that was configured out
[INFO] [stdout]    --> src/lib.rs:149:9
[INFO] [stdout]     |
[INFO] [stdout] 148 | #[cfg(feature = "decoder")]
[INFO] [stdout]     |       ------------------- the item is gated behind the `decoder` feature
[INFO] [stdout] 149 | pub mod decoder;
[INFO] [stdout]     |         ^^^^^^^
[INFO] [stdout] 
[INFO] [stdout] 
[INFO] [stdout] For more information about this error, try `rustc --explain E0603`.
[INFO] [stdout] 
[INFO] [stdout] error[E0432]: unresolved import `jpegli::decode`
[INFO] [stdout]    --> examples/coeff_synthetic_test.rs:9:13
[INFO] [stdout]     |
[INFO] [stdout]   9 | use jpegli::decode::Decoder;
[INFO] [stdout]     |             ^^^^^^ could not find `decode` in `jpegli`
[INFO] [stdout]     |
[INFO] [stdout] note: found an item that was configured out
[INFO] [stdout]    --> src/lib.rs:175:9
[INFO] [stdout]     |
[INFO] [stdout] 174 | #[cfg(all(feature = "decoder", feature = "test-utils"))]
[INFO] [stdout]     |           ------------------- the item is gated behind the `decoder` feature
[INFO] [stdout] 175 | pub mod decode;
[INFO] [stdout]     |         ^^^^^^
[INFO] [stdout] note: found an item that was configured out
[INFO] [stdout]    --> src/lib.rs:177:16
[INFO] [stdout]     |
[INFO] [stdout] 176 | #[cfg(all(feature = "decoder", not(feature = "test-utils")))]
[INFO] [stdout]     |           ------------------- the item is gated behind the `decoder` feature
[INFO] [stdout] 177 | pub(crate) mod decode;
[INFO] [stdout]     |                ^^^^^^
[INFO] [stdout] 
[INFO] [stdout] 
[INFO] [stdout] error[E0432]: unresolved import `jpegli_bench_utils`
[INFO] [stdout]   --> examples/coeff_synthetic_test.rs:11:5
[INFO] [stdout]    |
[INFO] [stdout] 11 | use jpegli_bench_utils::{
[INFO] [stdout]    |     ^^^^^^^^^^^^^^^^^^ use of unresolved module or unlinked crate `jpegli_bench_utils`
[INFO] [stdout]    |
[INFO] [stdout]    = help: if you wanted to use a crate named `jpegli_bench_utils`, use `cargo add jpegli_bench_utils` to add it to your `Cargo.toml`
[INFO] [stdout] 
[INFO] [stdout] 
[INFO] [stderr] error: could not compile `jpegli-rs` (test "quant_config_effects") due to 3 previous errors
[INFO] [stdout] For more information about this error, try `rustc --explain E0432`.
[INFO] [stdout] 
[INFO] [stderr] error: could not compile `jpegli-rs` (test "decoder_error_handling") due to 1 previous error
[INFO] [stdout] error[E0433]: cannot find `test_utils` in `jpegli`
[INFO] [stdout]    --> tests/q100_comparison.rs:57:28
[INFO] [stdout]     |
[INFO] [stdout]  57 |     let test_img = jpegli::test_utils::get_testdata_dir().join("jxl/flower/flower_small.rgb.png");
[INFO] [stdout]     |                            ^^^^^^^^^^ could not find `test_utils` in `jpegli`
[INFO] [stdout]     |
[INFO] [stdout] note: found an item that was configured out
[INFO] [stdout]    --> src/lib.rs:219:9
[INFO] [stdout]     |
[INFO] [stdout] 218 | #[cfg(feature = "test-utils")]
[INFO] [stdout]     |       ---------------------- the item is gated behind the `test-utils` feature
[INFO] [stdout] 219 | pub mod test_utils;
[INFO] [stdout]     |         ^^^^^^^^^^
[INFO] [stdout] 
[INFO] [stdout] 
[INFO] [stdout] For more information about this error, try `rustc --explain E0432`.
[INFO] [stdout] 
[INFO] [stderr] error: could not compile `jpegli-rs` (example "coeff_synthetic_test") due to 2 previous errors
[INFO] [stdout] For more information about this error, try `rustc --explain E0433`.
[INFO] [stdout] 
[INFO] [stderr] error: could not compile `jpegli-rs` (test "progressive_xyb_decode") due to 2 previous errors
[INFO] [stdout] error[E0603]: module `entropy` is private
[INFO] [stdout]    --> examples/bench_parallel_entropy.rs:5:13
[INFO] [stdout]     |
[INFO] [stdout]   5 | use jpegli::entropy::encoder::EntropyEncoder;
[INFO] [stdout]     |             ^^^^^^^           -------------- struct `EntropyEncoder` is not publicly re-exported
[INFO] [stdout]     |             |
[INFO] [stdout]     |             private module
[INFO] [stdout]     |
[INFO] [stdout] note: the module `entropy` is defined here
[INFO] [stdout]    --> src/lib.rs:193:1
[INFO] [stdout]     |
[INFO] [stdout] 193 | pub(crate) mod entropy;
[INFO] [stdout]     | ^^^^^^^^^^^^^^^^^^^^^^
[INFO] [stdout] 
[INFO] [stdout] 
[INFO] [stdout] error[E0603]: module `foundation` is private
[INFO] [stdout]    --> examples/bench_parallel_entropy.rs:6:13
[INFO] [stdout]     |
[INFO] [stdout]   6 | use jpegli::foundation::consts::DCT_BLOCK_SIZE;
[INFO] [stdout]     |             ^^^^^^^^^^          -------------- constant `DCT_BLOCK_SIZE` is not publicly re-exported
[INFO] [stdout]     |             |
[INFO] [stdout]     |             private module
[INFO] [stdout]     |
[INFO] [stdout] note: the module `foundation` is defined here
[INFO] [stdout]    --> src/lib.rs:198:1
[INFO] [stdout]     |
[INFO] [stdout] 198 | pub(crate) mod foundation;
[INFO] [stdout]     | ^^^^^^^^^^^^^^^^^^^^^^^^^
[INFO] [stdout] 
[INFO] [stdout] 
[INFO] [stdout] For more information about this error, try `rustc --explain E0433`.
[INFO] [stdout] 
[INFO] [stdout] error[E0603]: module `huffman` is private
[INFO] [stdout]    --> examples/bench_parallel_entropy.rs:7:13
[INFO] [stdout]     |
[INFO] [stdout]   7 | use jpegli::huffman::HuffmanEncodeTable;
[INFO] [stdout]     |             ^^^^^^^  ------------------ struct `HuffmanEncodeTable` is not publicly re-exported
[INFO] [stdout]     |             |
[INFO] [stdout]     |             private module
[INFO] [stdout]     |
[INFO] [stdout] note: the module `huffman` is defined here
[INFO] [stdout]    --> src/lib.rs:203:1
[INFO] [stdout]     |
[INFO] [stdout] 203 | pub(crate) mod huffman;
[INFO] [stdout]     | ^^^^^^^^^^^^^^^^^^^^^^
[INFO] [stdout] 
[INFO] [stdout] 
[INFO] [stderr] error: could not compile `jpegli-rs` (test "q100_comparison") due to 2 previous errors
[INFO] [stdout] For more information about this error, try `rustc --explain E0603`.
[INFO] [stdout] 
[INFO] [stderr] error: could not compile `jpegli-rs` (example "bench_parallel_entropy") due to 3 previous errors
[INFO] [stdout] For more information about this error, try `rustc --explain E0432`.
[INFO] [stdout] 
[INFO] [stderr] error: could not compile `jpegli-rs` (test "decode_api") due to 1 previous error
[INFO] running `Command { std: "docker" "inspect" "867302f33566fdb7352971852f10e91c63fa1ac79cd5089691bcad4d846ac708", kill_on_drop: false }`
[INFO] running `Command { std: "docker" "rm" "-f" "867302f33566fdb7352971852f10e91c63fa1ac79cd5089691bcad4d846ac708", kill_on_drop: false }`
[INFO] [stdout] 867302f33566fdb7352971852f10e91c63fa1ac79cd5089691bcad4d846ac708
