[INFO] fetching crate joy-gitea 0.23.1...
[INFO] testing joy-gitea-0.23.1 against 1.100.0-beta.1+cargoflags=--release for beta-release-1.100-2
[INFO] extracting crate joy-gitea 0.23.1 into /workspace/builds/worker-1-tc2/source
[INFO] started tweaking crates.io crate joy-gitea 0.23.1
[INFO] removed 0 missing tests
[INFO] finished tweaking crates.io crate joy-gitea 0.23.1
[INFO] tweaked toml for crates.io crate joy-gitea 0.23.1 written to /workspace/builds/worker-1-tc2/source/Cargo.toml
[INFO] validating manifest of crates.io crate joy-gitea 0.23.1 on toolchain 1.100.0-beta.1
[INFO] running `Command { std: CARGO_HOME="/workspace/cargo-home" RUSTUP_HOME="/workspace/rustup-home" "/workspace/cargo-home/bin/cargo" "+1.100.0-beta.1" "metadata" "--manifest-path" "Cargo.toml" "--no-deps", kill_on_drop: false }`
[INFO] crate crates.io crate joy-gitea 0.23.1 already has a lockfile, it will not be regenerated
[INFO] running `Command { std: CARGO_HOME="/workspace/cargo-home" RUSTUP_HOME="/workspace/rustup-home" "/workspace/cargo-home/bin/cargo" "+1.100.0-beta.1" "fetch" "--manifest-path" "Cargo.toml", kill_on_drop: false }`
[INFO] running `Command { std: "docker" "create" "-v" "/var/lib/crater-agent-workspace/builds/worker-1-tc2/source:/opt/rustwide/workdir:ro,Z" "-v" "/var/lib/crater-agent-workspace/builds/worker-1-tc2/target:/opt/rustwide/target:rw,Z" "-v" "/var/lib/crater-agent-workspace/cargo-home:/opt/rustwide/cargo-home:ro,Z" "-v" "/var/lib/crater-agent-workspace/rustup-home:/opt/rustwide/rustup-home:ro,Z" "-m" "1610612736" "--network" "none" "ghcr.io/rust-lang/crates-build-env/linux@sha256:77db811e55d90add9212f6832c23229e3de5f1c1f9905e8cb07319ea15df73ac" "sleep" "infinity", kill_on_drop: false }`
[INFO] [stdout] 53a43da5b8e10e96537b5ec3953bd63de19adb99cc119f6e710b87077f5776c5
[INFO] running `Command { std: "docker" "start" "53a43da5b8e10e96537b5ec3953bd63de19adb99cc119f6e710b87077f5776c5", kill_on_drop: false }`
[INFO] running `Command { std: "docker" "inspect" "53a43da5b8e10e96537b5ec3953bd63de19adb99cc119f6e710b87077f5776c5", kill_on_drop: false }`
[INFO] running `Command { std: "docker" "exec" "-e" "SOURCE_DIR=/opt/rustwide/workdir" "-e" "CARGO_HOME=/opt/rustwide/cargo-home" "-e" "RUSTUP_HOME=/opt/rustwide/rustup-home" "-e" "CARGO_TARGET_DIR=/opt/rustwide/target" "-w" "/opt/rustwide/workdir" "--user" "0:0" "53a43da5b8e10e96537b5ec3953bd63de19adb99cc119f6e710b87077f5776c5" "/opt/rustwide/cargo-home/bin/cargo" "+1.100.0-beta.1" "metadata" "--no-deps" "--format-version=1", kill_on_drop: false }`
[INFO] running `Command { std: "docker" "inspect" "53a43da5b8e10e96537b5ec3953bd63de19adb99cc119f6e710b87077f5776c5", kill_on_drop: false }`
[INFO] running `Command { std: "docker" "exec" "-e" "SOURCE_DIR=/opt/rustwide/workdir" "-e" "CARGO_HOME=/opt/rustwide/cargo-home" "-e" "RUSTUP_HOME=/opt/rustwide/rustup-home" "-e" "CARGO_TARGET_DIR=/opt/rustwide/target" "-e" "CARGO_INCREMENTAL=0" "-e" "RUST_BACKTRACE=full" "-e" "RUSTFLAGS=--cap-lints=warn" "-e" "RUSTDOCFLAGS=--cap-lints=warn" "-w" "/opt/rustwide/workdir" "--user" "0:0" "53a43da5b8e10e96537b5ec3953bd63de19adb99cc119f6e710b87077f5776c5" "/opt/rustwide/cargo-home/bin/cargo" "+1.100.0-beta.1" "build" "--frozen" "--message-format=json" "--release", kill_on_drop: false }`
[INFO] [stderr]    Compiling libc v0.2.190
[INFO] [stderr]    Compiling num-traits v0.2.19
[INFO] [stderr]    Compiling thiserror v2.0.21
[INFO] [stderr]    Compiling getrandom v0.2.17
[INFO] [stderr]    Compiling bit-vec v0.8.0
[INFO] [stderr]    Compiling base64ct v1.8.3
[INFO] [stderr]    Compiling curve25519-dalek v4.1.3
[INFO] [stderr]    Compiling zerocopy v0.8.63
[INFO] [stderr]    Compiling regex-automata v0.4.18
[INFO] [stderr]    Compiling signature v2.2.0
[INFO] [stderr]    Compiling powerfmt v0.2.1
[INFO] [stderr]    Compiling syn v2.0.119
[INFO] [stderr]    Compiling syn v3.0.9
[INFO] [stderr]    Compiling block-padding v0.3.3
[INFO] [stderr]    Compiling either v1.19.0
[INFO] [stderr]    Compiling httparse v1.10.1
[INFO] [stderr]    Compiling rand_core v0.6.4
[INFO] [stderr]    Compiling inout v0.1.4
[INFO] [stderr]    Compiling bit-set v0.8.0
[INFO] [stderr]    Compiling ed25519 v2.2.3
[INFO] [stderr]    Compiling deranged v0.5.9
[INFO] [stderr]    Compiling rustls v0.23.45
[INFO] [stderr]    Compiling crypto-common v0.1.7
[INFO] [stderr]    Compiling password-hash v0.5.0
[INFO] [stderr]    Compiling digest v0.10.7
[INFO] [stderr]    Compiling cipher v0.4.4
[INFO] [stderr]    Compiling universal-hash v0.5.1
[INFO] [stderr]    Compiling aead v0.5.2
[INFO] [stderr]    Compiling itertools v0.14.0
[INFO] [stderr]    Compiling dirs-sys v0.5.0
[INFO] [stderr]    Compiling getrandom v0.4.3
[INFO] [stderr]    Compiling lazy_static v1.5.1
[INFO] [stderr]    Compiling polyval v0.6.2
[INFO] [stderr]    Compiling ssh2-config v0.8.2
[INFO] [stderr]    Compiling winnow v1.0.4
[INFO] [stderr]    Compiling hmac v0.12.1
[INFO] [stderr]    Compiling sha2 v0.10.9
[INFO] [stderr]    Compiling blake2 v0.10.6
[INFO] [stderr]    Compiling aes v0.8.4
[INFO] [stderr]    Compiling hkdf v0.12.4
[INFO] [stderr]    Compiling ctr v0.9.2
[INFO] [stderr]    Compiling ghash v0.5.1
[INFO] [stderr]    Compiling argon2 v0.5.3
[INFO] [stderr]    Compiling cbc v0.1.2
[INFO] [stderr]    Compiling dirs v7.0.0
[INFO] [stderr]    Compiling uuid v1.28.0
[INFO] [stderr]    Compiling http v1.5.0
[INFO] [stderr]    Compiling serde_json v1.0.154
[INFO] [stderr]    Compiling aes-gcm v0.10.3
[INFO] [stderr]    Compiling num-integer v0.1.47
[INFO] [stderr]    Compiling num-complex v0.4.6
[INFO] [stderr]    Compiling jobserver v0.1.35
[INFO] [stderr]    Compiling num-bigint v0.4.8
[INFO] [stderr]    Compiling num-iter v0.1.46
[INFO] [stderr]    Compiling cc v1.8.0
[INFO] [stderr]    Compiling toml_writer v1.1.3+spec-1.1.0
[INFO] [stderr]    Compiling toml_datetime v1.1.2+spec-1.1.0
[INFO] [stderr]    Compiling toml_parser v1.1.5+spec-1.1.0
[INFO] [stderr]    Compiling memo-map v0.3.4
[INFO] [stderr]    Compiling time v0.3.55
[INFO] [stderr]    Compiling wildmatch v2.6.1
[INFO] [stderr]    Compiling base64 v0.23.1
[INFO] [stderr]    Compiling unsafe-libyaml v0.2.11
[INFO] [stderr]    Compiling toml_edit v0.25.17+spec-1.1.0
[INFO] [stderr]    Compiling clap_builder v4.6.7
[INFO] [stderr]    Compiling fs4 v1.1.0
[INFO] [stderr]    Compiling ureq-proto v0.6.4
[INFO] [stderr]    Compiling sha1 v0.10.7
[INFO] [stderr]    Compiling linux-keyutils v0.2.5
[INFO] [stderr]    Compiling filetime v0.2.29
[INFO] [stderr]    Compiling ring v0.17.14
[INFO] [stderr]    Compiling libz-sys v1.1.30
[INFO] [stderr]    Compiling libdbus-sys v0.2.7
[INFO] [stderr]    Compiling libgit2-sys v0.18.8+1.9.7
[INFO] [stderr]    Compiling num-rational v0.4.2
[INFO] [stderr]    Compiling joy-process v0.23.1
[INFO] [stderr]    Compiling utf8-zero v0.8.1
[INFO] [stderr]    Compiling serde_derive v1.0.229
[INFO] [stderr]    Compiling thiserror-impl v2.0.21
[INFO] [stderr]    Compiling regex v1.13.1
[INFO] [stderr]    Compiling ppv-lite86 v0.2.21
[INFO] [stderr]    Compiling fancy-regex v0.18.0
[INFO] [stderr]    Compiling rand_chacha v0.3.1
[INFO] [stderr]    Compiling zeroize_derive v1.5.0
[INFO] [stderr]    Compiling zeroize v1.9.1
[INFO] [stderr]    Compiling curve25519-dalek-derive v0.1.1
[INFO] [stderr]    Compiling rustls-pki-types v1.15.1
[INFO] [stderr]    Compiling secrecy v0.10.3
[INFO] [stderr]    Compiling rand v0.8.8
[INFO] [stderr]    Compiling rustls-native-certs v0.8.5
[INFO] [stderr]    Compiling zxcvbn v3.1.1
[INFO] [stderr]    Compiling tracing-attributes v0.1.31
[INFO] [stderr]    Compiling num v0.4.3
[INFO] [stderr]    Compiling clap_derive v4.6.7
[INFO] [stderr]    Compiling serde v1.0.229
[INFO] [stderr]    Compiling ed25519-dalek v2.2.0
[INFO] [stderr]    Compiling x25519-dalek v2.0.1
[INFO] [stderr]    Compiling joy-crypt v0.3.0
[INFO] [stderr]    Compiling chrono v0.4.45
[INFO] [stderr]    Compiling minijinja v2.24.0
[INFO] [stderr]    Compiling serde_yaml_ng v0.10.0
[INFO] [stderr]    Compiling joy-model v0.23.1
[INFO] [stderr]    Compiling tracing v0.1.44
[INFO] [stderr]    Compiling joy-token v0.3.0
[INFO] [stderr]    Compiling joy-passphrase v0.3.0
[INFO] [stderr]    Compiling dbus v0.9.12
[INFO] [stderr]    Compiling clap v4.6.7
[INFO] [stderr]    Compiling rustls-webpki v0.103.15
[INFO] [stderr]    Compiling dbus-secret-service v4.1.0
[INFO] [stderr]    Compiling keyring v3.6.3
[INFO] [stderr]    Compiling rustls-platform-verifier v0.7.1
[INFO] [stderr]    Compiling ureq v3.4.2
[INFO] [stderr]    Compiling git2 v0.21.0
[INFO] [stderr]    Compiling joy-core v0.23.1
[INFO] [stderr]    Compiling joy-forge-net v0.23.1
[INFO] [stderr]    Compiling joy-gitea v0.23.1 (/opt/rustwide/workdir)
[INFO] [stderr]     Finished `release` profile [optimized] target(s) in 3m 42s
[INFO] running `Command { std: "docker" "inspect" "53a43da5b8e10e96537b5ec3953bd63de19adb99cc119f6e710b87077f5776c5", kill_on_drop: false }`
[INFO] running `Command { std: "docker" "exec" "-e" "SOURCE_DIR=/opt/rustwide/workdir" "-e" "CARGO_HOME=/opt/rustwide/cargo-home" "-e" "RUSTUP_HOME=/opt/rustwide/rustup-home" "-e" "CARGO_TARGET_DIR=/opt/rustwide/target" "-e" "CARGO_INCREMENTAL=0" "-e" "RUST_BACKTRACE=full" "-e" "RUSTFLAGS=--cap-lints=warn" "-e" "RUSTDOCFLAGS=--cap-lints=warn" "-w" "/opt/rustwide/workdir" "--user" "0:0" "53a43da5b8e10e96537b5ec3953bd63de19adb99cc119f6e710b87077f5776c5" "/opt/rustwide/cargo-home/bin/cargo" "+1.100.0-beta.1" "test" "--frozen" "--no-run" "--message-format=json" "--release", kill_on_drop: false }`
[INFO] [stderr]    Compiling joy-forge-net v0.23.1
[INFO] [stderr]    Compiling joy-gitea v0.23.1 (/opt/rustwide/workdir)
[INFO] [stdout] error[E0433]: cannot find module or crate `joy_test_env` in this scope
[INFO] [stdout]   --> src/main.rs:13:1
[INFO] [stdout]    |
[INFO] [stdout] 13 | joy_test_env::isolate!();
[INFO] [stdout]    | ^^^^^^^^^^^^ use of unresolved module or unlinked crate `joy_test_env`
[INFO] [stdout] 
[INFO] [stdout] 
[INFO] [stdout] For more information about this error, try `rustc --explain E0433`.
[INFO] [stdout] 
[INFO] [stderr] error: could not compile `joy-gitea` (bin "joy-gitea" test) due to 1 previous error
[INFO] [stderr] warning: build failed, waiting for other jobs to finish...
[INFO] [stdout] error[E0433]: cannot find module or crate `joy_test_env` in this scope
[INFO] [stdout]   --> tests/rest_against_fake.rs:12:1
[INFO] [stdout]    |
[INFO] [stdout] 12 | joy_test_env::isolate!();
[INFO] [stdout]    | ^^^^^^^^^^^^ use of unresolved module or unlinked crate `joy_test_env`
[INFO] [stdout] 
[INFO] [stdout] 
[INFO] [stdout] error[E0433]: cannot find module or crate `joy_test_env` in this scope
[INFO] [stdout]   --> src/lib.rs:20:1
[INFO] [stdout]    |
[INFO] [stdout] 20 | joy_test_env::isolate!();
[INFO] [stdout]    | ^^^^^^^^^^^^ use of unresolved module or unlinked crate `joy_test_env`
[INFO] [stdout] 
[INFO] [stdout] 
[INFO] [stdout] For more information about this error, try `rustc --explain E0433`.
[INFO] [stdout] 
[INFO] [stderr] error: could not compile `joy-gitea` (test "rest_against_fake") due to 1 previous error
[INFO] [stdout] For more information about this error, try `rustc --explain E0433`.
[INFO] [stdout] 
[INFO] [stderr] error: could not compile `joy-gitea` (lib test) due to 1 previous error
[INFO] running `Command { std: "docker" "inspect" "53a43da5b8e10e96537b5ec3953bd63de19adb99cc119f6e710b87077f5776c5", kill_on_drop: false }`
[INFO] running `Command { std: "docker" "rm" "-f" "53a43da5b8e10e96537b5ec3953bd63de19adb99cc119f6e710b87077f5776c5", kill_on_drop: false }`
[INFO] [stdout] 53a43da5b8e10e96537b5ec3953bd63de19adb99cc119f6e710b87077f5776c5
