[INFO] fetching crate joy-core 0.23.1...
[INFO] testing joy-core-0.23.1 against 1.99.0-beta.8+cargoflags=--release for beta-release-1.100-2
[INFO] extracting crate joy-core 0.23.1 into /workspace/builds/worker-2-tc1/source
[INFO] started tweaking crates.io crate joy-core 0.23.1
[INFO] removed 0 missing tests
[INFO] finished tweaking crates.io crate joy-core 0.23.1
[INFO] tweaked toml for crates.io crate joy-core 0.23.1 written to /workspace/builds/worker-2-tc1/source/Cargo.toml
[INFO] validating manifest of crates.io crate joy-core 0.23.1 on toolchain 1.99.0-beta.8
[INFO] running `Command { std: CARGO_HOME="/workspace/cargo-home" RUSTUP_HOME="/workspace/rustup-home" "/workspace/cargo-home/bin/cargo" "+1.99.0-beta.8" "metadata" "--manifest-path" "Cargo.toml" "--no-deps", kill_on_drop: false }`
[INFO] crate crates.io crate joy-core 0.23.1 already has a lockfile, it will not be regenerated
[INFO] running `Command { std: CARGO_HOME="/workspace/cargo-home" RUSTUP_HOME="/workspace/rustup-home" "/workspace/cargo-home/bin/cargo" "+1.99.0-beta.8" "fetch" "--manifest-path" "Cargo.toml", kill_on_drop: false }`
[INFO] [stderr]     Updating crates.io index
[INFO] [stderr]  Downloading crates ...
[INFO] [stderr]   Downloaded lazy-regex v3.6.2
[INFO] [stderr]   Downloaded ts-rs-macros v12.0.1
[INFO] [stderr]   Downloaded ts-rs v12.0.1
[INFO] [stderr]   Downloaded crokey-proc_macros v1.5.0
[INFO] [stderr]   Downloaded joy-token v0.3.0
[INFO] [stderr]   Downloaded joy-model v0.23.1
[INFO] [stderr]   Downloaded lazy-regex-proc_macros v3.6.2
[INFO] [stderr]   Downloaded joy-process v0.23.1
[INFO] [stderr]   Downloaded joy-passphrase v0.3.0
[INFO] [stderr]   Downloaded newline-converter v0.3.0
[INFO] [stderr]   Downloaded wildmatch v2.6.1
[INFO] [stderr]   Downloaded memo-map v0.3.4
[INFO] [stderr]   Downloaded minimad v0.13.1
[INFO] [stderr]   Downloaded joy-crypt v0.3.0
[INFO] [stderr]   Downloaded crokey v1.5.0
[INFO] [stderr]   Downloaded ssh2-config v0.8.2
[INFO] [stderr]   Downloaded inquire v0.7.5
[INFO] [stderr]   Downloaded crossterm v0.25.0
[INFO] [stderr]   Downloaded coolor v1.1.0
[INFO] [stderr]   Downloaded minijinja v2.24.0
[INFO] [stderr]   Downloaded termimad v0.31.3
[INFO] [stderr]   Downloaded zxcvbn v3.1.1
[INFO] [stderr]   Downloaded libssh2-sys v0.3.3
[INFO] running `Command { std: "docker" "create" "-v" "/var/lib/crater-agent-workspace/builds/worker-2-tc1/source:/opt/rustwide/workdir:ro,Z" "-v" "/var/lib/crater-agent-workspace/builds/worker-2-tc1/target:/opt/rustwide/target:rw,Z" "-v" "/var/lib/crater-agent-workspace/cargo-home:/opt/rustwide/cargo-home:ro,Z" "-v" "/var/lib/crater-agent-workspace/rustup-home:/opt/rustwide/rustup-home:ro,Z" "-m" "1610612736" "--network" "none" "ghcr.io/rust-lang/crates-build-env/linux@sha256:77db811e55d90add9212f6832c23229e3de5f1c1f9905e8cb07319ea15df73ac" "sleep" "infinity", kill_on_drop: false }`
[INFO] [stdout] ba28297de8d4632113f9aec5355a3c4ce122dbacce374227541085f1dcb8676a
[INFO] running `Command { std: "docker" "start" "ba28297de8d4632113f9aec5355a3c4ce122dbacce374227541085f1dcb8676a", kill_on_drop: false }`
[INFO] running `Command { std: "docker" "inspect" "ba28297de8d4632113f9aec5355a3c4ce122dbacce374227541085f1dcb8676a", kill_on_drop: false }`
[INFO] running `Command { std: "docker" "exec" "-e" "SOURCE_DIR=/opt/rustwide/workdir" "-e" "CARGO_HOME=/opt/rustwide/cargo-home" "-e" "RUSTUP_HOME=/opt/rustwide/rustup-home" "-e" "CARGO_TARGET_DIR=/opt/rustwide/target" "-w" "/opt/rustwide/workdir" "--user" "0:0" "ba28297de8d4632113f9aec5355a3c4ce122dbacce374227541085f1dcb8676a" "/opt/rustwide/cargo-home/bin/cargo" "+1.99.0-beta.8" "metadata" "--no-deps" "--format-version=1", kill_on_drop: false }`
[INFO] running `Command { std: "docker" "inspect" "ba28297de8d4632113f9aec5355a3c4ce122dbacce374227541085f1dcb8676a", kill_on_drop: false }`
[INFO] running `Command { std: "docker" "exec" "-e" "SOURCE_DIR=/opt/rustwide/workdir" "-e" "CARGO_HOME=/opt/rustwide/cargo-home" "-e" "RUSTUP_HOME=/opt/rustwide/rustup-home" "-e" "CARGO_TARGET_DIR=/opt/rustwide/target" "-e" "CARGO_INCREMENTAL=0" "-e" "RUST_BACKTRACE=full" "-e" "RUSTFLAGS=--cap-lints=warn" "-e" "RUSTDOCFLAGS=--cap-lints=warn" "-w" "/opt/rustwide/workdir" "--user" "0:0" "ba28297de8d4632113f9aec5355a3c4ce122dbacce374227541085f1dcb8676a" "/opt/rustwide/cargo-home/bin/cargo" "+1.99.0-beta.8" "build" "--frozen" "--message-format=json" "--release", kill_on_drop: false }`
[INFO] [stderr]    Compiling curve25519-dalek v4.1.3
[INFO] [stderr]    Compiling num-traits v0.2.19
[INFO] [stderr]    Compiling regex-automata v0.4.18
[INFO] [stderr]    Compiling bit-vec v0.8.0
[INFO] [stderr]    Compiling cc v1.8.0
[INFO] [stderr]    Compiling powerfmt v0.2.1
[INFO] [stderr]    Compiling crypto-common v0.1.7
[INFO] [stderr]    Compiling inout v0.1.4
[INFO] [stderr]    Compiling password-hash v0.5.0
[INFO] [stderr]    Compiling zeroize_derive v1.5.0
[INFO] [stderr]    Compiling curve25519-dalek-derive v0.1.1
[INFO] [stderr]    Compiling deranged v0.5.9
[INFO] [stderr]    Compiling dirs-sys v0.5.0
[INFO] [stderr]    Compiling getrandom v0.4.3
[INFO] [stderr]    Compiling rand v0.8.8
[INFO] [stderr]    Compiling itertools v0.14.0
[INFO] [stderr]    Compiling digest v0.10.7
[INFO] [stderr]    Compiling cipher v0.4.4
[INFO] [stderr]    Compiling universal-hash v0.5.1
[INFO] [stderr]    Compiling sha2 v0.10.9
[INFO] [stderr]    Compiling polyval v0.6.2
[INFO] [stderr]    Compiling ctr v0.9.2
[INFO] [stderr]    Compiling aes v0.8.4
[INFO] [stderr]    Compiling hmac v0.12.1
[INFO] [stderr]    Compiling blake2 v0.10.6
[INFO] [stderr]    Compiling bit-set v0.8.0
[INFO] [stderr]    Compiling ghash v0.5.1
[INFO] [stderr]    Compiling aead v0.5.2
[INFO] [stderr]    Compiling hkdf v0.12.4
[INFO] [stderr]    Compiling winnow v1.0.4
[INFO] [stderr]    Compiling ssh2-config v0.8.2
[INFO] [stderr]    Compiling uuid v1.28.0
[INFO] [stderr]    Compiling zeroize v1.9.1
[INFO] [stderr]    Compiling dirs v7.0.0
[INFO] [stderr]    Compiling tracing-attributes v0.1.31
[INFO] [stderr]    Compiling secrecy v0.10.3
[INFO] [stderr]    Compiling argon2 v0.5.3
[INFO] [stderr]    Compiling memo-map v0.3.4
[INFO] [stderr]    Compiling toml_writer v1.1.3+spec-1.1.0
[INFO] [stderr]    Compiling aes-gcm v0.10.3
[INFO] [stderr]    Compiling toml_datetime v1.1.2+spec-1.1.0
[INFO] [stderr]    Compiling wildmatch v2.6.1
[INFO] [stderr]    Compiling serde_yaml_ng v0.10.0
[INFO] [stderr]    Compiling minijinja v2.24.0
[INFO] [stderr]    Compiling fs4 v1.1.0
[INFO] [stderr]    Compiling chrono v0.4.45
[INFO] [stderr]    Compiling sha1 v0.10.7
[INFO] [stderr]    Compiling joy-model v0.23.1
[INFO] [stderr]    Compiling filetime v0.2.29
[INFO] [stderr]    Compiling time v0.3.55
[INFO] [stderr]    Compiling tracing v0.1.44
[INFO] [stderr]    Compiling ed25519-dalek v2.2.0
[INFO] [stderr]    Compiling x25519-dalek v2.0.1
[INFO] [stderr]    Compiling joy-process v0.23.1
[INFO] [stderr]    Compiling libz-sys v1.1.30
[INFO] [stderr]    Compiling libgit2-sys v0.18.8+1.9.7
[INFO] [stderr]    Compiling joy-crypt v0.3.0
[INFO] [stderr]    Compiling semver v1.0.28
[INFO] [stderr]    Compiling toml_parser v1.1.5+spec-1.1.0
[INFO] [stderr]    Compiling toml_edit v0.25.17+spec-1.1.0
[INFO] [stderr]    Compiling joy-token v0.3.0
[INFO] [stderr]    Compiling fancy-regex v0.18.0
[INFO] [stderr]    Compiling regex v1.13.1
[INFO] [stderr]    Compiling zxcvbn v3.1.1
[INFO] [stderr]    Compiling joy-passphrase v0.3.0
[INFO] [stderr]    Compiling git2 v0.21.0
[INFO] [stderr]    Compiling joy-core v0.23.1 (/opt/rustwide/workdir)
[INFO] [stderr]     Finished `release` profile [optimized] target(s) in 2m 30s
[INFO] running `Command { std: "docker" "inspect" "ba28297de8d4632113f9aec5355a3c4ce122dbacce374227541085f1dcb8676a", kill_on_drop: false }`
[INFO] running `Command { std: "docker" "exec" "-e" "SOURCE_DIR=/opt/rustwide/workdir" "-e" "CARGO_HOME=/opt/rustwide/cargo-home" "-e" "RUSTUP_HOME=/opt/rustwide/rustup-home" "-e" "CARGO_TARGET_DIR=/opt/rustwide/target" "-e" "CARGO_INCREMENTAL=0" "-e" "RUST_BACKTRACE=full" "-e" "RUSTFLAGS=--cap-lints=warn" "-e" "RUSTDOCFLAGS=--cap-lints=warn" "-w" "/opt/rustwide/workdir" "--user" "0:0" "ba28297de8d4632113f9aec5355a3c4ce122dbacce374227541085f1dcb8676a" "/opt/rustwide/cargo-home/bin/cargo" "+1.99.0-beta.8" "test" "--frozen" "--no-run" "--message-format=json" "--release", kill_on_drop: false }`
[INFO] [stderr]    Compiling tempfile v3.27.0
[INFO] [stderr]    Compiling console v0.16.6
[INFO] [stderr]    Compiling similar v2.7.0
[INFO] [stderr]    Compiling insta v1.49.0
[INFO] [stderr]    Compiling joy-core v0.23.1 (/opt/rustwide/workdir)
[INFO] [stdout] error[E0433]: cannot find module or crate `joy_test_env` in this scope
[INFO] [stdout]   --> tests/commit_msg_rule.rs:20:1
[INFO] [stdout]    |
[INFO] [stdout] 20 | joy_test_env::isolate!();
[INFO] [stdout]    | ^^^^^^^^^^^^ use of unresolved module or unlinked crate `joy_test_env`
[INFO] [stdout] 
[INFO] [stdout] 
[INFO] [stdout] error[E0433]: cannot find module or crate `joy_test_env` in this scope
[INFO] [stdout]   --> tests/forge_contact_says_its_wait.rs:14:1
[INFO] [stdout]    |
[INFO] [stdout] 14 | joy_test_env::isolate!();
[INFO] [stdout]    | ^^^^^^^^^^^^ use of unresolved module or unlinked crate `joy_test_env`
[INFO] [stdout] 
[INFO] [stdout] 
[INFO] [stdout] error[E0433]: cannot find module or crate `joy_test_env` in this scope
[INFO] [stdout]   --> tests/member_field_lint.rs:22:1
[INFO] [stdout]    |
[INFO] [stdout] 22 | joy_test_env::isolate!();
[INFO] [stdout]    | ^^^^^^^^^^^^ use of unresolved module or unlinked crate `joy_test_env`
[INFO] [stdout] 
[INFO] [stdout] 
[INFO] [stdout] error[E0433]: cannot find module or crate `joy_test_env` in this scope
[INFO] [stdout]   --> tests/ssh_chain_from_home.rs:18:1
[INFO] [stdout]    |
[INFO] [stdout] 18 | joy_test_env::isolate!();
[INFO] [stdout]    | ^^^^^^^^^^^^ use of unresolved module or unlinked crate `joy_test_env`
[INFO] [stdout] 
[INFO] [stdout] 
[INFO] [stdout] error[E0433]: cannot find module or crate `joy_test_env` in this scope
[INFO] [stdout]   --> tests/git_config_nosystem.rs:16:1
[INFO] [stdout]    |
[INFO] [stdout] 16 | joy_test_env::isolate!();
[INFO] [stdout]    | ^^^^^^^^^^^^ use of unresolved module or unlinked crate `joy_test_env`
[INFO] [stdout] 
[INFO] [stdout] 
[INFO] [stdout] error[E0433]: cannot find module or crate `joy_test_env` in this scope
[INFO] [stdout]   --> tests/commit_signature.rs:11:1
[INFO] [stdout]    |
[INFO] [stdout] 11 | joy_test_env::isolate!();
[INFO] [stdout]    | ^^^^^^^^^^^^ use of unresolved module or unlinked crate `joy_test_env`
[INFO] [stdout] 
[INFO] [stdout] 
[INFO] [stdout] error[E0433]: cannot find module or crate `joy_test_env` in this scope
[INFO] [stdout]   --> tests/founder_alias_guard.rs:22:1
[INFO] [stdout]    |
[INFO] [stdout] 22 | joy_test_env::isolate!();
[INFO] [stdout]    | ^^^^^^^^^^^^ use of unresolved module or unlinked crate `joy_test_env`
[INFO] [stdout] 
[INFO] [stdout] 
[INFO] [stdout] error[E0433]: cannot find module or crate `joy_test_env` in this scope
[INFO] [stdout]   --> tests/delegated_host.rs:19:1
[INFO] [stdout]    |
[INFO] [stdout] 19 | joy_test_env::isolate!();
[INFO] [stdout]    | ^^^^^^^^^^^^ use of unresolved module or unlinked crate `joy_test_env`
[INFO] [stdout] 
[INFO] [stdout] 
[INFO] [stdout] error[E0433]: cannot find module or crate `joy_test_env` in this scope
[INFO] [stdout]   --> tests/forge_request_budget.rs:30:1
[INFO] [stdout]    |
[INFO] [stdout] 30 | joy_test_env::isolate!();
[INFO] [stdout]    | ^^^^^^^^^^^^ use of unresolved module or unlinked crate `joy_test_env`
[INFO] [stdout] 
[INFO] [stdout] 
[INFO] [stdout] error[E0433]: cannot find module or crate `joy_test_env` in this scope
[INFO] [stdout]   --> tests/publish_order.rs:81:1
[INFO] [stdout]    |
[INFO] [stdout] 81 | joy_test_env::isolate!();
[INFO] [stdout]    | ^^^^^^^^^^^^ use of unresolved module or unlinked crate `joy_test_env`
[INFO] [stdout] 
[INFO] [stdout] 
[INFO] [stdout] error[E0433]: cannot find module or crate `joy_test_env` in this scope
[INFO] [stdout]   --> tests/clone_config_environment.rs:28:1
[INFO] [stdout]    |
[INFO] [stdout] 28 | joy_test_env::isolate!();
[INFO] [stdout]    | ^^^^^^^^^^^^ use of unresolved module or unlinked crate `joy_test_env`
[INFO] [stdout] 
[INFO] [stdout] 
[INFO] [stdout] error[E0433]: cannot find module or crate `joy_test_env` in this scope
[INFO] [stdout]   --> tests/ca_locations_linux.rs:39:1
[INFO] [stdout]    |
[INFO] [stdout] 39 | joy_test_env::isolate!();
[INFO] [stdout]    | ^^^^^^^^^^^^ use of unresolved module or unlinked crate `joy_test_env`
[INFO] [stdout] 
[INFO] [stdout] 
[INFO] [stdout] For more information about this error, try `rustc --explain E0433`.
[INFO] [stdout] 
[INFO] [stdout] error[E0433]: cannot find module or crate `joy_test_env` in this scope
[INFO] [stdout]   --> tests/forge_twin_push.rs:26:1
[INFO] [stdout]    |
[INFO] [stdout] 26 | joy_test_env::isolate!();
[INFO] [stdout]    | ^^^^^^^^^^^^ use of unresolved module or unlinked crate `joy_test_env`
[INFO] [stdout] 
[INFO] [stdout] 
[INFO] [stderr] error: could not compile `joy-core` (test "member_field_lint") due to 1 previous error
[INFO] [stderr] warning: build failed, waiting for other jobs to finish...
[INFO] [stdout] error[E0433]: cannot find module or crate `joy_test_env` in this scope
[INFO] [stdout]   --> tests/ssh_config_alias.rs:19:1
[INFO] [stdout]    |
[INFO] [stdout] 19 | joy_test_env::isolate!();
[INFO] [stdout]    | ^^^^^^^^^^^^ use of unresolved module or unlinked crate `joy_test_env`
[INFO] [stdout] 
[INFO] [stdout] 
[INFO] [stdout] For more information about this error, try `rustc --explain E0433`.
[INFO] [stdout] 
[INFO] [stderr] error: could not compile `joy-core` (test "git_config_nosystem") due to 1 previous error
[INFO] [stdout] For more information about this error, try `rustc --explain E0433`.
[INFO] [stdout] 
[INFO] [stdout] error[E0433]: cannot find module or crate `joy_test_env` in this scope
[INFO] [stdout]   --> tests/proxy_basic_auth.rs:35:1
[INFO] [stdout]    |
[INFO] [stdout] 35 | joy_test_env::isolate!();
[INFO] [stdout]    | ^^^^^^^^^^^^ use of unresolved module or unlinked crate `joy_test_env`
[INFO] [stdout] 
[INFO] [stdout] 
[INFO] [stdout] For more information about this error, try `rustc --explain E0433`.
[INFO] [stdout] 
[INFO] [stdout] For more information about this error, try `rustc --explain E0433`.
[INFO] [stdout] 
[INFO] [stderr] error: could not compile `joy-core` (test "delegated_host") due to 1 previous error
[INFO] [stderr] error: could not compile `joy-core` (test "ssh_chain_from_home") due to 1 previous error
[INFO] [stderr] error: could not compile `joy-core` (test "forge_contact_says_its_wait") due to 1 previous error
[INFO] [stdout] For more information about this error, try `rustc --explain E0433`.
[INFO] [stdout] 
[INFO] [stdout] For more information about this error, try `rustc --explain E0433`.
[INFO] [stdout] 
[INFO] [stderr] error: could not compile `joy-core` (test "founder_alias_guard") due to 1 previous error
[INFO] [stdout] For more information about this error, try `rustc --explain E0433`.
[INFO] [stdout] 
[INFO] [stderr] error: could not compile `joy-core` (test "clone_config_environment") due to 1 previous error
[INFO] [stderr] error: could not compile `joy-core` (test "commit_signature") due to 1 previous error
[INFO] [stdout] For more information about this error, try `rustc --explain E0433`.
[INFO] [stdout] 
[INFO] [stderr] error: could not compile `joy-core` (test "forge_request_budget") due to 1 previous error
[INFO] [stdout] For more information about this error, try `rustc --explain E0433`.
[INFO] [stdout] 
[INFO] [stderr] error: could not compile `joy-core` (test "ssh_config_alias") due to 1 previous error
[INFO] [stdout] For more information about this error, try `rustc --explain E0433`.
[INFO] [stdout] 
[INFO] [stdout] error[E0433]: cannot find module or crate `joy_test_env` in this scope
[INFO] [stdout]   --> tests/commit_msg_rule.rs:53:13
[INFO] [stdout]    |
[INFO] [stdout] 53 |             joy_test_env::command(candidate)
[INFO] [stdout]    |             ^^^^^^^^^^^^ use of unresolved module or unlinked crate `joy_test_env`
[INFO] [stdout]    |
[INFO] [stdout]    = help: if you wanted to use a crate named `joy_test_env`, use `cargo add joy_test_env` to add it to your `Cargo.toml`
[INFO] [stdout] 
[INFO] [stdout] 
[INFO] [stderr] error: could not compile `joy-core` (test "ca_locations_linux") due to 1 previous error
[INFO] [stdout] error[E0433]: cannot find module or crate `joy_test_env` in this scope
[INFO] [stdout]   --> tests/commit_msg_rule.rs:68:5
[INFO] [stdout]    |
[INFO] [stdout] 68 |     joy_test_env::command(shell)
[INFO] [stdout]    |     ^^^^^^^^^^^^ use of unresolved module or unlinked crate `joy_test_env`
[INFO] [stdout]    |
[INFO] [stdout]    = help: if you wanted to use a crate named `joy_test_env`, use `cargo add joy_test_env` to add it to your `Cargo.toml`
[INFO] [stdout] 
[INFO] [stdout] 
[INFO] [stdout] For more information about this error, try `rustc --explain E0433`.
[INFO] [stdout] 
[INFO] [stderr] error: could not compile `joy-core` (test "publish_order") due to 1 previous error
[INFO] [stdout] For more information about this error, try `rustc --explain E0433`.
[INFO] [stdout] 
[INFO] [stderr] error: could not compile `joy-core` (test "commit_msg_rule") due to 3 previous errors
[INFO] [stdout] For more information about this error, try `rustc --explain E0433`.
[INFO] [stdout] 
[INFO] [stderr] error: could not compile `joy-core` (test "proxy_basic_auth") due to 1 previous error
[INFO] [stdout] For more information about this error, try `rustc --explain E0433`.
[INFO] [stdout] 
[INFO] [stderr] error: could not compile `joy-core` (test "forge_twin_push") due to 1 previous error
[INFO] [stdout] error[E0433]: cannot find module or crate `joy_test_env` in this scope
[INFO] [stdout]  --> src/lib.rs:9:1
[INFO] [stdout]   |
[INFO] [stdout] 9 | joy_test_env::isolate!();
[INFO] [stdout]   | ^^^^^^^^^^^^ use of unresolved module or unlinked crate `joy_test_env`
[INFO] [stdout] 
[INFO] [stdout] 
[INFO] [stdout] For more information about this error, try `rustc --explain E0433`.
[INFO] [stdout] 
[INFO] [stderr] error: could not compile `joy-core` (lib test) due to 1 previous error
[INFO] running `Command { std: "docker" "inspect" "ba28297de8d4632113f9aec5355a3c4ce122dbacce374227541085f1dcb8676a", kill_on_drop: false }`
[INFO] running `Command { std: "docker" "rm" "-f" "ba28297de8d4632113f9aec5355a3c4ce122dbacce374227541085f1dcb8676a", kill_on_drop: false }`
[INFO] [stdout] ba28297de8d4632113f9aec5355a3c4ce122dbacce374227541085f1dcb8676a
