[INFO] fetching crate jito-grpc-client 1.0.1...
[INFO] testing jito-grpc-client-1.0.1 against 1.99.0-beta.8+cargoflags=--release for beta-release-1.100-2
[INFO] extracting crate jito-grpc-client 1.0.1 into /workspace/builds/worker-1-tc1/source
[INFO] started tweaking crates.io crate jito-grpc-client 1.0.1
[INFO] finished tweaking crates.io crate jito-grpc-client 1.0.1
[INFO] tweaked toml for crates.io crate jito-grpc-client 1.0.1 written to /workspace/builds/worker-1-tc1/source/Cargo.toml
[INFO] validating manifest of crates.io crate jito-grpc-client 1.0.1 on toolchain 1.99.0-beta.8
[INFO] running `Command { std: CARGO_HOME="/workspace/cargo-home" RUSTUP_HOME="/workspace/rustup-home" "/workspace/cargo-home/bin/cargo" "+1.99.0-beta.8" "metadata" "--manifest-path" "Cargo.toml" "--no-deps", kill_on_drop: false }`
[INFO] crate crates.io crate jito-grpc-client 1.0.1 already has a lockfile, it will not be regenerated
[INFO] running `Command { std: CARGO_HOME="/workspace/cargo-home" RUSTUP_HOME="/workspace/rustup-home" "/workspace/cargo-home/bin/cargo" "+1.99.0-beta.8" "fetch" "--manifest-path" "Cargo.toml", kill_on_drop: false }`
[INFO] [stderr]     Updating crates.io index
[INFO] [stderr]  Downloading crates ...
[INFO] [stderr]   Downloaded tonic-prost-build v0.14.1
[INFO] [stderr]   Downloaded pulldown-cmark-to-cmark v21.0.0
[INFO] [stderr]   Downloaded tonic-build v0.14.1
[INFO] [stderr]   Downloaded prost-derive v0.14.1
[INFO] [stderr]   Downloaded tonic-prost v0.14.1
[INFO] [stderr]   Downloaded pulldown-cmark v0.13.0
[INFO] [stderr]   Downloaded solana-sanitize v3.0.0
[INFO] [stderr]   Downloaded solana-instruction-error v2.0.0
[INFO] [stderr]   Downloaded solana-transaction v3.0.1
[INFO] [stderr]   Downloaded security-framework v3.3.0
[INFO] [stderr]   Downloaded tonic v0.14.1
[INFO] [stderr]   Downloaded solana-hash v3.0.0
[INFO] [stderr]   Downloaded aws-lc-rs v1.13.3
[INFO] [stderr]   Downloaded solana-sha256-hasher v3.0.0
[INFO] [stderr]   Downloaded solana-sdk-ids v3.0.0
[INFO] [stderr]   Downloaded solana-address v1.0.0
[INFO] [stderr]   Downloaded solana-short-vec v3.0.0
[INFO] [stderr]   Downloaded solana-instruction v3.0.0
[INFO] [stderr]   Downloaded bytemuck_derive v1.10.1
[INFO] [stderr]   Downloaded bytemuck v1.23.2
[INFO] [stderr]   Downloaded solana-sysvar-id v3.0.0
[INFO] [stderr]   Downloaded solana-program-entrypoint v3.1.0
[INFO] [stderr]   Downloaded solana-sysvar v3.0.0
[INFO] [stderr]   Downloaded solana-account-info v3.0.0
[INFO] [stderr]   Downloaded solana-program-memory v3.0.0
[INFO] [stderr]   Downloaded solana-serialize-utils v3.0.0
[INFO] [stderr]   Downloaded solana-secp256k1-recover v3.0.0
[INFO] [stderr]   Downloaded solana-keccak-hasher v3.0.0
[INFO] [stderr]   Downloaded solana-cpi v3.0.0
[INFO] [stderr]   Downloaded solana-blake3-hasher v3.0.0
[INFO] [stderr]   Downloaded solana-keypair v3.0.1
[INFO] [stderr]   Downloaded solana-commitment-config v3.0.0
[INFO] [stderr]   Downloaded aws-lc-sys v0.30.0
[INFO] [stderr]   Downloaded autotools v0.2.7
[INFO] [stderr]   Downloaded protobuf-src v1.1.0+21.5
[INFO] running `Command { std: "docker" "create" "-v" "/var/lib/crater-agent-workspace/builds/worker-1-tc1/source:/opt/rustwide/workdir:ro,Z" "-v" "/var/lib/crater-agent-workspace/builds/worker-1-tc1/target:/opt/rustwide/target:rw,Z" "-v" "/var/lib/crater-agent-workspace/cargo-home:/opt/rustwide/cargo-home:ro,Z" "-v" "/var/lib/crater-agent-workspace/rustup-home:/opt/rustwide/rustup-home:ro,Z" "-m" "1610612736" "--network" "none" "ghcr.io/rust-lang/crates-build-env/linux@sha256:77db811e55d90add9212f6832c23229e3de5f1c1f9905e8cb07319ea15df73ac" "sleep" "infinity", kill_on_drop: false }`
[INFO] [stdout] 68a222b4136046b844d5dc4b0cc1b334242de0250624a17ab552ca08432670f0
[INFO] running `Command { std: "docker" "start" "68a222b4136046b844d5dc4b0cc1b334242de0250624a17ab552ca08432670f0", kill_on_drop: false }`
[INFO] running `Command { std: "docker" "inspect" "68a222b4136046b844d5dc4b0cc1b334242de0250624a17ab552ca08432670f0", kill_on_drop: false }`
[INFO] running `Command { std: "docker" "exec" "-e" "SOURCE_DIR=/opt/rustwide/workdir" "-e" "CARGO_HOME=/opt/rustwide/cargo-home" "-e" "RUSTUP_HOME=/opt/rustwide/rustup-home" "-e" "CARGO_TARGET_DIR=/opt/rustwide/target" "-w" "/opt/rustwide/workdir" "--user" "0:0" "68a222b4136046b844d5dc4b0cc1b334242de0250624a17ab552ca08432670f0" "/opt/rustwide/cargo-home/bin/cargo" "+1.99.0-beta.8" "metadata" "--no-deps" "--format-version=1", kill_on_drop: false }`
[INFO] running `Command { std: "docker" "inspect" "68a222b4136046b844d5dc4b0cc1b334242de0250624a17ab552ca08432670f0", kill_on_drop: false }`
[INFO] running `Command { std: "docker" "exec" "-e" "SOURCE_DIR=/opt/rustwide/workdir" "-e" "CARGO_HOME=/opt/rustwide/cargo-home" "-e" "RUSTUP_HOME=/opt/rustwide/rustup-home" "-e" "CARGO_TARGET_DIR=/opt/rustwide/target" "-e" "CARGO_INCREMENTAL=0" "-e" "RUST_BACKTRACE=full" "-e" "RUSTFLAGS=--cap-lints=warn" "-e" "RUSTDOCFLAGS=--cap-lints=warn" "-w" "/opt/rustwide/workdir" "--user" "0:0" "68a222b4136046b844d5dc4b0cc1b334242de0250624a17ab552ca08432670f0" "/opt/rustwide/cargo-home/bin/cargo" "+1.99.0-beta.8" "build" "--frozen" "--message-format=json" "--release", kill_on_drop: false }`
[INFO] [stderr]    Compiling serde v1.0.219
[INFO] [stderr]    Compiling libc v0.2.175
[INFO] [stderr]    Compiling five8_core v0.1.2
[INFO] [stderr]    Compiling syn v2.0.106
[INFO] [stderr]    Compiling either v1.15.0
[INFO] [stderr]    Compiling solana-sanitize v3.0.0
[INFO] [stderr]    Compiling http v1.3.1
[INFO] [stderr]    Compiling digest v0.10.7
[INFO] [stderr]    Compiling five8 v0.2.1
[INFO] [stderr]    Compiling futures-io v0.3.31
[INFO] [stderr]    Compiling itertools v0.14.0
[INFO] [stderr]    Compiling solana-program-error v3.0.0
[INFO] [stderr]    Compiling solana-atomic-u64 v3.0.0
[INFO] [stderr]    Compiling hashbrown v0.15.5
[INFO] [stderr]    Compiling zeroize v1.8.1
[INFO] [stderr]    Compiling num-traits v0.2.19
[INFO] [stderr]    Compiling sha2 v0.10.9
[INFO] [stderr]    Compiling aws-lc-rs v1.13.3
[INFO] [stderr]    Compiling rustls-pki-types v1.12.0
[INFO] [stderr]    Compiling jobserver v0.1.34
[INFO] [stderr]    Compiling cc v1.2.34
[INFO] [stderr]    Compiling indexmap v2.11.0
[INFO] [stderr]    Compiling http-body v1.0.1
[INFO] [stderr]    Compiling five8_const v0.1.4
[INFO] [stderr]    Compiling pulldown-cmark v0.13.0
[INFO] [stderr]    Compiling getrandom v0.2.16
[INFO] [stderr]    Compiling memchr v2.7.5
[INFO] [stderr]    Compiling unicase v2.8.1
[INFO] [stderr]    Compiling cmake v0.1.54
[INFO] [stderr]    Compiling regex-syntax v0.8.6
[INFO] [stderr]    Compiling autotools v0.2.7
[INFO] [stderr]    Compiling getrandom v0.3.3
[INFO] [stderr]    Compiling fixedbitset v0.5.7
[INFO] [stderr]    Compiling solana-instruction-error v2.0.0
[INFO] [stderr]    Compiling rustls v0.23.31
[INFO] [stderr]    Compiling tempfile v3.21.0
[INFO] [stderr]    Compiling aws-lc-sys v0.30.0
[INFO] [stderr]    Compiling ring v0.17.14
[INFO] [stderr]    Compiling petgraph v0.7.1
[INFO] [stderr]    Compiling protobuf-src v1.1.0+21.5
[INFO] [stderr]    Compiling http-body-util v0.1.3
[INFO] [stderr]    Compiling prettyplease v0.2.37
[INFO] [stderr]    Compiling pulldown-cmark-to-cmark v21.0.0
[INFO] [stderr]    Compiling log v0.4.27
[INFO] [stderr]    Compiling regex-automata v0.4.10
[INFO] [stderr]    Compiling axum-core v0.5.2
[INFO] [stderr]    Compiling tonic-build v0.14.1
[INFO] [stderr]    Compiling serde-big-array v0.5.1
[INFO] [stderr]    Compiling solana-transaction-error v3.0.0
[INFO] [stderr]    Compiling openssl-probe v0.1.6
[INFO] [stderr]    Compiling rustls-native-certs v0.8.1
[INFO] [stderr]    Compiling tokio-macros v2.5.0
[INFO] [stderr]    Compiling serde_derive v1.0.219
[INFO] [stderr]    Compiling tracing-attributes v0.1.30
[INFO] [stderr]    Compiling tokio v1.47.1
[INFO] [stderr]    Compiling prost-derive v0.14.1
[INFO] [stderr]    Compiling futures-macro v0.3.31
[INFO] [stderr]    Compiling tracing v0.1.41
[INFO] [stderr]    Compiling futures-util v0.3.31
[INFO] [stderr]    Compiling regex v1.11.2
[INFO] [stderr]    Compiling prost v0.14.1
[INFO] [stderr]    Compiling pin-project-internal v1.1.10
[INFO] [stderr]    Compiling prost-types v0.14.1
[INFO] [stderr]    Compiling solana-hash v3.0.0
[INFO] [stderr]    Compiling solana-sha256-hasher v3.0.0
[INFO] [stderr]    Compiling solana-address v1.0.0
[INFO] [stderr]    Compiling pin-project v1.1.10
[INFO] [stderr]    Compiling solana-pubkey v3.0.0
[INFO] [stderr]    Compiling solana-instruction v3.0.0
[INFO] [stderr]    Compiling solana-sdk-ids v3.0.0
[INFO] [stderr]    Compiling solana-signature v3.1.0
[INFO] [stderr]    Compiling prost-build v0.14.1
[INFO] [stderr]    Compiling async-trait v0.1.89
[INFO] [stderr]    Compiling tonic-prost-build v0.14.1
[INFO] [stderr]    Compiling bincode v1.3.3
[INFO] [stderr]    Compiling solana-short-vec v3.0.0
[INFO] [stderr]    Compiling tokio-util v0.7.16
[INFO] [stderr]    Compiling tokio-stream v0.1.17
[INFO] [stderr]    Compiling thiserror v2.0.16
[INFO] [stderr]    Compiling solana-message v3.0.1
[INFO] [stderr]    Compiling futures-executor v0.3.31
[INFO] [stderr]    Compiling solana-signer v3.0.0
[INFO] [stderr]    Compiling h2 v0.4.12
[INFO] [stderr]    Compiling tower v0.5.2
[INFO] [stderr]    Compiling thiserror-impl v2.0.16
[INFO] [stderr]    Compiling axum v0.8.4
[INFO] [stderr]    Compiling solana-transaction v3.0.1
[INFO] [stderr]    Compiling futures v0.3.31
[INFO] [stderr]    Compiling webpki-roots v1.0.2
[INFO] [stderr]    Compiling futures-timer v3.0.3
[INFO] [stderr]    Compiling hyper v1.7.0
[INFO] [stderr]    Compiling solana-commitment-config v3.0.0
[INFO] [stderr]    Compiling hyper-util v0.1.16
[INFO] [stderr]    Compiling hyper-timeout v0.5.2
[INFO] [stderr] warning: aws-lc-sys@0.30.0: Building with: CC
[INFO] [stderr] warning: aws-lc-sys@0.30.0: Symbol Prefix: Some("aws_lc_0_30_0")
[INFO] [stderr] warning: aws-lc-sys@0.30.0: Compilation of 'c11.c' succeeded - Ok(["/opt/rustwide/target/release/build/aws-lc-sys-941145683e775796/out/out-c11/7dfda64fdf5a526c-c11.o"]).
[INFO] [stderr] warning: aws-lc-sys@0.30.0: Using flag: -ffile-prefix-map=/opt/rustwide/cargo-home/registry/src/index.crates.io-1949cf8c6b5b557f/aws-lc-sys-0.30.0=
[INFO] [stderr] warning: aws-lc-sys@0.30.0: Compilation of 'stdalign_check.c' succeeded - Ok(["/opt/rustwide/target/release/build/aws-lc-sys-941145683e775796/out/out-stdalign_check/7dfda64fdf5a526c-stdalign_check.o"]).
[INFO] [stderr] warning: aws-lc-sys@0.30.0: Compilation of 'builtin_swap_check.c' succeeded - Ok(["/opt/rustwide/target/release/build/aws-lc-sys-941145683e775796/out/out-builtin_swap_check/7dfda64fdf5a526c-builtin_swap_check.o"]).
[INFO] [stderr] warning: aws-lc-sys@0.30.0: In file included from /opt/rustwide/cargo-home/registry/src/index.crates.io-1949cf8c6b5b557f/aws-lc-sys-0.30.0/aws-lc/crypto/fipsmodule/bcm.c:41:
[INFO] [stderr] warning: aws-lc-sys@0.30.0: /opt/rustwide/cargo-home/registry/src/index.crates.io-1949cf8c6b5b557f/aws-lc-sys-0.30.0/aws-lc/crypto/fipsmodule/../internal.h: In function 'OPENSSL_memchr':
[INFO] [stderr] warning: aws-lc-sys@0.30.0: /opt/rustwide/cargo-home/registry/src/index.crates.io-1949cf8c6b5b557f/aws-lc-sys-0.30.0/aws-lc/crypto/fipsmodule/../internal.h:939:10: warning: return discards 'const' qualifier from pointer target type [-Wdiscarded-qualifiers]
[INFO] [stderr] warning: aws-lc-sys@0.30.0:   939 |   return memchr(s, c, n);
[INFO] [stderr] warning: aws-lc-sys@0.30.0:       |          ^~~~~~
[INFO] [stderr] warning: aws-lc-sys@0.30.0: cc: fatal error: Killed signal terminated program cc1
[INFO] [stderr] warning: aws-lc-sys@0.30.0: compilation terminated.
[INFO] [stderr] warning: aws-lc-sys@0.30.0: ToolExecError: command did not execute successfully (status code exit status: 1): LC_ALL="C" "cc" "-O3" "-ffunction-sections" "-fdata-sections" "-fPIC" "-m64" "-std=c11" "-I" "/opt/rustwide/cargo-home/registry/src/index.crates.io-1949cf8c6b5b557f/aws-lc-sys-0.30.0/generated-include" "-I" "/opt/rustwide/cargo-home/registry/src/index.crates.io-1949cf8c6b5b557f/aws-lc-sys-0.30.0/include" "-I" "/opt/rustwide/cargo-home/registry/src/index.crates.io-1949cf8c6b5b557f/aws-lc-sys-0.30.0/aws-lc/include" "-I" "/opt/rustwide/cargo-home/registry/src/index.crates.io-1949cf8c6b5b557f/aws-lc-sys-0.30.0/aws-lc/third_party/s2n-bignum/include" "-I" "/opt/rustwide/cargo-home/registry/src/index.crates.io-1949cf8c6b5b557f/aws-lc-sys-0.30.0/aws-lc/third_party/s2n-bignum/s2n-bignum-imported/include" "-I" "/opt/rustwide/cargo-home/registry/src/index.crates.io-1949cf8c6b5b557f/aws-lc-sys-0.30.0/aws-lc/third_party/jitterentropy/jitterentropy-library" "-Wall" "-Wextra" "-Wno-unused-parameter" "-pthread" "-ffile-prefix-map=/opt/rustwide/cargo-home/registry/src/index.crates.io-1949cf8c6b5b557f/aws-lc-sys-0.30.0=" "-D_XOPEN_SOURCE=700" "-DBORINGSSL_IMPLEMENTATION=1" "-DBORINGSSL_PREFIX=aws_lc_0_30_0" "-DAWS_LC_STDALIGN_AVAILABLE=1" "-DAWS_LC_BUILTIN_SWAP_SUPPORTED=1" "-o" "/opt/rustwide/target/release/build/aws-lc-sys-941145683e775796/out/f8e4fd781484bd36-bcm.o" "-c" "/opt/rustwide/cargo-home/registry/src/index.crates.io-1949cf8c6b5b557f/aws-lc-sys-0.30.0/aws-lc/crypto/fipsmodule/bcm.c"
[INFO] [stderr] error: failed to run custom build command for `aws-lc-sys v0.30.0`
[INFO] [stderr] note: To improve backtraces for build dependencies, set the CARGO_PROFILE_RELEASE_BUILD_OVERRIDE_DEBUG=true environment variable to enable debug information generation.
[INFO] [stderr] 
[INFO] [stderr] Caused by:
[INFO] [stderr]   process didn't exit successfully: `/opt/rustwide/target/release/build/aws-lc-sys-0ac7894a8772847d/build-script-main` (exit status: 1)
[INFO] [stderr]   --- stdout
[INFO] [stderr]   cargo:rerun-if-env-changed=AWS_LC_SYS_NO_PREFIX_x86_64_unknown_linux_gnu
[INFO] [stderr]   cargo:rerun-if-env-changed=AWS_LC_SYS_NO_PREFIX
[INFO] [stderr]   cargo:rerun-if-env-changed=AWS_LC_SYS_PREGENERATING_BINDINGS_x86_64_unknown_linux_gnu
[INFO] [stderr]   cargo:rerun-if-env-changed=AWS_LC_SYS_PREGENERATING_BINDINGS
[INFO] [stderr]   cargo:rerun-if-env-changed=AWS_LC_SYS_EXTERNAL_BINDGEN_x86_64_unknown_linux_gnu
[INFO] [stderr]   cargo:rerun-if-env-changed=AWS_LC_SYS_EXTERNAL_BINDGEN
[INFO] [stderr]   cargo:rerun-if-env-changed=AWS_LC_SYS_NO_ASM_x86_64_unknown_linux_gnu
[INFO] [stderr]   cargo:rerun-if-env-changed=AWS_LC_SYS_NO_ASM
[INFO] [stderr]   cargo:rerun-if-env-changed=AWS_LC_SYS_CFLAGS_x86_64_unknown_linux_gnu
[INFO] [stderr]   cargo:rerun-if-env-changed=AWS_LC_SYS_CFLAGS
[INFO] [stderr]   cargo:rerun-if-env-changed=CFLAGS_x86_64_unknown_linux_gnu
[INFO] [stderr]   cargo:rerun-if-env-changed=CFLAGS
[INFO] [stderr]   cargo:rerun-if-env-changed=AWS_LC_SYS_PREBUILT_NASM_x86_64_unknown_linux_gnu
[INFO] [stderr]   cargo:rerun-if-env-changed=AWS_LC_SYS_PREBUILT_NASM
[INFO] [stderr]   cargo:rerun-if-env-changed=AWS_LC_SYS_C_STD_x86_64_unknown_linux_gnu
[INFO] [stderr]   cargo:rerun-if-env-changed=AWS_LC_SYS_C_STD
[INFO] [stderr]   cargo:rerun-if-env-changed=AWS_LC_SYS_CMAKE_BUILDER_x86_64_unknown_linux_gnu
[INFO] [stderr]   cargo:rerun-if-env-changed=AWS_LC_SYS_CMAKE_BUILDER
[INFO] [stderr]   cargo:rerun-if-env-changed=AWS_LC_SYS_NO_PREGENERATED_SRC_x86_64_unknown_linux_gnu
[INFO] [stderr]   cargo:rerun-if-env-changed=AWS_LC_SYS_NO_PREGENERATED_SRC
[INFO] [stderr]   cargo:rerun-if-env-changed=AWS_LC_SYS_EFFECTIVE_TARGET_x86_64_unknown_linux_gnu
[INFO] [stderr]   cargo:rerun-if-env-changed=AWS_LC_SYS_EFFECTIVE_TARGET
[INFO] [stderr]   cargo:rustc-cfg=x86_64_unknown_linux_gnu
[INFO] [stderr]   cargo:rerun-if-env-changed=AWS_LC_SYS_STATIC_x86_64_unknown_linux_gnu
[INFO] [stderr]   cargo:rerun-if-env-changed=AWS_LC_SYS_STATIC
[INFO] [stderr]   default_for Target: 'x86_64-unknown-linux-gnu'
[INFO] [stderr]   cargo:rerun-if-env-changed=CARGO_FEATURE_SSL
[INFO] [stderr]   cargo:warning=Building with: CC
[INFO] [stderr]   cargo:warning=Symbol Prefix: Some("aws_lc_0_30_0")
[INFO] [stderr]   default_for Target: 'x86_64-unknown-linux-gnu'
[INFO] [stderr]   cargo:rerun-if-env-changed=CARGO_FEATURE_SSL
[INFO] [stderr]   cargo:root=/opt/rustwide/target/release/build/aws-lc-sys-941145683e775796/out
[INFO] [stderr]   default_for Target: 'x86_64-unknown-linux-gnu'
[INFO] [stderr]   OPT_LEVEL = Some(3)
[INFO] [stderr]   OUT_DIR = Some(/opt/rustwide/target/release/build/aws-lc-sys-941145683e775796/out)
[INFO] [stderr]   TARGET = Some(x86_64-unknown-linux-gnu)
[INFO] [stderr]   HOST = Some(x86_64-unknown-linux-gnu)
[INFO] [stderr]   cargo:rerun-if-env-changed=CC_x86_64-unknown-linux-gnu
[INFO] [stderr]   CC_x86_64-unknown-linux-gnu = None
[INFO] [stderr]   cargo:rerun-if-env-changed=CC_x86_64_unknown_linux_gnu
[INFO] [stderr]   CC_x86_64_unknown_linux_gnu = None
[INFO] [stderr]   cargo:rerun-if-env-changed=HOST_CC
[INFO] [stderr]   HOST_CC = None
[INFO] [stderr]   cargo:rerun-if-env-changed=CC
[INFO] [stderr]   CC = None
[INFO] [stderr]   cargo:rerun-if-env-changed=CC_ENABLE_DEBUG_OUTPUT
[INFO] [stderr]   RUSTC_WRAPPER = None
[INFO] [stderr]   cargo:rerun-if-env-changed=CRATE_CC_NO_DEFAULTS
[INFO] [stderr]   CRATE_CC_NO_DEFAULTS = None
[INFO] [stderr]   DEBUG = Some(false)
[INFO] [stderr]   CARGO_CFG_TARGET_FEATURE = Some(fxsr,sse,sse2)
[INFO] [stderr]   cargo:rerun-if-env-changed=CFLAGS
[INFO] [stderr]   CFLAGS = None
[INFO] [stderr]   cargo:rerun-if-env-changed=HOST_CFLAGS
[INFO] [stderr]   HOST_CFLAGS = None
[INFO] [stderr]   cargo:rerun-if-env-changed=CFLAGS_x86_64_unknown_linux_gnu
[INFO] [stderr]   CFLAGS_x86_64_unknown_linux_gnu = None
[INFO] [stderr]   cargo:rerun-if-env-changed=CFLAGS_x86_64-unknown-linux-gnu
[INFO] [stderr]   CFLAGS_x86_64-unknown-linux-gnu = None
[INFO] [stderr]   CARGO_ENCODED_RUSTFLAGS = Some(--cap-lints=warn)
[INFO] [stderr]   OPT_LEVEL = Some(3)
[INFO] [stderr]   TARGET = Some(x86_64-unknown-linux-gnu)
[INFO] [stderr]   HOST = Some(x86_64-unknown-linux-gnu)
[INFO] [stderr]   cargo:rerun-if-env-changed=CC_x86_64-unknown-linux-gnu
[INFO] [stderr]   CC_x86_64-unknown-linux-gnu = None
[INFO] [stderr]   cargo:rerun-if-env-changed=CC_x86_64_unknown_linux_gnu
[INFO] [stderr]   CC_x86_64_unknown_linux_gnu = None
[INFO] [stderr]   cargo:rerun-if-env-changed=HOST_CC
[INFO] [stderr]   HOST_CC = None
[INFO] [stderr]   cargo:rerun-if-env-changed=CC
[INFO] [stderr]   CC = None
[INFO] [stderr]   cargo:rerun-if-env-changed=CC_ENABLE_DEBUG_OUTPUT
[INFO] [stderr]   RUSTC_WRAPPER = None
[INFO] [stderr]   cargo:rerun-if-env-changed=CRATE_CC_NO_DEFAULTS
[INFO] [stderr]   CRATE_CC_NO_DEFAULTS = None
[INFO] [stderr]   DEBUG = Some(false)
[INFO] [stderr]   CARGO_CFG_TARGET_FEATURE = Some(fxsr,sse,sse2)
[INFO] [stderr]   cargo:rerun-if-env-changed=CFLAGS
[INFO] [stderr]   CFLAGS = None
[INFO] [stderr]   cargo:rerun-if-env-changed=HOST_CFLAGS
[INFO] [stderr]   HOST_CFLAGS = None
[INFO] [stderr]   cargo:rerun-if-env-changed=CFLAGS_x86_64_unknown_linux_gnu
[INFO] [stderr]   CFLAGS_x86_64_unknown_linux_gnu = None
[INFO] [stderr]   cargo:rerun-if-env-changed=CFLAGS_x86_64-unknown-linux-gnu
[INFO] [stderr]   CFLAGS_x86_64-unknown-linux-gnu = None
[INFO] [stderr]   CARGO_ENCODED_RUSTFLAGS = Some(--cap-lints=warn)
[INFO] [stderr]   cargo:warning=Compilation of 'c11.c' succeeded - Ok(["/opt/rustwide/target/release/build/aws-lc-sys-941145683e775796/out/out-c11/7dfda64fdf5a526c-c11.o"]).
[INFO] [stderr]   cargo:rerun-if-env-changed=AWS_LC_SYS_CC_x86_64_unknown_linux_gnu
[INFO] [stderr]   cargo:rerun-if-env-changed=AWS_LC_SYS_CC
[INFO] [stderr]   cargo:rerun-if-env-changed=CC_x86_64_unknown_linux_gnu
[INFO] [stderr]   cargo:rerun-if-env-changed=CC
[INFO] [stderr]   cargo:rerun-if-env-changed=AWS_LC_SYS_CXX_x86_64_unknown_linux_gnu
[INFO] [stderr]   cargo:rerun-if-env-changed=AWS_LC_SYS_CXX
[INFO] [stderr]   cargo:rerun-if-env-changed=CXX_x86_64_unknown_linux_gnu
[INFO] [stderr]   cargo:rerun-if-env-changed=CXX
[INFO] [stderr]   OUT_DIR = Some(/opt/rustwide/target/release/build/aws-lc-sys-941145683e775796/out)
[INFO] [stderr]   cargo:rerun-if-env-changed=CC_ENABLE_DEBUG_OUTPUT
[INFO] [stderr]   cargo:rerun-if-env-changed=CRATE_CC_NO_DEFAULTS
[INFO] [stderr]   CRATE_CC_NO_DEFAULTS = None
[INFO] [stderr]   TARGET = Some(x86_64-unknown-linux-gnu)
[INFO] [stderr]   CARGO_CFG_TARGET_FEATURE = Some(fxsr,sse,sse2)
[INFO] [stderr]   HOST = Some(x86_64-unknown-linux-gnu)
[INFO] [stderr]   cargo:rerun-if-env-changed=CFLAGS
[INFO] [stderr]   CFLAGS = None
[INFO] [stderr]   cargo:rerun-if-env-changed=HOST_CFLAGS
[INFO] [stderr]   HOST_CFLAGS = None
[INFO] [stderr]   cargo:rerun-if-env-changed=CFLAGS_x86_64_unknown_linux_gnu
[INFO] [stderr]   CFLAGS_x86_64_unknown_linux_gnu = None
[INFO] [stderr]   cargo:rerun-if-env-changed=CFLAGS_x86_64-unknown-linux-gnu
[INFO] [stderr]   CFLAGS_x86_64-unknown-linux-gnu = None
[INFO] [stderr]   cargo:warning=Using flag: -ffile-prefix-map=/opt/rustwide/cargo-home/registry/src/index.crates.io-1949cf8c6b5b557f/aws-lc-sys-0.30.0=
[INFO] [stderr]   OPT_LEVEL = Some(3)
[INFO] [stderr]   TARGET = Some(x86_64-unknown-linux-gnu)
[INFO] [stderr]   HOST = Some(x86_64-unknown-linux-gnu)
[INFO] [stderr]   cargo:rerun-if-env-changed=CC_x86_64-unknown-linux-gnu
[INFO] [stderr]   CC_x86_64-unknown-linux-gnu = None
[INFO] [stderr]   cargo:rerun-if-env-changed=CC_x86_64_unknown_linux_gnu
[INFO] [stderr]   CC_x86_64_unknown_linux_gnu = None
[INFO] [stderr]   cargo:rerun-if-env-changed=HOST_CC
[INFO] [stderr]   HOST_CC = None
[INFO] [stderr]   cargo:rerun-if-env-changed=CC
[INFO] [stderr]   CC = None
[INFO] [stderr]   cargo:rerun-if-env-changed=CC_ENABLE_DEBUG_OUTPUT
[INFO] [stderr]   RUSTC_WRAPPER = None
[INFO] [stderr]   cargo:rerun-if-env-changed=CRATE_CC_NO_DEFAULTS
[INFO] [stderr]   CRATE_CC_NO_DEFAULTS = None
[INFO] [stderr]   DEBUG = Some(false)
[INFO] [stderr]   CARGO_CFG_TARGET_FEATURE = Some(fxsr,sse,sse2)
[INFO] [stderr]   cargo:rerun-if-env-changed=CFLAGS
[INFO] [stderr]   CFLAGS = None
[INFO] [stderr]   cargo:rerun-if-env-changed=HOST_CFLAGS
[INFO] [stderr]   HOST_CFLAGS = None
[INFO] [stderr]   cargo:rerun-if-env-changed=CFLAGS_x86_64_unknown_linux_gnu
[INFO] [stderr]   CFLAGS_x86_64_unknown_linux_gnu = None
[INFO] [stderr]   cargo:rerun-if-env-changed=CFLAGS_x86_64-unknown-linux-gnu
[INFO] [stderr]   CFLAGS_x86_64-unknown-linux-gnu = None
[INFO] [stderr]   CARGO_ENCODED_RUSTFLAGS = Some(--cap-lints=warn)
[INFO] [stderr]   cargo:warning=Compilation of 'stdalign_check.c' succeeded - Ok(["/opt/rustwide/target/release/build/aws-lc-sys-941145683e775796/out/out-stdalign_check/7dfda64fdf5a526c-stdalign_check.o"]).
[INFO] [stderr]   OPT_LEVEL = Some(3)
[INFO] [stderr]   TARGET = Some(x86_64-unknown-linux-gnu)
[INFO] [stderr]   HOST = Some(x86_64-unknown-linux-gnu)
[INFO] [stderr]   cargo:rerun-if-env-changed=CC_x86_64-unknown-linux-gnu
[INFO] [stderr]   CC_x86_64-unknown-linux-gnu = None
[INFO] [stderr]   cargo:rerun-if-env-changed=CC_x86_64_unknown_linux_gnu
[INFO] [stderr]   CC_x86_64_unknown_linux_gnu = None
[INFO] [stderr]   cargo:rerun-if-env-changed=HOST_CC
[INFO] [stderr]   HOST_CC = None
[INFO] [stderr]   cargo:rerun-if-env-changed=CC
[INFO] [stderr]   CC = None
[INFO] [stderr]   cargo:rerun-if-env-changed=CC_ENABLE_DEBUG_OUTPUT
[INFO] [stderr]   RUSTC_WRAPPER = None
[INFO] [stderr]   cargo:rerun-if-env-changed=CRATE_CC_NO_DEFAULTS
[INFO] [stderr]   CRATE_CC_NO_DEFAULTS = None
[INFO] [stderr]   DEBUG = Some(false)
[INFO] [stderr]   CARGO_CFG_TARGET_FEATURE = Some(fxsr,sse,sse2)
[INFO] [stderr]   cargo:rerun-if-env-changed=CFLAGS
[INFO] [stderr]   CFLAGS = None
[INFO] [stderr]   cargo:rerun-if-env-changed=HOST_CFLAGS
[INFO] [stderr]   HOST_CFLAGS = None
[INFO] [stderr]   cargo:rerun-if-env-changed=CFLAGS_x86_64_unknown_linux_gnu
[INFO] [stderr]   CFLAGS_x86_64_unknown_linux_gnu = None
[INFO] [stderr]   cargo:rerun-if-env-changed=CFLAGS_x86_64-unknown-linux-gnu
[INFO] [stderr]   CFLAGS_x86_64-unknown-linux-gnu = None
[INFO] [stderr]   CARGO_ENCODED_RUSTFLAGS = Some(--cap-lints=warn)
[INFO] [stderr]   cargo:warning=Compilation of 'builtin_swap_check.c' succeeded - Ok(["/opt/rustwide/target/release/build/aws-lc-sys-941145683e775796/out/out-builtin_swap_check/7dfda64fdf5a526c-builtin_swap_check.o"]).
[INFO] [stderr]   OPT_LEVEL = Some(3)
[INFO] [stderr]   OUT_DIR = Some(/opt/rustwide/target/release/build/aws-lc-sys-941145683e775796/out)
[INFO] [stderr]   TARGET = Some(x86_64-unknown-linux-gnu)
[INFO] [stderr]   HOST = Some(x86_64-unknown-linux-gnu)
[INFO] [stderr]   cargo:rerun-if-env-changed=CC_x86_64-unknown-linux-gnu
[INFO] [stderr]   CC_x86_64-unknown-linux-gnu = None
[INFO] [stderr]   cargo:rerun-if-env-changed=CC_x86_64_unknown_linux_gnu
[INFO] [stderr]   CC_x86_64_unknown_linux_gnu = None
[INFO] [stderr]   cargo:rerun-if-env-changed=HOST_CC
[INFO] [stderr]   HOST_CC = None
[INFO] [stderr]   cargo:rerun-if-env-changed=CC
[INFO] [stderr]   CC = None
[INFO] [stderr]   cargo:rerun-if-env-changed=CC_ENABLE_DEBUG_OUTPUT
[INFO] [stderr]   RUSTC_WRAPPER = None
[INFO] [stderr]   cargo:rerun-if-env-changed=CRATE_CC_NO_DEFAULTS
[INFO] [stderr]   CRATE_CC_NO_DEFAULTS = None
[INFO] [stderr]   DEBUG = Some(false)
[INFO] [stderr]   CARGO_CFG_TARGET_FEATURE = Some(fxsr,sse,sse2)
[INFO] [stderr]   cargo:rerun-if-env-changed=CFLAGS
[INFO] [stderr]   CFLAGS = None
[INFO] [stderr]   cargo:rerun-if-env-changed=HOST_CFLAGS
[INFO] [stderr]   HOST_CFLAGS = None
[INFO] [stderr]   cargo:rerun-if-env-changed=CFLAGS_x86_64_unknown_linux_gnu
[INFO] [stderr]   CFLAGS_x86_64_unknown_linux_gnu = None
[INFO] [stderr]   cargo:rerun-if-env-changed=CFLAGS_x86_64-unknown-linux-gnu
[INFO] [stderr]   CFLAGS_x86_64-unknown-linux-gnu = None
[INFO] [stderr]   CARGO_ENCODED_RUSTFLAGS = Some(--cap-lints=warn)
[INFO] [stderr]   exit status: 0
[INFO] [stderr]   exit status: 0
[INFO] [stderr]   exit status: 0
[INFO] [stderr]   exit status: 0
[INFO] [stderr]   exit status: 0
[INFO] [stderr]   exit status: 0
[INFO] [stderr]   exit status: 0
[INFO] [stderr]   exit status: 0
[INFO] [stderr]   exit status: 0
[INFO] [stderr]   exit status: 0
[INFO] [stderr]   exit status: 0
[INFO] [stderr]   exit status: 0
[INFO] [stderr]   exit status: 0
[INFO] [stderr]   exit status: 0
[INFO] [stderr]   exit status: 0
[INFO] [stderr]   exit status: 0
[INFO] [stderr]   exit status: 0
[INFO] [stderr]   exit status: 0
[INFO] [stderr]   exit status: 0
[INFO] [stderr]   exit status: 0
[INFO] [stderr]   exit status: 0
[INFO] [stderr]   exit status: 0
[INFO] [stderr]   exit status: 0
[INFO] [stderr]   exit status: 0
[INFO] [stderr]   exit status: 0
[INFO] [stderr]   exit status: 0
[INFO] [stderr]   exit status: 0
[INFO] [stderr]   exit status: 0
[INFO] [stderr]   exit status: 0
[INFO] [stderr]   exit status: 0
[INFO] [stderr]   exit status: 0
[INFO] [stderr]   exit status: 0
[INFO] [stderr]   exit status: 0
[INFO] [stderr]   exit status: 0
[INFO] [stderr]   exit status: 0
[INFO] [stderr]   exit status: 0
[INFO] [stderr]   exit status: 0
[INFO] [stderr]   exit status: 0
[INFO] [stderr]   exit status: 0
[INFO] [stderr]   exit status: 0
[INFO] [stderr]   exit status: 0
[INFO] [stderr]   exit status: 0
[INFO] [stderr]   exit status: 0
[INFO] [stderr]   exit status: 0
[INFO] [stderr]   exit status: 0
[INFO] [stderr]   exit status: 0
[INFO] [stderr]   exit status: 0
[INFO] [stderr]   exit status: 0
[INFO] [stderr]   exit status: 0
[INFO] [stderr]   exit status: 0
[INFO] [stderr]   exit status: 0
[INFO] [stderr]   exit status: 0
[INFO] [stderr]   exit status: 0
[INFO] [stderr]   exit status: 0
[INFO] [stderr]   exit status: 0
[INFO] [stderr]   exit status: 0
[INFO] [stderr]   exit status: 0
[INFO] [stderr]   exit status: 0
[INFO] [stderr]   exit status: 0
[INFO] [stderr]   exit status: 0
[INFO] [stderr]   exit status: 0
[INFO] [stderr]   exit status: 0
[INFO] [stderr]   exit status: 0
[INFO] [stderr]   exit status: 0
[INFO] [stderr]   exit status: 0
[INFO] [stderr]   exit status: 0
[INFO] [stderr]   exit status: 0
[INFO] [stderr]   exit status: 0
[INFO] [stderr]   exit status: 0
[INFO] [stderr]   exit status: 0
[INFO] [stderr]   exit status: 0
[INFO] [stderr]   exit status: 0
[INFO] [stderr]   exit status: 0
[INFO] [stderr]   exit status: 0
[INFO] [stderr]   exit status: 0
[INFO] [stderr]   exit status: 0
[INFO] [stderr]   exit status: 0
[INFO] [stderr]   exit status: 0
[INFO] [stderr]   exit status: 0
[INFO] [stderr]   exit status: 0
[INFO] [stderr]   exit status: 0
[INFO] [stderr]   exit status: 0
[INFO] [stderr]   exit status: 0
[INFO] [stderr]   exit status: 0
[INFO] [stderr]   exit status: 0
[INFO] [stderr]   exit status: 0
[INFO] [stderr]   exit status: 0
[INFO] [stderr]   exit status: 0
[INFO] [stderr]   exit status: 0
[INFO] [stderr]   exit status: 0
[INFO] [stderr]   exit status: 0
[INFO] [stderr]   exit status: 0
[INFO] [stderr]   exit status: 0
[INFO] [stderr]   exit status: 0
[INFO] [stderr]   exit status: 0
[INFO] [stderr]   exit status: 0
[INFO] [stderr]   exit status: 0
[INFO] [stderr]   exit status: 0
[INFO] [stderr]   exit status: 0
[INFO] [stderr]   exit status: 0
[INFO] [stderr]   exit status: 0
[INFO] [stderr]   exit status: 0
[INFO] [stderr]   exit status: 0
[INFO] [stderr]   exit status: 0
[INFO] [stderr]   exit status: 0
[INFO] [stderr]   exit status: 0
[INFO] [stderr]   exit status: 0
[INFO] [stderr]   exit status: 0
[INFO] [stderr]   exit status: 0
[INFO] [stderr]   exit status: 0
[INFO] [stderr]   exit status: 0
[INFO] [stderr]   exit status: 0
[INFO] [stderr]   exit status: 0
[INFO] [stderr]   exit status: 0
[INFO] [stderr]   exit status: 0
[INFO] [stderr]   exit status: 0
[INFO] [stderr]   exit status: 0
[INFO] [stderr]   exit status: 0
[INFO] [stderr]   exit status: 0
[INFO] [stderr]   exit status: 0
[INFO] [stderr]   exit status: 0
[INFO] [stderr]   exit status: 0
[INFO] [stderr]   exit status: 0
[INFO] [stderr]   exit status: 0
[INFO] [stderr]   exit status: 0
[INFO] [stderr]   exit status: 0
[INFO] [stderr]   exit status: 0
[INFO] [stderr]   exit status: 0
[INFO] [stderr]   exit status: 0
[INFO] [stderr]   exit status: 0
[INFO] [stderr]   exit status: 0
[INFO] [stderr]   exit status: 0
[INFO] [stderr]   exit status: 0
[INFO] [stderr]   exit status: 0
[INFO] [stderr]   exit status: 0
[INFO] [stderr]   exit status: 0
[INFO] [stderr]   exit status: 0
[INFO] [stderr]   exit status: 0
[INFO] [stderr]   exit status: 0
[INFO] [stderr]   exit status: 0
[INFO] [stderr]   exit status: 0
[INFO] [stderr]   exit status: 0
[INFO] [stderr]   exit status: 0
[INFO] [stderr]   exit status: 0
[INFO] [stderr]   exit status: 0
[INFO] [stderr]   exit status: 0
[INFO] [stderr]   exit status: 0
[INFO] [stderr]   exit status: 0
[INFO] [stderr]   exit status: 0
[INFO] [stderr]   exit status: 0
[INFO] [stderr]   exit status: 0
[INFO] [stderr]   exit status: 0
[INFO] [stderr]   exit status: 0
[INFO] [stderr]   exit status: 0
[INFO] [stderr]   cargo:warning=In file included from /opt/rustwide/cargo-home/registry/src/index.crates.io-1949cf8c6b5b557f/aws-lc-sys-0.30.0/aws-lc/crypto/fipsmodule/bcm.c:41:
[INFO] [stderr]   cargo:warning=/opt/rustwide/cargo-home/registry/src/index.crates.io-1949cf8c6b5b557f/aws-lc-sys-0.30.0/aws-lc/crypto/fipsmodule/../internal.h: In function 'OPENSSL_memchr':
[INFO] [stderr]   cargo:warning=/opt/rustwide/cargo-home/registry/src/index.crates.io-1949cf8c6b5b557f/aws-lc-sys-0.30.0/aws-lc/crypto/fipsmodule/../internal.h:939:10: warning: return discards 'const' qualifier from pointer target type [-Wdiscarded-qualifiers]
[INFO] [stderr]   cargo:warning=  939 |   return memchr(s, c, n);
[INFO] [stderr]   cargo:warning=      |          ^~~~~~
[INFO] [stderr]   exit status: 0
[INFO] [stderr]   exit status: 0
[INFO] [stderr]   exit status: 0
[INFO] [stderr]   exit status: 0
[INFO] [stderr]   exit status: 0
[INFO] [stderr]   exit status: 0
[INFO] [stderr]   exit status: 0
[INFO] [stderr]   exit status: 0
[INFO] [stderr]   exit status: 0
[INFO] [stderr]   exit status: 0
[INFO] [stderr]   exit status: 0
[INFO] [stderr]   exit status: 0
[INFO] [stderr]   exit status: 0
[INFO] [stderr]   exit status: 0
[INFO] [stderr]   exit status: 0
[INFO] [stderr]   exit status: 0
[INFO] [stderr]   exit status: 0
[INFO] [stderr]   exit status: 0
[INFO] [stderr]   exit status: 0
[INFO] [stderr]   exit status: 0
[INFO] [stderr]   exit status: 0
[INFO] [stderr]   exit status: 0
[INFO] [stderr]   exit status: 0
[INFO] [stderr]   exit status: 0
[INFO] [stderr]   exit status: 0
[INFO] [stderr]   exit status: 0
[INFO] [stderr]   exit status: 0
[INFO] [stderr]   exit status: 0
[INFO] [stderr]   exit status: 0
[INFO] [stderr]   exit status: 0
[INFO] [stderr]   exit status: 0
[INFO] [stderr]   exit status: 0
[INFO] [stderr]   exit status: 0
[INFO] [stderr]   exit status: 0
[INFO] [stderr]   exit status: 0
[INFO] [stderr]   exit status: 0
[INFO] [stderr]   exit status: 0
[INFO] [stderr]   exit status: 0
[INFO] [stderr]   exit status: 0
[INFO] [stderr]   exit status: 0
[INFO] [stderr]   exit status: 0
[INFO] [stderr]   exit status: 0
[INFO] [stderr]   exit status: 0
[INFO] [stderr]   exit status: 0
[INFO] [stderr]   exit status: 0
[INFO] [stderr]   exit status: 0
[INFO] [stderr]   exit status: 0
[INFO] [stderr]   exit status: 0
[INFO] [stderr]   exit status: 0
[INFO] [stderr]   exit status: 0
[INFO] [stderr]   exit status: 0
[INFO] [stderr]   exit status: 0
[INFO] [stderr]   exit status: 0
[INFO] [stderr]   exit status: 0
[INFO] [stderr]   exit status: 0
[INFO] [stderr]   exit status: 0
[INFO] [stderr]   exit status: 0
[INFO] [stderr]   exit status: 0
[INFO] [stderr]   exit status: 0
[INFO] [stderr]   exit status: 0
[INFO] [stderr]   exit status: 0
[INFO] [stderr]   exit status: 0
[INFO] [stderr]   exit status: 0
[INFO] [stderr]   exit status: 0
[INFO] [stderr]   exit status: 0
[INFO] [stderr]   exit status: 0
[INFO] [stderr]   exit status: 0
[INFO] [stderr]   exit status: 0
[INFO] [stderr]   exit status: 0
[INFO] [stderr]   exit status: 0
[INFO] [stderr]   exit status: 0
[INFO] [stderr]   exit status: 0
[INFO] [stderr]   exit status: 0
[INFO] [stderr]   exit status: 0
[INFO] [stderr]   exit status: 0
[INFO] [stderr]   exit status: 0
[INFO] [stderr]   exit status: 0
[INFO] [stderr]   exit status: 0
[INFO] [stderr]   exit status: 0
[INFO] [stderr]   exit status: 0
[INFO] [stderr]   exit status: 0
[INFO] [stderr]   exit status: 0
[INFO] [stderr]   exit status: 0
[INFO] [stderr]   exit status: 0
[INFO] [stderr]   exit status: 0
[INFO] [stderr]   exit status: 0
[INFO] [stderr]   exit status: 0
[INFO] [stderr]   exit status: 0
[INFO] [stderr]   exit status: 0
[INFO] [stderr]   exit status: 0
[INFO] [stderr]   exit status: 0
[INFO] [stderr]   exit status: 0
[INFO] [stderr]   exit status: 0
[INFO] [stderr]   exit status: 0
[INFO] [stderr]   exit status: 0
[INFO] [stderr]   exit status: 0
[INFO] [stderr]   exit status: 0
[INFO] [stderr]   exit status: 0
[INFO] [stderr]   exit status: 0
[INFO] [stderr]   exit status: 0
[INFO] [stderr]   exit status: 0
[INFO] [stderr]   exit status: 0
[INFO] [stderr]   exit status: 0
[INFO] [stderr]   exit status: 0
[INFO] [stderr]   exit status: 0
[INFO] [stderr]   exit status: 0
[INFO] [stderr]   exit status: 0
[INFO] [stderr]   exit status: 0
[INFO] [stderr]   exit status: 0
[INFO] [stderr]   exit status: 0
[INFO] [stderr]   exit status: 0
[INFO] [stderr]   exit status: 0
[INFO] [stderr]   exit status: 0
[INFO] [stderr]   exit status: 0
[INFO] [stderr]   exit status: 0
[INFO] [stderr]   exit status: 0
[INFO] [stderr]   exit status: 0
[INFO] [stderr]   exit status: 0
[INFO] [stderr]   exit status: 0
[INFO] [stderr]   exit status: 0
[INFO] [stderr]   exit status: 0
[INFO] [stderr]   exit status: 0
[INFO] [stderr]   exit status: 0
[INFO] [stderr]   exit status: 0
[INFO] [stderr]   exit status: 0
[INFO] [stderr]   exit status: 0
[INFO] [stderr]   exit status: 0
[INFO] [stderr]   exit status: 0
[INFO] [stderr]   exit status: 0
[INFO] [stderr]   exit status: 0
[INFO] [stderr]   exit status: 0
[INFO] [stderr]   exit status: 0
[INFO] [stderr]   exit status: 0
[INFO] [stderr]   exit status: 0
[INFO] [stderr]   exit status: 0
[INFO] [stderr]   exit status: 0
[INFO] [stderr]   exit status: 0
[INFO] [stderr]   exit status: 0
[INFO] [stderr]   exit status: 0
[INFO] [stderr]   exit status: 0
[INFO] [stderr]   exit status: 0
[INFO] [stderr]   exit status: 0
[INFO] [stderr]   exit status: 0
[INFO] [stderr]   exit status: 0
[INFO] [stderr]   exit status: 0
[INFO] [stderr]   exit status: 0
[INFO] [stderr]   exit status: 0
[INFO] [stderr]   exit status: 0
[INFO] [stderr]   exit status: 0
[INFO] [stderr]   exit status: 0
[INFO] [stderr]   exit status: 0
[INFO] [stderr]   exit status: 0
[INFO] [stderr]   exit status: 0
[INFO] [stderr]   exit status: 0
[INFO] [stderr]   exit status: 0
[INFO] [stderr]   exit status: 0
[INFO] [stderr]   exit status: 0
[INFO] [stderr]   exit status: 0
[INFO] [stderr]   exit status: 0
[INFO] [stderr]   exit status: 0
[INFO] [stderr]   exit status: 0
[INFO] [stderr]   exit status: 0
[INFO] [stderr]   exit status: 0
[INFO] [stderr]   exit status: 0
[INFO] [stderr]   exit status: 0
[INFO] [stderr]   exit status: 0
[INFO] [stderr]   exit status: 0
[INFO] [stderr]   exit status: 0
[INFO] [stderr]   cargo:warning=cc: fatal error: Killed signal terminated program cc1
[INFO] [stderr]   cargo:warning=compilation terminated.
[INFO] [stderr]   exit status: 0
[INFO] [stderr]   exit status: 1
[INFO] [stderr]   cargo:warning=ToolExecError: command did not execute successfully (status code exit status: 1): LC_ALL="C" "cc" "-O3" "-ffunction-sections" "-fdata-sections" "-fPIC" "-m64" "-std=c11" "-I" "/opt/rustwide/cargo-home/registry/src/index.crates.io-1949cf8c6b5b557f/aws-lc-sys-0.30.0/generated-include" "-I" "/opt/rustwide/cargo-home/registry/src/index.crates.io-1949cf8c6b5b557f/aws-lc-sys-0.30.0/include" "-I" "/opt/rustwide/cargo-home/registry/src/index.crates.io-1949cf8c6b5b557f/aws-lc-sys-0.30.0/aws-lc/include" "-I" "/opt/rustwide/cargo-home/registry/src/index.crates.io-1949cf8c6b5b557f/aws-lc-sys-0.30.0/aws-lc/third_party/s2n-bignum/include" "-I" "/opt/rustwide/cargo-home/registry/src/index.crates.io-1949cf8c6b5b557f/aws-lc-sys-0.30.0/aws-lc/third_party/s2n-bignum/s2n-bignum-imported/include" "-I" "/opt/rustwide/cargo-home/registry/src/index.crates.io-1949cf8c6b5b557f/aws-lc-sys-0.30.0/aws-lc/third_party/jitterentropy/jitterentropy-library" "-Wall" "-Wextra" "-Wno-unused-parameter" "-pthread" "-ffile-prefix-map=/opt/rustwide/cargo-home/registry/src/index.crates.io-1949cf8c6b5b557f/aws-lc-sys-0.30.0=" "-D_XOPEN_SOURCE=700" "-DBORINGSSL_IMPLEMENTATION=1" "-DBORINGSSL_PREFIX=aws_lc_0_30_0" "-DAWS_LC_STDALIGN_AVAILABLE=1" "-DAWS_LC_BUILTIN_SWAP_SUPPORTED=1" "-o" "/opt/rustwide/target/release/build/aws-lc-sys-941145683e775796/out/f8e4fd781484bd36-bcm.o" "-c" "/opt/rustwide/cargo-home/registry/src/index.crates.io-1949cf8c6b5b557f/aws-lc-sys-0.30.0/aws-lc/crypto/fipsmodule/bcm.c"
[INFO] [stderr] 
[INFO] [stderr]   --- stderr
[INFO] [stderr] 
[INFO] [stderr] 
[INFO] [stderr]   error occurred in cc-rs: command did not execute successfully (status code exit status: 1): LC_ALL="C" "cc" "-O3" "-ffunction-sections" "-fdata-sections" "-fPIC" "-m64" "-std=c11" "-I" "/opt/rustwide/cargo-home/registry/src/index.crates.io-1949cf8c6b5b557f/aws-lc-sys-0.30.0/generated-include" "-I" "/opt/rustwide/cargo-home/registry/src/index.crates.io-1949cf8c6b5b557f/aws-lc-sys-0.30.0/include" "-I" "/opt/rustwide/cargo-home/registry/src/index.crates.io-1949cf8c6b5b557f/aws-lc-sys-0.30.0/aws-lc/include" "-I" "/opt/rustwide/cargo-home/registry/src/index.crates.io-1949cf8c6b5b557f/aws-lc-sys-0.30.0/aws-lc/third_party/s2n-bignum/include" "-I" "/opt/rustwide/cargo-home/registry/src/index.crates.io-1949cf8c6b5b557f/aws-lc-sys-0.30.0/aws-lc/third_party/s2n-bignum/s2n-bignum-imported/include" "-I" "/opt/rustwide/cargo-home/registry/src/index.crates.io-1949cf8c6b5b557f/aws-lc-sys-0.30.0/aws-lc/third_party/jitterentropy/jitterentropy-library" "-Wall" "-Wextra" "-Wno-unused-parameter" "-pthread" "-ffile-prefix-map=/opt/rustwide/cargo-home/registry/src/index.crates.io-1949cf8c6b5b557f/aws-lc-sys-0.30.0=" "-D_XOPEN_SOURCE=700" "-DBORINGSSL_IMPLEMENTATION=1" "-DBORINGSSL_PREFIX=aws_lc_0_30_0" "-DAWS_LC_STDALIGN_AVAILABLE=1" "-DAWS_LC_BUILTIN_SWAP_SUPPORTED=1" "-o" "/opt/rustwide/target/release/build/aws-lc-sys-941145683e775796/out/f8e4fd781484bd36-bcm.o" "-c" "/opt/rustwide/cargo-home/registry/src/index.crates.io-1949cf8c6b5b557f/aws-lc-sys-0.30.0/aws-lc/crypto/fipsmodule/bcm.c"
[INFO] [stderr] 
[INFO] [stderr] 
[INFO] [stderr] warning: build failed, waiting for other jobs to finish...
[INFO] [stderr] error: failed to run custom build command for `protobuf-src v1.1.0+21.5`
[INFO] [stderr] note: To improve backtraces for build dependencies, set the CARGO_PROFILE_RELEASE_BUILD_OVERRIDE_DEBUG=true environment variable to enable debug information generation.
[INFO] [stderr] 
[INFO] [stderr] Caused by:
[INFO] [stderr]   process didn't exit successfully: `/opt/rustwide/target/release/build/protobuf-src-f6b1e289831e463e/build-script-build` (exit status: 101)
[INFO] [stderr]   --- stdout
[INFO] [stderr]   running: cd "/opt/rustwide/target/release/build/protobuf-src-d21243d3bbdb38ed/out/install/build" && CC="cc" CFLAGS="-O0 -ffunction-sections -fdata-sections -fPIC -m64" CXX="c++" CXXFLAGS="-O0 -ffunction-sections -fdata-sections -fPIC -m64" LC_ALL="C" "sh" "-c" "exec \"$0\" \"$@\"" "/opt/rustwide/cargo-home/registry/src/index.crates.io-1949cf8c6b5b557f/protobuf-src-1.1.0+21.5/protobuf/configure" "--prefix=/opt/rustwide/target/release/build/protobuf-src-d21243d3bbdb38ed/out/install" "--disable-shared" "--enable-static" "--disable-maintainer-mode"
[INFO] [stderr]   checking whether to enable maintainer-specific portions of Makefiles... no
[INFO] [stderr]   checking build system type... x86_64-pc-linux-gnu
[INFO] [stderr]   checking host system type... x86_64-pc-linux-gnu
[INFO] [stderr]   checking target system type... x86_64-pc-linux-gnu
[INFO] [stderr]   checking for a BSD-compatible install... /usr/bin/install -c
[INFO] [stderr]   checking whether build environment is sane... yes
[INFO] [stderr]   checking for a race-free mkdir -p... /usr/bin/mkdir -p
[INFO] [stderr]   checking for gawk... no
[INFO] [stderr]   checking for mawk... mawk
[INFO] [stderr]   checking whether make sets $(MAKE)... yes
[INFO] [stderr]   checking whether make supports nested variables... yes
[INFO] [stderr]   checking whether UID '0' is supported by ustar format... yes
[INFO] [stderr]   checking whether GID '0' is supported by ustar format... yes
[INFO] [stderr]   checking how to create a ustar tar archive... gnutar
[INFO] [stderr]   checking whether make supports nested variables... (cached) yes
[INFO] [stderr]   checking for gcc... cc
[INFO] [stderr]   checking whether the C compiler works... yes
[INFO] [stderr]   checking for C compiler default output file name... a.out
[INFO] [stderr]   checking for suffix of executables... 
[INFO] [stderr]   checking whether we are cross compiling... no
[INFO] [stderr]   checking for suffix of object files... o
[INFO] [stderr]   checking whether the compiler supports GNU C... yes
[INFO] [stderr]   checking whether cc accepts -g... yes
[INFO] [stderr]   checking for cc option to enable C11 features... none needed
[INFO] [stderr]   checking whether cc understands -c and -o together... yes
[INFO] [stderr]   checking whether make supports the include directive... yes (GNU style)
[INFO] [stderr]   checking dependency style of cc... gcc3
[INFO] [stderr]   checking whether the compiler supports GNU C++... yes
[INFO] [stderr]   checking whether c++ accepts -g... yes
[INFO] [stderr]   checking for c++ option to enable C++11 features... none needed
[INFO] [stderr]   checking dependency style of c++... gcc3
[INFO] [stderr]   checking how to run the C preprocessor... cc -E
[INFO] [stderr]   checking for gcc... gcc
[INFO] [stderr]   checking whether the compiler supports GNU C... (cached) yes
[INFO] [stderr]   checking whether gcc accepts -g... yes
[INFO] [stderr]   checking for gcc option to enable C11 features... (cached) none needed
[INFO] [stderr]   checking whether gcc understands -c and -o together... (cached) yes
[INFO] [stderr]   checking dependency style of gcc... (cached) gcc3
[INFO] [stderr]   checking how to run the C preprocessor... gcc -E
[INFO] [stderr]   checking how to run the C++ preprocessor... c++ -E
[INFO] [stderr]   checking for g++... g++
[INFO] [stderr]   checking whether the compiler supports GNU C++... (cached) yes
[INFO] [stderr]   checking whether g++ accepts -g... yes
[INFO] [stderr]   checking for g++ option to enable C++11 features... (cached) none needed
[INFO] [stderr]   checking dependency style of g++... (cached) gcc3
[INFO] [stderr]   checking how to run the C++ preprocessor... g++ -E
[INFO] [stderr]   checking for stdio.h... yes
[INFO] [stderr]   checking for stdlib.h... yes
[INFO] [stderr]   checking for string.h... yes
[INFO] [stderr]   checking for inttypes.h... yes
[INFO] [stderr]   checking for stdint.h... yes
[INFO] [stderr]   checking for strings.h... yes
[INFO] [stderr]   checking for sys/stat.h... yes
[INFO] [stderr]   checking for sys/types.h... yes
[INFO] [stderr]   checking for unistd.h... yes
[INFO] [stderr]   checking for wchar.h... yes
[INFO] [stderr]   checking for minix/config.h... no
[INFO] [stderr]   checking whether it is safe to define __EXTENSIONS__... yes
[INFO] [stderr]   checking whether _XOPEN_SOURCE should be defined... no
[INFO] [stderr]   checking for ar... ar
[INFO] [stderr]   checking the archiver (ar) interface... ar
[INFO] [stderr]   checking C++ compiler flags...... use user-supplied: -O0 -ffunction-sections -fdata-sections -fPIC -m64
[INFO] [stderr]   checking for c++ options needed to detect all undeclared functions... none needed
[INFO] [stderr]   checking whether __SUNPRO_CC is declared... no
[INFO] [stderr]   checking how to print strings... printf
[INFO] [stderr]   checking for a sed that does not truncate output... /usr/bin/sed
[INFO] [stderr]   checking for grep that handles long lines and -e... /usr/bin/grep
[INFO] [stderr]   checking for egrep... /usr/bin/grep -E
[INFO] [stderr]   checking for fgrep... /usr/bin/grep -F
[INFO] [stderr]   checking for ld used by cc... /usr/bin/x86_64-linux-gnu-ld
[INFO] [stderr]   checking if the linker (/usr/bin/x86_64-linux-gnu-ld) is GNU ld... yes
[INFO] [stderr]   checking for BSD- or MS-compatible name lister (nm)... /usr/bin/nm -B
[INFO] [stderr]   checking the name lister (/usr/bin/nm -B) interface... BSD nm
[INFO] [stderr]   checking whether ln -s works... yes
[INFO] [stderr]   checking the maximum length of command line arguments... 1572864
[INFO] [stderr]   checking how to convert x86_64-pc-linux-gnu file names to x86_64-pc-linux-gnu format... func_convert_file_noop
[INFO] [stderr]   checking how to convert x86_64-pc-linux-gnu file names to toolchain format... func_convert_file_noop
[INFO] [stderr]   checking for /usr/bin/x86_64-linux-gnu-ld option to reload object files... -r
[INFO] [stderr]   checking for file... file
[INFO] [stderr]   checking for objdump... objdump
[INFO] [stderr]   checking how to recognize dependent libraries... pass_all
[INFO] [stderr]   checking for dlltool... no
[INFO] [stderr]   checking how to associate runtime and link libraries... printf %s\n
[INFO] [stderr]   checking for archiver @FILE support... @
[INFO] [stderr]   checking for strip... strip
[INFO] [stderr]   checking for ranlib... ranlib
[INFO] [stderr]   checking command to parse /usr/bin/nm -B output from cc object... ok
[INFO] [stderr]   checking for sysroot... no
[INFO] [stderr]   checking for a working dd... /usr/bin/dd
[INFO] [stderr]   checking how to truncate binary pipes... /usr/bin/dd bs=4096 count=1
[INFO] [stderr]   checking for mt... no
[INFO] [stderr]   checking if : is a manifest tool... no
[INFO] [stderr]   checking for dlfcn.h... yes
[INFO] [stderr]   checking for objdir... .libs
[INFO] [stderr]   checking if cc supports -fno-rtti -fno-exceptions... no
[INFO] [stderr]   checking for cc option to produce PIC... -fPIC -DPIC
[INFO] [stderr]   checking if cc PIC flag -fPIC -DPIC works... yes
[INFO] [stderr]   checking if cc static flag -static works... yes
[INFO] [stderr]   checking if cc supports -c -o file.o... yes
[INFO] [stderr]   checking if cc supports -c -o file.o... (cached) yes
[INFO] [stderr]   checking whether the cc linker (/usr/bin/x86_64-linux-gnu-ld -m elf_x86_64) supports shared libraries... yes
[INFO] [stderr]   checking dynamic linker characteristics... GNU/Linux ld.so
[INFO] [stderr]   checking how to hardcode library paths into programs... immediate
[INFO] [stderr]   checking whether stripping libraries is possible... yes
[INFO] [stderr]   checking if libtool supports shared libraries... yes
[INFO] [stderr]   checking whether to build shared libraries... no
[INFO] [stderr]   checking whether to build static libraries... yes
[INFO] [stderr]   checking how to run the C++ preprocessor... c++ -E
[INFO] [stderr]   checking for ld used by c++... /usr/bin/x86_64-linux-gnu-ld -m elf_x86_64
[INFO] [stderr]   checking if the linker (/usr/bin/x86_64-linux-gnu-ld -m elf_x86_64) is GNU ld... yes
[INFO] [stderr]   checking whether the c++ linker (/usr/bin/x86_64-linux-gnu-ld -m elf_x86_64) supports shared libraries... yes
[INFO] [stderr]   checking for c++ option to produce PIC... -fPIC -DPIC
[INFO] [stderr]   checking if c++ PIC flag -fPIC -DPIC works... yes
[INFO] [stderr]   checking if c++ static flag -static works... yes
[INFO] [stderr]   checking if c++ supports -c -o file.o... yes
[INFO] [stderr]   checking if c++ supports -c -o file.o... (cached) yes
[INFO] [stderr]   checking whether the c++ linker (/usr/bin/x86_64-linux-gnu-ld -m elf_x86_64) supports shared libraries... yes
[INFO] [stderr]   checking dynamic linker characteristics... (cached) GNU/Linux ld.so
[INFO] [stderr]   checking how to hardcode library paths into programs... immediate
[INFO] [stderr]   checking whether the linker supports version scripts... yes
[INFO] [stderr]   checking for egrep... (cached) /usr/bin/grep -E
[INFO] [stderr]   checking for fcntl.h... yes
[INFO] [stderr]   checking for inttypes.h... (cached) yes
[INFO] [stderr]   checking for limits.h... yes
[INFO] [stderr]   checking for stdlib.h... (cached) yes
[INFO] [stderr]   checking for unistd.h... (cached) yes
[INFO] [stderr]   checking for working memcmp... yes
[INFO] [stderr]   checking for working strtod... yes
[INFO] [stderr]   checking for ftruncate... yes
[INFO] [stderr]   checking for memset... yes
[INFO] [stderr]   checking for mkdir... yes
[INFO] [stderr]   checking for strchr... yes
[INFO] [stderr]   checking for strerror... yes
[INFO] [stderr]   checking for strtol... yes
[INFO] [stderr]   checking zlib version... ok (1.2.0.4 or later)
[INFO] [stderr]   checking for library containing zlibVersion... -lz
[INFO] [stderr]   checking whether c++ supports C++11 features by default... yes
[INFO] [stderr]   checking whether -latomic is needed... no
[INFO] [stderr]   checking whether cc is Clang... no
[INFO] [stderr]   checking whether pthreads work with "-pthread" and "-lpthread"... yes
[INFO] [stderr]   checking for joinable pthread attribute... PTHREAD_CREATE_JOINABLE
[INFO] [stderr]   checking whether more special flags are required for pthreads... no
[INFO] [stderr]   checking for PTHREAD_PRIO_INHERIT... yes
[INFO] [stderr]   checking the location of hash_map... <unordered_map>
[INFO] [stderr]   checking whether -llog is needed... no
[INFO] [stderr]   checking that generated files are newer than configure... done
[INFO] [stderr]   configure: creating ./config.status
[INFO] [stderr]   config.status: creating Makefile
[INFO] [stderr]   config.status: creating src/Makefile
[INFO] [stderr]   config.status: creating benchmarks/Makefile
[INFO] [stderr]   config.status: creating conformance/Makefile
[INFO] [stderr]   config.status: creating protobuf.pc
[INFO] [stderr]   config.status: creating protobuf-lite.pc
[INFO] [stderr]   config.status: creating config.h
[INFO] [stderr]   config.status: executing depfiles commands
[INFO] [stderr]   config.status: executing libtool commands
[INFO] [stderr]   === configuring in third_party/googletest (/opt/rustwide/target/release/build/protobuf-src-d21243d3bbdb38ed/out/install/build/third_party/googletest)
[INFO] [stderr]   configure: running /bin/bash /opt/rustwide/cargo-home/registry/src/index.crates.io-1949cf8c6b5b557f/protobuf-src-1.1.0+21.5/protobuf/third_party/googletest/configure --disable-option-checking '--prefix=/opt/rustwide/target/release/build/protobuf-src-d21243d3bbdb38ed/out/install'  '--disable-shared' '--enable-static' '--disable-maintainer-mode' 'CC=cc' 'CFLAGS=-O0 -ffunction-sections -fdata-sections -fPIC -m64' 'CXX=c++' 'CXXFLAGS=-O0 -ffunction-sections -fdata-sections -fPIC -m64' --cache-file=/dev/null --srcdir=/opt/rustwide/cargo-home/registry/src/index.crates.io-1949cf8c6b5b557f/protobuf-src-1.1.0+21.5/protobuf/third_party/googletest
[INFO] [stderr]   checking for a BSD-compatible install... /usr/bin/install -c
[INFO] [stderr]   checking whether build environment is sane... yes
[INFO] [stderr]   checking for a race-free mkdir -p... /usr/bin/mkdir -p
[INFO] [stderr]   checking for gawk... no
[INFO] [stderr]   checking for mawk... mawk
[INFO] [stderr]   checking whether make sets $(MAKE)... yes
[INFO] [stderr]   checking whether make supports nested variables... yes
[INFO] [stderr]   checking that generated files are newer than configure... done
[INFO] [stderr]   configure: creating ./config.status
[INFO] [stderr]   config.status: creating Makefile
[INFO] [stderr]   === configuring in googletest (/opt/rustwide/target/release/build/protobuf-src-d21243d3bbdb38ed/out/install/build/third_party/googletest/googletest)
[INFO] [stderr]   configure: running /bin/bash /opt/rustwide/cargo-home/registry/src/index.crates.io-1949cf8c6b5b557f/protobuf-src-1.1.0+21.5/protobuf/third_party/googletest/googletest/configure --disable-option-checking '--prefix=/opt/rustwide/target/release/build/protobuf-src-d21243d3bbdb38ed/out/install'  '--disable-shared' '--enable-static' '--disable-maintainer-mode' 'CC=cc' 'CFLAGS=-O0 -ffunction-sections -fdata-sections -fPIC -m64' 'CXX=c++' 'CXXFLAGS=-O0 -ffunction-sections -fdata-sections -fPIC -m64' --cache-file=/dev/null --srcdir=/opt/rustwide/cargo-home/registry/src/index.crates.io-1949cf8c6b5b557f/protobuf-src-1.1.0+21.5/protobuf/third_party/googletest/googletest
[INFO] [stderr]   checking for a BSD-compatible install... /usr/bin/install -c
[INFO] [stderr]   checking whether build environment is sane... yes
[INFO] [stderr]   checking for a race-free mkdir -p... /usr/bin/mkdir -p
[INFO] [stderr]   checking for gawk... no
[INFO] [stderr]   checking for mawk... mawk
[INFO] [stderr]   checking whether make sets $(MAKE)... yes
[INFO] [stderr]   checking whether make supports nested variables... yes
[INFO] [stderr]   checking for gcc... cc
[INFO] [stderr]   checking whether the C compiler works... yes
[INFO] [stderr]   checking for C compiler default output file name... a.out
[INFO] [stderr]   checking for suffix of executables... 
[INFO] [stderr]   checking whether we are cross compiling... no
[INFO] [stderr]   checking for suffix of object files... o
[INFO] [stderr]   checking whether the compiler supports GNU C... yes
[INFO] [stderr]   checking whether cc accepts -g... yes
[INFO] [stderr]   checking for cc option to enable C11 features... none needed
[INFO] [stderr]   checking whether cc understands -c and -o together... yes
[INFO] [stderr]   checking whether make supports the include directive... yes (GNU style)
[INFO] [stderr]   checking dependency style of cc... gcc3
[INFO] [stderr]   checking whether the compiler supports GNU C++... yes
[INFO] [stderr]   checking whether c++ accepts -g... yes
[INFO] [stderr]   checking for c++ option to enable C++11 features... none needed
[INFO] [stderr]   checking dependency style of c++... gcc3
[INFO] [stderr]   checking build system type... x86_64-pc-linux-gnu
[INFO] [stderr]   checking host system type... x86_64-pc-linux-gnu
[INFO] [stderr]   checking how to print strings... printf
[INFO] [stderr]   checking for a sed that does not truncate output... /usr/bin/sed
[INFO] [stderr]   checking for grep that handles long lines and -e... /usr/bin/grep
[INFO] [stderr]   checking for egrep... /usr/bin/grep -E
[INFO] [stderr]   checking for fgrep... /usr/bin/grep -F
[INFO] [stderr]   checking for ld used by cc... /usr/bin/x86_64-linux-gnu-ld
[INFO] [stderr]   checking if the linker (/usr/bin/x86_64-linux-gnu-ld) is GNU ld... yes
[INFO] [stderr]   checking for BSD- or MS-compatible name lister (nm)... /usr/bin/nm -B
[INFO] [stderr]   checking the name lister (/usr/bin/nm -B) interface... BSD nm
[INFO] [stderr]   checking whether ln -s works... yes
[INFO] [stderr]   checking the maximum length of command line arguments... 1572864
[INFO] [stderr]   checking how to convert x86_64-pc-linux-gnu file names to x86_64-pc-linux-gnu format... func_convert_file_noop
[INFO] [stderr]   checking how to convert x86_64-pc-linux-gnu file names to toolchain format... func_convert_file_noop
[INFO] [stderr]   checking for /usr/bin/x86_64-linux-gnu-ld option to reload object files... -r
[INFO] [stderr]   checking for file... file
[INFO] [stderr]   checking for objdump... objdump
[INFO] [stderr]   checking how to recognize dependent libraries... pass_all
[INFO] [stderr]   checking for dlltool... no
[INFO] [stderr]   checking how to associate runtime and link libraries... printf %s\n
[INFO] [stderr]   checking for ar... ar
[INFO] [stderr]   checking for archiver @FILE support... @
[INFO] [stderr]   checking for strip... strip
[INFO] [stderr]   checking for ranlib... ranlib
[INFO] [stderr]   checking command to parse /usr/bin/nm -B output from cc object... ok
[INFO] [stderr]   checking for sysroot... no
[INFO] [stderr]   checking for a working dd... /usr/bin/dd
[INFO] [stderr]   checking how to truncate binary pipes... /usr/bin/dd bs=4096 count=1
[INFO] [stderr]   checking for mt... no
[INFO] [stderr]   checking if : is a manifest tool... no
[INFO] [stderr]   checking for stdio.h... yes
[INFO] [stderr]   checking for stdlib.h... yes
[INFO] [stderr]   checking for string.h... yes
[INFO] [stderr]   checking for inttypes.h... yes
[INFO] [stderr]   checking for stdint.h... yes
[INFO] [stderr]   checking for strings.h... yes
[INFO] [stderr]   checking for sys/stat.h... yes
[INFO] [stderr]   checking for sys/types.h... yes
[INFO] [stderr]   checking for unistd.h... yes
[INFO] [stderr]   checking for dlfcn.h... yes
[INFO] [stderr]   checking for objdir... .libs
[INFO] [stderr]   checking if cc supports -fno-rtti -fno-exceptions... no
[INFO] [stderr]   checking for cc option to produce PIC... -fPIC -DPIC
[INFO] [stderr]   checking if cc PIC flag -fPIC -DPIC works... yes
[INFO] [stderr]   checking if cc static flag -static works... yes
[INFO] [stderr]   checking if cc supports -c -o file.o... yes
[INFO] [stderr]   checking if cc supports -c -o file.o... (cached) yes
[INFO] [stderr]   checking whether the cc linker (/usr/bin/x86_64-linux-gnu-ld -m elf_x86_64) supports shared libraries... yes
[INFO] [stderr]   checking dynamic linker characteristics... GNU/Linux ld.so
[INFO] [stderr]   checking how to hardcode library paths into programs... immediate
[INFO] [stderr]   checking whether stripping libraries is possible... yes
[INFO] [stderr]   checking if libtool supports shared libraries... yes
[INFO] [stderr]   checking whether to build shared libraries... no
[INFO] [stderr]   checking whether to build static libraries... yes
[INFO] [stderr]   checking how to run the C++ preprocessor... c++ -E
[INFO] [stderr]   checking for ld used by c++... /usr/bin/x86_64-linux-gnu-ld -m elf_x86_64
[INFO] [stderr]   checking if the linker (/usr/bin/x86_64-linux-gnu-ld -m elf_x86_64) is GNU ld... yes
[INFO] [stderr]   checking whether the c++ linker (/usr/bin/x86_64-linux-gnu-ld -m elf_x86_64) supports shared libraries... yes
[INFO] [stderr]   checking for c++ option to produce PIC... -fPIC -DPIC
[INFO] [stderr]   checking if c++ PIC flag -fPIC -DPIC works... yes
[INFO] [stderr]   checking if c++ static flag -static works... yes
[INFO] [stderr]   checking if c++ supports -c -o file.o... yes
[INFO] [stderr]   checking if c++ supports -c -o file.o... (cached) yes
[INFO] [stderr]   checking whether the c++ linker (/usr/bin/x86_64-linux-gnu-ld -m elf_x86_64) supports shared libraries... yes
[INFO] [stderr]   checking dynamic linker characteristics... (cached) GNU/Linux ld.so
[INFO] [stderr]   checking how to hardcode library paths into programs... immediate
[INFO] [stderr]   checking for python... :
[INFO] [stderr]   checking for the pthreads library -lpthreads... no
[INFO] [stderr]   checking whether pthreads work without any flags... yes
[INFO] [stderr]   checking for joinable pthread attribute... PTHREAD_CREATE_JOINABLE
[INFO] [stderr]   checking if more special flags are required for pthreads... no
[INFO] [stderr]   checking whether to check for GCC pthread/shared inconsistencies... yes
[INFO] [stderr]   checking whether -pthread is sufficient with -shared... yes
[INFO] [stderr]   checking that generated files are newer than configure... done
[INFO] [stderr]   configure: creating ./config.status
[INFO] [stderr]   config.status: creating Makefile
[INFO] [stderr]   config.status: creating scripts/gtest-config
[INFO] [stderr]   config.status: creating build-aux/config.h
[INFO] [stderr]   config.status: executing depfiles commands
[INFO] [stderr]   config.status: executing libtool commands
[INFO] [stderr]   === configuring in googlemock (/opt/rustwide/target/release/build/protobuf-src-d21243d3bbdb38ed/out/install/build/third_party/googletest/googlemock)
[INFO] [stderr]   configure: running /bin/bash /opt/rustwide/cargo-home/registry/src/index.crates.io-1949cf8c6b5b557f/protobuf-src-1.1.0+21.5/protobuf/third_party/googletest/googlemock/configure --disable-option-checking '--prefix=/opt/rustwide/target/release/build/protobuf-src-d21243d3bbdb38ed/out/install'  '--disable-shared' '--enable-static' '--disable-maintainer-mode' 'CC=cc' 'CFLAGS=-O0 -ffunction-sections -fdata-sections -fPIC -m64' 'CXX=c++' 'CXXFLAGS=-O0 -ffunction-sections -fdata-sections -fPIC -m64' --cache-file=/dev/null --srcdir=/opt/rustwide/cargo-home/registry/src/index.crates.io-1949cf8c6b5b557f/protobuf-src-1.1.0+21.5/protobuf/third_party/googletest/googlemock
[INFO] [stderr]   checking for a BSD-compatible install... /usr/bin/install -c
[INFO] [stderr]   checking whether build environment is sane... yes
[INFO] [stderr]   checking for a race-free mkdir -p... /usr/bin/mkdir -p
[INFO] [stderr]   checking for gawk... no
[INFO] [stderr]   checking for mawk... mawk
[INFO] [stderr]   checking whether make sets $(MAKE)... yes
[INFO] [stderr]   checking whether make supports nested variables... yes
[INFO] [stderr]   checking for gcc... cc
[INFO] [stderr]   checking whether the C compiler works... yes
[INFO] [stderr]   checking for C compiler default output file name... a.out
[INFO] [stderr]   checking for suffix of executables... 
[INFO] [stderr]   checking whether we are cross compiling... no
[INFO] [stderr]   checking for suffix of object files... o
[INFO] [stderr]   checking whether the compiler supports GNU C... yes
[INFO] [stderr]   checking whether cc accepts -g... yes
[INFO] [stderr]   checking for cc option to enable C11 features... none needed
[INFO] [stderr]   checking whether cc understands -c and -o together... yes
[INFO] [stderr]   checking whether make supports the include directive... yes (GNU style)
[INFO] [stderr]   checking dependency style of cc... gcc3
[INFO] [stderr]   checking whether the compiler supports GNU C++... yes
[INFO] [stderr]   checking whether c++ accepts -g... yes
[INFO] [stderr]   checking for c++ option to enable C++11 features... none needed
[INFO] [stderr]   checking dependency style of c++... gcc3
[INFO] [stderr]   checking build system type... x86_64-pc-linux-gnu
[INFO] [stderr]   checking host system type... x86_64-pc-linux-gnu
[INFO] [stderr]   checking how to print strings... printf
[INFO] [stderr]   checking for a sed that does not truncate output... /usr/bin/sed
[INFO] [stderr]   checking for grep that handles long lines and -e... /usr/bin/grep
[INFO] [stderr]   checking for egrep... /usr/bin/grep -E
[INFO] [stderr]   checking for fgrep... /usr/bin/grep -F
[INFO] [stderr]   checking for ld used by cc... /usr/bin/x86_64-linux-gnu-ld
[INFO] [stderr]   checking if the linker (/usr/bin/x86_64-linux-gnu-ld) is GNU ld... yes
[INFO] [stderr]   checking for BSD- or MS-compatible name lister (nm)... /usr/bin/nm -B
[INFO] [stderr]   checking the name lister (/usr/bin/nm -B) interface... BSD nm
[INFO] [stderr]   checking whether ln -s works... yes
[INFO] [stderr]   checking the maximum length of command line arguments... 1572864
[INFO] [stderr]   checking how to convert x86_64-pc-linux-gnu file names to x86_64-pc-linux-gnu format... func_convert_file_noop
[INFO] [stderr]   checking how to convert x86_64-pc-linux-gnu file names to toolchain format... func_convert_file_noop
[INFO] [stderr]   checking for /usr/bin/x86_64-linux-gnu-ld option to reload object files... -r
[INFO] [stderr]   checking for file... file
[INFO] [stderr]   checking for objdump... objdump
[INFO] [stderr]   checking how to recognize dependent libraries... pass_all
[INFO] [stderr]   checking for dlltool... no
[INFO] [stderr]   checking how to associate runtime and link libraries... printf %s\n
[INFO] [stderr]   checking for ar... ar
[INFO] [stderr]   checking for archiver @FILE support... @
[INFO] [stderr]   checking for strip... strip
[INFO] [stderr]   checking for ranlib... ranlib
[INFO] [stderr]   checking command to parse /usr/bin/nm -B output from cc object... ok
[INFO] [stderr]   checking for sysroot... no
[INFO] [stderr]   checking for a working dd... /usr/bin/dd
[INFO] [stderr]   checking how to truncate binary pipes... /usr/bin/dd bs=4096 count=1
[INFO] [stderr]   checking for mt... no
[INFO] [stderr]   checking if : is a manifest tool... no
[INFO] [stderr]   checking for stdio.h... yes
[INFO] [stderr]   checking for stdlib.h... yes
[INFO] [stderr]   checking for string.h... yes
[INFO] [stderr]   checking for inttypes.h... yes
[INFO] [stderr]   checking for stdint.h... yes
[INFO] [stderr]   checking for strings.h... yes
[INFO] [stderr]   checking for sys/stat.h... yes
[INFO] [stderr]   checking for sys/types.h... yes
[INFO] [stderr]   checking for unistd.h... yes
[INFO] [stderr]   checking for dlfcn.h... yes
[INFO] [stderr]   checking for objdir... .libs
[INFO] [stderr]   checking if cc supports -fno-rtti -fno-exceptions... no
[INFO] [stderr]   checking for cc option to produce PIC... -fPIC -DPIC
[INFO] [stderr]   checking if cc PIC flag -fPIC -DPIC works... yes
[INFO] [stderr]   checking if cc static flag -static works... yes
[INFO] [stderr]   checking if cc supports -c -o file.o... yes
[INFO] [stderr]   checking if cc supports -c -o file.o... (cached) yes
[INFO] [stderr]   checking whether the cc linker (/usr/bin/x86_64-linux-gnu-ld -m elf_x86_64) supports shared libraries... yes
[INFO] [stderr]   checking dynamic linker characteristics... GNU/Linux ld.so
[INFO] [stderr]   checking how to hardcode library paths into programs... immediate
[INFO] [stderr]   checking whether stripping libraries is possible... yes
[INFO] [stderr]   checking if libtool supports shared libraries... yes
[INFO] [stderr]   checking whether to build shared libraries... no
[INFO] [stderr]   checking whether to build static libraries... yes
[INFO] [stderr]   checking how to run the C++ preprocessor... c++ -E
[INFO] [stderr]   checking for ld used by c++... /usr/bin/x86_64-linux-gnu-ld -m elf_x86_64
[INFO] [stderr]   checking if the linker (/usr/bin/x86_64-linux-gnu-ld -m elf_x86_64) is GNU ld... yes
[INFO] [stderr]   checking whether the c++ linker (/usr/bin/x86_64-linux-gnu-ld -m elf_x86_64) supports shared libraries... yes
[INFO] [stderr]   checking for c++ option to produce PIC... -fPIC -DPIC
[INFO] [stderr]   checking if c++ PIC flag -fPIC -DPIC works... yes
[INFO] [stderr]   checking if c++ static flag -static works... yes
[INFO] [stderr]   checking if c++ supports -c -o file.o... yes
[INFO] [stderr]   checking if c++ supports -c -o file.o... (cached) yes
[INFO] [stderr]   checking whether the c++ linker (/usr/bin/x86_64-linux-gnu-ld -m elf_x86_64) supports shared libraries... yes
[INFO] [stderr]   checking dynamic linker characteristics... (cached) GNU/Linux ld.so
[INFO] [stderr]   checking how to hardcode library paths into programs... immediate
[INFO] [stderr]   checking for python... :
[INFO] [stderr]   checking for the pthreads library -lpthreads... no
[INFO] [stderr]   checking whether pthreads work without any flags... yes
[INFO] [stderr]   checking for joinable pthread attribute... PTHREAD_CREATE_JOINABLE
[INFO] [stderr]   checking if more special flags are required for pthreads... no
[INFO] [stderr]   checking whether to check for GCC pthread/shared inconsistencies... yes
[INFO] [stderr]   checking whether -pthread is sufficient with -shared... yes
[INFO] [stderr]   checking for gtest-config... no
[INFO] [stderr]   checking that generated files are newer than configure... done
[INFO] [stderr]   configure: creating ./config.status
[INFO] [stderr]   config.status: creating Makefile
[INFO] [stderr]   config.status: creating scripts/gmock-config
[INFO] [stderr]   config.status: creating build-aux/config.h
[INFO] [stderr]   config.status: executing depfiles commands
[INFO] [stderr]   config.status: executing libtool commands
[INFO] [stderr]   running: cd "/opt/rustwide/target/release/build/protobuf-src-d21243d3bbdb38ed/out/install/build" && MAKEFLAGS="-j --jobserver-fds=4,5 --jobserver-auth=4,5" "sh" "-c" "exec \"$0\" \"$@\"" "make" "install" "-j8"
[INFO] [stderr]   Making install in .
[INFO] [stderr]   make[1]: Entering directory '/opt/rustwide/target/release/build/protobuf-src-d21243d3bbdb38ed/out/install/build'
[INFO] [stderr]   make[2]: Entering directory '/opt/rustwide/target/release/build/protobuf-src-d21243d3bbdb38ed/out/install/build'
[INFO] [stderr]   make[2]: Nothing to be done for 'install-exec-am'.
[INFO] [stderr]    /usr/bin/mkdir -p '/opt/rustwide/target/release/build/protobuf-src-d21243d3bbdb38ed/out/install/lib/pkgconfig'
[INFO] [stderr]    /usr/bin/install -c -m 644 protobuf.pc protobuf-lite.pc '/opt/rustwide/target/release/build/protobuf-src-d21243d3bbdb38ed/out/install/lib/pkgconfig'
[INFO] [stderr]   make[2]: Leaving directory '/opt/rustwide/target/release/build/protobuf-src-d21243d3bbdb38ed/out/install/build'
[INFO] [stderr]   make[1]: Leaving directory '/opt/rustwide/target/release/build/protobuf-src-d21243d3bbdb38ed/out/install/build'
[INFO] [stderr]   Making install in src
[INFO] [stderr]   make[1]: Entering directory '/opt/rustwide/target/release/build/protobuf-src-d21243d3bbdb38ed/out/install/build/src'
[INFO] [stderr]     CXX      google/protobuf/compiler/importer.lo
[INFO] [stderr]     CXX      google/protobuf/descriptor.lo
[INFO] [stderr]     CXX      google/protobuf/descriptor.pb.lo
[INFO] [stderr]     CXX      google/protobuf/compiler/parser.lo
[INFO] [stderr]     CXX      google/protobuf/descriptor_database.lo
[INFO] [stderr]     CXX      google/protobuf/duration.pb.lo
[INFO] [stderr]     CXX      google/protobuf/dynamic_message.lo
[INFO] [stderr]     CXX      google/protobuf/empty.pb.lo
[INFO] [stderr]     CXX      google/protobuf/extension_set_heavy.lo
[INFO] [stderr]     CXX      google/protobuf/field_mask.pb.lo
[INFO] [stderr]     CXX      google/protobuf/generated_message_bases.lo
[INFO] [stderr]     CXX      google/protobuf/generated_message_reflection.lo
[INFO] [stderr]     CXX      google/protobuf/generated_message_tctable_full.lo
[INFO] [stderr]     CXX      google/protobuf/io/gzip_stream.lo
[INFO] [stderr]     CXX      google/protobuf/io/printer.lo
[INFO] [stderr]     CXX      google/protobuf/io/tokenizer.lo
[INFO] [stderr]     CXX      google/protobuf/map_field.lo
[INFO] [stderr]     CXX      google/protobuf/message.lo
[INFO] [stderr]     CXX      google/protobuf/reflection_ops.lo
[INFO] [stderr]     CXX      google/protobuf/service.lo
[INFO] [stderr]     CXX      google/protobuf/source_context.pb.lo
[INFO] [stderr]     CXX      google/protobuf/struct.pb.lo
[INFO] [stderr]     CXX      google/protobuf/stubs/substitute.lo
[INFO] [stderr]     CXX      google/protobuf/text_format.lo
[INFO] [stderr]     CXX      google/protobuf/timestamp.pb.lo
[INFO] [stderr]     CXX      google/protobuf/type.pb.lo
[INFO] [stderr]     CXX      google/protobuf/unknown_field_set.lo
[INFO] [stderr]     CXX      google/protobuf/util/json_util.lo
[INFO] [stderr]     CXX      google/protobuf/util/message_differencer.lo
[INFO] [stderr]     CXX      google/protobuf/util/time_util.lo
[INFO] [stderr]     CXX      google/protobuf/util/type_resolver_util.lo
[INFO] [stderr]     CXX      google/protobuf/wire_format.lo
[INFO] [stderr]     CXX      google/protobuf/wrappers.pb.lo
[INFO] [stderr]     CXX      google/protobuf/compiler/code_generator.lo
[INFO] [stderr]     CXX      google/protobuf/compiler/command_line_interface.lo
[INFO] [stderr]     CXX      google/protobuf/compiler/plugin.lo
[INFO] [stderr]     CXX      google/protobuf/compiler/plugin.pb.lo
[INFO] [stderr]     CXX      google/protobuf/compiler/subprocess.lo
[INFO] [stderr]     CXX      google/protobuf/compiler/zip_writer.lo
[INFO] [stderr]     CXX      google/protobuf/compiler/main.o
[INFO] [stderr]     CXX      google/protobuf/any_lite.lo
[INFO] [stderr]     CXX      google/protobuf/arena.lo
[INFO] [stderr]     CXX      google/protobuf/arenastring.lo
[INFO] [stderr]     CXX      google/protobuf/arenaz_sampler.lo
[INFO] [stderr]     CXX      google/protobuf/extension_set.lo
[INFO] [stderr]     CXX      google/protobuf/generated_enum_util.lo
[INFO] [stderr]     CXX      google/protobuf/generated_message_tctable_lite.lo
[INFO] [stderr]     CXX      google/protobuf/generated_message_util.lo
[INFO] [stderr]     CXX      google/protobuf/implicit_weak_message.lo
[INFO] [stderr]     CXX      google/protobuf/inlined_string_field.lo
[INFO] [stderr]     CXX      google/protobuf/io/coded_stream.lo
[INFO] [stderr]     CXX      google/protobuf/io/io_win32.lo
[INFO] [stderr]     CXX      google/protobuf/io/strtod.lo
[INFO] [stderr]     CXX      google/protobuf/io/zero_copy_stream.lo
[INFO] [stderr]     CXX      google/protobuf/io/zero_copy_stream_impl.lo
[INFO] [stderr]     CXX      google/protobuf/io/zero_copy_stream_impl_lite.lo
[INFO] [stderr]     CXX      google/protobuf/map.lo
[INFO] [stderr]     CXX      google/protobuf/message_lite.lo
[INFO] [stderr]     CXX      google/protobuf/parse_context.lo
[INFO] [stderr]     CXX      google/protobuf/repeated_field.lo
[INFO] [stderr]     CXX      google/protobuf/repeated_ptr_field.lo
[INFO] [stderr]     CXX      google/protobuf/stubs/bytestream.lo
[INFO] [stderr]     CXX      google/protobuf/stubs/common.lo
[INFO] [stderr]     CXX      google/protobuf/stubs/int128.lo
[INFO] [stderr]     CXX      google/protobuf/stubs/status.lo
[INFO] [stderr]     CXX      google/protobuf/stubs/statusor.lo
[INFO] [stderr]     CXX      google/protobuf/stubs/stringpiece.lo
[INFO] [stderr]     CXX      google/protobuf/stubs/stringprintf.lo
[INFO] [stderr]     CXX      google/protobuf/stubs/structurally_valid.lo
[INFO] [stderr]     CXX      google/protobuf/stubs/strutil.lo
[INFO] [stderr]     CXX      google/protobuf/stubs/time.lo
[INFO] [stderr]     CXX      google/protobuf/wire_format_lite.lo
[INFO] [stderr]     CXX      google/protobuf/any.lo
[INFO] [stderr]     CXX      google/protobuf/any.pb.lo
[INFO] [stderr]     CXX      google/protobuf/api.pb.lo
[INFO] [stderr]     CXX      google/protobuf/util/delimited_message_util.lo
[INFO] [stderr]     CXX      google/protobuf/util/field_comparator.lo
[INFO] [stderr]     CXX      google/protobuf/util/field_mask_util.lo
[INFO] [stderr]     CXX      google/protobuf/util/internal/datapiece.lo
[INFO] [stderr]     CXX      google/protobuf/util/internal/default_value_objectwriter.lo
[INFO] [stderr]     CXX      google/protobuf/util/internal/error_listener.lo
[INFO] [stderr]     CXX      google/protobuf/util/internal/field_mask_utility.lo
[INFO] [stderr]     CXX      google/protobuf/util/internal/json_escaping.lo
[INFO] [stderr]     CXX      google/protobuf/util/internal/json_objectwriter.lo
[INFO] [stderr]     CXX      google/protobuf/util/internal/json_stream_parser.lo
[INFO] [stderr]     CXX      google/protobuf/util/internal/object_writer.lo
[INFO] [stderr]     CXX      google/protobuf/util/internal/proto_writer.lo
[INFO] [stderr]     CXX      google/protobuf/util/internal/protostream_objectsource.lo
[INFO] [stderr]     CXX      google/protobuf/util/internal/protostream_objectwriter.lo
[INFO] [stderr]     CXX      google/protobuf/util/internal/type_info.lo
[INFO] [stderr]     CXX      google/protobuf/util/internal/utility.lo
[INFO] [stderr]     CXX      google/protobuf/compiler/cpp/enum.lo
[INFO] [stderr]     CXX      google/protobuf/compiler/cpp/enum_field.lo
[INFO] [stderr]     CXX      google/protobuf/compiler/cpp/extension.lo
[INFO] [stderr]     CXX      google/protobuf/compiler/cpp/field.lo
[INFO] [stderr]     CXX      google/protobuf/compiler/cpp/file.lo
[INFO] [stderr]     CXX      google/protobuf/compiler/cpp/generator.lo
[INFO] [stderr]     CXX      google/protobuf/compiler/cpp/helpers.lo
[INFO] [stderr]     CXX      google/protobuf/compiler/cpp/map_field.lo
[INFO] [stderr]     CXX      google/protobuf/compiler/cpp/message.lo
[INFO] [stderr]     CXX      google/protobuf/compiler/cpp/message_field.lo
[INFO] [stderr]     CXX      google/protobuf/compiler/cpp/padding_optimizer.lo
[INFO] [stderr]     CXX      google/protobuf/compiler/cpp/parse_function_generator.lo
[INFO] [stderr]     CXX      google/protobuf/compiler/cpp/primitive_field.lo
[INFO] [stderr]   make[1]: Leaving directory '/opt/rustwide/target/release/build/protobuf-src-d21243d3bbdb38ed/out/install/build/src'
[INFO] [stderr] 
[INFO] [stderr]   --- stderr
[INFO] [stderr]   make: warning: -j8 forced in submake: resetting jobserver mode.
[INFO] [stderr]   In file included from /opt/rustwide/cargo-home/registry/src/index.crates.io-1949cf8c6b5b557f/protobuf-src-1.1.0+21.5/protobuf/src/google/protobuf/generated_message_tctable_lite.cc:36:
[INFO] [stderr]   /opt/rustwide/cargo-home/registry/src/index.crates.io-1949cf8c6b5b557f/protobuf-src-1.1.0+21.5/protobuf/src/google/protobuf/generated_message_tctable_impl.h: In function 'void google::protobuf::internal::AlignFail(uintptr_t) [with long unsigned int align = 4]':
[INFO] [stderr]   /opt/rustwide/cargo-home/registry/src/index.crates.io-1949cf8c6b5b557f/protobuf-src-1.1.0+21.5/protobuf/src/google/protobuf/generated_message_tctable_impl.h:256:1: warning: 'noreturn' function does return
[INFO] [stderr]     256 | }
[INFO] [stderr]         | ^
[INFO] [stderr]   /opt/rustwide/cargo-home/registry/src/index.crates.io-1949cf8c6b5b557f/protobuf-src-1.1.0+21.5/protobuf/src/google/protobuf/generated_message_tctable_impl.h: In function 'void google::protobuf::internal::AlignFail(uintptr_t) [with long unsigned int align = 8]':
[INFO] [stderr]   /opt/rustwide/cargo-home/registry/src/index.crates.io-1949cf8c6b5b557f/protobuf-src-1.1.0+21.5/protobuf/src/google/protobuf/generated_message_tctable_impl.h:256:1: warning: 'noreturn' function does return
[INFO] [stderr]   c++: fatal error: Killed signal terminated program cc1plus
[INFO] [stderr]   compilation terminated.
[INFO] [stderr]   make[1]: *** [Makefile:4514: google/protobuf/compiler/cpp/file.lo] Error 1
[INFO] [stderr]   make[1]: *** Waiting for unfinished jobs....
[INFO] [stderr]   make: *** [Makefile:1757: install-recursive] Error 1
[INFO] [stderr] 
[INFO] [stderr]   thread 'main' (727) panicked at /opt/rustwide/cargo-home/registry/src/index.crates.io-1949cf8c6b5b557f/autotools-0.2.7/src/lib.rs:790:5:
[INFO] [stderr] 
[INFO] [stderr]   command did not execute successfully, got: exit status: 2
[INFO] [stderr] 
[INFO] [stderr]   build script failed, must exit now
[INFO] [stderr]   stack backtrace:
[INFO] [stderr]      0:     0x645d210c0d01 - <<std[70759c8f55707aa4]::sys::backtrace::BacktraceLock>::print::DisplayBacktrace as core[df12db4294e9bfd3]::fmt::Display>::fmt
[INFO] [stderr]      1:     0x645d210d46aa - core[df12db4294e9bfd3]::fmt::write
[INFO] [stderr]      2:     0x645d210c681c - <std[70759c8f55707aa4]::sys::stdio::unix::Stderr as core[df12db4294e9bfd3]::io::write::Write>::write_fmt
[INFO] [stderr]      3:     0x645d210a0656 - std[70759c8f55707aa4]::panicking::default_hook::{closure#0}
[INFO] [stderr]      4:     0x645d210bb921 - std[70759c8f55707aa4]::panicking::default_hook
[INFO] [stderr]      5:     0x645d210bbadb - std[70759c8f55707aa4]::panicking::panic_with_hook
[INFO] [stderr]      6:     0x645d210a0702 - std[70759c8f55707aa4]::panicking::panic_handler::{closure#0}
[INFO] [stderr]      7:     0x645d21099339 - std[70759c8f55707aa4]::sys::backtrace::__rust_end_short_backtrace::<std[70759c8f55707aa4]::panicking::panic_handler::{closure#0}, !>
[INFO] [stderr]      8:     0x645d210a100d - __rustc[8fa7c3cbc660c2b3]::rust_begin_unwind
[INFO] [stderr]      9:     0x645d210d4e1c - core[df12db4294e9bfd3]::panicking::panic_fmt
[INFO] [stderr]     10:     0x645d21032e57 - autotools[1a557a48d1159d4e]::fail
[INFO] [stderr]     11:     0x645d21036628 - <autotools[1a557a48d1159d4e]::Config>::build
[INFO] [stderr]     12:     0x645d2102fef9 - build_script_build[2230b15cfa64f084]::main
[INFO] [stderr]     13:     0x645d21031193 - <fn() -> core[df12db4294e9bfd3]::result::Result<(), alloc[2182bb758b4b3781]::boxed::Box<dyn core[df12db4294e9bfd3]::error::Error>> as core[df12db4294e9bfd3]::ops::function::FnOnce<()>>::call_once
[INFO] [stderr]     14:     0x645d2102fb76 - std[70759c8f55707aa4]::sys::backtrace::__rust_begin_short_backtrace::<fn() -> core[df12db4294e9bfd3]::result::Result<(), alloc[2182bb758b4b3781]::boxed::Box<dyn core[df12db4294e9bfd3]::error::Error>>, core[df12db4294e9bfd3]::result::Result<(), alloc[2182bb758b4b3781]::boxed::Box<dyn core[df12db4294e9bfd3]::error::Error>>>
[INFO] [stderr]     15:     0x645d2102fbc9 - std[70759c8f55707aa4]::rt::lang_start::<core[df12db4294e9bfd3]::result::Result<(), alloc[2182bb758b4b3781]::boxed::Box<dyn core[df12db4294e9bfd3]::error::Error>>>::{closure#0}
[INFO] [stderr]     16:     0x645d210babe9 - std[70759c8f55707aa4]::rt::lang_start_internal
[INFO] [stderr]     17:     0x645d2102f691 - std[70759c8f55707aa4]::rt::lang_start::<core[df12db4294e9bfd3]::result::Result<(), alloc[2182bb758b4b3781]::boxed::Box<dyn core[df12db4294e9bfd3]::error::Error>>>
[INFO] [stderr]     18:     0x645d21031255 - main
[INFO] [stderr]     19:     0x746265fea601 - <unknown>
[INFO] [stderr]     20:     0x746265fea718 - __libc_start_main
[INFO] [stderr]     21:     0x645d2102e105 - _start
[INFO] [stderr]     22:                0x0 - <unknown>
[INFO] running `Command { std: "docker" "inspect" "68a222b4136046b844d5dc4b0cc1b334242de0250624a17ab552ca08432670f0", kill_on_drop: false }`
[INFO] running `Command { std: "docker" "rm" "-f" "68a222b4136046b844d5dc4b0cc1b334242de0250624a17ab552ca08432670f0", kill_on_drop: false }`
[INFO] [stdout] 68a222b4136046b844d5dc4b0cc1b334242de0250624a17ab552ca08432670f0
