[INFO] fetching crate jira_v3_openapi 1.6.1...
[INFO] testing jira_v3_openapi-1.6.1 against 1.100.0-beta.1+cargoflags=--release for beta-release-1.100-2
[INFO] extracting crate jira_v3_openapi 1.6.1 into /workspace/builds/worker-0-tc2/source
[INFO] started tweaking crates.io crate jira_v3_openapi 1.6.1
[INFO] removed 0 missing tests
[INFO] finished tweaking crates.io crate jira_v3_openapi 1.6.1
[INFO] tweaked toml for crates.io crate jira_v3_openapi 1.6.1 written to /workspace/builds/worker-0-tc2/source/Cargo.toml
[INFO] validating manifest of crates.io crate jira_v3_openapi 1.6.1 on toolchain 1.100.0-beta.1
[INFO] running `Command { std: CARGO_HOME="/workspace/cargo-home" RUSTUP_HOME="/workspace/rustup-home" "/workspace/cargo-home/bin/cargo" "+1.100.0-beta.1" "metadata" "--manifest-path" "Cargo.toml" "--no-deps", kill_on_drop: false }`
[INFO] crate crates.io crate jira_v3_openapi 1.6.1 already has a lockfile, it will not be regenerated
[INFO] running `Command { std: CARGO_HOME="/workspace/cargo-home" RUSTUP_HOME="/workspace/rustup-home" "/workspace/cargo-home/bin/cargo" "+1.100.0-beta.1" "fetch" "--manifest-path" "Cargo.toml", kill_on_drop: false }`
[INFO] [stderr]     Blocking waiting for file lock on package cache
[INFO] running `Command { std: "docker" "create" "-v" "/var/lib/crater-agent-workspace/builds/worker-0-tc2/source:/opt/rustwide/workdir:ro,Z" "-v" "/var/lib/crater-agent-workspace/builds/worker-0-tc2/target:/opt/rustwide/target:rw,Z" "-v" "/var/lib/crater-agent-workspace/cargo-home:/opt/rustwide/cargo-home:ro,Z" "-v" "/var/lib/crater-agent-workspace/rustup-home:/opt/rustwide/rustup-home:ro,Z" "-m" "1610612736" "--network" "none" "ghcr.io/rust-lang/crates-build-env/linux@sha256:77db811e55d90add9212f6832c23229e3de5f1c1f9905e8cb07319ea15df73ac" "sleep" "infinity", kill_on_drop: false }`
[INFO] [stdout] d455eca864c910c0604ce715ce6059f7ca46799d6e2a0b936d259f6bcdabc85a
[INFO] running `Command { std: "docker" "start" "d455eca864c910c0604ce715ce6059f7ca46799d6e2a0b936d259f6bcdabc85a", kill_on_drop: false }`
[INFO] running `Command { std: "docker" "inspect" "d455eca864c910c0604ce715ce6059f7ca46799d6e2a0b936d259f6bcdabc85a", kill_on_drop: false }`
[INFO] running `Command { std: "docker" "exec" "-e" "SOURCE_DIR=/opt/rustwide/workdir" "-e" "CARGO_HOME=/opt/rustwide/cargo-home" "-e" "RUSTUP_HOME=/opt/rustwide/rustup-home" "-e" "CARGO_TARGET_DIR=/opt/rustwide/target" "-w" "/opt/rustwide/workdir" "--user" "0:0" "d455eca864c910c0604ce715ce6059f7ca46799d6e2a0b936d259f6bcdabc85a" "/opt/rustwide/cargo-home/bin/cargo" "+1.100.0-beta.1" "metadata" "--no-deps" "--format-version=1", kill_on_drop: false }`
[INFO] running `Command { std: "docker" "inspect" "d455eca864c910c0604ce715ce6059f7ca46799d6e2a0b936d259f6bcdabc85a", kill_on_drop: false }`
[INFO] running `Command { std: "docker" "exec" "-e" "SOURCE_DIR=/opt/rustwide/workdir" "-e" "CARGO_HOME=/opt/rustwide/cargo-home" "-e" "RUSTUP_HOME=/opt/rustwide/rustup-home" "-e" "CARGO_TARGET_DIR=/opt/rustwide/target" "-e" "CARGO_INCREMENTAL=0" "-e" "RUST_BACKTRACE=full" "-e" "RUSTFLAGS=--cap-lints=warn" "-e" "RUSTDOCFLAGS=--cap-lints=warn" "-w" "/opt/rustwide/workdir" "--user" "0:0" "d455eca864c910c0604ce715ce6059f7ca46799d6e2a0b936d259f6bcdabc85a" "/opt/rustwide/cargo-home/bin/cargo" "+1.100.0-beta.1" "build" "--frozen" "--message-format=json" "--release", kill_on_drop: false }`
[INFO] [stderr]    Compiling proc-macro2 v1.0.106
[INFO] [stderr]    Compiling quote v1.0.44
[INFO] [stderr]    Compiling unicode-ident v1.0.23
[INFO] [stderr]    Compiling libc v0.2.180
[INFO] [stderr]    Compiling stable_deref_trait v1.2.1
[INFO] [stderr]    Compiling pin-project-lite v0.2.16
[INFO] [stderr]    Compiling bytes v1.11.1
[INFO] [stderr]    Compiling itoa v1.0.17
[INFO] [stderr]    Compiling find-msvc-tools v0.1.9
[INFO] [stderr]    Compiling futures-core v0.3.31
[INFO] [stderr]    Compiling shlex v1.3.0
[INFO] [stderr]    Compiling cfg-if v1.0.4
[INFO] [stderr]    Compiling smallvec v1.15.1
[INFO] [stderr]    Compiling serde_core v1.0.228
[INFO] [stderr]    Compiling litemap v0.8.1
[INFO] [stderr]    Compiling writeable v0.6.2
[INFO] [stderr]    Compiling icu_normalizer_data v2.1.1
[INFO] [stderr]    Compiling icu_properties_data v2.1.2
[INFO] [stderr]    Compiling once_cell v1.21.3
[INFO] [stderr]    Compiling zeroize v1.8.2
[INFO] [stderr]    Compiling pin-utils v0.1.0
[INFO] [stderr]    Compiling cc v1.2.55
[INFO] [stderr]    Compiling untrusted v0.9.0
[INFO] [stderr]    Compiling futures-task v0.3.31
[INFO] [stderr]    Compiling percent-encoding v2.3.2
[INFO] [stderr]    Compiling httparse v1.10.1
[INFO] [stderr]    Compiling strsim v0.11.1
[INFO] [stderr]    Compiling try-lock v0.2.5
[INFO] [stderr]    Compiling fnv v1.0.7
[INFO] [stderr]    Compiling rustls v0.23.36
[INFO] [stderr]    Compiling ident_case v1.0.1
[INFO] [stderr]    Compiling tower-service v0.3.3
[INFO] [stderr]    Compiling want v0.3.1
[INFO] [stderr]    Compiling tracing-core v0.1.36
[INFO] [stderr]    Compiling rustls-pki-types v1.14.0
[INFO] [stderr]    Compiling futures-channel v0.3.31
[INFO] [stderr]    Compiling atomic-waker v1.1.2
[INFO] [stderr]    Compiling serde v1.0.228
[INFO] [stderr]    Compiling zmij v1.0.20
[INFO] [stderr]    Compiling futures-util v0.3.31
[INFO] [stderr]    Compiling base64 v0.22.1
[INFO] [stderr]    Compiling unicase v2.9.0
[INFO] [stderr]    Compiling subtle v2.6.1
[INFO] [stderr]    Compiling form_urlencoded v1.2.2
[INFO] [stderr]    Compiling sync_wrapper v1.0.2
[INFO] [stderr]    Compiling getrandom v0.3.4
[INFO] [stderr]    Compiling http v1.4.0
[INFO] [stderr]    Compiling ipnet v2.11.0
[INFO] [stderr]    Compiling mime_guess v2.0.5
[INFO] [stderr]    Compiling tower-layer v0.3.3
[INFO] [stderr]    Compiling serde_json v1.0.149
[INFO] [stderr]    Compiling utf8_iter v1.0.4
[INFO] [stderr]    Compiling syn v2.0.114
[INFO] [stderr]    Compiling webpki-roots v1.0.6
[INFO] [stderr]    Compiling ryu v1.0.23
[INFO] [stderr]    Compiling iri-string v0.7.10
[INFO] [stderr]    Compiling tracing v0.1.44
[INFO] [stderr]    Compiling bitflags v2.10.0
[INFO] [stderr]    Compiling mime v0.3.17
[INFO] [stderr]    Compiling memchr v2.8.0
[INFO] [stderr]    Compiling log v0.4.29
[INFO] [stderr]    Compiling mio v1.1.1
[INFO] [stderr]    Compiling socket2 v0.6.2
[INFO] [stderr]    Compiling getrandom v0.2.17
[INFO] [stderr]    Compiling http-body v1.0.1
[INFO] [stderr]    Compiling http-body-util v0.1.3
[INFO] [stderr]    Compiling ring v0.17.14
[INFO] [stderr]    Compiling tokio v1.49.0
[INFO] [stderr]    Compiling uuid v1.20.0
[INFO] [stderr]    Compiling synstructure v0.13.2
[INFO] [stderr]    Compiling darling_core v0.21.3
[INFO] [stderr]    Compiling hyper v1.8.1
[INFO] [stderr]    Compiling tower v0.5.3
[INFO] [stderr]    Compiling zerovec-derive v0.11.2
[INFO] [stderr]    Compiling displaydoc v0.2.5
[INFO] [stderr]    Compiling serde_derive v1.0.228
[INFO] [stderr]    Compiling serde_repr v0.1.20
[INFO] [stderr]    Compiling zerofrom-derive v0.1.6
[INFO] [stderr]    Compiling yoke-derive v0.8.1
[INFO] [stderr]    Compiling tower-http v0.6.8
[INFO] [stderr]    Compiling hyper-util v0.1.20
[INFO] [stderr]    Compiling zerofrom v0.1.6
[INFO] [stderr]    Compiling rustls-webpki v0.103.9
[INFO] [stderr]    Compiling yoke v0.8.1
[INFO] [stderr]    Compiling zerovec v0.11.5
[INFO] [stderr]    Compiling zerotrie v0.2.3
[INFO] [stderr]    Compiling darling_macro v0.21.3
[INFO] [stderr]    Compiling tinystr v0.8.2
[INFO] [stderr]    Compiling potential_utf v0.1.4
[INFO] [stderr]    Compiling icu_collections v2.1.1
[INFO] [stderr]    Compiling icu_locale_core v2.1.1
[INFO] [stderr]    Compiling darling v0.21.3
[INFO] [stderr]    Compiling serde_with_macros v3.16.1
[INFO] [stderr]    Compiling serde_with v3.16.1
[INFO] [stderr]    Compiling serde_urlencoded v0.7.1
[INFO] [stderr]    Compiling icu_provider v2.1.1
[INFO] [stderr]    Compiling icu_normalizer v2.1.1
[INFO] [stderr]    Compiling icu_properties v2.1.2
[INFO] [stderr]    Compiling idna_adapter v1.2.1
[INFO] [stderr]    Compiling idna v1.1.0
[INFO] [stderr]    Compiling url v2.5.8
[INFO] [stderr]    Compiling tokio-rustls v0.26.4
[INFO] [stderr]    Compiling hyper-rustls v0.27.7
[INFO] [stderr]    Compiling reqwest v0.12.28
[INFO] [stderr]    Compiling jira_v3_openapi v1.6.1 (/opt/rustwide/workdir)
[INFO] [stdout] error[E0432]: unresolved import `self::create_project_details`
[INFO] [stdout]    --> src/models/mod.rs:250:15
[INFO] [stdout]     |
[INFO] [stdout] 250 | pub use self::create_project_details::CreateProjectDetails;
[INFO] [stdout]     |               ^^^^^^^^^^^^^^^^^^^^^^ could not find `create_project_details` in `self`
[INFO] [stdout]     |
[INFO] [stdout] note: found an item that was configured out
[INFO] [stdout]    --> src/models/mod.rs:249:9
[INFO] [stdout]     |
[INFO] [stdout] 249 | pub mod create_project_details;
[INFO] [stdout]     |         ^^^^^^^^^^^^^^^^^^^^^^
[INFO] [stdout]     |
[INFO] [stdout]    ::: src/models/create_project_details.rs:11:8
[INFO] [stdout]     |
[INFO] [stdout]  11 | #![cfg(feature = "projects_api")]
[INFO] [stdout]     |        ------------------------ the item is gated behind the `projects_api` feature
[INFO] [stdout] 
[INFO] [stdout] 
[INFO] [stdout] error[E0432]: unresolved import `self::created_issue`
[INFO] [stdout]    --> src/models/mod.rs:274:15
[INFO] [stdout]     |
[INFO] [stdout] 274 | pub use self::created_issue::CreatedIssue;
[INFO] [stdout]     |               ^^^^^^^^^^^^^ could not find `created_issue` in `self`
[INFO] [stdout]     |
[INFO] [stdout] note: found an item that was configured out
[INFO] [stdout]    --> src/models/mod.rs:273:9
[INFO] [stdout]     |
[INFO] [stdout] 273 | pub mod created_issue;
[INFO] [stdout]     |         ^^^^^^^^^^^^^
[INFO] [stdout]     |
[INFO] [stdout]    ::: src/models/created_issue.rs:11:8
[INFO] [stdout]     |
[INFO] [stdout]  11 | #![cfg(feature = "issues_api")]
[INFO] [stdout]     |        ---------------------- the item is gated behind the `issues_api` feature
[INFO] [stdout] 
[INFO] [stdout] 
[INFO] [stdout] error[E0432]: unresolved import `self::delete_and_replace_version_bean`
[INFO] [stdout]    --> src/models/mod.rs:402:15
[INFO] [stdout]     |
[INFO] [stdout] 402 | pub use self::delete_and_replace_version_bean::DeleteAndReplaceVersionBean;
[INFO] [stdout]     |               ^^^^^^^^^^^^^^^^^^^^^^^^^^^^^^^ could not find `delete_and_replace_version_bean` in `self`
[INFO] [stdout]     |
[INFO] [stdout] note: found an item that was configured out
[INFO] [stdout]    --> src/models/mod.rs:401:9
[INFO] [stdout]     |
[INFO] [stdout] 401 | pub mod delete_and_replace_version_bean;
[INFO] [stdout]     |         ^^^^^^^^^^^^^^^^^^^^^^^^^^^^^^^
[INFO] [stdout]     |
[INFO] [stdout]    ::: src/models/delete_and_replace_version_bean.rs:11:8
[INFO] [stdout]     |
[INFO] [stdout]  11 | #![cfg(feature = "version_api")]
[INFO] [stdout]     |        ----------------------- the item is gated behind the `version_api` feature
[INFO] [stdout] 
[INFO] [stdout] 
[INFO] [stdout] error[E0432]: unresolved import `self::field_create_metadata`
[INFO] [stdout]    --> src/models/mod.rs:478:15
[INFO] [stdout]     |
[INFO] [stdout] 478 | pub use self::field_create_metadata::FieldCreateMetadata;
[INFO] [stdout]     |               ^^^^^^^^^^^^^^^^^^^^^ could not find `field_create_metadata` in `self`
[INFO] [stdout]     |
[INFO] [stdout] note: found an item that was configured out
[INFO] [stdout]    --> src/models/mod.rs:477:9
[INFO] [stdout]     |
[INFO] [stdout] 477 | pub mod field_create_metadata;
[INFO] [stdout]     |         ^^^^^^^^^^^^^^^^^^^^^
[INFO] [stdout]     |
[INFO] [stdout]    ::: src/models/field_create_metadata.rs:11:8
[INFO] [stdout]     |
[INFO] [stdout]  11 | #![cfg(feature = "projects_api")]
[INFO] [stdout]     |        ------------------------ the item is gated behind the `projects_api` feature
[INFO] [stdout] 
[INFO] [stdout] 
[INFO] [stdout] error[E0432]: unresolved import `self::field_update_operation`
[INFO] [stdout]    --> src/models/mod.rs:508:15
[INFO] [stdout]     |
[INFO] [stdout] 508 | pub use self::field_update_operation::FieldUpdateOperation;
[INFO] [stdout]     |               ^^^^^^^^^^^^^^^^^^^^^^ could not find `field_update_operation` in `self`
[INFO] [stdout]     |
[INFO] [stdout] note: found an item that was configured out
[INFO] [stdout]    --> src/models/mod.rs:507:9
[INFO] [stdout]     |
[INFO] [stdout] 507 | pub mod field_update_operation;
[INFO] [stdout]     |         ^^^^^^^^^^^^^^^^^^^^^^
[INFO] [stdout]     |
[INFO] [stdout]    ::: src/models/field_update_operation.rs:11:8
[INFO] [stdout]     |
[INFO] [stdout]  11 | #![cfg(feature = "version_api")]
[INFO] [stdout]     |        ----------------------- the item is gated behind the `version_api` feature
[INFO] [stdout] 
[INFO] [stdout] 
[INFO] [stdout] error[E0432]: unresolved import `self::issue_bean`
[INFO] [stdout]    --> src/models/mod.rs:618:15
[INFO] [stdout]     |
[INFO] [stdout] 618 | pub use self::issue_bean::IssueBean;
[INFO] [stdout]     |               ^^^^^^^^^^ could not find `issue_bean` in `self`
[INFO] [stdout]     |
[INFO] [stdout] note: found an item that was configured out
[INFO] [stdout]    --> src/models/mod.rs:617:9
[INFO] [stdout]     |
[INFO] [stdout] 617 | pub mod issue_bean;
[INFO] [stdout]     |         ^^^^^^^^^^
[INFO] [stdout]     |
[INFO] [stdout]    ::: src/models/issue_bean.rs:11:8
[INFO] [stdout]     |
[INFO] [stdout]  11 | #![cfg(feature = "issues_api")]
[INFO] [stdout]     |        ---------------------- the item is gated behind the `issues_api` feature
[INFO] [stdout] 
[INFO] [stdout] 
[INFO] [stdout] error[E0432]: unresolved import `self::issue_transition`
[INFO] [stdout]    --> src/models/mod.rs:690:15
[INFO] [stdout]     |
[INFO] [stdout] 690 | pub use self::issue_transition::IssueTransition;
[INFO] [stdout]     |               ^^^^^^^^^^^^^^^^ could not find `issue_transition` in `self`
[INFO] [stdout]     |
[INFO] [stdout] note: found an item that was configured out
[INFO] [stdout]    --> src/models/mod.rs:689:9
[INFO] [stdout]     |
[INFO] [stdout] 689 | pub mod issue_transition;
[INFO] [stdout]     |         ^^^^^^^^^^^^^^^^
[INFO] [stdout]     |
[INFO] [stdout]    ::: src/models/issue_transition.rs:11:8
[INFO] [stdout]     |
[INFO] [stdout]  11 | #![cfg(feature = "issues_api")]
[INFO] [stdout]     |        ---------------------- the item is gated behind the `issues_api` feature
[INFO] [stdout] 
[INFO] [stdout] 
[INFO] [stdout] error[E0432]: unresolved import `self::issue_type_issue_create_metadata`
[INFO] [stdout]    --> src/models/mod.rs:706:15
[INFO] [stdout]     |
[INFO] [stdout] 706 | pub use self::issue_type_issue_create_metadata::IssueTypeIssueCreateMetadata;
[INFO] [stdout]     |               ^^^^^^^^^^^^^^^^^^^^^^^^^^^^^^^^ could not find `issue_type_issue_create_metadata` in `self`
[INFO] [stdout]     |
[INFO] [stdout] note: found an item that was configured out
[INFO] [stdout]    --> src/models/mod.rs:705:9
[INFO] [stdout]     |
[INFO] [stdout] 705 | pub mod issue_type_issue_create_metadata;
[INFO] [stdout]     |         ^^^^^^^^^^^^^^^^^^^^^^^^^^^^^^^^
[INFO] [stdout]     |
[INFO] [stdout]    ::: src/models/issue_type_issue_create_metadata.rs:11:8
[INFO] [stdout]     |
[INFO] [stdout]  11 | #![cfg(feature = "projects_api")]
[INFO] [stdout]     |        ------------------------ the item is gated behind the `projects_api` feature
[INFO] [stdout] 
[INFO] [stdout] 
[INFO] [stdout] error[E0432]: unresolved import `self::issue_update_details`
[INFO] [stdout]    --> src/models/mod.rs:758:15
[INFO] [stdout]     |
[INFO] [stdout] 758 | pub use self::issue_update_details::IssueUpdateDetails;
[INFO] [stdout]     |               ^^^^^^^^^^^^^^^^^^^^ could not find `issue_update_details` in `self`
[INFO] [stdout]     |
[INFO] [stdout] note: found an item that was configured out
[INFO] [stdout]    --> src/models/mod.rs:757:9
[INFO] [stdout]     |
[INFO] [stdout] 757 | pub mod issue_update_details;
[INFO] [stdout]     |         ^^^^^^^^^^^^^^^^^^^^
[INFO] [stdout]     |
[INFO] [stdout]    ::: src/models/issue_update_details.rs:11:8
[INFO] [stdout]     |
[INFO] [stdout]  11 | #![cfg(feature = "issues_api")]
[INFO] [stdout]     |        ---------------------- the item is gated behind the `issues_api` feature
[INFO] [stdout] 
[INFO] [stdout] 
[INFO] [stdout] error[E0432]: unresolved import `self::project`
[INFO] [stdout]     --> src/models/mod.rs:1224:15
[INFO] [stdout]      |
[INFO] [stdout] 1224 | pub use self::project::Project;
[INFO] [stdout]      |               ^^^^^^^ could not find `project` in `self`
[INFO] [stdout]      |
[INFO] [stdout] note: found an item that was configured out
[INFO] [stdout]     --> src/models/mod.rs:1223:9
[INFO] [stdout]      |
[INFO] [stdout] 1223 | pub mod project;
[INFO] [stdout]      |         ^^^^^^^
[INFO] [stdout]      |
[INFO] [stdout]     ::: src/models/project.rs:11:8
[INFO] [stdout]      |
[INFO] [stdout]   11 | #![cfg(feature = "projects_api")]
[INFO] [stdout]      |        ------------------------ the item is gated behind the `projects_api` feature
[INFO] [stdout] 
[INFO] [stdout] 
[INFO] [stdout] error[E0432]: unresolved import `self::project_identifiers`
[INFO] [stdout]     --> src/models/mod.rs:1260:15
[INFO] [stdout]      |
[INFO] [stdout] 1260 | pub use self::project_identifiers::ProjectIdentifiers;
[INFO] [stdout]      |               ^^^^^^^^^^^^^^^^^^^ could not find `project_identifiers` in `self`
[INFO] [stdout]      |
[INFO] [stdout] note: found an item that was configured out
[INFO] [stdout]     --> src/models/mod.rs:1259:9
[INFO] [stdout]      |
[INFO] [stdout] 1259 | pub mod project_identifiers;
[INFO] [stdout]      |         ^^^^^^^^^^^^^^^^^^^
[INFO] [stdout]      |
[INFO] [stdout]     ::: src/models/project_identifiers.rs:11:8
[INFO] [stdout]      |
[INFO] [stdout]   11 | #![cfg(feature = "projects_api")]
[INFO] [stdout]      |        ------------------------ the item is gated behind the `projects_api` feature
[INFO] [stdout] 
[INFO] [stdout] 
[INFO] [stdout] error[E0432]: unresolved import `self::search_and_reconcile_request_bean`
[INFO] [stdout]     --> src/models/mod.rs:1408:15
[INFO] [stdout]      |
[INFO] [stdout] 1408 | pub use self::search_and_reconcile_request_bean::SearchAndReconcileRequestBean;
[INFO] [stdout]      |               ^^^^^^^^^^^^^^^^^^^^^^^^^^^^^^^^^ could not find `search_and_reconcile_request_bean` in `self`
[INFO] [stdout]      |
[INFO] [stdout] note: found an item that was configured out
[INFO] [stdout]     --> src/models/mod.rs:1407:9
[INFO] [stdout]      |
[INFO] [stdout] 1407 | pub mod search_and_reconcile_request_bean;
[INFO] [stdout]      |         ^^^^^^^^^^^^^^^^^^^^^^^^^^^^^^^^^
[INFO] [stdout]      |
[INFO] [stdout]     ::: src/models/search_and_reconcile_request_bean.rs:11:8
[INFO] [stdout]      |
[INFO] [stdout]   11 | #![cfg(feature = "issues_api")]
[INFO] [stdout]      |        ---------------------- the item is gated behind the `issues_api` feature
[INFO] [stdout] 
[INFO] [stdout] 
[INFO] [stdout] error[E0432]: unresolved import `self::search_and_reconcile_results`
[INFO] [stdout]     --> src/models/mod.rs:1410:15
[INFO] [stdout]      |
[INFO] [stdout] 1410 | pub use self::search_and_reconcile_results::SearchAndReconcileResults;
[INFO] [stdout]      |               ^^^^^^^^^^^^^^^^^^^^^^^^^^^^ could not find `search_and_reconcile_results` in `self`
[INFO] [stdout]      |
[INFO] [stdout] note: found an item that was configured out
[INFO] [stdout]     --> src/models/mod.rs:1409:9
[INFO] [stdout]      |
[INFO] [stdout] 1409 | pub mod search_and_reconcile_results;
[INFO] [stdout]      |         ^^^^^^^^^^^^^^^^^^^^^^^^^^^^
[INFO] [stdout]      |
[INFO] [stdout]     ::: src/models/search_and_reconcile_results.rs:11:8
[INFO] [stdout]      |
[INFO] [stdout]   11 | #![cfg(feature = "issues_api")]
[INFO] [stdout]      |        ---------------------- the item is gated behind the `issues_api` feature
[INFO] [stdout] 
[INFO] [stdout] 
[INFO] [stdout] error[E0432]: unresolved import `self::transitions`
[INFO] [stdout]     --> src/models/mod.rs:1588:15
[INFO] [stdout]      |
[INFO] [stdout] 1588 | pub use self::transitions::Transitions;
[INFO] [stdout]      |               ^^^^^^^^^^^ could not find `transitions` in `self`
[INFO] [stdout]      |
[INFO] [stdout] note: found an item that was configured out
[INFO] [stdout]     --> src/models/mod.rs:1587:9
[INFO] [stdout]      |
[INFO] [stdout] 1587 | pub mod transitions;
[INFO] [stdout]      |         ^^^^^^^^^^^
[INFO] [stdout]      |
[INFO] [stdout]     ::: src/models/transitions.rs:11:8
[INFO] [stdout]      |
[INFO] [stdout]   11 | #![cfg(feature = "issues_api")]
[INFO] [stdout]      |        ---------------------- the item is gated behind the `issues_api` feature
[INFO] [stdout] 
[INFO] [stdout] 
[INFO] [stdout] error[E0432]: unresolved import `self::version`
[INFO] [stdout]     --> src/models/mod.rs:1682:15
[INFO] [stdout]      |
[INFO] [stdout] 1682 | pub use self::version::Version;
[INFO] [stdout]      |               ^^^^^^^ could not find `version` in `self`
[INFO] [stdout]      |
[INFO] [stdout] note: found an item that was configured out
[INFO] [stdout]     --> src/models/mod.rs:1681:9
[INFO] [stdout]      |
[INFO] [stdout] 1681 | pub mod version;
[INFO] [stdout]      |         ^^^^^^^
[INFO] [stdout]      |
[INFO] [stdout]     ::: src/models/version.rs:11:8
[INFO] [stdout]      |
[INFO] [stdout]   11 | #![cfg(feature = "version_api")]
[INFO] [stdout]      |        ----------------------- the item is gated behind the `version_api` feature
[INFO] [stdout] 
[INFO] [stdout] 
[INFO] [stdout] error[E0432]: unresolved import `self::version_related_work`
[INFO] [stdout]     --> src/models/mod.rs:1692:15
[INFO] [stdout]      |
[INFO] [stdout] 1692 | pub use self::version_related_work::VersionRelatedWork;
[INFO] [stdout]      |               ^^^^^^^^^^^^^^^^^^^^ could not find `version_related_work` in `self`
[INFO] [stdout]      |
[INFO] [stdout] note: found an item that was configured out
[INFO] [stdout]     --> src/models/mod.rs:1691:9
[INFO] [stdout]      |
[INFO] [stdout] 1691 | pub mod version_related_work;
[INFO] [stdout]      |         ^^^^^^^^^^^^^^^^^^^^
[INFO] [stdout]      |
[INFO] [stdout]     ::: src/models/version_related_work.rs:11:8
[INFO] [stdout]      |
[INFO] [stdout]   11 | #![cfg(feature = "version_api")]
[INFO] [stdout]      |        ----------------------- the item is gated behind the `version_api` feature
[INFO] [stdout] 
[INFO] [stdout] 
[INFO] [stdout] error[E0425]: cannot find type `SearchAndReconsileIssuesUsingJqlError` in this scope
[INFO] [stdout]    --> src/apis/issue_search_api.rs:268:54
[INFO] [stdout]     |
[INFO] [stdout] 268 | ) -> Result<models::SearchAndReconcileResults, Error<SearchAndReconsileIssuesUsingJqlError>> {
[INFO] [stdout]     |                                                      ^^^^^^^^^^^^^^^^^^^^^^^^^^^^^^^^^^^^^ not found in this scope
[INFO] [stdout]     |
[INFO] [stdout] note: similarly named enum `SearchAndReconsileIssuesUsingJqlPostError` defined here
[INFO] [stdout]    --> src/apis/issue_search_api.rs:54:1
[INFO] [stdout]     |
[INFO] [stdout]  54 | pub enum SearchAndReconsileIssuesUsingJqlPostError {
[INFO] [stdout]     | ^^^^^^^^^^^^^^^^^^^^^^^^^^^^^^^^^^^^^^^^^^^^^^^^^^
[INFO] [stdout] help: an enum with a similar name exists
[INFO] [stdout]     |
[INFO] [stdout] 268 | ) -> Result<models::SearchAndReconcileResults, Error<SearchAndReconsileIssuesUsingJqlPostError>> {
[INFO] [stdout]     |                                                                                      ++++
[INFO] [stdout] help: you might be missing a type parameter
[INFO] [stdout]     |
[INFO] [stdout] 257 | pub async fn search_and_reconsile_issues_using_jql<SearchAndReconsileIssuesUsingJqlError>(
[INFO] [stdout]     |                                                   +++++++++++++++++++++++++++++++++++++++
[INFO] [stdout] 
[INFO] [stdout] 
[INFO] [stdout] error[E0425]: cannot find type `SearchAndReconsileIssuesUsingJqlError` in this scope
[INFO] [stdout]    --> src/apis/issue_search_api.rs:383:38
[INFO] [stdout]     |
[INFO] [stdout] 383 |         let local_var_entity: Option<SearchAndReconsileIssuesUsingJqlError> =
[INFO] [stdout]     |                                      ^^^^^^^^^^^^^^^^^^^^^^^^^^^^^^^^^^^^^ not found in this scope
[INFO] [stdout]     |
[INFO] [stdout] note: similarly named enum `SearchAndReconsileIssuesUsingJqlPostError` defined here
[INFO] [stdout]    --> src/apis/issue_search_api.rs:54:1
[INFO] [stdout]     |
[INFO] [stdout]  54 | pub enum SearchAndReconsileIssuesUsingJqlPostError {
[INFO] [stdout]     | ^^^^^^^^^^^^^^^^^^^^^^^^^^^^^^^^^^^^^^^^^^^^^^^^^^
[INFO] [stdout] help: an enum with a similar name exists
[INFO] [stdout]     |
[INFO] [stdout] 383 |         let local_var_entity: Option<SearchAndReconsileIssuesUsingJqlPostError> =
[INFO] [stdout]     |                                                                      ++++
[INFO] [stdout] help: you might be missing a type parameter
[INFO] [stdout]     |
[INFO] [stdout] 257 | pub async fn search_and_reconsile_issues_using_jql<SearchAndReconsileIssuesUsingJqlError>(
[INFO] [stdout]     |                                                   +++++++++++++++++++++++++++++++++++++++
[INFO] [stdout] 
[INFO] [stdout] 
[INFO] [stdout] error[E0425]: cannot find type `CreateProjectError` in this scope
[INFO] [stdout]    --> src/apis/projects_api.rs:198:47
[INFO] [stdout]     |
[INFO] [stdout] 198 | ) -> Result<models::ProjectIdentifiers, Error<CreateProjectError>> {
[INFO] [stdout]     |                                               ^^^^^^^^^^^^^^^^^^ not found in this scope
[INFO] [stdout]     |
[INFO] [stdout] note: similarly named enum `UpdateProjectError` defined here
[INFO] [stdout]    --> src/apis/projects_api.rs:135:1
[INFO] [stdout]     |
[INFO] [stdout] 135 | pub enum UpdateProjectError {
[INFO] [stdout]     | ^^^^^^^^^^^^^^^^^^^^^^^^^^^
[INFO] [stdout] help: an enum with a similar name exists
[INFO] [stdout]     |
[INFO] [stdout] 198 - ) -> Result<models::ProjectIdentifiers, Error<CreateProjectError>> {
[INFO] [stdout] 198 + ) -> Result<models::ProjectIdentifiers, Error<UpdateProjectError>> {
[INFO] [stdout]     |
[INFO] [stdout] help: you might be missing a type parameter
[INFO] [stdout]     |
[INFO] [stdout] 195 | pub async fn create_project<CreateProjectError>(
[INFO] [stdout]     |                            ++++++++++++++++++++
[INFO] [stdout] 
[INFO] [stdout] 
[INFO] [stdout] error[E0425]: cannot find type `CreateProjectError` in this scope
[INFO] [stdout]    --> src/apis/projects_api.rs:231:38
[INFO] [stdout]     |
[INFO] [stdout] 231 |         let local_var_entity: Option<CreateProjectError> =
[INFO] [stdout]     |                                      ^^^^^^^^^^^^^^^^^^ not found in this scope
[INFO] [stdout]     |
[INFO] [stdout] note: similarly named enum `UpdateProjectError` defined here
[INFO] [stdout]    --> src/apis/projects_api.rs:135:1
[INFO] [stdout]     |
[INFO] [stdout] 135 | pub enum UpdateProjectError {
[INFO] [stdout]     | ^^^^^^^^^^^^^^^^^^^^^^^^^^^
[INFO] [stdout] help: an enum with a similar name exists
[INFO] [stdout]     |
[INFO] [stdout] 231 -         let local_var_entity: Option<CreateProjectError> =
[INFO] [stdout] 231 +         let local_var_entity: Option<UpdateProjectError> =
[INFO] [stdout]     |
[INFO] [stdout] help: you might be missing a type parameter
[INFO] [stdout]     |
[INFO] [stdout] 195 | pub async fn create_project<CreateProjectError>(
[INFO] [stdout]     |                            ++++++++++++++++++++
[INFO] [stdout] 
[INFO] [stdout] 
[INFO] [stderr] error: could not compile `jira_v3_openapi` (lib) due to 20 previous errors
[INFO] [stderr] 
[INFO] [stderr] Caused by:
[INFO] [stderr]   process didn't exit successfully: `/opt/rustwide/rustup-home/toolchains/1.100.0-beta.1-x86_64-unknown-linux-gnu/bin/rustc --crate-name jira_v3_openapi --edition=2024 src/lib.rs --error-format=json --json=diagnostic-rendered-ansi,artifacts,future-incompat,unused-externs-silent --crate-type cdylib --crate-type rlib --emit=dep-info,link -C opt-level=s -C panic=abort -C codegen-units=1 --cfg 'feature="common"' --cfg 'feature="default"' --check-cfg 'cfg(docsrs,test)' --check-cfg 'cfg(feature, values("all", "common", "default", "issues_api", "link_issues_api", "projects_api", "version_api"))' -C metadata=bc8658900813478f --out-dir /opt/rustwide/target/release/build/jira_v3_openapi/67ec944b9125084f/out -C strip=symbols -L dependency=/opt/rustwide/target/release/build/atomic-waker/d79158660bcefea0/out -L dependency=/opt/rustwide/target/release/build/base64/815c75d570fc96af/out -L dependency=/opt/rustwide/target/release/build/bitflags/0d974e08d91ce58c/out -L dependency=/opt/rustwide/target/release/build/bytes/0796e8eec5984f74/out -L dependency=/opt/rustwide/target/release/build/cfg-if/bc38c15654dbb89a/out -L dependency=/opt/rustwide/target/release/build/displaydoc/4817428b51316d15/out -L dependency=/opt/rustwide/target/release/build/form_urlencoded/51488f10a5d419eb/out -L dependency=/opt/rustwide/target/release/build/futures-channel/1ab5b9bb5bef7a5e/out -L dependency=/opt/rustwide/target/release/build/futures-core/4ee95993ac24638a/out -L dependency=/opt/rustwide/target/release/build/futures-task/93dece8c842e9bcf/out -L dependency=/opt/rustwide/target/release/build/futures-util/d26938d6b154dec4/out -L dependency=/opt/rustwide/target/release/build/getrandom/dc792f46d72c1d8e/out -L dependency=/opt/rustwide/target/release/build/getrandom/fced94811f39c6a2/out -L dependency=/opt/rustwide/target/release/build/http-body-util/7f83b5fbb0b313a8/out -L dependency=/opt/rustwide/target/release/build/http-body/b1f21760103247c3/out -L dependency=/opt/rustwide/target/release/build/http/8eaf3aeefc4611a2/out -L dependency=/opt/rustwide/target/release/build/httparse/6d9c6f57b3947fd0/out -L dependency=/opt/rustwide/target/release/build/hyper-rustls/cede17270012ff97/out -L dependency=/opt/rustwide/target/release/build/hyper-util/dad5738361e11e57/out -L dependency=/opt/rustwide/target/release/build/hyper/fd2dc626406d8df8/out -L dependency=/opt/rustwide/target/release/build/icu_collections/b020a1771d35e6b0/out -L dependency=/opt/rustwide/target/release/build/icu_locale_core/08315ebbe2a47ec5/out -L dependency=/opt/rustwide/target/release/build/icu_normalizer/07f95cef76a9fea6/out -L dependency=/opt/rustwide/target/release/build/icu_normalizer_data/22905b2f94f56f85/out -L dependency=/opt/rustwide/target/release/build/icu_properties/dd0ae6409fd72a7f/out -L dependency=/opt/rustwide/target/release/build/icu_properties_data/fe63114b33b1a1e2/out -L dependency=/opt/rustwide/target/release/build/icu_provider/b585de31286f77ff/out -L dependency=/opt/rustwide/target/release/build/idna/afe0761ed93e92d5/out -L dependency=/opt/rustwide/target/release/build/idna_adapter/a413cd58d8a9b5d7/out -L dependency=/opt/rustwide/target/release/build/ipnet/8355c89f1e22060f/out -L dependency=/opt/rustwide/target/release/build/iri-string/4f3950a518dbe3db/out -L dependency=/opt/rustwide/target/release/build/itoa/22a42fa00d1401ce/out -L dependency=/opt/rustwide/target/release/build/libc/469618e4761ce097/out -L dependency=/opt/rustwide/target/release/build/litemap/da12455f6bfd2be2/out -L dependency=/opt/rustwide/target/release/build/log/d8667f8541f8279a/out -L dependency=/opt/rustwide/target/release/build/memchr/6e3a778ba2f15009/out -L dependency=/opt/rustwide/target/release/build/mime/ec12876acdac9f2e/out -L dependency=/opt/rustwide/target/release/build/mime_guess/09180b4796291172/out -L dependency=/opt/rustwide/target/release/build/mio/91569de6318b5095/out -L dependency=/opt/rustwide/target/release/build/once_cell/37018c41653cd4a1/out -L dependency=/opt/rustwide/target/release/build/percent-encoding/ab0cd2705d256798/out -L dependency=/opt/rustwide/target/release/build/pin-project-lite/091899bef3df3c10/out -L dependency=/opt/rustwide/target/release/build/pin-utils/f528dcd3e0fc85b7/out -L dependency=/opt/rustwide/target/release/build/potential_utf/584044c4562c5f00/out -L dependency=/opt/rustwide/target/release/build/ring/f1acf09f61b472ac/out -L dependency=/opt/rustwide/target/release/build/rustls-pki-types/017f63028fe904f5/out -L dependency=/opt/rustwide/target/release/build/rustls-webpki/ec7f83443e7e7481/out -L dependency=/opt/rustwide/target/release/build/rustls/20101df309b8d335/out -L dependency=/opt/rustwide/target/release/build/ryu/0f1d48add535daea/out -L dependency=/opt/rustwide/target/release/build/serde/545fbd121189e705/out -L dependency=/opt/rustwide/target/release/build/serde_core/11e8908eb943e633/out -L dependency=/opt/rustwide/target/release/build/serde_derive/164f620d544ae08c/out -L dependency=/opt/rustwide/target/release/build/serde_json/96413d6a19af5743/out -L dependency=/opt/rustwide/target/release/build/serde_urlencoded/35a33fa3045aa9b6/out -L dependency=/opt/rustwide/target/release/build/serde_with_macros/c88ca8f68df5dfbd/out -L dependency=/opt/rustwide/target/release/build/smallvec/f6524679859bcb70/out -L dependency=/opt/rustwide/target/release/build/socket2/bb5458243632ec12/out -L dependency=/opt/rustwide/target/release/build/stable_deref_trait/b8419ff177e0f1c9/out -L dependency=/opt/rustwide/target/release/build/subtle/342b7492697a96ca/out -L dependency=/opt/rustwide/target/release/build/sync_wrapper/0d697da6b144511a/out -L dependency=/opt/rustwide/target/release/build/tinystr/3351f2b09c1eb736/out -L dependency=/opt/rustwide/target/release/build/tokio-rustls/6d1dd42317937083/out -L dependency=/opt/rustwide/target/release/build/tokio/53afa9aba19ab98b/out -L dependency=/opt/rustwide/target/release/build/tower-http/051514b0dc27df6b/out -L dependency=/opt/rustwide/target/release/build/tower-layer/f4dea8d302b3a1af/out -L dependency=/opt/rustwide/target/release/build/tower-service/18d5e543598ce203/out -L dependency=/opt/rustwide/target/release/build/tower/f194af93ece76012/out -L dependency=/opt/rustwide/target/release/build/tracing-core/68a1c52988cbb1ae/out -L dependency=/opt/rustwide/target/release/build/tracing/b098d6bbb7468908/out -L dependency=/opt/rustwide/target/release/build/try-lock/1f56714d11e64d0d/out -L dependency=/opt/rustwide/target/release/build/unicase/9082c4d13010fce6/out -L dependency=/opt/rustwide/target/release/build/untrusted/6e8205dc828d7c8d/out -L dependency=/opt/rustwide/target/release/build/url/72b8de6fba34643c/out -L dependency=/opt/rustwide/target/release/build/utf8_iter/b7b4c04e5c2f664c/out -L dependency=/opt/rustwide/target/release/build/want/4b7f8a01d7801a3e/out -L dependency=/opt/rustwide/target/release/build/webpki-roots/d90d8d38073d7b08/out -L dependency=/opt/rustwide/target/release/build/writeable/068c34d99e1cf363/out -L dependency=/opt/rustwide/target/release/build/yoke-derive/be7e0ef11e135a1e/out -L dependency=/opt/rustwide/target/release/build/yoke/6c336c62471407f6/out -L dependency=/opt/rustwide/target/release/build/zerofrom-derive/89c522dea72c8bc7/out -L dependency=/opt/rustwide/target/release/build/zerofrom/66f9b01f24ef026d/out -L dependency=/opt/rustwide/target/release/build/zeroize/098b468d5abce697/out -L dependency=/opt/rustwide/target/release/build/zerotrie/91f2bbd463b67c48/out -L dependency=/opt/rustwide/target/release/build/zerovec-derive/8c7be1b7300831be/out -L dependency=/opt/rustwide/target/release/build/zerovec/081917d9f1fa8d0d/out -L dependency=/opt/rustwide/target/release/build/zmij/0bc354c4c07a231a/out --extern reqwest=/opt/rustwide/target/release/build/reqwest/bca701f1ffd09d02/out/libreqwest-bca701f1ffd09d02.rlib --extern serde=/opt/rustwide/target/release/build/serde/545fbd121189e705/out/libserde-545fbd121189e705.rlib --extern serde_json=/opt/rustwide/target/release/build/serde_json/96413d6a19af5743/out/libserde_json-96413d6a19af5743.rlib --extern serde_repr=/opt/rustwide/target/release/build/serde_repr/ccf411e776cf6457/out/libserde_repr-ccf411e776cf6457.so --extern serde_with=/opt/rustwide/target/release/build/serde_with/c8ed77dfd67a55a1/out/libserde_with-c8ed77dfd67a55a1.rlib --extern url=/opt/rustwide/target/release/build/url/72b8de6fba34643c/out/liburl-72b8de6fba34643c.rlib --extern uuid=/opt/rustwide/target/release/build/uuid/6f9926a5341810f8/out/libuuid-6f9926a5341810f8.rlib --cap-lints=warn --force-warn=unused_crate_dependencies -L native=/opt/rustwide/target/release/build/ring/c55860bd1ba889b1/out` (signal: 9, SIGKILL: kill)
[INFO] running `Command { std: "docker" "inspect" "d455eca864c910c0604ce715ce6059f7ca46799d6e2a0b936d259f6bcdabc85a", kill_on_drop: false }`
[INFO] running `Command { std: "docker" "rm" "-f" "d455eca864c910c0604ce715ce6059f7ca46799d6e2a0b936d259f6bcdabc85a", kill_on_drop: false }`
[INFO] [stdout] d455eca864c910c0604ce715ce6059f7ca46799d6e2a0b936d259f6bcdabc85a
