[INFO] fetching crate jiff 0.2.38...
[INFO] testing jiff-0.2.38 against 1.100.0-beta.1+cargoflags=--release for beta-release-1.100-2
[INFO] extracting crate jiff 0.2.38 into /workspace/builds/worker-3-tc2/source
[INFO] started tweaking crates.io crate jiff 0.2.38
[INFO] removed 0 missing tests
[INFO] finished tweaking crates.io crate jiff 0.2.38
[INFO] tweaked toml for crates.io crate jiff 0.2.38 written to /workspace/builds/worker-3-tc2/source/Cargo.toml
[INFO] validating manifest of crates.io crate jiff 0.2.38 on toolchain 1.100.0-beta.1
[INFO] running `Command { std: CARGO_HOME="/workspace/cargo-home" RUSTUP_HOME="/workspace/rustup-home" "/workspace/cargo-home/bin/cargo" "+1.100.0-beta.1" "metadata" "--manifest-path" "Cargo.toml" "--no-deps", kill_on_drop: false }`
[INFO] crate crates.io crate jiff 0.2.38 already has a lockfile, it will not be regenerated
[INFO] running `Command { std: CARGO_HOME="/workspace/cargo-home" RUSTUP_HOME="/workspace/rustup-home" "/workspace/cargo-home/bin/cargo" "+1.100.0-beta.1" "fetch" "--manifest-path" "Cargo.toml", kill_on_drop: false }`
[INFO] running `Command { std: "docker" "create" "-v" "/var/lib/crater-agent-workspace/builds/worker-3-tc2/source:/opt/rustwide/workdir:ro,Z" "-v" "/var/lib/crater-agent-workspace/builds/worker-3-tc2/target:/opt/rustwide/target:rw,Z" "-v" "/var/lib/crater-agent-workspace/cargo-home:/opt/rustwide/cargo-home:ro,Z" "-v" "/var/lib/crater-agent-workspace/rustup-home:/opt/rustwide/rustup-home:ro,Z" "-m" "1610612736" "--network" "none" "ghcr.io/rust-lang/crates-build-env/linux@sha256:77db811e55d90add9212f6832c23229e3de5f1c1f9905e8cb07319ea15df73ac" "sleep" "infinity", kill_on_drop: false }`
[INFO] [stdout] c806635763e5238cea058d53666b12ece8f3e06edd4ae1cb58c14b1e00822a3e
[INFO] running `Command { std: "docker" "start" "c806635763e5238cea058d53666b12ece8f3e06edd4ae1cb58c14b1e00822a3e", kill_on_drop: false }`
[INFO] running `Command { std: "docker" "inspect" "c806635763e5238cea058d53666b12ece8f3e06edd4ae1cb58c14b1e00822a3e", kill_on_drop: false }`
[INFO] running `Command { std: "docker" "exec" "-e" "SOURCE_DIR=/opt/rustwide/workdir" "-e" "CARGO_HOME=/opt/rustwide/cargo-home" "-e" "RUSTUP_HOME=/opt/rustwide/rustup-home" "-e" "CARGO_TARGET_DIR=/opt/rustwide/target" "-w" "/opt/rustwide/workdir" "--user" "0:0" "c806635763e5238cea058d53666b12ece8f3e06edd4ae1cb58c14b1e00822a3e" "/opt/rustwide/cargo-home/bin/cargo" "+1.100.0-beta.1" "metadata" "--no-deps" "--format-version=1", kill_on_drop: false }`
[INFO] running `Command { std: "docker" "inspect" "c806635763e5238cea058d53666b12ece8f3e06edd4ae1cb58c14b1e00822a3e", kill_on_drop: false }`
[INFO] running `Command { std: "docker" "exec" "-e" "SOURCE_DIR=/opt/rustwide/workdir" "-e" "CARGO_HOME=/opt/rustwide/cargo-home" "-e" "RUSTUP_HOME=/opt/rustwide/rustup-home" "-e" "CARGO_TARGET_DIR=/opt/rustwide/target" "-e" "CARGO_INCREMENTAL=0" "-e" "RUST_BACKTRACE=full" "-e" "RUSTFLAGS=--cap-lints=warn" "-e" "RUSTDOCFLAGS=--cap-lints=warn" "-w" "/opt/rustwide/workdir" "--user" "0:0" "c806635763e5238cea058d53666b12ece8f3e06edd4ae1cb58c14b1e00822a3e" "/opt/rustwide/cargo-home/bin/cargo" "+1.100.0-beta.1" "build" "--frozen" "--message-format=json" "--release", kill_on_drop: false }`
[INFO] [stderr]    Compiling jiff-core v0.1.1
[INFO] [stderr]    Compiling jiff v0.2.38 (/opt/rustwide/workdir)
[INFO] [stderr]     Finished `release` profile [optimized] target(s) in 10.26s
[INFO] running `Command { std: "docker" "inspect" "c806635763e5238cea058d53666b12ece8f3e06edd4ae1cb58c14b1e00822a3e", kill_on_drop: false }`
[INFO] running `Command { std: "docker" "exec" "-e" "SOURCE_DIR=/opt/rustwide/workdir" "-e" "CARGO_HOME=/opt/rustwide/cargo-home" "-e" "RUSTUP_HOME=/opt/rustwide/rustup-home" "-e" "CARGO_TARGET_DIR=/opt/rustwide/target" "-e" "CARGO_INCREMENTAL=0" "-e" "RUST_BACKTRACE=full" "-e" "RUSTFLAGS=--cap-lints=warn" "-e" "RUSTDOCFLAGS=--cap-lints=warn" "-w" "/opt/rustwide/workdir" "--user" "0:0" "c806635763e5238cea058d53666b12ece8f3e06edd4ae1cb58c14b1e00822a3e" "/opt/rustwide/cargo-home/bin/cargo" "+1.100.0-beta.1" "test" "--frozen" "--no-run" "--message-format=json" "--release", kill_on_drop: false }`
[INFO] [stderr]    Compiling syn v2.0.119
[INFO] [stderr]    Compiling rand_core v0.6.4
[INFO] [stderr]    Compiling getrandom v0.4.3
[INFO] [stderr]    Compiling regex-syntax v0.8.11
[INFO] [stderr]    Compiling siphasher v1.0.3
[INFO] [stderr]    Compiling num-traits v0.2.19
[INFO] [stderr]    Compiling phf_shared v0.11.3
[INFO] [stderr]    Compiling thiserror v2.0.19
[INFO] [stderr]    Compiling lexical-util v1.0.7
[INFO] [stderr]    Compiling serde v1.0.229
[INFO] [stderr]    Compiling rustix v1.1.4
[INFO] [stderr]    Compiling bitflags v2.13.1
[INFO] [stderr]    Compiling time-macros v0.2.32
[INFO] [stderr]    Compiling console v0.16.4
[INFO] [stderr]    Compiling unsafe-libyaml v0.2.11
[INFO] [stderr]    Compiling rand v0.8.7
[INFO] [stderr]    Compiling similar v2.7.0
[INFO] [stderr]    Compiling phf_shared v0.12.1
[INFO] [stderr]    Compiling phf v0.12.1
[INFO] [stderr]    Compiling cobs v0.3.0
[INFO] [stderr]    Compiling phf v0.11.3
[INFO] [stderr]    Compiling rand v0.10.2
[INFO] [stderr]    Compiling tabwriter v1.4.1
[INFO] [stderr]    Compiling lexical-parse-integer v1.0.6
[INFO] [stderr]    Compiling log v0.4.33
[INFO] [stderr]    Compiling humantime v2.4.0
[INFO] [stderr]    Compiling lexical-parse-float v1.0.6
[INFO] [stderr]    Compiling phf_generator v0.11.3
[INFO] [stderr]    Compiling postcard v1.1.3
[INFO] [stderr]    Compiling phf_codegen v0.11.3
[INFO] [stderr]    Compiling chrono v0.4.45
[INFO] [stderr]    Compiling lexical-core v1.0.6
[INFO] [stderr]    Compiling serde_yaml v0.9.34+deprecated
[INFO] [stderr]    Compiling quickcheck v1.1.0
[INFO] [stderr]    Compiling time v0.3.55
[INFO] [stderr]    Compiling regex-automata v0.4.16
[INFO] [stderr]    Compiling chrono-tz v0.10.4
[INFO] [stderr]    Compiling tzfile v0.1.3
[INFO] [stderr]    Compiling tempfile v3.27.0
[INFO] [stderr]    Compiling regex v1.13.1
[INFO] [stderr]    Compiling insta v1.48.0
[INFO] [stderr]    Compiling parse-zoneinfo v0.3.1
[INFO] [stderr]    Compiling thiserror-impl v1.0.69
[INFO] [stderr]    Compiling snafu-derive v0.9.2
[INFO] [stderr]    Compiling thiserror v1.0.69
[INFO] [stderr]    Compiling serde-xml-rs v0.5.1
[INFO] [stderr]    Compiling time-tz v2.0.0
[INFO] [stderr]    Compiling snafu v0.9.2
[INFO] [stderr]    Compiling hifitime v4.3.0
[INFO] [stderr]    Compiling jiff v0.2.38 (/opt/rustwide/workdir)
[INFO] [stdout] error[E0583]: file not found for module `init`
[INFO] [stdout]  --> tests/lib.rs:7:1
[INFO] [stdout]   |
[INFO] [stdout] 7 | mod init;
[INFO] [stdout]   | ^^^^^^^^^
[INFO] [stdout]   |
[INFO] [stdout]   = help: to create the module `init`, create file "tests/init.rs" or "tests/init/mod.rs"
[INFO] [stdout]   = note: if there is a `mod init` elsewhere in the crate already, import it with `use crate::...` instead
[INFO] [stdout] 
[INFO] [stdout] 
[INFO] [stdout] error[E0583]: file not found for module `procmacro`
[INFO] [stdout]  --> tests/lib.rs:8:1
[INFO] [stdout]   |
[INFO] [stdout] 8 | mod procmacro;
[INFO] [stdout]   | ^^^^^^^^^^^^^^
[INFO] [stdout]   |
[INFO] [stdout]   = help: to create the module `procmacro`, create file "tests/procmacro.rs" or "tests/procmacro/mod.rs"
[INFO] [stdout]   = note: if there is a `mod procmacro` elsewhere in the crate already, import it with `use crate::...` instead
[INFO] [stdout] 
[INFO] [stdout] 
[INFO] [stdout] error[E0583]: file not found for module `tc39_262`
[INFO] [stdout]  --> tests/lib.rs:9:1
[INFO] [stdout]   |
[INFO] [stdout] 9 | mod tc39_262;
[INFO] [stdout]   | ^^^^^^^^^^^^^
[INFO] [stdout]   |
[INFO] [stdout]   = help: to create the module `tc39_262`, create file "tests/tc39_262.rs" or "tests/tc39_262/mod.rs"
[INFO] [stdout]   = note: if there is a `mod tc39_262` elsewhere in the crate already, import it with `use crate::...` instead
[INFO] [stdout] 
[INFO] [stdout] 
[INFO] [stdout] For more information about this error, try `rustc --explain E0583`.
[INFO] [stdout] 
[INFO] [stderr] error: could not compile `jiff` (test "integration") due to 3 previous errors
[INFO] [stderr] warning: build failed, waiting for other jobs to finish...
[INFO] [stdout] error: couldn't read `src/tz/testdata/android/tzdata`: No such file or directory (os error 2)
[INFO] [stdout]  --> src/tz/testdata.rs:8:5
[INFO] [stdout]   |
[INFO] [stdout] 8 |     include_bytes!("testdata/android/tzdata");
[INFO] [stdout]   |     ^^^^^^^^^^^^^^^^^^^^^^^^^^^^^^^^^^^^^^^^^
[INFO] [stdout] 
[INFO] [stdout] 
[INFO] [stdout] error: couldn't read `src/tz/testdata/america-new-york.tzif`: No such file or directory (os error 2)
[INFO] [stdout]   --> src/tz/testdata.rs:24:15
[INFO] [stdout]    |
[INFO] [stdout] 24 |         data: include_bytes!("testdata/america-new-york.tzif"),
[INFO] [stdout]    |               ^^^^^^^^^^^^^^^^^^^^^^^^^^^^^^^^^^^^^^^^^^^^^^^^
[INFO] [stdout] 
[INFO] [stdout] 
[INFO] [stdout] error: couldn't read `src/tz/testdata/america-sitka.tzif`: No such file or directory (os error 2)
[INFO] [stdout]   --> src/tz/testdata.rs:28:15
[INFO] [stdout]    |
[INFO] [stdout] 28 |         data: include_bytes!("testdata/america-sitka.tzif"),
[INFO] [stdout]    |               ^^^^^^^^^^^^^^^^^^^^^^^^^^^^^^^^^^^^^^^^^^^^^
[INFO] [stdout] 
[INFO] [stdout] 
[INFO] [stdout] error: couldn't read `src/tz/testdata/america-st-johns.tzif`: No such file or directory (os error 2)
[INFO] [stdout]   --> src/tz/testdata.rs:32:15
[INFO] [stdout]    |
[INFO] [stdout] 32 |         data: include_bytes!("testdata/america-st-johns.tzif"),
[INFO] [stdout]    |               ^^^^^^^^^^^^^^^^^^^^^^^^^^^^^^^^^^^^^^^^^^^^^^^^
[INFO] [stdout] 
[INFO] [stdout] 
[INFO] [stdout] error: couldn't read `src/tz/testdata/right-america-new-york.tzif`: No such file or directory (os error 2)
[INFO] [stdout]   --> src/tz/testdata.rs:36:15
[INFO] [stdout]    |
[INFO] [stdout] 36 |         data: include_bytes!("testdata/right-america-new-york.tzif"),
[INFO] [stdout]    |               ^^^^^^^^^^^^^^^^^^^^^^^^^^^^^^^^^^^^^^^^^^^^^^^^^^^^^^
[INFO] [stdout] 
[INFO] [stdout] 
[INFO] [stdout] error: couldn't read `src/tz/testdata/antarctica-troll.tzif`: No such file or directory (os error 2)
[INFO] [stdout]   --> src/tz/testdata.rs:40:15
[INFO] [stdout]    |
[INFO] [stdout] 40 |         data: include_bytes!("testdata/antarctica-troll.tzif"),
[INFO] [stdout]    |               ^^^^^^^^^^^^^^^^^^^^^^^^^^^^^^^^^^^^^^^^^^^^^^^^
[INFO] [stdout] 
[INFO] [stdout] 
[INFO] [stdout] error: couldn't read `src/tz/testdata/australia-tasmania.tzif`: No such file or directory (os error 2)
[INFO] [stdout]   --> src/tz/testdata.rs:44:15
[INFO] [stdout]    |
[INFO] [stdout] 44 |         data: include_bytes!("testdata/australia-tasmania.tzif"),
[INFO] [stdout]    |               ^^^^^^^^^^^^^^^^^^^^^^^^^^^^^^^^^^^^^^^^^^^^^^^^^^
[INFO] [stdout] 
[INFO] [stdout] 
[INFO] [stdout] error: couldn't read `src/tz/testdata/europe-dublin.tzif`: No such file or directory (os error 2)
[INFO] [stdout]   --> src/tz/testdata.rs:48:15
[INFO] [stdout]    |
[INFO] [stdout] 48 |         data: include_bytes!("testdata/europe-dublin.tzif"),
[INFO] [stdout]    |               ^^^^^^^^^^^^^^^^^^^^^^^^^^^^^^^^^^^^^^^^^^^^^
[INFO] [stdout] 
[INFO] [stdout] 
[INFO] [stdout] error: couldn't read `src/tz/testdata/pacific-honolulu.tzif`: No such file or directory (os error 2)
[INFO] [stdout]   --> src/tz/testdata.rs:52:15
[INFO] [stdout]    |
[INFO] [stdout] 52 |         data: include_bytes!("testdata/pacific-honolulu.tzif"),
[INFO] [stdout]    |               ^^^^^^^^^^^^^^^^^^^^^^^^^^^^^^^^^^^^^^^^^^^^^^^^
[INFO] [stdout] 
[INFO] [stdout] 
[INFO] [stdout] error: couldn't read `src/tz/testdata/australia-sydney-rhel8.tzif`: No such file or directory (os error 2)
[INFO] [stdout]   --> src/tz/testdata.rs:65:15
[INFO] [stdout]    |
[INFO] [stdout] 65 |         data: include_bytes!("testdata/australia-sydney-rhel8.tzif"),
[INFO] [stdout]    |               ^^^^^^^^^^^^^^^^^^^^^^^^^^^^^^^^^^^^^^^^^^^^^^^^^^^^^^
[INFO] [stdout] 
[INFO] [stdout] 
[INFO] [stdout] error: couldn't read `src/tz/testdata/america-sao-paulo.tzif`: No such file or directory (os error 2)
[INFO] [stdout]   --> src/tz/testdata.rs:72:15
[INFO] [stdout]    |
[INFO] [stdout] 72 |         data: include_bytes!("testdata/america-sao-paulo.tzif"),
[INFO] [stdout]    |               ^^^^^^^^^^^^^^^^^^^^^^^^^^^^^^^^^^^^^^^^^^^^^^^^^
[INFO] [stdout] 
[INFO] [stdout] 
[INFO] [stdout] error: couldn't read `src/tz/testdata/america-boa-vista.tzif`: No such file or directory (os error 2)
[INFO] [stdout]   --> src/tz/testdata.rs:78:15
[INFO] [stdout]    |
[INFO] [stdout] 78 |         data: include_bytes!("testdata/america-boa-vista.tzif"),
[INFO] [stdout]    |               ^^^^^^^^^^^^^^^^^^^^^^^^^^^^^^^^^^^^^^^^^^^^^^^^^
[INFO] [stdout] 
[INFO] [stdout] 
[INFO] [stdout] error: couldn't read `src/tz/testdata/asia-tokyo.tzif`: No such file or directory (os error 2)
[INFO] [stdout]   --> src/tz/testdata.rs:83:15
[INFO] [stdout]    |
[INFO] [stdout] 83 |         data: include_bytes!("testdata/asia-tokyo.tzif"),
[INFO] [stdout]    |               ^^^^^^^^^^^^^^^^^^^^^^^^^^^^^^^^^^^^^^^^^^
[INFO] [stdout] 
[INFO] [stdout] 
[INFO] [stdout] error: couldn't read `src/tz/testdata/utc.tzif`: No such file or directory (os error 2)
[INFO] [stdout]   --> src/tz/testdata.rs:85:39
[INFO] [stdout]    |
[INFO] [stdout] 85 |     TzifTestFile { name: "UTC", data: include_bytes!("testdata/utc.tzif") },
[INFO] [stdout]    |                                       ^^^^^^^^^^^^^^^^^^^^^^^^^^^^^^^^^^^
[INFO] [stdout] 
[INFO] [stdout] 
[INFO] [stdout] error[E0277]: the trait bound `date::Date: serde::Deserialize<'de>` is not satisfied
[INFO] [stdout]     --> src/civil/date.rs:3826:34
[INFO] [stdout]      |
[INFO] [stdout] 3826 |         let deserialized: Date = serde_yaml::from_str("2024-10-31").unwrap();
[INFO] [stdout]      |                                  ^^^^^^^^^^^^^^^^^^^^^^^^^^^^^^^^^^ unsatisfied trait bound
[INFO] [stdout]      |
[INFO] [stdout] help: the trait `serde_core::de::Deserialize<'_>` is not implemented for `date::Date`
[INFO] [stdout]     --> src/civil/date.rs:172:1
[INFO] [stdout]      |
[INFO] [stdout]  172 | pub struct Date {
[INFO] [stdout]      | ^^^^^^^^^^^^^^^
[INFO] [stdout]      = note: for local types consider adding `#[derive(serde::Deserialize)]` to your `date::Date` type
[INFO] [stdout]      = note: for types from other crates check whether the crate offers a `serde` feature flag
[INFO] [stdout]      = help: the following other types implement trait `serde_core::de::Deserialize<'de>`:
[INFO] [stdout]                &'a [u8]
[INFO] [stdout]                &'a std::path::Path
[INFO] [stdout]                &'a str
[INFO] [stdout]                ()
[INFO] [stdout]                (T,)
[INFO] [stdout]                (T0, T1)
[INFO] [stdout]                (T0, T1, T2)
[INFO] [stdout]                (T0, T1, T2, T3)
[INFO] [stdout]              and 145 others
[INFO] [stdout] note: required by a bound in `serde_yaml::from_str`
[INFO] [stdout]     --> /opt/rustwide/cargo-home/registry/src/index.crates.io-1949cf8c6b5b557f/serde_yaml-0.9.34+deprecated/src/de.rs:1810:8
[INFO] [stdout]      |
[INFO] [stdout] 1808 | pub fn from_str<'de, T>(s: &'de str) -> Result<T>
[INFO] [stdout] 1809 | where
[INFO] [stdout] 1810 |     T: Deserialize<'de>,
[INFO] [stdout]      |        ^^^^^^^^^^^^^^^^ required by this bound in `from_str`
[INFO] [stdout] 
[INFO] [stdout] 
[INFO] [stdout] error[E0277]: the trait bound `date::Date: serde::Deserialize<'de>` is not satisfied
[INFO] [stdout]     --> src/civil/date.rs:3831:13
[INFO] [stdout]      |
[INFO] [stdout] 3831 |             serde_yaml::from_slice("2024-10-31".as_bytes()).unwrap();
[INFO] [stdout]      |             ^^^^^^^^^^^^^^^^^^^^^^^^^^^^^^^^^^^^^^^^^^^^^^^ unsatisfied trait bound
[INFO] [stdout]      |
[INFO] [stdout] help: the trait `serde_core::de::Deserialize<'_>` is not implemented for `date::Date`
[INFO] [stdout]     --> src/civil/date.rs:172:1
[INFO] [stdout]      |
[INFO] [stdout]  172 | pub struct Date {
[INFO] [stdout]      | ^^^^^^^^^^^^^^^
[INFO] [stdout]      = note: for local types consider adding `#[derive(serde::Deserialize)]` to your `date::Date` type
[INFO] [stdout]      = note: for types from other crates check whether the crate offers a `serde` feature flag
[INFO] [stdout]      = help: the following other types implement trait `serde_core::de::Deserialize<'de>`:
[INFO] [stdout]                &'a [u8]
[INFO] [stdout]                &'a std::path::Path
[INFO] [stdout]                &'a str
[INFO] [stdout]                ()
[INFO] [stdout]                (T,)
[INFO] [stdout]                (T0, T1)
[INFO] [stdout]                (T0, T1, T2)
[INFO] [stdout]                (T0, T1, T2, T3)
[INFO] [stdout]              and 145 others
[INFO] [stdout] note: required by a bound in `serde_yaml::from_slice`
[INFO] [stdout]     --> /opt/rustwide/cargo-home/registry/src/index.crates.io-1949cf8c6b5b557f/serde_yaml-0.9.34+deprecated/src/de.rs:1843:8
[INFO] [stdout]      |
[INFO] [stdout] 1841 | pub fn from_slice<'de, T>(v: &'de [u8]) -> Result<T>
[INFO] [stdout] 1842 | where
[INFO] [stdout] 1843 |     T: Deserialize<'de>,
[INFO] [stdout]      |        ^^^^^^^^^^^^^^^^ required by this bound in `from_slice`
[INFO] [stdout] 
[INFO] [stdout] 
[INFO] [stdout] error[E0277]: the trait bound `date::Date: serde::de::DeserializeOwned` is not satisfied
[INFO] [stdout]     --> src/civil/date.rs:3836:34
[INFO] [stdout]      |
[INFO] [stdout] 3836 |         let deserialized: Date = serde_yaml::from_reader(cursor).unwrap();
[INFO] [stdout]      |                                  ^^^^^^^^^^^^^^^^^^^^^^^^^^^^^^^ unsatisfied trait bound
[INFO] [stdout]      |
[INFO] [stdout] help: the trait `for<'de> serde_core::de::Deserialize<'de>` is not implemented for `date::Date`
[INFO] [stdout]     --> src/civil/date.rs:172:1
[INFO] [stdout]      |
[INFO] [stdout]  172 | pub struct Date {
[INFO] [stdout]      | ^^^^^^^^^^^^^^^
[INFO] [stdout]      = help: the following other types implement trait `serde_core::de::Deserialize<'de>`:
[INFO] [stdout]                &'a [u8]
[INFO] [stdout]                &'a std::path::Path
[INFO] [stdout]                &'a str
[INFO] [stdout]                ()
[INFO] [stdout]                (T,)
[INFO] [stdout]                (T0, T1)
[INFO] [stdout]                (T0, T1, T2)
[INFO] [stdout]                (T0, T1, T2, T3)
[INFO] [stdout]              and 145 others
[INFO] [stdout]      = note: required for `date::Date` to implement `serde_core::de::DeserializeOwned`
[INFO] [stdout] note: required by a bound in `serde_yaml::from_reader`
[INFO] [stdout]     --> /opt/rustwide/cargo-home/registry/src/index.crates.io-1949cf8c6b5b557f/serde_yaml-0.9.34+deprecated/src/de.rs:1827:8
[INFO] [stdout]      |
[INFO] [stdout] 1824 | pub fn from_reader<R, T>(rdr: R) -> Result<T>
[INFO] [stdout] ...
[INFO] [stdout] 1827 |     T: DeserializeOwned,
[INFO] [stdout]      |        ^^^^^^^^^^^^^^^^ required by this bound in `from_reader`
[INFO] [stdout] 
[INFO] [stdout] 
[INFO] [stdout] error[E0277]: the trait bound `civil::datetime::DateTime: serde::Deserialize<'de>` is not satisfied
[INFO] [stdout]     --> src/civil/datetime.rs:4566:13
[INFO] [stdout]      |
[INFO] [stdout] 4566 |             serde_yaml::from_str("2024-10-31 16:33:53.123456789").unwrap();
[INFO] [stdout]      |             ^^^^^^^^^^^^^^^^^^^^^^^^^^^^^^^^^^^^^^^^^^^^^^^^^^^^^ unsatisfied trait bound
[INFO] [stdout]      |
[INFO] [stdout] help: the trait `serde_core::de::Deserialize<'_>` is not implemented for `civil::datetime::DateTime`
[INFO] [stdout]     --> src/civil/datetime.rs:218:1
[INFO] [stdout]      |
[INFO] [stdout]  218 | pub struct DateTime {
[INFO] [stdout]      | ^^^^^^^^^^^^^^^^^^^
[INFO] [stdout]      = note: for local types consider adding `#[derive(serde::Deserialize)]` to your `civil::datetime::DateTime` type
[INFO] [stdout]      = note: for types from other crates check whether the crate offers a `serde` feature flag
[INFO] [stdout]      = help: the following other types implement trait `serde_core::de::Deserialize<'de>`:
[INFO] [stdout]                &'a [u8]
[INFO] [stdout]                &'a std::path::Path
[INFO] [stdout]                &'a str
[INFO] [stdout]                ()
[INFO] [stdout]                (T,)
[INFO] [stdout]                (T0, T1)
[INFO] [stdout]                (T0, T1, T2)
[INFO] [stdout]                (T0, T1, T2, T3)
[INFO] [stdout]              and 145 others
[INFO] [stdout] note: required by a bound in `serde_yaml::from_str`
[INFO] [stdout]     --> /opt/rustwide/cargo-home/registry/src/index.crates.io-1949cf8c6b5b557f/serde_yaml-0.9.34+deprecated/src/de.rs:1810:8
[INFO] [stdout]      |
[INFO] [stdout] 1808 | pub fn from_str<'de, T>(s: &'de str) -> Result<T>
[INFO] [stdout] 1809 | where
[INFO] [stdout] 1810 |     T: Deserialize<'de>,
[INFO] [stdout]      |        ^^^^^^^^^^^^^^^^ required by this bound in `from_str`
[INFO] [stdout] 
[INFO] [stdout] 
[INFO] [stdout] error[E0277]: the trait bound `civil::datetime::DateTime: serde::Deserialize<'de>` is not satisfied
[INFO] [stdout]     --> src/civil/datetime.rs:4571:13
[INFO] [stdout]      |
[INFO] [stdout] 4571 |             serde_yaml::from_slice("2024-10-31 16:33:53.123456789".as_bytes())
[INFO] [stdout]      |             ^^^^^^^^^^^^^^^^^^^^^^^^^^^^^^^^^^^^^^^^^^^^^^^^^^^^^^^^^^^^^^^^^^ unsatisfied trait bound
[INFO] [stdout]      |
[INFO] [stdout] help: the trait `serde_core::de::Deserialize<'_>` is not implemented for `civil::datetime::DateTime`
[INFO] [stdout]     --> src/civil/datetime.rs:218:1
[INFO] [stdout]      |
[INFO] [stdout]  218 | pub struct DateTime {
[INFO] [stdout]      | ^^^^^^^^^^^^^^^^^^^
[INFO] [stdout]      = note: for local types consider adding `#[derive(serde::Deserialize)]` to your `civil::datetime::DateTime` type
[INFO] [stdout]      = note: for types from other crates check whether the crate offers a `serde` feature flag
[INFO] [stdout]      = help: the following other types implement trait `serde_core::de::Deserialize<'de>`:
[INFO] [stdout]                &'a [u8]
[INFO] [stdout]                &'a std::path::Path
[INFO] [stdout]                &'a str
[INFO] [stdout]                ()
[INFO] [stdout]                (T,)
[INFO] [stdout]                (T0, T1)
[INFO] [stdout]                (T0, T1, T2)
[INFO] [stdout]                (T0, T1, T2, T3)
[INFO] [stdout]              and 145 others
[INFO] [stdout] note: required by a bound in `serde_yaml::from_slice`
[INFO] [stdout]     --> /opt/rustwide/cargo-home/registry/src/index.crates.io-1949cf8c6b5b557f/serde_yaml-0.9.34+deprecated/src/de.rs:1843:8
[INFO] [stdout]      |
[INFO] [stdout] 1841 | pub fn from_slice<'de, T>(v: &'de [u8]) -> Result<T>
[INFO] [stdout] 1842 | where
[INFO] [stdout] 1843 |     T: Deserialize<'de>,
[INFO] [stdout]      |        ^^^^^^^^^^^^^^^^ required by this bound in `from_slice`
[INFO] [stdout] 
[INFO] [stdout] 
[INFO] [stdout] error[E0277]: the trait bound `civil::datetime::DateTime: serde::de::DeserializeOwned` is not satisfied
[INFO] [stdout]     --> src/civil/datetime.rs:4577:38
[INFO] [stdout]      |
[INFO] [stdout] 4577 |         let deserialized: DateTime = serde_yaml::from_reader(cursor).unwrap();
[INFO] [stdout]      |                                      ^^^^^^^^^^^^^^^^^^^^^^^^^^^^^^^ unsatisfied trait bound
[INFO] [stdout]      |
[INFO] [stdout] help: the trait `for<'de> serde_core::de::Deserialize<'de>` is not implemented for `civil::datetime::DateTime`
[INFO] [stdout]     --> src/civil/datetime.rs:218:1
[INFO] [stdout]      |
[INFO] [stdout]  218 | pub struct DateTime {
[INFO] [stdout]      | ^^^^^^^^^^^^^^^^^^^
[INFO] [stdout]      = help: the following other types implement trait `serde_core::de::Deserialize<'de>`:
[INFO] [stdout]                &'a [u8]
[INFO] [stdout]                &'a std::path::Path
[INFO] [stdout]                &'a str
[INFO] [stdout]                ()
[INFO] [stdout]                (T,)
[INFO] [stdout]                (T0, T1)
[INFO] [stdout]                (T0, T1, T2)
[INFO] [stdout]                (T0, T1, T2, T3)
[INFO] [stdout]              and 145 others
[INFO] [stdout]      = note: required for `civil::datetime::DateTime` to implement `serde_core::de::DeserializeOwned`
[INFO] [stdout] note: required by a bound in `serde_yaml::from_reader`
[INFO] [stdout]     --> /opt/rustwide/cargo-home/registry/src/index.crates.io-1949cf8c6b5b557f/serde_yaml-0.9.34+deprecated/src/de.rs:1827:8
[INFO] [stdout]      |
[INFO] [stdout] 1824 | pub fn from_reader<R, T>(rdr: R) -> Result<T>
[INFO] [stdout] ...
[INFO] [stdout] 1827 |     T: DeserializeOwned,
[INFO] [stdout]      |        ^^^^^^^^^^^^^^^^ required by this bound in `from_reader`
[INFO] [stdout] 
[INFO] [stdout] 
[INFO] [stdout] error[E0277]: the trait bound `civil::time::Time: serde::Deserialize<'de>` is not satisfied
[INFO] [stdout]     --> src/civil/time.rs:3569:13
[INFO] [stdout]      |
[INFO] [stdout] 3569 |             serde_yaml::from_str("16:35:04.987654321").unwrap();
[INFO] [stdout]      |             ^^^^^^^^^^^^^^^^^^^^^^^^^^^^^^^^^^^^^^^^^^ unsatisfied trait bound
[INFO] [stdout]      |
[INFO] [stdout] help: the trait `serde_core::de::Deserialize<'_>` is not implemented for `civil::time::Time`
[INFO] [stdout]     --> src/civil/time.rs:223:1
[INFO] [stdout]      |
[INFO] [stdout]  223 | pub struct Time {
[INFO] [stdout]      | ^^^^^^^^^^^^^^^
[INFO] [stdout]      = note: for local types consider adding `#[derive(serde::Deserialize)]` to your `civil::time::Time` type
[INFO] [stdout]      = note: for types from other crates check whether the crate offers a `serde` feature flag
[INFO] [stdout]      = help: the following other types implement trait `serde_core::de::Deserialize<'de>`:
[INFO] [stdout]                &'a [u8]
[INFO] [stdout]                &'a std::path::Path
[INFO] [stdout]                &'a str
[INFO] [stdout]                ()
[INFO] [stdout]                (T,)
[INFO] [stdout]                (T0, T1)
[INFO] [stdout]                (T0, T1, T2)
[INFO] [stdout]                (T0, T1, T2, T3)
[INFO] [stdout]              and 145 others
[INFO] [stdout] note: required by a bound in `serde_yaml::from_str`
[INFO] [stdout]     --> /opt/rustwide/cargo-home/registry/src/index.crates.io-1949cf8c6b5b557f/serde_yaml-0.9.34+deprecated/src/de.rs:1810:8
[INFO] [stdout]      |
[INFO] [stdout] 1808 | pub fn from_str<'de, T>(s: &'de str) -> Result<T>
[INFO] [stdout] 1809 | where
[INFO] [stdout] 1810 |     T: Deserialize<'de>,
[INFO] [stdout]      |        ^^^^^^^^^^^^^^^^ required by this bound in `from_str`
[INFO] [stdout] 
[INFO] [stdout] 
[INFO] [stdout] error[E0277]: the trait bound `civil::time::Time: serde::Deserialize<'de>` is not satisfied
[INFO] [stdout]     --> src/civil/time.rs:3574:13
[INFO] [stdout]      |
[INFO] [stdout] 3574 |             serde_yaml::from_slice("16:35:04.987654321".as_bytes()).unwrap();
[INFO] [stdout]      |             ^^^^^^^^^^^^^^^^^^^^^^^^^^^^^^^^^^^^^^^^^^^^^^^^^^^^^^^ unsatisfied trait bound
[INFO] [stdout]      |
[INFO] [stdout] help: the trait `serde_core::de::Deserialize<'_>` is not implemented for `civil::time::Time`
[INFO] [stdout]     --> src/civil/time.rs:223:1
[INFO] [stdout]      |
[INFO] [stdout]  223 | pub struct Time {
[INFO] [stdout]      | ^^^^^^^^^^^^^^^
[INFO] [stdout]      = note: for local types consider adding `#[derive(serde::Deserialize)]` to your `civil::time::Time` type
[INFO] [stdout]      = note: for types from other crates check whether the crate offers a `serde` feature flag
[INFO] [stdout]      = help: the following other types implement trait `serde_core::de::Deserialize<'de>`:
[INFO] [stdout]                &'a [u8]
[INFO] [stdout]                &'a std::path::Path
[INFO] [stdout]                &'a str
[INFO] [stdout]                ()
[INFO] [stdout]                (T,)
[INFO] [stdout]                (T0, T1)
[INFO] [stdout]                (T0, T1, T2)
[INFO] [stdout]                (T0, T1, T2, T3)
[INFO] [stdout]              and 145 others
[INFO] [stdout] note: required by a bound in `serde_yaml::from_slice`
[INFO] [stdout]     --> /opt/rustwide/cargo-home/registry/src/index.crates.io-1949cf8c6b5b557f/serde_yaml-0.9.34+deprecated/src/de.rs:1843:8
[INFO] [stdout]      |
[INFO] [stdout] 1841 | pub fn from_slice<'de, T>(v: &'de [u8]) -> Result<T>
[INFO] [stdout] 1842 | where
[INFO] [stdout] 1843 |     T: Deserialize<'de>,
[INFO] [stdout]      |        ^^^^^^^^^^^^^^^^ required by this bound in `from_slice`
[INFO] [stdout] 
[INFO] [stdout] 
[INFO] [stdout] error[E0277]: the trait bound `civil::time::Time: serde::de::DeserializeOwned` is not satisfied
[INFO] [stdout]     --> src/civil/time.rs:3579:34
[INFO] [stdout]      |
[INFO] [stdout] 3579 |         let deserialized: Time = serde_yaml::from_reader(cursor).unwrap();
[INFO] [stdout]      |                                  ^^^^^^^^^^^^^^^^^^^^^^^^^^^^^^^ unsatisfied trait bound
[INFO] [stdout]      |
[INFO] [stdout] help: the trait `for<'de> serde_core::de::Deserialize<'de>` is not implemented for `civil::time::Time`
[INFO] [stdout]     --> src/civil/time.rs:223:1
[INFO] [stdout]      |
[INFO] [stdout]  223 | pub struct Time {
[INFO] [stdout]      | ^^^^^^^^^^^^^^^
[INFO] [stdout]      = help: the following other types implement trait `serde_core::de::Deserialize<'de>`:
[INFO] [stdout]                &'a [u8]
[INFO] [stdout]                &'a std::path::Path
[INFO] [stdout]                &'a str
[INFO] [stdout]                ()
[INFO] [stdout]                (T,)
[INFO] [stdout]                (T0, T1)
[INFO] [stdout]                (T0, T1, T2)
[INFO] [stdout]                (T0, T1, T2, T3)
[INFO] [stdout]              and 145 others
[INFO] [stdout]      = note: required for `civil::time::Time` to implement `serde_core::de::DeserializeOwned`
[INFO] [stdout] note: required by a bound in `serde_yaml::from_reader`
[INFO] [stdout]     --> /opt/rustwide/cargo-home/registry/src/index.crates.io-1949cf8c6b5b557f/serde_yaml-0.9.34+deprecated/src/de.rs:1827:8
[INFO] [stdout]      |
[INFO] [stdout] 1824 | pub fn from_reader<R, T>(rdr: R) -> Result<T>
[INFO] [stdout] ...
[INFO] [stdout] 1827 |     T: DeserializeOwned,
[INFO] [stdout]      |        ^^^^^^^^^^^^^^^^ required by this bound in `from_reader`
[INFO] [stdout] 
[INFO] [stdout] 
[INFO] [stdout] error[E0277]: the trait bound `signed_duration::SignedDuration: serde::Deserialize<'de>` is not satisfied
[INFO] [stdout]     --> src/signed_duration.rs:3137:13
[INFO] [stdout]      |
[INFO] [stdout] 3137 |             serde_yaml::from_str("PT34293h33m9s").unwrap();
[INFO] [stdout]      |             ^^^^^^^^^^^^^^^^^^^^^^^^^^^^^^^^^^^^^ unsatisfied trait bound
[INFO] [stdout]      |
[INFO] [stdout] help: the trait `serde_core::de::Deserialize<'_>` is not implemented for `signed_duration::SignedDuration`
[INFO] [stdout]     --> src/signed_duration.rs:325:1
[INFO] [stdout]      |
[INFO] [stdout]  325 | pub struct SignedDuration {
[INFO] [stdout]      | ^^^^^^^^^^^^^^^^^^^^^^^^^
[INFO] [stdout]      = note: for local types consider adding `#[derive(serde::Deserialize)]` to your `signed_duration::SignedDuration` type
[INFO] [stdout]      = note: for types from other crates check whether the crate offers a `serde` feature flag
[INFO] [stdout]      = help: the following other types implement trait `serde_core::de::Deserialize<'de>`:
[INFO] [stdout]                &'a [u8]
[INFO] [stdout]                &'a std::path::Path
[INFO] [stdout]                &'a str
[INFO] [stdout]                ()
[INFO] [stdout]                (T,)
[INFO] [stdout]                (T0, T1)
[INFO] [stdout]                (T0, T1, T2)
[INFO] [stdout]                (T0, T1, T2, T3)
[INFO] [stdout]              and 145 others
[INFO] [stdout] note: required by a bound in `serde_yaml::from_str`
[INFO] [stdout]     --> /opt/rustwide/cargo-home/registry/src/index.crates.io-1949cf8c6b5b557f/serde_yaml-0.9.34+deprecated/src/de.rs:1810:8
[INFO] [stdout]      |
[INFO] [stdout] 1808 | pub fn from_str<'de, T>(s: &'de str) -> Result<T>
[INFO] [stdout] 1809 | where
[INFO] [stdout] 1810 |     T: Deserialize<'de>,
[INFO] [stdout]      |        ^^^^^^^^^^^^^^^^ required by this bound in `from_str`
[INFO] [stdout] 
[INFO] [stdout] 
[INFO] [stdout] error[E0277]: the trait bound `signed_duration::SignedDuration: serde::Deserialize<'de>` is not satisfied
[INFO] [stdout]     --> src/signed_duration.rs:3142:13
[INFO] [stdout]      |
[INFO] [stdout] 3142 |             serde_yaml::from_slice("PT34293h33m9s".as_bytes()).unwrap();
[INFO] [stdout]      |             ^^^^^^^^^^^^^^^^^^^^^^^^^^^^^^^^^^^^^^^^^^^^^^^^^^ unsatisfied trait bound
[INFO] [stdout]      |
[INFO] [stdout] help: the trait `serde_core::de::Deserialize<'_>` is not implemented for `signed_duration::SignedDuration`
[INFO] [stdout]     --> src/signed_duration.rs:325:1
[INFO] [stdout]      |
[INFO] [stdout]  325 | pub struct SignedDuration {
[INFO] [stdout]      | ^^^^^^^^^^^^^^^^^^^^^^^^^
[INFO] [stdout]      = note: for local types consider adding `#[derive(serde::Deserialize)]` to your `signed_duration::SignedDuration` type
[INFO] [stdout]      = note: for types from other crates check whether the crate offers a `serde` feature flag
[INFO] [stdout]      = help: the following other types implement trait `serde_core::de::Deserialize<'de>`:
[INFO] [stdout]                &'a [u8]
[INFO] [stdout]                &'a std::path::Path
[INFO] [stdout]                &'a str
[INFO] [stdout]                ()
[INFO] [stdout]                (T,)
[INFO] [stdout]                (T0, T1)
[INFO] [stdout]                (T0, T1, T2)
[INFO] [stdout]                (T0, T1, T2, T3)
[INFO] [stdout]              and 145 others
[INFO] [stdout] note: required by a bound in `serde_yaml::from_slice`
[INFO] [stdout]     --> /opt/rustwide/cargo-home/registry/src/index.crates.io-1949cf8c6b5b557f/serde_yaml-0.9.34+deprecated/src/de.rs:1843:8
[INFO] [stdout]      |
[INFO] [stdout] 1841 | pub fn from_slice<'de, T>(v: &'de [u8]) -> Result<T>
[INFO] [stdout] 1842 | where
[INFO] [stdout] 1843 |     T: Deserialize<'de>,
[INFO] [stdout]      |        ^^^^^^^^^^^^^^^^ required by this bound in `from_slice`
[INFO] [stdout] 
[INFO] [stdout] 
[INFO] [stdout] error[E0277]: the trait bound `signed_duration::SignedDuration: serde::de::DeserializeOwned` is not satisfied
[INFO] [stdout]     --> src/signed_duration.rs:3148:13
[INFO] [stdout]      |
[INFO] [stdout] 3148 |             serde_yaml::from_reader(cursor).unwrap();
[INFO] [stdout]      |             ^^^^^^^^^^^^^^^^^^^^^^^^^^^^^^^ unsatisfied trait bound
[INFO] [stdout]      |
[INFO] [stdout] help: the trait `for<'de> serde_core::de::Deserialize<'de>` is not implemented for `signed_duration::SignedDuration`
[INFO] [stdout]     --> src/signed_duration.rs:325:1
[INFO] [stdout]      |
[INFO] [stdout]  325 | pub struct SignedDuration {
[INFO] [stdout]      | ^^^^^^^^^^^^^^^^^^^^^^^^^
[INFO] [stdout]      = help: the following other types implement trait `serde_core::de::Deserialize<'de>`:
[INFO] [stdout]                &'a [u8]
[INFO] [stdout]                &'a std::path::Path
[INFO] [stdout]                &'a str
[INFO] [stdout]                ()
[INFO] [stdout]                (T,)
[INFO] [stdout]                (T0, T1)
[INFO] [stdout]                (T0, T1, T2)
[INFO] [stdout]                (T0, T1, T2, T3)
[INFO] [stdout]              and 145 others
[INFO] [stdout]      = note: required for `signed_duration::SignedDuration` to implement `serde_core::de::DeserializeOwned`
[INFO] [stdout] note: required by a bound in `serde_yaml::from_reader`
[INFO] [stdout]     --> /opt/rustwide/cargo-home/registry/src/index.crates.io-1949cf8c6b5b557f/serde_yaml-0.9.34+deprecated/src/de.rs:1827:8
[INFO] [stdout]      |
[INFO] [stdout] 1824 | pub fn from_reader<R, T>(rdr: R) -> Result<T>
[INFO] [stdout] ...
[INFO] [stdout] 1827 |     T: DeserializeOwned,
[INFO] [stdout]      |        ^^^^^^^^^^^^^^^^ required by this bound in `from_reader`
[INFO] [stdout] 
[INFO] [stdout] 
[INFO] [stdout] error[E0277]: the trait bound `signed_duration::SignedDuration: serde::Deserialize<'de>` is not satisfied
[INFO] [stdout]     --> src/signed_duration.rs:3199:13
[INFO] [stdout]      |
[INFO] [stdout] 3199 |             serde_json::from_str(&alloc::format!("\"{s}\""))
[INFO] [stdout]      |             ^^^^^^^^^^^^^^^^^^^^^^^^^^^^^^^^^^^^^^^^^^^^^^^^ unsatisfied trait bound
[INFO] [stdout]      |
[INFO] [stdout] help: the trait `serde_core::de::Deserialize<'_>` is not implemented for `signed_duration::SignedDuration`
[INFO] [stdout]     --> src/signed_duration.rs:325:1
[INFO] [stdout]      |
[INFO] [stdout]  325 | pub struct SignedDuration {
[INFO] [stdout]      | ^^^^^^^^^^^^^^^^^^^^^^^^^
[INFO] [stdout]      = note: for local types consider adding `#[derive(serde::Deserialize)]` to your `signed_duration::SignedDuration` type
[INFO] [stdout]      = note: for types from other crates check whether the crate offers a `serde` feature flag
[INFO] [stdout]      = help: the following other types implement trait `serde_core::de::Deserialize<'de>`:
[INFO] [stdout]                &'a [u8]
[INFO] [stdout]                &'a std::path::Path
[INFO] [stdout]                &'a str
[INFO] [stdout]                ()
[INFO] [stdout]                (T,)
[INFO] [stdout]                (T0, T1)
[INFO] [stdout]                (T0, T1, T2)
[INFO] [stdout]                (T0, T1, T2, T3)
[INFO] [stdout]              and 145 others
[INFO] [stdout] note: required by a bound in `serde_json::from_str`
[INFO] [stdout]     --> /opt/rustwide/cargo-home/registry/src/index.crates.io-1949cf8c6b5b557f/serde_json-1.0.151/src/de.rs:2711:8
[INFO] [stdout]      |
[INFO] [stdout] 2709 | pub fn from_str<'a, T>(s: &'a str) -> Result<T>
[INFO] [stdout] 2710 | where
[INFO] [stdout] 2711 |     T: de::Deserialize<'a>,
[INFO] [stdout]      |        ^^^^^^^^^^^^^^^^^^^ required by this bound in `from_str`
[INFO] [stdout] 
[INFO] [stdout] 
[INFO] [stdout] error[E0277]: the trait bound `span::Span: serde::Deserialize<'de>` is not satisfied
[INFO] [stdout]     --> src/span.rs:6951:13
[INFO] [stdout]      |
[INFO] [stdout] 6951 |             serde_yaml::from_str("P1y2m3w4dT5h6m7s").unwrap();
[INFO] [stdout]      |             ^^^^^^^^^^^^^^^^^^^^^^^^^^^^^^^^^^^^^^^^ unsatisfied trait bound
[INFO] [stdout]      |
[INFO] [stdout] help: the trait `serde_core::de::Deserialize<'_>` is not implemented for `span::Span`
[INFO] [stdout]     --> src/span.rs:708:1
[INFO] [stdout]      |
[INFO] [stdout]  708 | pub struct Span {
[INFO] [stdout]      | ^^^^^^^^^^^^^^^
[INFO] [stdout]      = note: for local types consider adding `#[derive(serde::Deserialize)]` to your `span::Span` type
[INFO] [stdout]      = note: for types from other crates check whether the crate offers a `serde` feature flag
[INFO] [stdout]      = help: the following other types implement trait `serde_core::de::Deserialize<'de>`:
[INFO] [stdout]                &'a [u8]
[INFO] [stdout]                &'a std::path::Path
[INFO] [stdout]                &'a str
[INFO] [stdout]                ()
[INFO] [stdout]                (T,)
[INFO] [stdout]                (T0, T1)
[INFO] [stdout]                (T0, T1, T2)
[INFO] [stdout]                (T0, T1, T2, T3)
[INFO] [stdout]              and 145 others
[INFO] [stdout] note: required by a bound in `serde_yaml::from_str`
[INFO] [stdout]     --> /opt/rustwide/cargo-home/registry/src/index.crates.io-1949cf8c6b5b557f/serde_yaml-0.9.34+deprecated/src/de.rs:1810:8
[INFO] [stdout]      |
[INFO] [stdout] 1808 | pub fn from_str<'de, T>(s: &'de str) -> Result<T>
[INFO] [stdout] 1809 | where
[INFO] [stdout] 1810 |     T: Deserialize<'de>,
[INFO] [stdout]      |        ^^^^^^^^^^^^^^^^ required by this bound in `from_str`
[INFO] [stdout] 
[INFO] [stdout] 
[INFO] [stdout] error[E0277]: the trait bound `span::Span: serde::Deserialize<'de>` is not satisfied
[INFO] [stdout]     --> src/span.rs:6956:13
[INFO] [stdout]      |
[INFO] [stdout] 6956 |             serde_yaml::from_slice("P1y2m3w4dT5h6m7s".as_bytes()).unwrap();
[INFO] [stdout]      |             ^^^^^^^^^^^^^^^^^^^^^^^^^^^^^^^^^^^^^^^^^^^^^^^^^^^^^ unsatisfied trait bound
[INFO] [stdout]      |
[INFO] [stdout] help: the trait `serde_core::de::Deserialize<'_>` is not implemented for `span::Span`
[INFO] [stdout]     --> src/span.rs:708:1
[INFO] [stdout]      |
[INFO] [stdout]  708 | pub struct Span {
[INFO] [stdout]      | ^^^^^^^^^^^^^^^
[INFO] [stdout]      = note: for local types consider adding `#[derive(serde::Deserialize)]` to your `span::Span` type
[INFO] [stdout]      = note: for types from other crates check whether the crate offers a `serde` feature flag
[INFO] [stdout]      = help: the following other types implement trait `serde_core::de::Deserialize<'de>`:
[INFO] [stdout]                &'a [u8]
[INFO] [stdout]                &'a std::path::Path
[INFO] [stdout]                &'a str
[INFO] [stdout]                ()
[INFO] [stdout]                (T,)
[INFO] [stdout]                (T0, T1)
[INFO] [stdout]                (T0, T1, T2)
[INFO] [stdout]                (T0, T1, T2, T3)
[INFO] [stdout]              and 145 others
[INFO] [stdout] note: required by a bound in `serde_yaml::from_slice`
[INFO] [stdout]     --> /opt/rustwide/cargo-home/registry/src/index.crates.io-1949cf8c6b5b557f/serde_yaml-0.9.34+deprecated/src/de.rs:1843:8
[INFO] [stdout]      |
[INFO] [stdout] 1841 | pub fn from_slice<'de, T>(v: &'de [u8]) -> Result<T>
[INFO] [stdout] 1842 | where
[INFO] [stdout] 1843 |     T: Deserialize<'de>,
[INFO] [stdout]      |        ^^^^^^^^^^^^^^^^ required by this bound in `from_slice`
[INFO] [stdout] 
[INFO] [stdout] 
[INFO] [stdout] error[E0277]: the trait bound `span::Span: serde::de::DeserializeOwned` is not satisfied
[INFO] [stdout]     --> src/span.rs:6961:34
[INFO] [stdout]      |
[INFO] [stdout] 6961 |         let deserialized: Span = serde_yaml::from_reader(cursor).unwrap();
[INFO] [stdout]      |                                  ^^^^^^^^^^^^^^^^^^^^^^^^^^^^^^^ unsatisfied trait bound
[INFO] [stdout]      |
[INFO] [stdout] help: the trait `for<'de> serde_core::de::Deserialize<'de>` is not implemented for `span::Span`
[INFO] [stdout]     --> src/span.rs:708:1
[INFO] [stdout]      |
[INFO] [stdout]  708 | pub struct Span {
[INFO] [stdout]      | ^^^^^^^^^^^^^^^
[INFO] [stdout]      = help: the following other types implement trait `serde_core::de::Deserialize<'de>`:
[INFO] [stdout]                &'a [u8]
[INFO] [stdout]                &'a std::path::Path
[INFO] [stdout]                &'a str
[INFO] [stdout]                ()
[INFO] [stdout]                (T,)
[INFO] [stdout]                (T0, T1)
[INFO] [stdout]                (T0, T1, T2)
[INFO] [stdout]                (T0, T1, T2, T3)
[INFO] [stdout]              and 145 others
[INFO] [stdout]      = note: required for `span::Span` to implement `serde_core::de::DeserializeOwned`
[INFO] [stdout] note: required by a bound in `serde_yaml::from_reader`
[INFO] [stdout]     --> /opt/rustwide/cargo-home/registry/src/index.crates.io-1949cf8c6b5b557f/serde_yaml-0.9.34+deprecated/src/de.rs:1827:8
[INFO] [stdout]      |
[INFO] [stdout] 1824 | pub fn from_reader<R, T>(rdr: R) -> Result<T>
[INFO] [stdout] ...
[INFO] [stdout] 1827 |     T: DeserializeOwned,
[INFO] [stdout]      |        ^^^^^^^^^^^^^^^^ required by this bound in `from_reader`
[INFO] [stdout] 
[INFO] [stdout] 
[INFO] [stdout] error[E0277]: the trait bound `span::Span: serde::Deserialize<'de>` is not satisfied
[INFO] [stdout]     --> src/span.rs:7089:13
[INFO] [stdout]      |
[INFO] [stdout] 7089 |             serde_json::from_str(&alloc::format!("\"{s}\""))
[INFO] [stdout]      |             ^^^^^^^^^^^^^^^^^^^^^^^^^^^^^^^^^^^^^^^^^^^^^^^^ unsatisfied trait bound
[INFO] [stdout]      |
[INFO] [stdout] help: the trait `serde_core::de::Deserialize<'_>` is not implemented for `span::Span`
[INFO] [stdout]     --> src/span.rs:708:1
[INFO] [stdout]      |
[INFO] [stdout]  708 | pub struct Span {
[INFO] [stdout]      | ^^^^^^^^^^^^^^^
[INFO] [stdout]      = note: for local types consider adding `#[derive(serde::Deserialize)]` to your `span::Span` type
[INFO] [stdout]      = note: for types from other crates check whether the crate offers a `serde` feature flag
[INFO] [stdout]      = help: the following other types implement trait `serde_core::de::Deserialize<'de>`:
[INFO] [stdout]                &'a [u8]
[INFO] [stdout]                &'a std::path::Path
[INFO] [stdout]                &'a str
[INFO] [stdout]                ()
[INFO] [stdout]                (T,)
[INFO] [stdout]                (T0, T1)
[INFO] [stdout]                (T0, T1, T2)
[INFO] [stdout]                (T0, T1, T2, T3)
[INFO] [stdout]              and 145 others
[INFO] [stdout] note: required by a bound in `serde_json::from_str`
[INFO] [stdout]     --> /opt/rustwide/cargo-home/registry/src/index.crates.io-1949cf8c6b5b557f/serde_json-1.0.151/src/de.rs:2711:8
[INFO] [stdout]      |
[INFO] [stdout] 2709 | pub fn from_str<'a, T>(s: &'a str) -> Result<T>
[INFO] [stdout] 2710 | where
[INFO] [stdout] 2711 |     T: de::Deserialize<'a>,
[INFO] [stdout]      |        ^^^^^^^^^^^^^^^^^^^ required by this bound in `from_str`
[INFO] [stdout] 
[INFO] [stdout] 
[INFO] [stdout] error[E0277]: the trait bound `timestamp::Timestamp: serde::Deserialize<'de>` is not satisfied
[INFO] [stdout]     --> src/timestamp.rs:3702:13
[INFO] [stdout]      |
[INFO] [stdout] 3702 |             serde_yaml::from_str("2024-10-31T16:33:53.123456789+00:00")
[INFO] [stdout]      |             ^^^^^^^^^^^^^^^^^^^^^^^^^^^^^^^^^^^^^^^^^^^^^^^^^^^^^^^^^^^ unsatisfied trait bound
[INFO] [stdout]      |
[INFO] [stdout] help: the trait `serde_core::de::Deserialize<'_>` is not implemented for `timestamp::Timestamp`
[INFO] [stdout]     --> src/timestamp.rs:314:1
[INFO] [stdout]      |
[INFO] [stdout]  314 | pub struct Timestamp {
[INFO] [stdout]      | ^^^^^^^^^^^^^^^^^^^^
[INFO] [stdout]      = note: for local types consider adding `#[derive(serde::Deserialize)]` to your `timestamp::Timestamp` type
[INFO] [stdout]      = note: for types from other crates check whether the crate offers a `serde` feature flag
[INFO] [stdout]      = help: the following other types implement trait `serde_core::de::Deserialize<'de>`:
[INFO] [stdout]                &'a [u8]
[INFO] [stdout]                &'a std::path::Path
[INFO] [stdout]                &'a str
[INFO] [stdout]                ()
[INFO] [stdout]                (T,)
[INFO] [stdout]                (T0, T1)
[INFO] [stdout]                (T0, T1, T2)
[INFO] [stdout]                (T0, T1, T2, T3)
[INFO] [stdout]              and 145 others
[INFO] [stdout] note: required by a bound in `serde_yaml::from_str`
[INFO] [stdout]     --> /opt/rustwide/cargo-home/registry/src/index.crates.io-1949cf8c6b5b557f/serde_yaml-0.9.34+deprecated/src/de.rs:1810:8
[INFO] [stdout]      |
[INFO] [stdout] 1808 | pub fn from_str<'de, T>(s: &'de str) -> Result<T>
[INFO] [stdout] 1809 | where
[INFO] [stdout] 1810 |     T: Deserialize<'de>,
[INFO] [stdout]      |        ^^^^^^^^^^^^^^^^ required by this bound in `from_str`
[INFO] [stdout] 
[INFO] [stdout] 
[INFO] [stdout] error[E0277]: the trait bound `timestamp::Timestamp: serde::Deserialize<'de>` is not satisfied
[INFO] [stdout]     --> src/timestamp.rs:3707:39
[INFO] [stdout]      |
[INFO] [stdout] 3707 |           let deserialized: Timestamp = serde_yaml::from_slice(
[INFO] [stdout]      |  _______________________________________^
[INFO] [stdout] 3708 | |             "2024-10-31T16:33:53.123456789+00:00".as_bytes(),
[INFO] [stdout] 3709 | |         )
[INFO] [stdout]      | |_________^ unsatisfied trait bound
[INFO] [stdout]      |
[INFO] [stdout] help: the trait `serde_core::de::Deserialize<'_>` is not implemented for `timestamp::Timestamp`
[INFO] [stdout]     --> src/timestamp.rs:314:1
[INFO] [stdout]      |
[INFO] [stdout]  314 | pub struct Timestamp {
[INFO] [stdout]      | ^^^^^^^^^^^^^^^^^^^^
[INFO] [stdout]      = note: for local types consider adding `#[derive(serde::Deserialize)]` to your `timestamp::Timestamp` type
[INFO] [stdout]      = note: for types from other crates check whether the crate offers a `serde` feature flag
[INFO] [stdout]      = help: the following other types implement trait `serde_core::de::Deserialize<'de>`:
[INFO] [stdout]                &'a [u8]
[INFO] [stdout]                &'a std::path::Path
[INFO] [stdout]                &'a str
[INFO] [stdout]                ()
[INFO] [stdout]                (T,)
[INFO] [stdout]                (T0, T1)
[INFO] [stdout]                (T0, T1, T2)
[INFO] [stdout]                (T0, T1, T2, T3)
[INFO] [stdout]              and 145 others
[INFO] [stdout] note: required by a bound in `serde_yaml::from_slice`
[INFO] [stdout]     --> /opt/rustwide/cargo-home/registry/src/index.crates.io-1949cf8c6b5b557f/serde_yaml-0.9.34+deprecated/src/de.rs:1843:8
[INFO] [stdout]      |
[INFO] [stdout] 1841 | pub fn from_slice<'de, T>(v: &'de [u8]) -> Result<T>
[INFO] [stdout] 1842 | where
[INFO] [stdout] 1843 |     T: Deserialize<'de>,
[INFO] [stdout]      |        ^^^^^^^^^^^^^^^^ required by this bound in `from_slice`
[INFO] [stdout] 
[INFO] [stdout] 
[INFO] [stdout] error[E0277]: the trait bound `timestamp::Timestamp: serde::de::DeserializeOwned` is not satisfied
[INFO] [stdout]     --> src/timestamp.rs:3715:39
[INFO] [stdout]      |
[INFO] [stdout] 3715 |         let deserialized: Timestamp = serde_yaml::from_reader(cursor).unwrap();
[INFO] [stdout]      |                                       ^^^^^^^^^^^^^^^^^^^^^^^^^^^^^^^ unsatisfied trait bound
[INFO] [stdout]      |
[INFO] [stdout] help: the trait `for<'de> serde_core::de::Deserialize<'de>` is not implemented for `timestamp::Timestamp`
[INFO] [stdout]     --> src/timestamp.rs:314:1
[INFO] [stdout]      |
[INFO] [stdout]  314 | pub struct Timestamp {
[INFO] [stdout]      | ^^^^^^^^^^^^^^^^^^^^
[INFO] [stdout]      = help: the following other types implement trait `serde_core::de::Deserialize<'de>`:
[INFO] [stdout]                &'a [u8]
[INFO] [stdout]                &'a std::path::Path
[INFO] [stdout]                &'a str
[INFO] [stdout]                ()
[INFO] [stdout]                (T,)
[INFO] [stdout]                (T0, T1)
[INFO] [stdout]                (T0, T1, T2)
[INFO] [stdout]                (T0, T1, T2, T3)
[INFO] [stdout]              and 145 others
[INFO] [stdout]      = note: required for `timestamp::Timestamp` to implement `serde_core::de::DeserializeOwned`
[INFO] [stdout] note: required by a bound in `serde_yaml::from_reader`
[INFO] [stdout]     --> /opt/rustwide/cargo-home/registry/src/index.crates.io-1949cf8c6b5b557f/serde_yaml-0.9.34+deprecated/src/de.rs:1827:8
[INFO] [stdout]      |
[INFO] [stdout] 1824 | pub fn from_reader<R, T>(rdr: R) -> Result<T>
[INFO] [stdout] ...
[INFO] [stdout] 1827 |     T: DeserializeOwned,
[INFO] [stdout]      |        ^^^^^^^^^^^^^^^^ required by this bound in `from_reader`
[INFO] [stdout] 
[INFO] [stdout] 
[INFO] [stdout] error[E0277]: the trait bound `zoned::Zoned: serde::Deserialize<'de>` is not satisfied
[INFO] [stdout]     --> src/zoned.rs:5974:13
[INFO] [stdout]      |
[INFO] [stdout] 5974 |             serde_yaml::from_str("2024-10-31T16:33:53.123456789+00:00[UTC]")
[INFO] [stdout]      |             ^^^^^^^^^^^^^^^^^^^^^^^^^^^^^^^^^^^^^^^^^^^^^^^^^^^^^^^^^^^^^^^^ unsatisfied trait bound
[INFO] [stdout]      |
[INFO] [stdout] help: the trait `serde_core::de::Deserialize<'_>` is not implemented for `zoned::Zoned`
[INFO] [stdout]     --> src/zoned.rs:314:1
[INFO] [stdout]      |
[INFO] [stdout]  314 | pub struct Zoned {
[INFO] [stdout]      | ^^^^^^^^^^^^^^^^
[INFO] [stdout]      = note: for local types consider adding `#[derive(serde::Deserialize)]` to your `zoned::Zoned` type
[INFO] [stdout]      = note: for types from other crates check whether the crate offers a `serde` feature flag
[INFO] [stdout]      = help: the following other types implement trait `serde_core::de::Deserialize<'de>`:
[INFO] [stdout]                &'a [u8]
[INFO] [stdout]                &'a std::path::Path
[INFO] [stdout]                &'a str
[INFO] [stdout]                ()
[INFO] [stdout]                (T,)
[INFO] [stdout]                (T0, T1)
[INFO] [stdout]                (T0, T1, T2)
[INFO] [stdout]                (T0, T1, T2, T3)
[INFO] [stdout]              and 145 others
[INFO] [stdout] note: required by a bound in `serde_yaml::from_str`
[INFO] [stdout]     --> /opt/rustwide/cargo-home/registry/src/index.crates.io-1949cf8c6b5b557f/serde_yaml-0.9.34+deprecated/src/de.rs:1810:8
[INFO] [stdout]      |
[INFO] [stdout] 1808 | pub fn from_str<'de, T>(s: &'de str) -> Result<T>
[INFO] [stdout] 1809 | where
[INFO] [stdout] 1810 |     T: Deserialize<'de>,
[INFO] [stdout]      |        ^^^^^^^^^^^^^^^^ required by this bound in `from_str`
[INFO] [stdout] 
[INFO] [stdout] 
[INFO] [stdout] error[E0277]: the trait bound `zoned::Zoned: serde::Deserialize<'de>` is not satisfied
[INFO] [stdout]     --> src/zoned.rs:5979:35
[INFO] [stdout]      |
[INFO] [stdout] 5979 |           let deserialized: Zoned = serde_yaml::from_slice(
[INFO] [stdout]      |  ___________________________________^
[INFO] [stdout] 5980 | |             "2024-10-31T16:33:53.123456789+00:00[UTC]".as_bytes(),
[INFO] [stdout] 5981 | |         )
[INFO] [stdout]      | |_________^ unsatisfied trait bound
[INFO] [stdout]      |
[INFO] [stdout] help: the trait `serde_core::de::Deserialize<'_>` is not implemented for `zoned::Zoned`
[INFO] [stdout]     --> src/zoned.rs:314:1
[INFO] [stdout]      |
[INFO] [stdout]  314 | pub struct Zoned {
[INFO] [stdout]      | ^^^^^^^^^^^^^^^^
[INFO] [stdout]      = note: for local types consider adding `#[derive(serde::Deserialize)]` to your `zoned::Zoned` type
[INFO] [stdout]      = note: for types from other crates check whether the crate offers a `serde` feature flag
[INFO] [stdout]      = help: the following other types implement trait `serde_core::de::Deserialize<'de>`:
[INFO] [stdout]                &'a [u8]
[INFO] [stdout]                &'a std::path::Path
[INFO] [stdout]                &'a str
[INFO] [stdout]                ()
[INFO] [stdout]                (T,)
[INFO] [stdout]                (T0, T1)
[INFO] [stdout]                (T0, T1, T2)
[INFO] [stdout]                (T0, T1, T2, T3)
[INFO] [stdout]              and 145 others
[INFO] [stdout] note: required by a bound in `serde_yaml::from_slice`
[INFO] [stdout]     --> /opt/rustwide/cargo-home/registry/src/index.crates.io-1949cf8c6b5b557f/serde_yaml-0.9.34+deprecated/src/de.rs:1843:8
[INFO] [stdout]      |
[INFO] [stdout] 1841 | pub fn from_slice<'de, T>(v: &'de [u8]) -> Result<T>
[INFO] [stdout] 1842 | where
[INFO] [stdout] 1843 |     T: Deserialize<'de>,
[INFO] [stdout]      |        ^^^^^^^^^^^^^^^^ required by this bound in `from_slice`
[INFO] [stdout] 
[INFO] [stdout] 
[INFO] [stdout] error[E0277]: the trait bound `zoned::Zoned: serde::de::DeserializeOwned` is not satisfied
[INFO] [stdout]     --> src/zoned.rs:5987:35
[INFO] [stdout]      |
[INFO] [stdout] 5987 |         let deserialized: Zoned = serde_yaml::from_reader(cursor).unwrap();
[INFO] [stdout]      |                                   ^^^^^^^^^^^^^^^^^^^^^^^^^^^^^^^ unsatisfied trait bound
[INFO] [stdout]      |
[INFO] [stdout] help: the trait `for<'de> serde_core::de::Deserialize<'de>` is not implemented for `zoned::Zoned`
[INFO] [stdout]     --> src/zoned.rs:314:1
[INFO] [stdout]      |
[INFO] [stdout]  314 | pub struct Zoned {
[INFO] [stdout]      | ^^^^^^^^^^^^^^^^
[INFO] [stdout]      = help: the following other types implement trait `serde_core::de::Deserialize<'de>`:
[INFO] [stdout]                &'a [u8]
[INFO] [stdout]                &'a std::path::Path
[INFO] [stdout]                &'a str
[INFO] [stdout]                ()
[INFO] [stdout]                (T,)
[INFO] [stdout]                (T0, T1)
[INFO] [stdout]                (T0, T1, T2)
[INFO] [stdout]                (T0, T1, T2, T3)
[INFO] [stdout]              and 145 others
[INFO] [stdout]      = note: required for `zoned::Zoned` to implement `serde_core::de::DeserializeOwned`
[INFO] [stdout] note: required by a bound in `serde_yaml::from_reader`
[INFO] [stdout]     --> /opt/rustwide/cargo-home/registry/src/index.crates.io-1949cf8c6b5b557f/serde_yaml-0.9.34+deprecated/src/de.rs:1827:8
[INFO] [stdout]      |
[INFO] [stdout] 1824 | pub fn from_reader<R, T>(rdr: R) -> Result<T>
[INFO] [stdout] ...
[INFO] [stdout] 1827 |     T: DeserializeOwned,
[INFO] [stdout]      |        ^^^^^^^^^^^^^^^^ required by this bound in `from_reader`
[INFO] [stdout] 
[INFO] [stdout] 
[INFO] [stdout] For more information about this error, try `rustc --explain E0277`.
[INFO] [stdout] 
[INFO] [stderr] error: could not compile `jiff` (lib test) due to 37 previous errors
[INFO] running `Command { std: "docker" "inspect" "c806635763e5238cea058d53666b12ece8f3e06edd4ae1cb58c14b1e00822a3e", kill_on_drop: false }`
[INFO] running `Command { std: "docker" "rm" "-f" "c806635763e5238cea058d53666b12ece8f3e06edd4ae1cb58c14b1e00822a3e", kill_on_drop: false }`
[INFO] [stdout] c806635763e5238cea058d53666b12ece8f3e06edd4ae1cb58c14b1e00822a3e
