[INFO] fetching crate jev-driver 0.1.0...
[INFO] testing jev-driver-0.1.0 against 1.99.0-beta.8+cargoflags=--release for beta-release-1.100-2
[INFO] extracting crate jev-driver 0.1.0 into /workspace/builds/worker-3-tc1/source
[INFO] started tweaking crates.io crate jev-driver 0.1.0
[INFO] removed 0 missing examples
[INFO] removed 0 missing tests
[INFO] finished tweaking crates.io crate jev-driver 0.1.0
[INFO] tweaked toml for crates.io crate jev-driver 0.1.0 written to /workspace/builds/worker-3-tc1/source/Cargo.toml
[INFO] validating manifest of crates.io crate jev-driver 0.1.0 on toolchain 1.99.0-beta.8
[INFO] running `Command { std: CARGO_HOME="/workspace/cargo-home" RUSTUP_HOME="/workspace/rustup-home" "/workspace/cargo-home/bin/cargo" "+1.99.0-beta.8" "metadata" "--manifest-path" "Cargo.toml" "--no-deps", kill_on_drop: false }`
[INFO] crate crates.io crate jev-driver 0.1.0 already has a lockfile, it will not be regenerated
[INFO] running `Command { std: CARGO_HOME="/workspace/cargo-home" RUSTUP_HOME="/workspace/rustup-home" "/workspace/cargo-home/bin/cargo" "+1.99.0-beta.8" "fetch" "--manifest-path" "Cargo.toml", kill_on_drop: false }`
[INFO] [stderr]     Updating crates.io index
[INFO] [stderr]  Downloading crates ...
[INFO] [stderr]   Downloaded trybuild v1.0.121
[INFO] [stderr]   Downloaded jev-driver-macros v0.1.0
[INFO] running `Command { std: "docker" "create" "-v" "/var/lib/crater-agent-workspace/builds/worker-3-tc1/source:/opt/rustwide/workdir:ro,Z" "-v" "/var/lib/crater-agent-workspace/builds/worker-3-tc1/target:/opt/rustwide/target:rw,Z" "-v" "/var/lib/crater-agent-workspace/cargo-home:/opt/rustwide/cargo-home:ro,Z" "-v" "/var/lib/crater-agent-workspace/rustup-home:/opt/rustwide/rustup-home:ro,Z" "-m" "1610612736" "--network" "none" "ghcr.io/rust-lang/crates-build-env/linux@sha256:77db811e55d90add9212f6832c23229e3de5f1c1f9905e8cb07319ea15df73ac" "sleep" "infinity", kill_on_drop: false }`
[INFO] [stdout] 46c38f9762ac5476a2fb6d45aed4e263bf52b5ad282a9a7378a46a4cdefd0f02
[INFO] running `Command { std: "docker" "start" "46c38f9762ac5476a2fb6d45aed4e263bf52b5ad282a9a7378a46a4cdefd0f02", kill_on_drop: false }`
[INFO] running `Command { std: "docker" "inspect" "46c38f9762ac5476a2fb6d45aed4e263bf52b5ad282a9a7378a46a4cdefd0f02", kill_on_drop: false }`
[INFO] running `Command { std: "docker" "exec" "-e" "SOURCE_DIR=/opt/rustwide/workdir" "-e" "CARGO_HOME=/opt/rustwide/cargo-home" "-e" "RUSTUP_HOME=/opt/rustwide/rustup-home" "-e" "CARGO_TARGET_DIR=/opt/rustwide/target" "-w" "/opt/rustwide/workdir" "--user" "0:0" "46c38f9762ac5476a2fb6d45aed4e263bf52b5ad282a9a7378a46a4cdefd0f02" "/opt/rustwide/cargo-home/bin/cargo" "+1.99.0-beta.8" "metadata" "--no-deps" "--format-version=1", kill_on_drop: false }`
[INFO] running `Command { std: "docker" "inspect" "46c38f9762ac5476a2fb6d45aed4e263bf52b5ad282a9a7378a46a4cdefd0f02", kill_on_drop: false }`
[INFO] running `Command { std: "docker" "exec" "-e" "SOURCE_DIR=/opt/rustwide/workdir" "-e" "CARGO_HOME=/opt/rustwide/cargo-home" "-e" "RUSTUP_HOME=/opt/rustwide/rustup-home" "-e" "CARGO_TARGET_DIR=/opt/rustwide/target" "-e" "CARGO_INCREMENTAL=0" "-e" "RUST_BACKTRACE=full" "-e" "RUSTFLAGS=--cap-lints=warn" "-e" "RUSTDOCFLAGS=--cap-lints=warn" "-w" "/opt/rustwide/workdir" "--user" "0:0" "46c38f9762ac5476a2fb6d45aed4e263bf52b5ad282a9a7378a46a4cdefd0f02" "/opt/rustwide/cargo-home/bin/cargo" "+1.99.0-beta.8" "build" "--frozen" "--message-format=json" "--release", kill_on_drop: false }`
[INFO] [stderr]    Compiling find-msvc-tools v0.1.13
[INFO] [stderr]    Compiling smallvec v1.16.1
[INFO] [stderr]    Compiling mio v1.2.3
[INFO] [stderr]    Compiling openssl-macros v0.1.1
[INFO] [stderr]    Compiling futures-util v0.3.34
[INFO] [stderr]    Compiling serde v1.0.229
[INFO] [stderr]    Compiling futures-channel v0.3.34
[INFO] [stderr]    Compiling multiversion-macros v0.9.0
[INFO] [stderr]    Compiling encoding_rs v0.8.41
[INFO] [stderr]    Compiling sync_wrapper v1.0.2
[INFO] [stderr]    Compiling ipnet v2.12.2
[INFO] [stderr]    Compiling http-body-util v0.1.5
[INFO] [stderr]    Compiling serde_json v1.0.151
[INFO] [stderr]    Compiling thiserror-impl v2.0.20
[INFO] [stderr]    Compiling jev-driver-macros v0.1.0
[INFO] [stderr]    Compiling icu_normalizer v2.3.0
[INFO] [stderr]    Compiling cc v1.4.7
[INFO] [stderr]    Compiling tokio v1.53.1
[INFO] [stderr]    Compiling idna_adapter v1.2.2
[INFO] [stderr]    Compiling multiversion v0.9.0
[INFO] [stderr]    Compiling idna v1.1.0
[INFO] [stderr]    Compiling serde_urlencoded v0.7.1
[INFO] [stderr]    Compiling thiserror v2.0.20
[INFO] [stderr]    Compiling url v2.5.8
[INFO] [stderr]    Compiling openssl-sys v0.9.117
[INFO] [stderr]    Compiling openssl v0.10.81
[INFO] [stderr]    Compiling native-tls v0.2.18
[INFO] [stderr]    Compiling tokio-util v0.7.19
[INFO] [stderr]    Compiling tower v0.5.3
[INFO] [stderr]    Compiling tower-http v0.6.11
[INFO] [stderr]    Compiling tokio-native-tls v0.3.1
[INFO] [stderr]    Compiling h2 v0.4.19
[INFO] [stderr]    Compiling hyper v1.11.1
[INFO] [stderr]    Compiling hyper-util v0.1.20
[INFO] [stderr]    Compiling hyper-tls v0.6.0
[INFO] [stderr]    Compiling reqwest v0.12.28
[INFO] [stderr]    Compiling jev-driver v0.1.0 (/opt/rustwide/workdir)
[INFO] [stderr]     Finished `release` profile [optimized] target(s) in 36.19s
[INFO] running `Command { std: "docker" "inspect" "46c38f9762ac5476a2fb6d45aed4e263bf52b5ad282a9a7378a46a4cdefd0f02", kill_on_drop: false }`
[INFO] running `Command { std: "docker" "exec" "-e" "SOURCE_DIR=/opt/rustwide/workdir" "-e" "CARGO_HOME=/opt/rustwide/cargo-home" "-e" "RUSTUP_HOME=/opt/rustwide/rustup-home" "-e" "CARGO_TARGET_DIR=/opt/rustwide/target" "-e" "CARGO_INCREMENTAL=0" "-e" "RUST_BACKTRACE=full" "-e" "RUSTFLAGS=--cap-lints=warn" "-e" "RUSTDOCFLAGS=--cap-lints=warn" "-w" "/opt/rustwide/workdir" "--user" "0:0" "46c38f9762ac5476a2fb6d45aed4e263bf52b5ad282a9a7378a46a4cdefd0f02" "/opt/rustwide/cargo-home/bin/cargo" "+1.99.0-beta.8" "test" "--frozen" "--no-run" "--message-format=json" "--release", kill_on_drop: false }`
[INFO] [stderr]    Compiling parking_lot_core v0.9.12
[INFO] [stderr]    Compiling serde v1.0.229
[INFO] [stderr]    Compiling serde_json v1.0.151
[INFO] [stderr]    Compiling target-tuple v1.0.2
[INFO] [stderr]    Compiling winnow v1.0.4
[INFO] [stderr]    Compiling serde_spanned v1.1.1
[INFO] [stderr]    Compiling toml_datetime v1.1.1+spec-1.1.0
[INFO] [stderr]    Compiling toml_writer v1.1.2+spec-1.1.0
[INFO] [stderr]    Compiling parking_lot v0.12.5
[INFO] [stderr]    Compiling tokio v1.53.1
[INFO] [stderr]    Compiling toml_parser v1.1.3+spec-1.1.0
[INFO] [stderr]    Compiling url v2.5.8
[INFO] [stderr]    Compiling serde_urlencoded v0.7.1
[INFO] [stderr]    Compiling toml v1.1.6+spec-1.1.0
[INFO] [stderr]    Compiling trybuild v1.0.121
[INFO] [stderr]    Compiling tokio-util v0.7.19
[INFO] [stderr]    Compiling tower v0.5.3
[INFO] [stderr]    Compiling tokio-native-tls v0.3.1
[INFO] [stderr]    Compiling tower-http v0.6.11
[INFO] [stderr]    Compiling h2 v0.4.19
[INFO] [stderr]    Compiling hyper v1.11.1
[INFO] [stderr]    Compiling hyper-util v0.1.20
[INFO] [stderr]    Compiling hyper-tls v0.6.0
[INFO] [stderr]    Compiling reqwest v0.12.28
[INFO] [stderr]    Compiling jev-driver v0.1.0 (/opt/rustwide/workdir)
[INFO] [stdout] error[E0432]: unresolved import `jev_driver::fake`
[INFO] [stdout]   --> tests/client.rs:7:17
[INFO] [stdout]    |
[INFO] [stdout]  7 | use jev_driver::fake::FakeTransport;
[INFO] [stdout]    |                 ^^^^ could not find `fake` in `jev_driver`
[INFO] [stdout]    |
[INFO] [stdout] note: found an item that was configured out
[INFO] [stdout]   --> src/lib.rs:29:9
[INFO] [stdout]    |
[INFO] [stdout] 28 | #[cfg(feature = "test-support")]
[INFO] [stdout]    |       ------------------------ the item is gated behind the `test-support` feature
[INFO] [stdout] 29 | pub mod fake;
[INFO] [stdout]    |         ^^^^
[INFO] [stdout] 
[INFO] [stdout] 
[INFO] [stdout] error[E0599]: no associated function or constant named `with_transport` found for struct `jev_driver::client::JevClient` in the current scope
[INFO] [stdout]    --> tests/client.rs:57:29
[INFO] [stdout]     |
[INFO] [stdout]  57 |     let client = JevClient::with_transport(transport.clone(), "jev-1.13.0", fast_retry());
[INFO] [stdout]     |                             ^^^^^^^^^^^^^^ associated function or constant not found in `jev_driver::client::JevClient`
[INFO] [stdout]     |
[INFO] [stdout] note: if you're trying to build a new `jev_driver::client::JevClient` consider using one of the following associated functions:
[INFO] [stdout]       jev_driver::client::JevClient::new
[INFO] [stdout]       jev_driver::client::JevClient::from_env
[INFO] [stdout]    --> src/client.rs:271:5
[INFO] [stdout]     |
[INFO] [stdout] 271 |     pub fn new(config: JevConfig) -> JevResult<Self> {
[INFO] [stdout]     |     ^^^^^^^^^^^^^^^^^^^^^^^^^^^^^^^^^^^^^^^^^^^^^^^^
[INFO] [stdout] ...
[INFO] [stdout] 288 |     pub fn from_env() -> JevResult<Self> {
[INFO] [stdout]     |     ^^^^^^^^^^^^^^^^^^^^^^^^^^^^^^^^^^^^
[INFO] [stdout] 
[INFO] [stdout] 
[INFO] [stdout] error[E0599]: no associated function or constant named `with_transport` found for struct `jev_driver::client::JevClient` in the current scope
[INFO] [stdout]    --> tests/client.rs:86:29
[INFO] [stdout]     |
[INFO] [stdout]  86 |     let client = JevClient::with_transport(transport.clone(), "jev-1.13.0", fast_retry());
[INFO] [stdout]     |                             ^^^^^^^^^^^^^^ associated function or constant not found in `jev_driver::client::JevClient`
[INFO] [stdout]     |
[INFO] [stdout] note: if you're trying to build a new `jev_driver::client::JevClient` consider using one of the following associated functions:
[INFO] [stdout]       jev_driver::client::JevClient::new
[INFO] [stdout]       jev_driver::client::JevClient::from_env
[INFO] [stdout]    --> src/client.rs:271:5
[INFO] [stdout]     |
[INFO] [stdout] 271 |     pub fn new(config: JevConfig) -> JevResult<Self> {
[INFO] [stdout]     |     ^^^^^^^^^^^^^^^^^^^^^^^^^^^^^^^^^^^^^^^^^^^^^^^^
[INFO] [stdout] ...
[INFO] [stdout] 288 |     pub fn from_env() -> JevResult<Self> {
[INFO] [stdout]     |     ^^^^^^^^^^^^^^^^^^^^^^^^^^^^^^^^^^^^
[INFO] [stdout] 
[INFO] [stdout] 
[INFO] [stdout] warning: method call on a diverging inference variable
[INFO] [stdout]   --> tests/client.rs:90:17
[INFO] [stdout]    |
[INFO] [stdout] 90 |         answers.choice("team")?.selected(),
[INFO] [stdout]    |                 ^^^^^^
[INFO] [stdout]    |
[INFO] [stdout]    = help: consider providing a type annotation
[INFO] [stdout]    = warning: this was previously accepted by the compiler but is being phased out; it will become a hard error in a future release!
[INFO] [stdout]    = note: for more information, see issue #156047 <https://github.com/rust-lang/rust/issues/156047>
[INFO] [stdout]    = note: `#[warn(method_call_on_diverging_infer_var)]` (part of `#[warn(future_incompatible)]`) on by default
[INFO] [stdout] 
[INFO] [stdout] 
[INFO] [stdout] error[E0599]: no method named `choice` found for type `!` in the current scope
[INFO] [stdout]   --> tests/client.rs:90:17
[INFO] [stdout]    |
[INFO] [stdout] 90 |         answers.choice("team")?.selected(),
[INFO] [stdout]    |                 ^^^^^^ method not found in `!`
[INFO] [stdout] 
[INFO] [stdout] 
[INFO] [stdout] error[E0599]: no associated function or constant named `with_transport` found for struct `jev_driver::client::JevClient` in the current scope
[INFO] [stdout]    --> tests/client.rs:108:29
[INFO] [stdout]     |
[INFO] [stdout] 108 |     let client = JevClient::with_transport(transport.clone(), "jev-1.13.0", retry);
[INFO] [stdout]     |                             ^^^^^^^^^^^^^^ associated function or constant not found in `jev_driver::client::JevClient`
[INFO] [stdout]     |
[INFO] [stdout] note: if you're trying to build a new `jev_driver::client::JevClient` consider using one of the following associated functions:
[INFO] [stdout]       jev_driver::client::JevClient::new
[INFO] [stdout]       jev_driver::client::JevClient::from_env
[INFO] [stdout]    --> src/client.rs:271:5
[INFO] [stdout]     |
[INFO] [stdout] 271 |     pub fn new(config: JevConfig) -> JevResult<Self> {
[INFO] [stdout]     |     ^^^^^^^^^^^^^^^^^^^^^^^^^^^^^^^^^^^^^^^^^^^^^^^^
[INFO] [stdout] ...
[INFO] [stdout] 288 |     pub fn from_env() -> JevResult<Self> {
[INFO] [stdout]     |     ^^^^^^^^^^^^^^^^^^^^^^^^^^^^^^^^^^^^
[INFO] [stdout] 
[INFO] [stdout] 
[INFO] [stdout] error[E0599]: no associated function or constant named `with_transport` found for struct `jev_driver::client::JevClient` in the current scope
[INFO] [stdout]    --> tests/client.rs:134:29
[INFO] [stdout]     |
[INFO] [stdout] 134 |     let client = JevClient::with_transport(transport, "jev-1.13.0", fast_retry());
[INFO] [stdout]     |                             ^^^^^^^^^^^^^^ associated function or constant not found in `jev_driver::client::JevClient`
[INFO] [stdout]     |
[INFO] [stdout] note: if you're trying to build a new `jev_driver::client::JevClient` consider using one of the following associated functions:
[INFO] [stdout]       jev_driver::client::JevClient::new
[INFO] [stdout]       jev_driver::client::JevClient::from_env
[INFO] [stdout]    --> src/client.rs:271:5
[INFO] [stdout]     |
[INFO] [stdout] 271 |     pub fn new(config: JevConfig) -> JevResult<Self> {
[INFO] [stdout]     |     ^^^^^^^^^^^^^^^^^^^^^^^^^^^^^^^^^^^^^^^^^^^^^^^^
[INFO] [stdout] ...
[INFO] [stdout] 288 |     pub fn from_env() -> JevResult<Self> {
[INFO] [stdout]     |     ^^^^^^^^^^^^^^^^^^^^^^^^^^^^^^^^^^^^
[INFO] [stdout] 
[INFO] [stdout] 
[INFO] [stdout] error[E0599]: no associated function or constant named `with_transport` found for struct `jev_driver::client::JevClient` in the current scope
[INFO] [stdout]    --> tests/client.rs:153:29
[INFO] [stdout]     |
[INFO] [stdout] 153 |     let client = JevClient::with_transport(transport.clone(), "jev-1.13.0", fast_retry());
[INFO] [stdout]     |                             ^^^^^^^^^^^^^^ associated function or constant not found in `jev_driver::client::JevClient`
[INFO] [stdout]     |
[INFO] [stdout] note: if you're trying to build a new `jev_driver::client::JevClient` consider using one of the following associated functions:
[INFO] [stdout]       jev_driver::client::JevClient::new
[INFO] [stdout]       jev_driver::client::JevClient::from_env
[INFO] [stdout]    --> src/client.rs:271:5
[INFO] [stdout]     |
[INFO] [stdout] 271 |     pub fn new(config: JevConfig) -> JevResult<Self> {
[INFO] [stdout]     |     ^^^^^^^^^^^^^^^^^^^^^^^^^^^^^^^^^^^^^^^^^^^^^^^^
[INFO] [stdout] ...
[INFO] [stdout] 288 |     pub fn from_env() -> JevResult<Self> {
[INFO] [stdout]     |     ^^^^^^^^^^^^^^^^^^^^^^^^^^^^^^^^^^^^
[INFO] [stdout] 
[INFO] [stdout] 
[INFO] [stdout] error[E0599]: no associated function or constant named `with_transport` found for struct `jev_driver::client::JevClient` in the current scope
[INFO] [stdout]    --> tests/client.rs:176:29
[INFO] [stdout]     |
[INFO] [stdout] 176 |     let client = JevClient::with_transport(transport.clone(), "jev-1.13.0", fast_retry());
[INFO] [stdout]     |                             ^^^^^^^^^^^^^^ associated function or constant not found in `jev_driver::client::JevClient`
[INFO] [stdout]     |
[INFO] [stdout] note: if you're trying to build a new `jev_driver::client::JevClient` consider using one of the following associated functions:
[INFO] [stdout]       jev_driver::client::JevClient::new
[INFO] [stdout]       jev_driver::client::JevClient::from_env
[INFO] [stdout]    --> src/client.rs:271:5
[INFO] [stdout]     |
[INFO] [stdout] 271 |     pub fn new(config: JevConfig) -> JevResult<Self> {
[INFO] [stdout]     |     ^^^^^^^^^^^^^^^^^^^^^^^^^^^^^^^^^^^^^^^^^^^^^^^^
[INFO] [stdout] ...
[INFO] [stdout] 288 |     pub fn from_env() -> JevResult<Self> {
[INFO] [stdout]     |     ^^^^^^^^^^^^^^^^^^^^^^^^^^^^^^^^^^^^
[INFO] [stdout] 
[INFO] [stdout] 
[INFO] [stdout] Some errors have detailed explanations: E0432, E0599.
[INFO] [stdout] 
[INFO] [stdout] For more information about an error, try `rustc --explain E0432`.
[INFO] [stdout] 
[INFO] [stderr] error: could not compile `jev-driver` (test "client") due to 8 previous errors; 2 warnings emitted
[INFO] [stderr] warning: build failed, waiting for other jobs to finish...
[INFO] [stdout] warning: field `internal` is never read
[INFO] [stdout]    --> tests/core.rs:485:9
[INFO] [stdout]     |
[INFO] [stdout] 482 |     struct CamelState {
[INFO] [stdout]     |            ---------- field in this struct
[INFO] [stdout] ...
[INFO] [stdout] 485 |         internal: String,
[INFO] [stdout]     |         ^^^^^^^^
[INFO] [stdout]     |
[INFO] [stdout]     = note: `#[warn(dead_code)]` (part of `#[warn(unused)]`) on by default
[INFO] [stdout] 
[INFO] [stdout] 
[INFO] [stdout] warning: field `urgent` is never read
[INFO] [stdout]    --> tests/core.rs:510:9
[INFO] [stdout]     |
[INFO] [stdout] 509 |     struct Qs {
[INFO] [stdout]     |            -- field in this struct
[INFO] [stdout] 510 |         urgent: Urgent,
[INFO] [stdout]     |         ^^^^^^
[INFO] [stdout] 
[INFO] [stdout] 
[INFO] [stdout] warning: field `urgent` is never read
[INFO] [stdout]    --> tests/core.rs:547:9
[INFO] [stdout]     |
[INFO] [stdout] 546 |     struct Qs {
[INFO] [stdout]     |            -- field in this struct
[INFO] [stdout] 547 |         urgent: Urgent,
[INFO] [stdout]     |         ^^^^^^
[INFO] [stdout] 
[INFO] [stdout] 
[INFO] [stdout] warning: field `internal` is never read
[INFO] [stdout]    --> tests/core.rs:811:9
[INFO] [stdout]     |
[INFO] [stdout] 808 |     struct SkipWins {
[INFO] [stdout]     |            -------- field in this struct
[INFO] [stdout] ...
[INFO] [stdout] 811 |         internal: String,
[INFO] [stdout]     |         ^^^^^^^^
[INFO] [stdout] 
[INFO] [stdout] 
[INFO] [stdout] warning: structure field `xmlHttpRequest` should have a snake case name
[INFO] [stdout]    --> tests/core.rs:670:9
[INFO] [stdout]     |
[INFO] [stdout] 670 |         xmlHttpRequest: String,
[INFO] [stdout]     |         ^^^^^^^^^^^^^^ help: convert the identifier to snake case: `xml_http_request`
[INFO] [stdout]     |
[INFO] [stdout]     = note: `#[warn(non_snake_case)]` (part of `#[warn(nonstandard_style)]`) on by default
[INFO] [stdout] 
[INFO] [stdout] 
[INFO] [stdout] warning: structure field `XMLHttp` should have a snake case name
[INFO] [stdout]    --> tests/core.rs:671:9
[INFO] [stdout]     |
[INFO] [stdout] 671 |         XMLHttp: String,
[INFO] [stdout]     |         ^^^^^^^ help: convert the identifier to snake case: `xmlhttp`
[INFO] [stdout] 
[INFO] [stdout] 
[INFO] [stdout] warning: structure field `xmlHttpRequest` should have a snake case name
[INFO] [stdout]    --> tests/core.rs:679:9
[INFO] [stdout]     |
[INFO] [stdout] 679 |         xmlHttpRequest: String,
[INFO] [stdout]     |         ^^^^^^^^^^^^^^ help: convert the identifier to snake case: `xml_http_request`
[INFO] [stdout] 
[INFO] [stdout] 
[INFO] [stdout] warning: structure field `XMLHttp` should have a snake case name
[INFO] [stdout]    --> tests/core.rs:680:9
[INFO] [stdout]     |
[INFO] [stdout] 680 |         XMLHttp: String,
[INFO] [stdout]     |         ^^^^^^^ help: convert the identifier to snake case: `xmlhttp`
[INFO] [stdout] 
[INFO] [stdout] 
[INFO] [stdout] warning: structure field `xmlHttpRequest` should have a snake case name
[INFO] [stdout]    --> tests/core.rs:688:9
[INFO] [stdout]     |
[INFO] [stdout] 688 |         xmlHttpRequest: String,
[INFO] [stdout]     |         ^^^^^^^^^^^^^^ help: convert the identifier to snake case: `xml_http_request`
[INFO] [stdout] 
[INFO] [stdout] 
[INFO] [stdout] warning: structure field `XMLHttp` should have a snake case name
[INFO] [stdout]    --> tests/core.rs:689:9
[INFO] [stdout]     |
[INFO] [stdout] 689 |         XMLHttp: String,
[INFO] [stdout]     |         ^^^^^^^ help: convert the identifier to snake case: `xmlhttp`
[INFO] [stdout] 
[INFO] [stdout] 
[INFO] [stdout] warning: structure field `xmlHttpRequest` should have a snake case name
[INFO] [stdout]    --> tests/core.rs:697:9
[INFO] [stdout]     |
[INFO] [stdout] 697 |         xmlHttpRequest: String,
[INFO] [stdout]     |         ^^^^^^^^^^^^^^ help: convert the identifier to snake case: `xml_http_request`
[INFO] [stdout] 
[INFO] [stdout] 
[INFO] [stdout] warning: structure field `XMLHttp` should have a snake case name
[INFO] [stdout]    --> tests/core.rs:698:9
[INFO] [stdout]     |
[INFO] [stdout] 698 |         XMLHttp: String,
[INFO] [stdout]     |         ^^^^^^^ help: convert the identifier to snake case: `xmlhttp`
[INFO] [stdout] 
[INFO] [stdout] 
[INFO] [stdout] warning: structure field `xmlHttpRequest` should have a snake case name
[INFO] [stdout]    --> tests/core.rs:706:9
[INFO] [stdout]     |
[INFO] [stdout] 706 |         xmlHttpRequest: String,
[INFO] [stdout]     |         ^^^^^^^^^^^^^^ help: convert the identifier to snake case: `xml_http_request`
[INFO] [stdout] 
[INFO] [stdout] 
[INFO] [stdout] warning: structure field `XMLHttp` should have a snake case name
[INFO] [stdout]    --> tests/core.rs:707:9
[INFO] [stdout]     |
[INFO] [stdout] 707 |         XMLHttp: String,
[INFO] [stdout]     |         ^^^^^^^ help: convert the identifier to snake case: `xmlhttp`
[INFO] [stdout] 
[INFO] [stdout] 
[INFO] [stdout] warning: structure field `xmlHttpRequest` should have a snake case name
[INFO] [stdout]    --> tests/core.rs:715:9
[INFO] [stdout]     |
[INFO] [stdout] 715 |         xmlHttpRequest: String,
[INFO] [stdout]     |         ^^^^^^^^^^^^^^ help: convert the identifier to snake case: `xml_http_request`
[INFO] [stdout] 
[INFO] [stdout] 
[INFO] [stdout] warning: structure field `XMLHttp` should have a snake case name
[INFO] [stdout]    --> tests/core.rs:716:9
[INFO] [stdout]     |
[INFO] [stdout] 716 |         XMLHttp: String,
[INFO] [stdout]     |         ^^^^^^^ help: convert the identifier to snake case: `xmlhttp`
[INFO] [stdout] 
[INFO] [stdout] 
[INFO] [stdout] warning: structure field `xmlHttpRequest` should have a snake case name
[INFO] [stdout]    --> tests/core.rs:724:9
[INFO] [stdout]     |
[INFO] [stdout] 724 |         xmlHttpRequest: String,
[INFO] [stdout]     |         ^^^^^^^^^^^^^^ help: convert the identifier to snake case: `xml_http_request`
[INFO] [stdout] 
[INFO] [stdout] 
[INFO] [stdout] warning: structure field `XMLHttp` should have a snake case name
[INFO] [stdout]    --> tests/core.rs:725:9
[INFO] [stdout]     |
[INFO] [stdout] 725 |         XMLHttp: String,
[INFO] [stdout]     |         ^^^^^^^ help: convert the identifier to snake case: `xmlhttp`
[INFO] [stdout] 
[INFO] [stdout] 
[INFO] [stdout] warning: structure field `xmlHttpRequest` should have a snake case name
[INFO] [stdout]    --> tests/core.rs:733:9
[INFO] [stdout]     |
[INFO] [stdout] 733 |         xmlHttpRequest: String,
[INFO] [stdout]     |         ^^^^^^^^^^^^^^ help: convert the identifier to snake case: `xml_http_request`
[INFO] [stdout] 
[INFO] [stdout] 
[INFO] [stdout] warning: structure field `XMLHttp` should have a snake case name
[INFO] [stdout]    --> tests/core.rs:734:9
[INFO] [stdout]     |
[INFO] [stdout] 734 |         XMLHttp: String,
[INFO] [stdout]     |         ^^^^^^^ help: convert the identifier to snake case: `xmlhttp`
[INFO] [stdout] 
[INFO] [stdout] 
[INFO] [stdout] warning: structure field `xmlHttpRequest` should have a snake case name
[INFO] [stdout]    --> tests/core.rs:742:9
[INFO] [stdout]     |
[INFO] [stdout] 742 |         xmlHttpRequest: String,
[INFO] [stdout]     |         ^^^^^^^^^^^^^^ help: convert the identifier to snake case: `xml_http_request`
[INFO] [stdout] 
[INFO] [stdout] 
[INFO] [stdout] warning: structure field `XMLHttp` should have a snake case name
[INFO] [stdout]    --> tests/core.rs:743:9
[INFO] [stdout]     |
[INFO] [stdout] 743 |         XMLHttp: String,
[INFO] [stdout]     |         ^^^^^^^ help: convert the identifier to snake case: `xmlhttp`
[INFO] [stdout] 
[INFO] [stdout] 
[INFO] running `Command { std: "docker" "inspect" "46c38f9762ac5476a2fb6d45aed4e263bf52b5ad282a9a7378a46a4cdefd0f02", kill_on_drop: false }`
[INFO] running `Command { std: "docker" "rm" "-f" "46c38f9762ac5476a2fb6d45aed4e263bf52b5ad282a9a7378a46a4cdefd0f02", kill_on_drop: false }`
[INFO] [stdout] 46c38f9762ac5476a2fb6d45aed4e263bf52b5ad282a9a7378a46a4cdefd0f02
