[INFO] fetching crate jesterky-core 0.1.1...
[INFO] testing jesterky-core-0.1.1 against 1.99.0-beta.8+cargoflags=--release for beta-release-1.100-2
[INFO] extracting crate jesterky-core 0.1.1 into /workspace/builds/worker-7-tc1/source
[INFO] started tweaking crates.io crate jesterky-core 0.1.1
[INFO] removed 0 missing tests
[INFO] finished tweaking crates.io crate jesterky-core 0.1.1
[INFO] tweaked toml for crates.io crate jesterky-core 0.1.1 written to /workspace/builds/worker-7-tc1/source/Cargo.toml
[INFO] validating manifest of crates.io crate jesterky-core 0.1.1 on toolchain 1.99.0-beta.8
[INFO] running `Command { std: CARGO_HOME="/workspace/cargo-home" RUSTUP_HOME="/workspace/rustup-home" "/workspace/cargo-home/bin/cargo" "+1.99.0-beta.8" "metadata" "--manifest-path" "Cargo.toml" "--no-deps", kill_on_drop: false }`
[INFO] crate crates.io crate jesterky-core 0.1.1 already has a lockfile, it will not be regenerated
[INFO] running `Command { std: CARGO_HOME="/workspace/cargo-home" RUSTUP_HOME="/workspace/rustup-home" "/workspace/cargo-home/bin/cargo" "+1.99.0-beta.8" "fetch" "--manifest-path" "Cargo.toml", kill_on_drop: false }`
[INFO] [stderr]     Blocking waiting for file lock on package cache
[INFO] [stderr]     Updating crates.io index
[INFO] [stderr]     Blocking waiting for file lock on package cache
[INFO] [stderr]  Downloading crates ...
[INFO] [stderr]   Downloaded tokio-macros v2.7.0
[INFO] [stderr]   Downloaded tokio v1.52.3
[INFO] running `Command { std: "docker" "create" "-v" "/var/lib/crater-agent-workspace/builds/worker-7-tc1/source:/opt/rustwide/workdir:ro,Z" "-v" "/var/lib/crater-agent-workspace/builds/worker-7-tc1/target:/opt/rustwide/target:rw,Z" "-v" "/var/lib/crater-agent-workspace/cargo-home:/opt/rustwide/cargo-home:ro,Z" "-v" "/var/lib/crater-agent-workspace/rustup-home:/opt/rustwide/rustup-home:ro,Z" "-m" "1610612736" "--network" "none" "ghcr.io/rust-lang/crates-build-env/linux@sha256:77db811e55d90add9212f6832c23229e3de5f1c1f9905e8cb07319ea15df73ac" "sleep" "infinity", kill_on_drop: false }`
[INFO] [stdout] a051bf82e3c11e40225473cf71b28253d46d7c5a75f8c57f4fe41835c10f7121
[INFO] running `Command { std: "docker" "start" "a051bf82e3c11e40225473cf71b28253d46d7c5a75f8c57f4fe41835c10f7121", kill_on_drop: false }`
[INFO] running `Command { std: "docker" "inspect" "a051bf82e3c11e40225473cf71b28253d46d7c5a75f8c57f4fe41835c10f7121", kill_on_drop: false }`
[INFO] running `Command { std: "docker" "exec" "-e" "SOURCE_DIR=/opt/rustwide/workdir" "-e" "CARGO_HOME=/opt/rustwide/cargo-home" "-e" "RUSTUP_HOME=/opt/rustwide/rustup-home" "-e" "CARGO_TARGET_DIR=/opt/rustwide/target" "-w" "/opt/rustwide/workdir" "--user" "0:0" "a051bf82e3c11e40225473cf71b28253d46d7c5a75f8c57f4fe41835c10f7121" "/opt/rustwide/cargo-home/bin/cargo" "+1.99.0-beta.8" "metadata" "--no-deps" "--format-version=1", kill_on_drop: false }`
[INFO] running `Command { std: "docker" "inspect" "a051bf82e3c11e40225473cf71b28253d46d7c5a75f8c57f4fe41835c10f7121", kill_on_drop: false }`
[INFO] running `Command { std: "docker" "exec" "-e" "SOURCE_DIR=/opt/rustwide/workdir" "-e" "CARGO_HOME=/opt/rustwide/cargo-home" "-e" "RUSTUP_HOME=/opt/rustwide/rustup-home" "-e" "CARGO_TARGET_DIR=/opt/rustwide/target" "-e" "CARGO_INCREMENTAL=0" "-e" "RUST_BACKTRACE=full" "-e" "RUSTFLAGS=--cap-lints=warn" "-e" "RUSTDOCFLAGS=--cap-lints=warn" "-w" "/opt/rustwide/workdir" "--user" "0:0" "a051bf82e3c11e40225473cf71b28253d46d7c5a75f8c57f4fe41835c10f7121" "/opt/rustwide/cargo-home/bin/cargo" "+1.99.0-beta.8" "build" "--frozen" "--message-format=json" "--release", kill_on_drop: false }`
[INFO] [stderr]    Compiling proc-macro2 v1.0.106
[INFO] [stderr]    Compiling unicode-ident v1.0.24
[INFO] [stderr]    Compiling quote v1.0.46
[INFO] [stderr]    Compiling version_check v0.9.5
[INFO] [stderr]    Compiling serde_core v1.0.228
[INFO] [stderr]    Compiling typenum v1.20.1
[INFO] [stderr]    Compiling zmij v1.0.21
[INFO] [stderr]    Compiling serde v1.0.228
[INFO] [stderr]    Compiling serde_json v1.0.150
[INFO] [stderr]    Compiling itoa v1.0.18
[INFO] [stderr]    Compiling schemars v0.8.22
[INFO] [stderr]    Compiling thiserror v1.0.69
[INFO] [stderr]    Compiling generic-array v0.14.7
[INFO] [stderr]    Compiling memchr v2.8.2
[INFO] [stderr]    Compiling cfg-if v1.0.4
[INFO] [stderr]    Compiling cpufeatures v0.2.17
[INFO] [stderr]    Compiling dyn-clone v1.0.20
[INFO] [stderr]    Compiling syn v2.0.118
[INFO] [stderr]    Compiling block-buffer v0.10.4
[INFO] [stderr]    Compiling crypto-common v0.1.7
[INFO] [stderr]    Compiling digest v0.10.7
[INFO] [stderr]    Compiling sha2 v0.10.9
[INFO] [stderr]    Compiling serde_derive_internals v0.29.1
[INFO] [stderr]    Compiling serde_derive v1.0.228
[INFO] [stderr]    Compiling thiserror-impl v1.0.69
[INFO] [stderr]    Compiling async-trait v0.1.89
[INFO] [stderr]    Compiling async-recursion v1.1.1
[INFO] [stderr]    Compiling schemars_derive v0.8.22
[INFO] [stderr]    Compiling jesterky-contract v0.1.1
[INFO] [stderr]    Compiling jesterky-core v0.1.1 (/opt/rustwide/workdir)
[INFO] [stderr]     Finished `release` profile [optimized] target(s) in 52.80s
[INFO] running `Command { std: "docker" "inspect" "a051bf82e3c11e40225473cf71b28253d46d7c5a75f8c57f4fe41835c10f7121", kill_on_drop: false }`
[INFO] running `Command { std: "docker" "exec" "-e" "SOURCE_DIR=/opt/rustwide/workdir" "-e" "CARGO_HOME=/opt/rustwide/cargo-home" "-e" "RUSTUP_HOME=/opt/rustwide/rustup-home" "-e" "CARGO_TARGET_DIR=/opt/rustwide/target" "-e" "CARGO_INCREMENTAL=0" "-e" "RUST_BACKTRACE=full" "-e" "RUSTFLAGS=--cap-lints=warn" "-e" "RUSTDOCFLAGS=--cap-lints=warn" "-w" "/opt/rustwide/workdir" "--user" "0:0" "a051bf82e3c11e40225473cf71b28253d46d7c5a75f8c57f4fe41835c10f7121" "/opt/rustwide/cargo-home/bin/cargo" "+1.99.0-beta.8" "test" "--frozen" "--no-run" "--message-format=json" "--release", kill_on_drop: false }`
[INFO] [stderr]    Compiling tokio-macros v2.7.0
[INFO] [stderr]    Compiling pin-project-lite v0.2.17
[INFO] [stderr]    Compiling tokio v1.52.3
[INFO] [stderr]    Compiling jesterky-core v0.1.1 (/opt/rustwide/workdir)
[INFO] [stdout] error[E0432]: unresolved import `jesterky_actor`
[INFO] [stdout]  --> tests/goals.rs:4:5
[INFO] [stdout]   |
[INFO] [stdout] 4 | use jesterky_actor::{FakeActor, MemArtifactStore, MemEventSink, ReplayClock};
[INFO] [stdout]   |     ^^^^^^^^^^^^^^ use of unresolved module or unlinked crate `jesterky_actor`
[INFO] [stdout]   |
[INFO] [stdout] help: there is a crate or module with a similar name
[INFO] [stdout]   |
[INFO] [stdout] 4 - use jesterky_actor::{FakeActor, MemArtifactStore, MemEventSink, ReplayClock};
[INFO] [stdout] 4 + use jesterky_core::{FakeActor, MemArtifactStore, MemEventSink, ReplayClock};
[INFO] [stdout]   |
[INFO] [stdout] 
[INFO] [stdout] 
[INFO] [stdout] error[E0432]: unresolved import `jesterky_actor`
[INFO] [stdout]  --> tests/control_flow.rs:1:5
[INFO] [stdout]   |
[INFO] [stdout] 1 | use jesterky_actor::{FakeActor, MemArtifactStore, MemEventSink, ReplayClock};
[INFO] [stdout]   |     ^^^^^^^^^^^^^^ use of unresolved module or unlinked crate `jesterky_actor`
[INFO] [stdout]   |
[INFO] [stdout] help: there is a crate or module with a similar name
[INFO] [stdout]   |
[INFO] [stdout] 1 - use jesterky_actor::{FakeActor, MemArtifactStore, MemEventSink, ReplayClock};
[INFO] [stdout] 1 + use jesterky_core::{FakeActor, MemArtifactStore, MemEventSink, ReplayClock};
[INFO] [stdout]   |
[INFO] [stdout] 
[INFO] [stdout] 
[INFO] [stdout] error[E0432]: unresolved import `jesterky_actor`
[INFO] [stdout]  --> tests/sessions.rs:9:5
[INFO] [stdout]   |
[INFO] [stdout] 9 | use jesterky_actor::{FakeActor, MemArtifactStore, MemCheckpointStore, MemEventSink, ReplayClock};
[INFO] [stdout]   |     ^^^^^^^^^^^^^^ use of unresolved module or unlinked crate `jesterky_actor`
[INFO] [stdout]   |
[INFO] [stdout] help: there is a crate or module with a similar name
[INFO] [stdout]   |
[INFO] [stdout] 9 - use jesterky_actor::{FakeActor, MemArtifactStore, MemCheckpointStore, MemEventSink, ReplayClock};
[INFO] [stdout] 9 + use jesterky_core::{FakeActor, MemArtifactStore, MemCheckpointStore, MemEventSink, ReplayClock};
[INFO] [stdout]   |
[INFO] [stdout] 
[INFO] [stdout] 
[INFO] [stdout] error[E0432]: unresolved import `jesterky_actor`
[INFO] [stdout]  --> tests/args_seeding.rs:3:5
[INFO] [stdout]   |
[INFO] [stdout] 3 | use jesterky_actor::{FakeActor, MemArtifactStore, MemEventSink, ReplayClock};
[INFO] [stdout]   |     ^^^^^^^^^^^^^^ use of unresolved module or unlinked crate `jesterky_actor`
[INFO] [stdout]   |
[INFO] [stdout] help: there is a crate or module with a similar name
[INFO] [stdout]   |
[INFO] [stdout] 3 - use jesterky_actor::{FakeActor, MemArtifactStore, MemEventSink, ReplayClock};
[INFO] [stdout] 3 + use jesterky_core::{FakeActor, MemArtifactStore, MemEventSink, ReplayClock};
[INFO] [stdout]   |
[INFO] [stdout] 
[INFO] [stdout] 
[INFO] [stdout] error[E0432]: unresolved import `jesterky_actor`
[INFO] [stdout]  --> tests/replay_fidelity.rs:1:5
[INFO] [stdout]   |
[INFO] [stdout] 1 | use jesterky_actor::{FakeActor, MemArtifactStore, MemEventSink, ReplayActor, ReplayClock};
[INFO] [stdout]   |     ^^^^^^^^^^^^^^ use of unresolved module or unlinked crate `jesterky_actor`
[INFO] [stdout]   |
[INFO] [stdout] help: there is a crate or module with a similar name
[INFO] [stdout]   |
[INFO] [stdout] 1 - use jesterky_actor::{FakeActor, MemArtifactStore, MemEventSink, ReplayActor, ReplayClock};
[INFO] [stdout] 1 + use jesterky_core::{FakeActor, MemArtifactStore, MemEventSink, ReplayActor, ReplayClock};
[INFO] [stdout]   |
[INFO] [stdout] 
[INFO] [stdout] 
[INFO] [stdout] For more information about this error, try `rustc --explain E0432`.
[INFO] [stdout] 
[INFO] [stdout] For more information about this error, try `rustc --explain E0432`.
[INFO] [stdout] 
[INFO] [stderr] error: could not compile `jesterky-core` (test "args_seeding") due to 1 previous error
[INFO] [stderr] warning: build failed, waiting for other jobs to finish...
[INFO] [stderr] error: could not compile `jesterky-core` (test "control_flow") due to 1 previous error
[INFO] [stdout] error[E0432]: unresolved import `jesterky_actor`
[INFO] [stdout]  --> tests/nodes.rs:1:5
[INFO] [stdout]   |
[INFO] [stdout] 1 | use jesterky_actor::{FakeActor, MemArtifactStore, MemEventSink, ReplayClock};
[INFO] [stdout]   |     ^^^^^^^^^^^^^^ use of unresolved module or unlinked crate `jesterky_actor`
[INFO] [stdout]   |
[INFO] [stdout] help: there is a crate or module with a similar name
[INFO] [stdout]   |
[INFO] [stdout] 1 - use jesterky_actor::{FakeActor, MemArtifactStore, MemEventSink, ReplayClock};
[INFO] [stdout] 1 + use jesterky_core::{FakeActor, MemArtifactStore, MemEventSink, ReplayClock};
[INFO] [stdout]   |
[INFO] [stdout] 
[INFO] [stdout] 
[INFO] [stdout] For more information about this error, try `rustc --explain E0432`.
[INFO] [stdout] 
[INFO] [stdout] For more information about this error, try `rustc --explain E0432`.
[INFO] [stdout] 
[INFO] [stderr] error: could not compile `jesterky-core` (test "sessions") due to 1 previous error
[INFO] [stderr] error: could not compile `jesterky-core` (test "replay_fidelity") due to 1 previous error
[INFO] [stdout] For more information about this error, try `rustc --explain E0432`.
[INFO] [stdout] 
[INFO] [stderr] error: could not compile `jesterky-core` (test "goals") due to 1 previous error
[INFO] [stdout] For more information about this error, try `rustc --explain E0432`.
[INFO] [stdout] 
[INFO] [stderr] error: could not compile `jesterky-core` (test "nodes") due to 1 previous error
[INFO] running `Command { std: "docker" "inspect" "a051bf82e3c11e40225473cf71b28253d46d7c5a75f8c57f4fe41835c10f7121", kill_on_drop: false }`
[INFO] running `Command { std: "docker" "rm" "-f" "a051bf82e3c11e40225473cf71b28253d46d7c5a75f8c57f4fe41835c10f7121", kill_on_drop: false }`
[INFO] [stdout] a051bf82e3c11e40225473cf71b28253d46d7c5a75f8c57f4fe41835c10f7121
