[INFO] fetching crate jaq-json 2.0.3...
[INFO] testing jaq-json-2.0.3 against 1.99.0-beta.8+cargoflags=--release for beta-release-1.100-2
[INFO] extracting crate jaq-json 2.0.3 into /workspace/builds/worker-3-tc1/source
[INFO] started tweaking crates.io crate jaq-json 2.0.3
[INFO] removed 0 missing tests
[INFO] finished tweaking crates.io crate jaq-json 2.0.3
[INFO] tweaked toml for crates.io crate jaq-json 2.0.3 written to /workspace/builds/worker-3-tc1/source/Cargo.toml
[INFO] validating manifest of crates.io crate jaq-json 2.0.3 on toolchain 1.99.0-beta.8
[INFO] running `Command { std: CARGO_HOME="/workspace/cargo-home" RUSTUP_HOME="/workspace/rustup-home" "/workspace/cargo-home/bin/cargo" "+1.99.0-beta.8" "metadata" "--manifest-path" "Cargo.toml" "--no-deps", kill_on_drop: false }`
[INFO] crate crates.io crate jaq-json 2.0.3 already has a lockfile, it will not be regenerated
[INFO] running `Command { std: CARGO_HOME="/workspace/cargo-home" RUSTUP_HOME="/workspace/rustup-home" "/workspace/cargo-home/bin/cargo" "+1.99.0-beta.8" "fetch" "--manifest-path" "Cargo.toml", kill_on_drop: false }`
[INFO] [stderr]     Updating crates.io index
[INFO] [stderr]  Downloading crates ...
[INFO] [stderr]   Downloaded jaq-core v3.1.1
[INFO] [stderr]   Downloaded hifijson v0.5.0
[INFO] [stderr]   Downloaded jaq-std v3.0.3
[INFO] running `Command { std: "docker" "create" "-v" "/var/lib/crater-agent-workspace/builds/worker-3-tc1/source:/opt/rustwide/workdir:ro,Z" "-v" "/var/lib/crater-agent-workspace/builds/worker-3-tc1/target:/opt/rustwide/target:rw,Z" "-v" "/var/lib/crater-agent-workspace/cargo-home:/opt/rustwide/cargo-home:ro,Z" "-v" "/var/lib/crater-agent-workspace/rustup-home:/opt/rustwide/rustup-home:ro,Z" "-m" "1610612736" "--network" "none" "ghcr.io/rust-lang/crates-build-env/linux@sha256:77db811e55d90add9212f6832c23229e3de5f1c1f9905e8cb07319ea15df73ac" "sleep" "infinity", kill_on_drop: false }`
[INFO] [stdout] 42b9bd888fae8475af7eb982da49fd6242b88e1cf8c3ca6083f1a6041b798760
[INFO] running `Command { std: "docker" "start" "42b9bd888fae8475af7eb982da49fd6242b88e1cf8c3ca6083f1a6041b798760", kill_on_drop: false }`
[INFO] running `Command { std: "docker" "inspect" "42b9bd888fae8475af7eb982da49fd6242b88e1cf8c3ca6083f1a6041b798760", kill_on_drop: false }`
[INFO] running `Command { std: "docker" "exec" "-e" "SOURCE_DIR=/opt/rustwide/workdir" "-e" "CARGO_HOME=/opt/rustwide/cargo-home" "-e" "RUSTUP_HOME=/opt/rustwide/rustup-home" "-e" "CARGO_TARGET_DIR=/opt/rustwide/target" "-w" "/opt/rustwide/workdir" "--user" "0:0" "42b9bd888fae8475af7eb982da49fd6242b88e1cf8c3ca6083f1a6041b798760" "/opt/rustwide/cargo-home/bin/cargo" "+1.99.0-beta.8" "metadata" "--no-deps" "--format-version=1", kill_on_drop: false }`
[INFO] running `Command { std: "docker" "inspect" "42b9bd888fae8475af7eb982da49fd6242b88e1cf8c3ca6083f1a6041b798760", kill_on_drop: false }`
[INFO] running `Command { std: "docker" "exec" "-e" "SOURCE_DIR=/opt/rustwide/workdir" "-e" "CARGO_HOME=/opt/rustwide/cargo-home" "-e" "RUSTUP_HOME=/opt/rustwide/rustup-home" "-e" "CARGO_TARGET_DIR=/opt/rustwide/target" "-e" "CARGO_INCREMENTAL=0" "-e" "RUST_BACKTRACE=full" "-e" "RUSTFLAGS=--cap-lints=warn" "-e" "RUSTDOCFLAGS=--cap-lints=warn" "-w" "/opt/rustwide/workdir" "--user" "0:0" "42b9bd888fae8475af7eb982da49fd6242b88e1cf8c3ca6083f1a6041b798760" "/opt/rustwide/cargo-home/bin/cargo" "+1.99.0-beta.8" "build" "--frozen" "--message-format=json" "--release", kill_on_drop: false }`
[INFO] [stderr]    Compiling num-traits v0.2.19
[INFO] [stderr]    Compiling memchr v2.8.3
[INFO] [stderr]    Compiling typed-arena v2.0.2
[INFO] [stderr]    Compiling once_cell v1.21.4
[INFO] [stderr]    Compiling hashbrown v0.15.5
[INFO] [stderr]    Compiling hifijson v0.5.0
[INFO] [stderr]    Compiling bytes v1.12.1
[INFO] [stderr]    Compiling jaq-core v3.1.1
[INFO] [stderr]    Compiling indexmap v2.10.0
[INFO] [stderr]    Compiling bstr v1.13.0
[INFO] [stderr]    Compiling num-integer v0.1.46
[INFO] [stderr]    Compiling num-bigint v0.4.8
[INFO] [stderr]    Compiling jaq-std v3.0.3
[INFO] [stderr]    Compiling jaq-json v2.0.3 (/opt/rustwide/workdir)
[INFO] [stderr]     Finished `release` profile [optimized] target(s) in 13.11s
[INFO] running `Command { std: "docker" "inspect" "42b9bd888fae8475af7eb982da49fd6242b88e1cf8c3ca6083f1a6041b798760", kill_on_drop: false }`
[INFO] running `Command { std: "docker" "exec" "-e" "SOURCE_DIR=/opt/rustwide/workdir" "-e" "CARGO_HOME=/opt/rustwide/cargo-home" "-e" "RUSTUP_HOME=/opt/rustwide/rustup-home" "-e" "CARGO_TARGET_DIR=/opt/rustwide/target" "-e" "CARGO_INCREMENTAL=0" "-e" "RUST_BACKTRACE=full" "-e" "RUSTFLAGS=--cap-lints=warn" "-e" "RUSTDOCFLAGS=--cap-lints=warn" "-w" "/opt/rustwide/workdir" "--user" "0:0" "42b9bd888fae8475af7eb982da49fd6242b88e1cf8c3ca6083f1a6041b798760" "/opt/rustwide/cargo-home/bin/cargo" "+1.99.0-beta.8" "test" "--frozen" "--no-run" "--message-format=json" "--release", kill_on_drop: false }`
[INFO] [stderr]    Compiling serde_core v1.0.228
[INFO] [stderr]    Compiling bstr v1.13.0
[INFO] [stderr]    Compiling jaq-std v3.0.3
[INFO] [stderr]    Compiling jaq-json v2.0.3 (/opt/rustwide/workdir)
[INFO] [stderr]    Compiling serde_json v1.0.149
[INFO] [stdout] error[E0425]: cannot find function `funs` in crate `jaq_std`
[INFO] [stdout]   --> tests/common/mod.rs:15:25
[INFO] [stdout]    |
[INFO] [stdout] 15 |         .chain(jaq_std::funs())
[INFO] [stdout]    |                         ^^^^ not found in `jaq_std`
[INFO] [stdout]    |
[INFO] [stdout] note: found an item that was configured out
[INFO] [stdout]   --> /opt/rustwide/cargo-home/registry/src/index.crates.io-1949cf8c6b5b557f/jaq-std-3.0.3/src/lib.rs:65:8
[INFO] [stdout]    |
[INFO] [stdout] 59 |     feature = "format",
[INFO] [stdout]    |     ------------------ the item is gated behind the `format` feature
[INFO] [stdout] ...
[INFO] [stdout] 65 | pub fn funs<D: DataT>() -> impl Iterator<Item = Fun<D>>
[INFO] [stdout]    |        ^^^^
[INFO] [stdout] 
[INFO] [stdout] 
[INFO] [stdout] error[E0277]: the trait bound `Val: serde::de::DeserializeOwned` is not satisfied
[INFO] [stdout]     --> tests/common/mod.rs:25:12
[INFO] [stdout]      |
[INFO] [stdout]   25 |     yields(from_value(x).unwrap(), f, core::iter::once(Err(err)))
[INFO] [stdout]      |            ^^^^^^^^^^^^^ the trait `for<'de> serde_core::de::Deserialize<'de>` is not implemented for `Val`
[INFO] [stdout]      |
[INFO] [stdout]      = help: the following other types implement trait `serde_core::de::Deserialize<'de>`:
[INFO] [stdout]                &'a [u8]
[INFO] [stdout]                &'a std::path::Path
[INFO] [stdout]                &'a str
[INFO] [stdout]                ()
[INFO] [stdout]                (T,)
[INFO] [stdout]                (T0, T1)
[INFO] [stdout]                (T0, T1, T2)
[INFO] [stdout]                (T0, T1, T2, T3)
[INFO] [stdout]              and 140 others
[INFO] [stdout]      = note: required for `Val` to implement `serde_core::de::DeserializeOwned`
[INFO] [stdout] note: required by a bound in `from_value`
[INFO] [stdout]     --> /opt/rustwide/cargo-home/registry/src/index.crates.io-1949cf8c6b5b557f/serde_json-1.0.149/src/value/mod.rs:1039:8
[INFO] [stdout]      |
[INFO] [stdout] 1037 | pub fn from_value<T>(value: Value) -> Result<T, Error>
[INFO] [stdout]      |        ---------- required by a bound in this function
[INFO] [stdout] 1038 | where
[INFO] [stdout] 1039 |     T: DeserializeOwned,
[INFO] [stdout]      |        ^^^^^^^^^^^^^^^^ required by this bound in `from_value`
[INFO] [stdout] 
[INFO] [stdout] 
[INFO] [stdout] error[E0277]: the trait bound `Val: serde::de::DeserializeOwned` is not satisfied
[INFO] [stdout]     --> tests/common/mod.rs:33:20
[INFO] [stdout]      |
[INFO] [stdout]   33 |     let conv = |v| from_value(v).unwrap();
[INFO] [stdout]      |                    ^^^^^^^^^^^^^ the trait `for<'de> serde_core::de::Deserialize<'de>` is not implemented for `Val`
[INFO] [stdout]      |
[INFO] [stdout]      = help: the following other types implement trait `serde_core::de::Deserialize<'de>`:
[INFO] [stdout]                &'a [u8]
[INFO] [stdout]                &'a std::path::Path
[INFO] [stdout]                &'a str
[INFO] [stdout]                ()
[INFO] [stdout]                (T,)
[INFO] [stdout]                (T0, T1)
[INFO] [stdout]                (T0, T1, T2)
[INFO] [stdout]                (T0, T1, T2, T3)
[INFO] [stdout]              and 140 others
[INFO] [stdout]      = note: required for `Val` to implement `serde_core::de::DeserializeOwned`
[INFO] [stdout] note: required by a bound in `from_value`
[INFO] [stdout]     --> /opt/rustwide/cargo-home/registry/src/index.crates.io-1949cf8c6b5b557f/serde_json-1.0.149/src/value/mod.rs:1039:8
[INFO] [stdout]      |
[INFO] [stdout] 1037 | pub fn from_value<T>(value: Value) -> Result<T, Error>
[INFO] [stdout]      |        ---------- required by a bound in this function
[INFO] [stdout] 1038 | where
[INFO] [stdout] 1039 |     T: DeserializeOwned,
[INFO] [stdout]      |        ^^^^^^^^^^^^^^^^ required by this bound in `from_value`
[INFO] [stdout] 
[INFO] [stdout] 
[INFO] [stdout] Some errors have detailed explanations: E0277, E0425.
[INFO] [stdout] 
[INFO] [stdout] For more information about an error, try `rustc --explain E0277`.
[INFO] [stdout] 
[INFO] [stderr] error: could not compile `jaq-json` (test "funs") due to 3 previous errors
[INFO] [stderr] warning: build failed, waiting for other jobs to finish...
[INFO] [stdout] error[E0425]: cannot find function `funs` in crate `jaq_std`
[INFO] [stdout]   --> tests/common/mod.rs:15:25
[INFO] [stdout]    |
[INFO] [stdout] 15 |         .chain(jaq_std::funs())
[INFO] [stdout]    |                         ^^^^ not found in `jaq_std`
[INFO] [stdout]    |
[INFO] [stdout] note: found an item that was configured out
[INFO] [stdout]   --> /opt/rustwide/cargo-home/registry/src/index.crates.io-1949cf8c6b5b557f/jaq-std-3.0.3/src/lib.rs:65:8
[INFO] [stdout]    |
[INFO] [stdout] 59 |     feature = "format",
[INFO] [stdout]    |     ------------------ the item is gated behind the `format` feature
[INFO] [stdout] ...
[INFO] [stdout] 65 | pub fn funs<D: DataT>() -> impl Iterator<Item = Fun<D>>
[INFO] [stdout]    |        ^^^^
[INFO] [stdout] 
[INFO] [stdout] 
[INFO] [stdout] error[E0277]: the trait bound `Val: serde::de::DeserializeOwned` is not satisfied
[INFO] [stdout]     --> tests/common/mod.rs:25:12
[INFO] [stdout]      |
[INFO] [stdout]   25 |     yields(from_value(x).unwrap(), f, core::iter::once(Err(err)))
[INFO] [stdout]      |            ^^^^^^^^^^^^^ the trait `for<'de> serde_core::de::Deserialize<'de>` is not implemented for `Val`
[INFO] [stdout]      |
[INFO] [stdout]      = help: the following other types implement trait `serde_core::de::Deserialize<'de>`:
[INFO] [stdout]                &'a [u8]
[INFO] [stdout]                &'a std::path::Path
[INFO] [stdout]                &'a str
[INFO] [stdout]                ()
[INFO] [stdout]                (T,)
[INFO] [stdout]                (T0, T1)
[INFO] [stdout]                (T0, T1, T2)
[INFO] [stdout]                (T0, T1, T2, T3)
[INFO] [stdout]              and 140 others
[INFO] [stdout]      = note: required for `Val` to implement `serde_core::de::DeserializeOwned`
[INFO] [stdout] note: required by a bound in `from_value`
[INFO] [stdout]     --> /opt/rustwide/cargo-home/registry/src/index.crates.io-1949cf8c6b5b557f/serde_json-1.0.149/src/value/mod.rs:1039:8
[INFO] [stdout]      |
[INFO] [stdout] 1037 | pub fn from_value<T>(value: Value) -> Result<T, Error>
[INFO] [stdout]      |        ---------- required by a bound in this function
[INFO] [stdout] 1038 | where
[INFO] [stdout] 1039 |     T: DeserializeOwned,
[INFO] [stdout]      |        ^^^^^^^^^^^^^^^^ required by this bound in `from_value`
[INFO] [stdout] 
[INFO] [stdout] 
[INFO] [stdout] error[E0277]: the trait bound `Val: serde::de::DeserializeOwned` is not satisfied
[INFO] [stdout]     --> tests/common/mod.rs:33:20
[INFO] [stdout]      |
[INFO] [stdout]   33 |     let conv = |v| from_value(v).unwrap();
[INFO] [stdout]      |                    ^^^^^^^^^^^^^ the trait `for<'de> serde_core::de::Deserialize<'de>` is not implemented for `Val`
[INFO] [stdout]      |
[INFO] [stdout]      = help: the following other types implement trait `serde_core::de::Deserialize<'de>`:
[INFO] [stdout]                &'a [u8]
[INFO] [stdout]                &'a std::path::Path
[INFO] [stdout]                &'a str
[INFO] [stdout]                ()
[INFO] [stdout]                (T,)
[INFO] [stdout]                (T0, T1)
[INFO] [stdout]                (T0, T1, T2)
[INFO] [stdout]                (T0, T1, T2, T3)
[INFO] [stdout]              and 140 others
[INFO] [stdout]      = note: required for `Val` to implement `serde_core::de::DeserializeOwned`
[INFO] [stdout] note: required by a bound in `from_value`
[INFO] [stdout]     --> /opt/rustwide/cargo-home/registry/src/index.crates.io-1949cf8c6b5b557f/serde_json-1.0.149/src/value/mod.rs:1039:8
[INFO] [stdout]      |
[INFO] [stdout] 1037 | pub fn from_value<T>(value: Value) -> Result<T, Error>
[INFO] [stdout]      |        ---------- required by a bound in this function
[INFO] [stdout] 1038 | where
[INFO] [stdout] 1039 |     T: DeserializeOwned,
[INFO] [stdout]      |        ^^^^^^^^^^^^^^^^ required by this bound in `from_value`
[INFO] [stdout] 
[INFO] [stdout] 
[INFO] [stdout] Some errors have detailed explanations: E0277, E0425.
[INFO] [stdout] 
[INFO] [stdout] For more information about an error, try `rustc --explain E0277`.
[INFO] [stdout] 
[INFO] [stderr] error: could not compile `jaq-json` (test "defs") due to 3 previous errors
[INFO] running `Command { std: "docker" "inspect" "42b9bd888fae8475af7eb982da49fd6242b88e1cf8c3ca6083f1a6041b798760", kill_on_drop: false }`
[INFO] running `Command { std: "docker" "rm" "-f" "42b9bd888fae8475af7eb982da49fd6242b88e1cf8c3ca6083f1a6041b798760", kill_on_drop: false }`
[INFO] [stdout] 42b9bd888fae8475af7eb982da49fd6242b88e1cf8c3ca6083f1a6041b798760
