[INFO] fetching crate jacquard-router 0.9.0...
[INFO] testing jacquard-router-0.9.0 against 1.99.0-beta.8+cargoflags=--release for beta-release-1.100-2
[INFO] extracting crate jacquard-router 0.9.0 into /workspace/builds/worker-1-tc1/source
[INFO] started tweaking crates.io crate jacquard-router 0.9.0
[INFO] removed 0 missing tests
[INFO] finished tweaking crates.io crate jacquard-router 0.9.0
[INFO] tweaked toml for crates.io crate jacquard-router 0.9.0 written to /workspace/builds/worker-1-tc1/source/Cargo.toml
[INFO] validating manifest of crates.io crate jacquard-router 0.9.0 on toolchain 1.99.0-beta.8
[INFO] running `Command { std: CARGO_HOME="/workspace/cargo-home" RUSTUP_HOME="/workspace/rustup-home" "/workspace/cargo-home/bin/cargo" "+1.99.0-beta.8" "metadata" "--manifest-path" "Cargo.toml" "--no-deps", kill_on_drop: false }`
[INFO] crate crates.io crate jacquard-router 0.9.0 already has a lockfile, it will not be regenerated
[INFO] running `Command { std: CARGO_HOME="/workspace/cargo-home" RUSTUP_HOME="/workspace/rustup-home" "/workspace/cargo-home/bin/cargo" "+1.99.0-beta.8" "fetch" "--manifest-path" "Cargo.toml", kill_on_drop: false }`
[INFO] [stderr]     Updating crates.io index
[INFO] [stderr]  Downloading crates ...
[INFO] [stderr]   Downloaded rust-toolkit-trait-contracts v0.4.1
[INFO] [stderr]   Downloaded jacquard-macros v0.9.0
[INFO] [stderr]   Downloaded jacquard-core v0.9.0
[INFO] [stderr]   Downloaded jacquard-traits v0.9.0
[INFO] [stderr]   Downloaded blake3 v1.8.4
[INFO] running `Command { std: "docker" "create" "-v" "/var/lib/crater-agent-workspace/builds/worker-1-tc1/source:/opt/rustwide/workdir:ro,Z" "-v" "/var/lib/crater-agent-workspace/builds/worker-1-tc1/target:/opt/rustwide/target:rw,Z" "-v" "/var/lib/crater-agent-workspace/cargo-home:/opt/rustwide/cargo-home:ro,Z" "-v" "/var/lib/crater-agent-workspace/rustup-home:/opt/rustwide/rustup-home:ro,Z" "-m" "1610612736" "--network" "none" "ghcr.io/rust-lang/crates-build-env/linux@sha256:77db811e55d90add9212f6832c23229e3de5f1c1f9905e8cb07319ea15df73ac" "sleep" "infinity", kill_on_drop: false }`
[INFO] [stdout] 15017958999e8c423216adc0ad83653399bf5124ce61b0cd48de69be19e16115
[INFO] running `Command { std: "docker" "start" "15017958999e8c423216adc0ad83653399bf5124ce61b0cd48de69be19e16115", kill_on_drop: false }`
[INFO] running `Command { std: "docker" "inspect" "15017958999e8c423216adc0ad83653399bf5124ce61b0cd48de69be19e16115", kill_on_drop: false }`
[INFO] running `Command { std: "docker" "exec" "-e" "SOURCE_DIR=/opt/rustwide/workdir" "-e" "CARGO_HOME=/opt/rustwide/cargo-home" "-e" "RUSTUP_HOME=/opt/rustwide/rustup-home" "-e" "CARGO_TARGET_DIR=/opt/rustwide/target" "-w" "/opt/rustwide/workdir" "--user" "0:0" "15017958999e8c423216adc0ad83653399bf5124ce61b0cd48de69be19e16115" "/opt/rustwide/cargo-home/bin/cargo" "+1.99.0-beta.8" "metadata" "--no-deps" "--format-version=1", kill_on_drop: false }`
[INFO] running `Command { std: "docker" "inspect" "15017958999e8c423216adc0ad83653399bf5124ce61b0cd48de69be19e16115", kill_on_drop: false }`
[INFO] running `Command { std: "docker" "exec" "-e" "SOURCE_DIR=/opt/rustwide/workdir" "-e" "CARGO_HOME=/opt/rustwide/cargo-home" "-e" "RUSTUP_HOME=/opt/rustwide/rustup-home" "-e" "CARGO_TARGET_DIR=/opt/rustwide/target" "-e" "CARGO_INCREMENTAL=0" "-e" "RUST_BACKTRACE=full" "-e" "RUSTFLAGS=--cap-lints=warn" "-e" "RUSTDOCFLAGS=--cap-lints=warn" "-w" "/opt/rustwide/workdir" "--user" "0:0" "15017958999e8c423216adc0ad83653399bf5124ce61b0cd48de69be19e16115" "/opt/rustwide/cargo-home/bin/cargo" "+1.99.0-beta.8" "build" "--frozen" "--message-format=json" "--release", kill_on_drop: false }`
[INFO] [stderr]    Compiling serde v1.0.228
[INFO] [stderr]    Compiling cc v1.2.60
[INFO] [stderr]    Compiling rust-toolkit-trait-contracts v0.4.1
[INFO] [stderr]    Compiling thiserror v2.0.18
[INFO] [stderr]    Compiling cobs v0.3.0
[INFO] [stderr]    Compiling jacquard-macros v0.9.0
[INFO] [stderr]    Compiling jacquard-core v0.9.0
[INFO] [stderr]    Compiling postcard v1.1.3
[INFO] [stderr]    Compiling blake3 v1.8.4
[INFO] [stderr]    Compiling jacquard-traits v0.9.0
[INFO] [stderr]    Compiling jacquard-router v0.9.0 (/opt/rustwide/workdir)
[INFO] [stderr]     Finished `release` profile [optimized] target(s) in 9.32s
[INFO] running `Command { std: "docker" "inspect" "15017958999e8c423216adc0ad83653399bf5124ce61b0cd48de69be19e16115", kill_on_drop: false }`
[INFO] running `Command { std: "docker" "exec" "-e" "SOURCE_DIR=/opt/rustwide/workdir" "-e" "CARGO_HOME=/opt/rustwide/cargo-home" "-e" "RUSTUP_HOME=/opt/rustwide/rustup-home" "-e" "CARGO_TARGET_DIR=/opt/rustwide/target" "-e" "CARGO_INCREMENTAL=0" "-e" "RUST_BACKTRACE=full" "-e" "RUSTFLAGS=--cap-lints=warn" "-e" "RUSTDOCFLAGS=--cap-lints=warn" "-w" "/opt/rustwide/workdir" "--user" "0:0" "15017958999e8c423216adc0ad83653399bf5124ce61b0cd48de69be19e16115" "/opt/rustwide/cargo-home/bin/cargo" "+1.99.0-beta.8" "test" "--frozen" "--no-run" "--message-format=json" "--release", kill_on_drop: false }`
[INFO] [stderr]    Compiling jacquard-router v0.9.0 (/opt/rustwide/workdir)
[INFO] [stdout] error[E0432]: unresolved import `jacquard_testkit`
[INFO] [stdout]   --> tests/common/fixtures.rs:32:5
[INFO] [stdout]    |
[INFO] [stdout] 32 | use jacquard_testkit::topology;
[INFO] [stdout]    |     ^^^^^^^^^^^^^^^^ use of unresolved module or unlinked crate `jacquard_testkit`
[INFO] [stdout]    |
[INFO] [stdout] help: there is a crate or module with a similar name
[INFO] [stdout]    |
[INFO] [stdout] 32 - use jacquard_testkit::topology;
[INFO] [stdout] 32 + use jacquard_traits::topology;
[INFO] [stdout]    |
[INFO] [stdout] 
[INFO] [stdout] 
[INFO] [stdout] error[E0432]: unresolved import `jacquard_batman_bellman`
[INFO] [stdout]   --> tests/common/router_builder.rs:27:5
[INFO] [stdout]    |
[INFO] [stdout] 27 | use jacquard_batman_bellman::BatmanBellmanEngine;
[INFO] [stdout]    |     ^^^^^^^^^^^^^^^^^^^^^^^ use of unresolved module or unlinked crate `jacquard_batman_bellman`
[INFO] [stdout]    |
[INFO] [stdout]    = help: if you wanted to use a crate named `jacquard_batman_bellman`, use `cargo add jacquard_batman_bellman` to add it to your `Cargo.toml`
[INFO] [stdout] 
[INFO] [stdout] 
[INFO] [stdout] error[E0432]: unresolved import `jacquard_mem_link_profile`
[INFO] [stdout]   --> tests/common/router_builder.rs:29:5
[INFO] [stdout]    |
[INFO] [stdout] 29 | use jacquard_mem_link_profile::{
[INFO] [stdout]    |     ^^^^^^^^^^^^^^^^^^^^^^^^^ use of unresolved module or unlinked crate `jacquard_mem_link_profile`
[INFO] [stdout]    |
[INFO] [stdout]    = help: if you wanted to use a crate named `jacquard_mem_link_profile`, use `cargo add jacquard_mem_link_profile` to add it to your `Cargo.toml`
[INFO] [stdout] 
[INFO] [stdout] 
[INFO] [stdout] error[E0432]: unresolved import `jacquard_pathway`
[INFO] [stdout]   --> tests/common/router_builder.rs:32:5
[INFO] [stdout]    |
[INFO] [stdout] 32 | use jacquard_pathway::{DeterministicPathwayTopologyModel, PathwayEngine};
[INFO] [stdout]    |     ^^^^^^^^^^^^^^^^ use of unresolved module or unlinked crate `jacquard_pathway`
[INFO] [stdout]    |
[INFO] [stdout]    = help: if you wanted to use a crate named `jacquard_pathway`, use `cargo add jacquard_pathway` to add it to your `Cargo.toml`
[INFO] [stdout] 
[INFO] [stdout] 
[INFO] [stdout] error[E0432]: unresolved import `jacquard_testkit`
[INFO] [stdout]   --> tests/common/router_builder.rs:34:5
[INFO] [stdout]    |
[INFO] [stdout] 34 | use jacquard_testkit::topology;
[INFO] [stdout]    |     ^^^^^^^^^^^^^^^^ use of unresolved module or unlinked crate `jacquard_testkit`
[INFO] [stdout]    |
[INFO] [stdout] help: there is a crate or module with a similar name
[INFO] [stdout]    |
[INFO] [stdout] 34 - use jacquard_testkit::topology;
[INFO] [stdout] 34 + use jacquard_traits::topology;
[INFO] [stdout]    |
[INFO] [stdout] 
[INFO] [stdout] 
[INFO] [stdout] error[E0432]: unresolved import `jacquard_testkit`
[INFO] [stdout]   --> tests/common/fixtures.rs:32:5
[INFO] [stdout]    |
[INFO] [stdout] 32 | use jacquard_testkit::topology;
[INFO] [stdout]    |     ^^^^^^^^^^^^^^^^ use of unresolved module or unlinked crate `jacquard_testkit`
[INFO] [stdout]    |
[INFO] [stdout] help: there is a crate or module with a similar name
[INFO] [stdout]    |
[INFO] [stdout] 32 - use jacquard_testkit::topology;
[INFO] [stdout] 32 + use jacquard_traits::topology;
[INFO] [stdout]    |
[INFO] [stdout] 
[INFO] [stdout] 
[INFO] [stdout] error[E0432]: unresolved import `jacquard_batman_bellman`
[INFO] [stdout]   --> tests/common/router_builder.rs:27:5
[INFO] [stdout]    |
[INFO] [stdout] 27 | use jacquard_batman_bellman::BatmanBellmanEngine;
[INFO] [stdout]    |     ^^^^^^^^^^^^^^^^^^^^^^^ use of unresolved module or unlinked crate `jacquard_batman_bellman`
[INFO] [stdout]    |
[INFO] [stdout]    = help: if you wanted to use a crate named `jacquard_batman_bellman`, use `cargo add jacquard_batman_bellman` to add it to your `Cargo.toml`
[INFO] [stdout] 
[INFO] [stdout] 
[INFO] [stdout] error[E0432]: unresolved import `jacquard_mem_link_profile`
[INFO] [stdout]   --> tests/common/router_builder.rs:29:5
[INFO] [stdout]    |
[INFO] [stdout] 29 | use jacquard_mem_link_profile::{
[INFO] [stdout]    |     ^^^^^^^^^^^^^^^^^^^^^^^^^ use of unresolved module or unlinked crate `jacquard_mem_link_profile`
[INFO] [stdout]    |
[INFO] [stdout]    = help: if you wanted to use a crate named `jacquard_mem_link_profile`, use `cargo add jacquard_mem_link_profile` to add it to your `Cargo.toml`
[INFO] [stdout] 
[INFO] [stdout] 
[INFO] [stdout] error[E0432]: unresolved import `jacquard_pathway`
[INFO] [stdout]   --> tests/common/router_builder.rs:32:5
[INFO] [stdout]    |
[INFO] [stdout] 32 | use jacquard_pathway::{DeterministicPathwayTopologyModel, PathwayEngine};
[INFO] [stdout]    |     ^^^^^^^^^^^^^^^^ use of unresolved module or unlinked crate `jacquard_pathway`
[INFO] [stdout]    |
[INFO] [stdout]    = help: if you wanted to use a crate named `jacquard_pathway`, use `cargo add jacquard_pathway` to add it to your `Cargo.toml`
[INFO] [stdout] 
[INFO] [stdout] 
[INFO] [stdout] error[E0432]: unresolved import `jacquard_testkit`
[INFO] [stdout]   --> tests/common/router_builder.rs:34:5
[INFO] [stdout]    |
[INFO] [stdout] 34 | use jacquard_testkit::topology;
[INFO] [stdout]    |     ^^^^^^^^^^^^^^^^ use of unresolved module or unlinked crate `jacquard_testkit`
[INFO] [stdout]    |
[INFO] [stdout] help: there is a crate or module with a similar name
[INFO] [stdout]    |
[INFO] [stdout] 34 - use jacquard_testkit::topology;
[INFO] [stdout] 34 + use jacquard_traits::topology;
[INFO] [stdout]    |
[INFO] [stdout] 
[INFO] [stdout] 
[INFO] [stdout] error[E0432]: unresolved import `jacquard_mem_link_profile`
[INFO] [stdout]   --> tests/router_fail_closed.rs:32:5
[INFO] [stdout]    |
[INFO] [stdout] 32 | use jacquard_mem_link_profile::InMemoryRuntimeEffects;
[INFO] [stdout]    |     ^^^^^^^^^^^^^^^^^^^^^^^^^ use of unresolved module or unlinked crate `jacquard_mem_link_profile`
[INFO] [stdout]    |
[INFO] [stdout]    = help: if you wanted to use a crate named `jacquard_mem_link_profile`, use `cargo add jacquard_mem_link_profile` to add it to your `Cargo.toml`
[INFO] [stdout] 
[INFO] [stdout] 
[INFO] [stdout] error[E0432]: unresolved import `jacquard_testkit`
[INFO] [stdout]   --> tests/common/fixtures.rs:32:5
[INFO] [stdout]    |
[INFO] [stdout] 32 | use jacquard_testkit::topology;
[INFO] [stdout]    |     ^^^^^^^^^^^^^^^^ use of unresolved module or unlinked crate `jacquard_testkit`
[INFO] [stdout]    |
[INFO] [stdout] help: there is a crate or module with a similar name
[INFO] [stdout]    |
[INFO] [stdout] 32 - use jacquard_testkit::topology;
[INFO] [stdout] 32 + use jacquard_traits::topology;
[INFO] [stdout]    |
[INFO] [stdout] 
[INFO] [stdout] 
[INFO] [stdout] error[E0432]: unresolved import `jacquard_batman_bellman`
[INFO] [stdout]   --> tests/common/router_builder.rs:27:5
[INFO] [stdout]    |
[INFO] [stdout] 27 | use jacquard_batman_bellman::BatmanBellmanEngine;
[INFO] [stdout]    |     ^^^^^^^^^^^^^^^^^^^^^^^ use of unresolved module or unlinked crate `jacquard_batman_bellman`
[INFO] [stdout]    |
[INFO] [stdout]    = help: if you wanted to use a crate named `jacquard_batman_bellman`, use `cargo add jacquard_batman_bellman` to add it to your `Cargo.toml`
[INFO] [stdout] 
[INFO] [stdout] 
[INFO] [stdout] error[E0432]: unresolved import `jacquard_mem_link_profile`
[INFO] [stdout]   --> tests/common/router_builder.rs:29:5
[INFO] [stdout]    |
[INFO] [stdout] 29 | use jacquard_mem_link_profile::{
[INFO] [stdout]    |     ^^^^^^^^^^^^^^^^^^^^^^^^^ use of unresolved module or unlinked crate `jacquard_mem_link_profile`
[INFO] [stdout]    |
[INFO] [stdout]    = help: if you wanted to use a crate named `jacquard_mem_link_profile`, use `cargo add jacquard_mem_link_profile` to add it to your `Cargo.toml`
[INFO] [stdout] 
[INFO] [stdout] 
[INFO] [stdout] error[E0432]: unresolved import `jacquard_pathway`
[INFO] [stdout]   --> tests/common/router_builder.rs:32:5
[INFO] [stdout]    |
[INFO] [stdout] 32 | use jacquard_pathway::{DeterministicPathwayTopologyModel, PathwayEngine};
[INFO] [stdout]    |     ^^^^^^^^^^^^^^^^ use of unresolved module or unlinked crate `jacquard_pathway`
[INFO] [stdout]    |
[INFO] [stdout]    = help: if you wanted to use a crate named `jacquard_pathway`, use `cargo add jacquard_pathway` to add it to your `Cargo.toml`
[INFO] [stdout] 
[INFO] [stdout] 
[INFO] [stdout] error[E0432]: unresolved import `jacquard_testkit`
[INFO] [stdout]   --> tests/common/router_builder.rs:34:5
[INFO] [stdout]    |
[INFO] [stdout] 34 | use jacquard_testkit::topology;
[INFO] [stdout]    |     ^^^^^^^^^^^^^^^^ use of unresolved module or unlinked crate `jacquard_testkit`
[INFO] [stdout]    |
[INFO] [stdout] help: there is a crate or module with a similar name
[INFO] [stdout]    |
[INFO] [stdout] 34 - use jacquard_testkit::topology;
[INFO] [stdout] 34 + use jacquard_traits::topology;
[INFO] [stdout]    |
[INFO] [stdout] 
[INFO] [stdout] 
[INFO] [stdout] error[E0432]: unresolved import `jacquard_mem_link_profile`
[INFO] [stdout]   --> tests/router_registry.rs:25:5
[INFO] [stdout]    |
[INFO] [stdout] 25 | use jacquard_mem_link_profile::{
[INFO] [stdout]    |     ^^^^^^^^^^^^^^^^^^^^^^^^^ use of unresolved module or unlinked crate `jacquard_mem_link_profile`
[INFO] [stdout]    |
[INFO] [stdout]    = help: if you wanted to use a crate named `jacquard_mem_link_profile`, use `cargo add jacquard_mem_link_profile` to add it to your `Cargo.toml`
[INFO] [stdout] 
[INFO] [stdout] 
[INFO] [stdout] error[E0432]: unresolved import `jacquard_pathway`
[INFO] [stdout]   --> tests/router_registry.rs:28:5
[INFO] [stdout]    |
[INFO] [stdout] 28 | use jacquard_pathway::{DeterministicPathwayTopologyModel, PathwayEngine, PATHWAY_ENGINE_ID};
[INFO] [stdout]    |     ^^^^^^^^^^^^^^^^ use of unresolved module or unlinked crate `jacquard_pathway`
[INFO] [stdout]    |
[INFO] [stdout]    = help: if you wanted to use a crate named `jacquard_pathway`, use `cargo add jacquard_pathway` to add it to your `Cargo.toml`
[INFO] [stdout] 
[INFO] [stdout] 
[INFO] [stdout] error[E0432]: unresolved import `jacquard_testkit`
[INFO] [stdout]   --> tests/common/fixtures.rs:32:5
[INFO] [stdout]    |
[INFO] [stdout] 32 | use jacquard_testkit::topology;
[INFO] [stdout]    |     ^^^^^^^^^^^^^^^^ use of unresolved module or unlinked crate `jacquard_testkit`
[INFO] [stdout]    |
[INFO] [stdout] help: there is a crate or module with a similar name
[INFO] [stdout]    |
[INFO] [stdout] 32 - use jacquard_testkit::topology;
[INFO] [stdout] 32 + use jacquard_traits::topology;
[INFO] [stdout]    |
[INFO] [stdout] 
[INFO] [stdout] 
[INFO] [stdout] error[E0432]: unresolved import `jacquard_batman_bellman`
[INFO] [stdout]   --> tests/common/router_builder.rs:27:5
[INFO] [stdout]    |
[INFO] [stdout] 27 | use jacquard_batman_bellman::BatmanBellmanEngine;
[INFO] [stdout]    |     ^^^^^^^^^^^^^^^^^^^^^^^ use of unresolved module or unlinked crate `jacquard_batman_bellman`
[INFO] [stdout]    |
[INFO] [stdout]    = help: if you wanted to use a crate named `jacquard_batman_bellman`, use `cargo add jacquard_batman_bellman` to add it to your `Cargo.toml`
[INFO] [stdout] 
[INFO] [stdout] 
[INFO] [stdout] error[E0432]: unresolved import `jacquard_mem_link_profile`
[INFO] [stdout]   --> tests/common/router_builder.rs:29:5
[INFO] [stdout]    |
[INFO] [stdout] 29 | use jacquard_mem_link_profile::{
[INFO] [stdout]    |     ^^^^^^^^^^^^^^^^^^^^^^^^^ use of unresolved module or unlinked crate `jacquard_mem_link_profile`
[INFO] [stdout]    |
[INFO] [stdout]    = help: if you wanted to use a crate named `jacquard_mem_link_profile`, use `cargo add jacquard_mem_link_profile` to add it to your `Cargo.toml`
[INFO] [stdout] 
[INFO] [stdout] 
[INFO] [stdout] error[E0432]: unresolved import `jacquard_pathway`
[INFO] [stdout]   --> tests/common/router_builder.rs:32:5
[INFO] [stdout]    |
[INFO] [stdout] 32 | use jacquard_pathway::{DeterministicPathwayTopologyModel, PathwayEngine};
[INFO] [stdout]    |     ^^^^^^^^^^^^^^^^ use of unresolved module or unlinked crate `jacquard_pathway`
[INFO] [stdout]    |
[INFO] [stdout]    = help: if you wanted to use a crate named `jacquard_pathway`, use `cargo add jacquard_pathway` to add it to your `Cargo.toml`
[INFO] [stdout] 
[INFO] [stdout] 
[INFO] [stdout] error[E0432]: unresolved import `jacquard_testkit`
[INFO] [stdout]   --> tests/common/router_builder.rs:34:5
[INFO] [stdout]    |
[INFO] [stdout] 34 | use jacquard_testkit::topology;
[INFO] [stdout]    |     ^^^^^^^^^^^^^^^^ use of unresolved module or unlinked crate `jacquard_testkit`
[INFO] [stdout]    |
[INFO] [stdout] help: there is a crate or module with a similar name
[INFO] [stdout]    |
[INFO] [stdout] 34 - use jacquard_testkit::topology;
[INFO] [stdout] 34 + use jacquard_traits::topology;
[INFO] [stdout]    |
[INFO] [stdout] 
[INFO] [stdout] 
[INFO] [stdout] error[E0432]: unresolved import `jacquard_mem_link_profile`
[INFO] [stdout]   --> tests/router_round.rs:31:5
[INFO] [stdout]    |
[INFO] [stdout] 31 | use jacquard_mem_link_profile::InMemoryRuntimeEffects;
[INFO] [stdout]    |     ^^^^^^^^^^^^^^^^^^^^^^^^^ use of unresolved module or unlinked crate `jacquard_mem_link_profile`
[INFO] [stdout]    |
[INFO] [stdout]    = help: if you wanted to use a crate named `jacquard_mem_link_profile`, use `cargo add jacquard_mem_link_profile` to add it to your `Cargo.toml`
[INFO] [stdout] 
[INFO] [stdout] 
[INFO] [stdout] error[E0432]: unresolved import `jacquard_testkit`
[INFO] [stdout]   --> tests/common/fixtures.rs:32:5
[INFO] [stdout]    |
[INFO] [stdout] 32 | use jacquard_testkit::topology;
[INFO] [stdout]    |     ^^^^^^^^^^^^^^^^ use of unresolved module or unlinked crate `jacquard_testkit`
[INFO] [stdout]    |
[INFO] [stdout] help: there is a crate or module with a similar name
[INFO] [stdout]    |
[INFO] [stdout] 32 - use jacquard_testkit::topology;
[INFO] [stdout] 32 + use jacquard_traits::topology;
[INFO] [stdout]    |
[INFO] [stdout] 
[INFO] [stdout] 
[INFO] [stdout] error[E0432]: unresolved import `jacquard_batman_bellman`
[INFO] [stdout]   --> tests/common/router_builder.rs:27:5
[INFO] [stdout]    |
[INFO] [stdout] 27 | use jacquard_batman_bellman::BatmanBellmanEngine;
[INFO] [stdout]    |     ^^^^^^^^^^^^^^^^^^^^^^^ use of unresolved module or unlinked crate `jacquard_batman_bellman`
[INFO] [stdout]    |
[INFO] [stdout]    = help: if you wanted to use a crate named `jacquard_batman_bellman`, use `cargo add jacquard_batman_bellman` to add it to your `Cargo.toml`
[INFO] [stdout] 
[INFO] [stdout] 
[INFO] [stdout] error[E0432]: unresolved import `jacquard_mem_link_profile`
[INFO] [stdout]   --> tests/common/router_builder.rs:29:5
[INFO] [stdout]    |
[INFO] [stdout] 29 | use jacquard_mem_link_profile::{
[INFO] [stdout]    |     ^^^^^^^^^^^^^^^^^^^^^^^^^ use of unresolved module or unlinked crate `jacquard_mem_link_profile`
[INFO] [stdout]    |
[INFO] [stdout]    = help: if you wanted to use a crate named `jacquard_mem_link_profile`, use `cargo add jacquard_mem_link_profile` to add it to your `Cargo.toml`
[INFO] [stdout] 
[INFO] [stdout] 
[INFO] [stdout] error[E0432]: unresolved import `jacquard_pathway`
[INFO] [stdout]   --> tests/common/router_builder.rs:32:5
[INFO] [stdout]    |
[INFO] [stdout] 32 | use jacquard_pathway::{DeterministicPathwayTopologyModel, PathwayEngine};
[INFO] [stdout]    |     ^^^^^^^^^^^^^^^^ use of unresolved module or unlinked crate `jacquard_pathway`
[INFO] [stdout]    |
[INFO] [stdout]    = help: if you wanted to use a crate named `jacquard_pathway`, use `cargo add jacquard_pathway` to add it to your `Cargo.toml`
[INFO] [stdout] 
[INFO] [stdout] 
[INFO] [stdout] error[E0432]: unresolved import `jacquard_testkit`
[INFO] [stdout]   --> tests/common/router_builder.rs:34:5
[INFO] [stdout]    |
[INFO] [stdout] 34 | use jacquard_testkit::topology;
[INFO] [stdout]    |     ^^^^^^^^^^^^^^^^ use of unresolved module or unlinked crate `jacquard_testkit`
[INFO] [stdout]    |
[INFO] [stdout] help: there is a crate or module with a similar name
[INFO] [stdout]    |
[INFO] [stdout] 34 - use jacquard_testkit::topology;
[INFO] [stdout] 34 + use jacquard_traits::topology;
[INFO] [stdout]    |
[INFO] [stdout] 
[INFO] [stdout] 
[INFO] [stdout] error[E0432]: unresolved import `jacquard_testkit`
[INFO] [stdout]   --> tests/common/fixtures.rs:32:5
[INFO] [stdout]    |
[INFO] [stdout] 32 | use jacquard_testkit::topology;
[INFO] [stdout]    |     ^^^^^^^^^^^^^^^^ use of unresolved module or unlinked crate `jacquard_testkit`
[INFO] [stdout]    |
[INFO] [stdout] help: there is a crate or module with a similar name
[INFO] [stdout]    |
[INFO] [stdout] 32 - use jacquard_testkit::topology;
[INFO] [stdout] 32 + use jacquard_traits::topology;
[INFO] [stdout]    |
[INFO] [stdout] 
[INFO] [stdout] 
[INFO] [stdout] error[E0432]: unresolved import `jacquard_batman_bellman`
[INFO] [stdout]   --> tests/common/router_builder.rs:27:5
[INFO] [stdout]    |
[INFO] [stdout] 27 | use jacquard_batman_bellman::BatmanBellmanEngine;
[INFO] [stdout]    |     ^^^^^^^^^^^^^^^^^^^^^^^ use of unresolved module or unlinked crate `jacquard_batman_bellman`
[INFO] [stdout]    |
[INFO] [stdout]    = help: if you wanted to use a crate named `jacquard_batman_bellman`, use `cargo add jacquard_batman_bellman` to add it to your `Cargo.toml`
[INFO] [stdout] 
[INFO] [stdout] 
[INFO] [stdout] error[E0432]: unresolved import `jacquard_mem_link_profile`
[INFO] [stdout]   --> tests/common/router_builder.rs:29:5
[INFO] [stdout]    |
[INFO] [stdout] 29 | use jacquard_mem_link_profile::{
[INFO] [stdout]    |     ^^^^^^^^^^^^^^^^^^^^^^^^^ use of unresolved module or unlinked crate `jacquard_mem_link_profile`
[INFO] [stdout]    |
[INFO] [stdout]    = help: if you wanted to use a crate named `jacquard_mem_link_profile`, use `cargo add jacquard_mem_link_profile` to add it to your `Cargo.toml`
[INFO] [stdout] 
[INFO] [stdout] 
[INFO] [stdout] error[E0432]: unresolved import `jacquard_pathway`
[INFO] [stdout]   --> tests/common/router_builder.rs:32:5
[INFO] [stdout]    |
[INFO] [stdout] 32 | use jacquard_pathway::{DeterministicPathwayTopologyModel, PathwayEngine};
[INFO] [stdout]    |     ^^^^^^^^^^^^^^^^ use of unresolved module or unlinked crate `jacquard_pathway`
[INFO] [stdout]    |
[INFO] [stdout]    = help: if you wanted to use a crate named `jacquard_pathway`, use `cargo add jacquard_pathway` to add it to your `Cargo.toml`
[INFO] [stdout] 
[INFO] [stdout] 
[INFO] [stdout] error[E0432]: unresolved import `jacquard_testkit`
[INFO] [stdout]   --> tests/common/router_builder.rs:34:5
[INFO] [stdout]    |
[INFO] [stdout] 34 | use jacquard_testkit::topology;
[INFO] [stdout]    |     ^^^^^^^^^^^^^^^^ use of unresolved module or unlinked crate `jacquard_testkit`
[INFO] [stdout]    |
[INFO] [stdout] help: there is a crate or module with a similar name
[INFO] [stdout]    |
[INFO] [stdout] 34 - use jacquard_testkit::topology;
[INFO] [stdout] 34 + use jacquard_traits::topology;
[INFO] [stdout]    |
[INFO] [stdout] 
[INFO] [stdout] 
[INFO] [stdout] error[E0432]: unresolved import `jacquard_testkit`
[INFO] [stdout]   --> tests/common/fixtures.rs:32:5
[INFO] [stdout]    |
[INFO] [stdout] 32 | use jacquard_testkit::topology;
[INFO] [stdout]    |     ^^^^^^^^^^^^^^^^ use of unresolved module or unlinked crate `jacquard_testkit`
[INFO] [stdout]    |
[INFO] [stdout] help: there is a crate or module with a similar name
[INFO] [stdout]    |
[INFO] [stdout] 32 - use jacquard_testkit::topology;
[INFO] [stdout] 32 + use jacquard_traits::topology;
[INFO] [stdout]    |
[INFO] [stdout] 
[INFO] [stdout] 
[INFO] [stdout] error[E0432]: unresolved import `jacquard_batman_bellman`
[INFO] [stdout]   --> tests/common/router_builder.rs:27:5
[INFO] [stdout]    |
[INFO] [stdout] 27 | use jacquard_batman_bellman::BatmanBellmanEngine;
[INFO] [stdout]    |     ^^^^^^^^^^^^^^^^^^^^^^^ use of unresolved module or unlinked crate `jacquard_batman_bellman`
[INFO] [stdout]    |
[INFO] [stdout]    = help: if you wanted to use a crate named `jacquard_batman_bellman`, use `cargo add jacquard_batman_bellman` to add it to your `Cargo.toml`
[INFO] [stdout] 
[INFO] [stdout] 
[INFO] [stdout] error[E0432]: unresolved import `jacquard_mem_link_profile`
[INFO] [stdout]   --> tests/common/router_builder.rs:29:5
[INFO] [stdout]    |
[INFO] [stdout] 29 | use jacquard_mem_link_profile::{
[INFO] [stdout]    |     ^^^^^^^^^^^^^^^^^^^^^^^^^ use of unresolved module or unlinked crate `jacquard_mem_link_profile`
[INFO] [stdout]    |
[INFO] [stdout]    = help: if you wanted to use a crate named `jacquard_mem_link_profile`, use `cargo add jacquard_mem_link_profile` to add it to your `Cargo.toml`
[INFO] [stdout] 
[INFO] [stdout] 
[INFO] [stdout] error[E0432]: unresolved import `jacquard_pathway`
[INFO] [stdout]   --> tests/common/router_builder.rs:32:5
[INFO] [stdout]    |
[INFO] [stdout] 32 | use jacquard_pathway::{DeterministicPathwayTopologyModel, PathwayEngine};
[INFO] [stdout]    |     ^^^^^^^^^^^^^^^^ use of unresolved module or unlinked crate `jacquard_pathway`
[INFO] [stdout]    |
[INFO] [stdout]    = help: if you wanted to use a crate named `jacquard_pathway`, use `cargo add jacquard_pathway` to add it to your `Cargo.toml`
[INFO] [stdout] 
[INFO] [stdout] 
[INFO] [stdout] error[E0432]: unresolved import `jacquard_testkit`
[INFO] [stdout]   --> tests/common/router_builder.rs:34:5
[INFO] [stdout]    |
[INFO] [stdout] 34 | use jacquard_testkit::topology;
[INFO] [stdout]    |     ^^^^^^^^^^^^^^^^ use of unresolved module or unlinked crate `jacquard_testkit`
[INFO] [stdout]    |
[INFO] [stdout] help: there is a crate or module with a similar name
[INFO] [stdout]    |
[INFO] [stdout] 34 - use jacquard_testkit::topology;
[INFO] [stdout] 34 + use jacquard_traits::topology;
[INFO] [stdout]    |
[INFO] [stdout] 
[INFO] [stdout] 
[INFO] [stdout] error[E0432]: unresolved import `jacquard_batman_bellman`
[INFO] [stdout]   --> tests/router_extension_hosting.rs:16:5
[INFO] [stdout]    |
[INFO] [stdout] 16 | use jacquard_batman_bellman::BATMAN_BELLMAN_ENGINE_ID;
[INFO] [stdout]    |     ^^^^^^^^^^^^^^^^^^^^^^^ use of unresolved module or unlinked crate `jacquard_batman_bellman`
[INFO] [stdout]    |
[INFO] [stdout]    = help: if you wanted to use a crate named `jacquard_batman_bellman`, use `cargo add jacquard_batman_bellman` to add it to your `Cargo.toml`
[INFO] [stdout] 
[INFO] [stdout] 
[INFO] [stdout] error[E0432]: unresolved import `jacquard_pathway`
[INFO] [stdout]   --> tests/router_extension_hosting.rs:21:5
[INFO] [stdout]    |
[INFO] [stdout] 21 | use jacquard_pathway::PATHWAY_ENGINE_ID;
[INFO] [stdout]    |     ^^^^^^^^^^^^^^^^ use of unresolved module or unlinked crate `jacquard_pathway`
[INFO] [stdout]    |
[INFO] [stdout]    = help: if you wanted to use a crate named `jacquard_pathway`, use `cargo add jacquard_pathway` to add it to your `Cargo.toml`
[INFO] [stdout] 
[INFO] [stdout] 
[INFO] [stdout] error[E0433]: cannot find module or crate `jacquard_batman_bellman` in this scope
[INFO] [stdout]    --> tests/common/router_builder.rs:256:38
[INFO] [stdout]     |
[INFO] [stdout] 256 |                         .for_engine(&jacquard_batman_bellman::BATMAN_BELLMAN_ENGINE_ID)
[INFO] [stdout]     |                                      ^^^^^^^^^^^^^^^^^^^^^^^ use of unresolved module or unlinked crate `jacquard_batman_bellman`
[INFO] [stdout]     |
[INFO] [stdout]     = help: if you wanted to use a crate named `jacquard_batman_bellman`, use `cargo add jacquard_batman_bellman` to add it to your `Cargo.toml`
[INFO] [stdout] 
[INFO] [stdout] 
[INFO] [stdout] error[E0433]: cannot find module or crate `jacquard_pathway` in this scope
[INFO] [stdout]   --> tests/router_middleware.rs:50:14
[INFO] [stdout]    |
[INFO] [stdout] 50 |         vec![jacquard_pathway::PATHWAY_ENGINE_ID]
[INFO] [stdout]    |              ^^^^^^^^^^^^^^^^ use of unresolved module or unlinked crate `jacquard_pathway`
[INFO] [stdout]    |
[INFO] [stdout]    = help: if you wanted to use a crate named `jacquard_pathway`, use `cargo add jacquard_pathway` to add it to your `Cargo.toml`
[INFO] [stdout] 
[INFO] [stdout] 
[INFO] [stdout] error[E0433]: cannot find module or crate `jacquard_pathway` in this scope
[INFO] [stdout]   --> tests/router_middleware.rs:53:42
[INFO] [stdout]    |
[INFO] [stdout] 53 |         .registered_engine_capabilities(&jacquard_pathway::PATHWAY_ENGINE_ID)
[INFO] [stdout]    |                                          ^^^^^^^^^^^^^^^^ use of unresolved module or unlinked crate `jacquard_pathway`
[INFO] [stdout]    |
[INFO] [stdout]    = help: if you wanted to use a crate named `jacquard_pathway`, use `cargo add jacquard_pathway` to add it to your `Cargo.toml`
[INFO] [stdout] 
[INFO] [stdout] 
[INFO] [stdout] error[E0433]: cannot find module or crate `jacquard_pathway` in this scope
[INFO] [stdout]   --> tests/router_middleware.rs:56:37
[INFO] [stdout]    |
[INFO] [stdout] 56 |     assert_eq!(capabilities.engine, jacquard_pathway::PATHWAY_ENGINE_ID);
[INFO] [stdout]    |                                     ^^^^^^^^^^^^^^^^ use of unresolved module or unlinked crate `jacquard_pathway`
[INFO] [stdout]    |
[INFO] [stdout]    = help: if you wanted to use a crate named `jacquard_pathway`, use `cargo add jacquard_pathway` to add it to your `Cargo.toml`
[INFO] [stdout] 
[INFO] [stdout] 
[INFO] [stdout] error[E0433]: cannot find module or crate `jacquard_batman_bellman` in this scope
[INFO] [stdout]    --> tests/common/router_builder.rs:256:38
[INFO] [stdout]     |
[INFO] [stdout] 256 |                         .for_engine(&jacquard_batman_bellman::BATMAN_BELLMAN_ENGINE_ID)
[INFO] [stdout]     |                                      ^^^^^^^^^^^^^^^^^^^^^^^ use of unresolved module or unlinked crate `jacquard_batman_bellman`
[INFO] [stdout]     |
[INFO] [stdout]     = help: if you wanted to use a crate named `jacquard_batman_bellman`, use `cargo add jacquard_batman_bellman` to add it to your `Cargo.toml`
[INFO] [stdout] 
[INFO] [stdout] 
[INFO] [stdout] error[E0433]: cannot find module or crate `jacquard_batman_bellman` in this scope
[INFO] [stdout]    --> tests/common/router_builder.rs:256:38
[INFO] [stdout]     |
[INFO] [stdout] 256 |                         .for_engine(&jacquard_batman_bellman::BATMAN_BELLMAN_ENGINE_ID)
[INFO] [stdout]     |                                      ^^^^^^^^^^^^^^^^^^^^^^^ use of unresolved module or unlinked crate `jacquard_batman_bellman`
[INFO] [stdout]     |
[INFO] [stdout]     = help: if you wanted to use a crate named `jacquard_batman_bellman`, use `cargo add jacquard_batman_bellman` to add it to your `Cargo.toml`
[INFO] [stdout] 
[INFO] [stdout] 
[INFO] [stdout] Some errors have detailed explanations: E0432, E0433.
[INFO] [stdout] 
[INFO] [stdout] For more information about an error, try `rustc --explain E0432`.
[INFO] [stdout] 
[INFO] [stderr] error: could not compile `jacquard-router` (test "router_middleware") due to 9 previous errors
[INFO] [stderr] warning: build failed, waiting for other jobs to finish...
[INFO] [stdout] error[E0433]: cannot find module or crate `jacquard_batman_bellman` in this scope
[INFO] [stdout]    --> tests/common/router_builder.rs:256:38
[INFO] [stdout]     |
[INFO] [stdout] 256 |                         .for_engine(&jacquard_batman_bellman::BATMAN_BELLMAN_ENGINE_ID)
[INFO] [stdout]     |                                      ^^^^^^^^^^^^^^^^^^^^^^^ use of unresolved module or unlinked crate `jacquard_batman_bellman`
[INFO] [stdout]     |
[INFO] [stdout]     = help: if you wanted to use a crate named `jacquard_batman_bellman`, use `cargo add jacquard_batman_bellman` to add it to your `Cargo.toml`
[INFO] [stdout] 
[INFO] [stdout] 
[INFO] [stdout] error[E0433]: cannot find module or crate `jacquard_batman_bellman` in this scope
[INFO] [stdout]    --> tests/common/router_builder.rs:256:38
[INFO] [stdout]     |
[INFO] [stdout] 256 |                         .for_engine(&jacquard_batman_bellman::BATMAN_BELLMAN_ENGINE_ID)
[INFO] [stdout]     |                                      ^^^^^^^^^^^^^^^^^^^^^^^ use of unresolved module or unlinked crate `jacquard_batman_bellman`
[INFO] [stdout]     |
[INFO] [stdout]     = help: if you wanted to use a crate named `jacquard_batman_bellman`, use `cargo add jacquard_batman_bellman` to add it to your `Cargo.toml`
[INFO] [stdout] 
[INFO] [stdout] 
[INFO] [stdout] Some errors have detailed explanations: E0432, E0433.
[INFO] [stdout] 
[INFO] [stdout] For more information about an error, try `rustc --explain E0432`.
[INFO] [stdout] 
[INFO] [stderr] error: could not compile `jacquard-router` (test "router_registry") due to 8 previous errors
[INFO] [stdout] error[E0433]: cannot find module or crate `jacquard_batman_bellman` in this scope
[INFO] [stdout]    --> tests/common/router_builder.rs:256:38
[INFO] [stdout]     |
[INFO] [stdout] 256 |                         .for_engine(&jacquard_batman_bellman::BATMAN_BELLMAN_ENGINE_ID)
[INFO] [stdout]     |                                      ^^^^^^^^^^^^^^^^^^^^^^^ use of unresolved module or unlinked crate `jacquard_batman_bellman`
[INFO] [stdout]     |
[INFO] [stdout]     = help: if you wanted to use a crate named `jacquard_batman_bellman`, use `cargo add jacquard_batman_bellman` to add it to your `Cargo.toml`
[INFO] [stdout] 
[INFO] [stdout] 
[INFO] [stdout] error[E0433]: cannot find module or crate `jacquard_batman_bellman` in this scope
[INFO] [stdout]    --> tests/common/router_builder.rs:256:38
[INFO] [stdout]     |
[INFO] [stdout] 256 |                         .for_engine(&jacquard_batman_bellman::BATMAN_BELLMAN_ENGINE_ID)
[INFO] [stdout]     |                                      ^^^^^^^^^^^^^^^^^^^^^^^ use of unresolved module or unlinked crate `jacquard_batman_bellman`
[INFO] [stdout]     |
[INFO] [stdout]     = help: if you wanted to use a crate named `jacquard_batman_bellman`, use `cargo add jacquard_batman_bellman` to add it to your `Cargo.toml`
[INFO] [stdout] 
[INFO] [stdout] 
[INFO] [stdout] Some errors have detailed explanations: E0432, E0433.
[INFO] [stdout] 
[INFO] [stdout] For more information about an error, try `rustc --explain E0432`.
[INFO] [stdout] 
[INFO] [stderr] error: could not compile `jacquard-router` (test "router_fail_closed") due to 7 previous errors
[INFO] [stdout] Some errors have detailed explanations: E0432, E0433.
[INFO] [stdout] 
[INFO] [stdout] For more information about an error, try `rustc --explain E0432`.
[INFO] [stdout] 
[INFO] [stderr] error: could not compile `jacquard-router` (test "router_round") due to 7 previous errors
[INFO] [stdout] error[E0433]: cannot find module or crate `jacquard_pathway` in this scope
[INFO] [stdout]    --> tests/router_activation.rs:119:14
[INFO] [stdout]     |
[INFO] [stdout] 119 |         vec![jacquard_pathway::PATHWAY_ENGINE_ID]
[INFO] [stdout]     |              ^^^^^^^^^^^^^^^^ use of unresolved module or unlinked crate `jacquard_pathway`
[INFO] [stdout]     |
[INFO] [stdout]     = help: if you wanted to use a crate named `jacquard_pathway`, use `cargo add jacquard_pathway` to add it to your `Cargo.toml`
[INFO] [stdout] 
[INFO] [stdout] 
[INFO] [stdout] error[E0433]: cannot find module or crate `jacquard_pathway` in this scope
[INFO] [stdout]    --> tests/router_activation.rs:123:46
[INFO] [stdout]     |
[INFO] [stdout] 123 |             .registered_engine_capabilities(&jacquard_pathway::PATHWAY_ENGINE_ID)
[INFO] [stdout]     |                                              ^^^^^^^^^^^^^^^^ use of unresolved module or unlinked crate `jacquard_pathway`
[INFO] [stdout]     |
[INFO] [stdout]     = help: if you wanted to use a crate named `jacquard_pathway`, use `cargo add jacquard_pathway` to add it to your `Cargo.toml`
[INFO] [stdout] 
[INFO] [stdout] 
[INFO] [stdout] error[E0433]: cannot find module or crate `jacquard_pathway` in this scope
[INFO] [stdout]    --> tests/router_activation.rs:126:9
[INFO] [stdout]     |
[INFO] [stdout] 126 |         jacquard_pathway::PATHWAY_ENGINE_ID
[INFO] [stdout]     |         ^^^^^^^^^^^^^^^^ use of unresolved module or unlinked crate `jacquard_pathway`
[INFO] [stdout]     |
[INFO] [stdout]     = help: if you wanted to use a crate named `jacquard_pathway`, use `cargo add jacquard_pathway` to add it to your `Cargo.toml`
[INFO] [stdout] 
[INFO] [stdout] 
[INFO] [stdout] Some errors have detailed explanations: E0432, E0433.
[INFO] [stdout] 
[INFO] [stdout] For more information about an error, try `rustc --explain E0432`.
[INFO] [stdout] 
[INFO] [stderr] error: could not compile `jacquard-router` (test "router_extension_hosting") due to 8 previous errors
[INFO] [stdout] Some errors have detailed explanations: E0432, E0433.
[INFO] [stdout] 
[INFO] [stdout] For more information about an error, try `rustc --explain E0432`.
[INFO] [stdout] 
[INFO] [stdout] Some errors have detailed explanations: E0432, E0433.
[INFO] [stdout] 
[INFO] [stderr] error: could not compile `jacquard-router` (test "router_proactive") due to 6 previous errors
[INFO] [stdout] For more information about an error, try `rustc --explain E0432`.
[INFO] [stdout] 
[INFO] [stderr] error: could not compile `jacquard-router` (test "router_activation") due to 9 previous errors
[INFO] running `Command { std: "docker" "inspect" "15017958999e8c423216adc0ad83653399bf5124ce61b0cd48de69be19e16115", kill_on_drop: false }`
[INFO] running `Command { std: "docker" "rm" "-f" "15017958999e8c423216adc0ad83653399bf5124ce61b0cd48de69be19e16115", kill_on_drop: false }`
[INFO] [stdout] 15017958999e8c423216adc0ad83653399bf5124ce61b0cd48de69be19e16115
