[INFO] fetching crate j9 0.1.4...
[INFO] testing j9-0.1.4 against 1.100.0-beta.1+cargoflags=--release for beta-release-1.100-2
[INFO] extracting crate j9 0.1.4 into /workspace/builds/worker-2-tc2/source
[INFO] started tweaking crates.io crate j9 0.1.4
[INFO] removed 0 missing examples
[INFO] finished tweaking crates.io crate j9 0.1.4
[INFO] tweaked toml for crates.io crate j9 0.1.4 written to /workspace/builds/worker-2-tc2/source/Cargo.toml
[INFO] validating manifest of crates.io crate j9 0.1.4 on toolchain 1.100.0-beta.1
[INFO] running `Command { std: CARGO_HOME="/workspace/cargo-home" RUSTUP_HOME="/workspace/rustup-home" "/workspace/cargo-home/bin/cargo" "+1.100.0-beta.1" "metadata" "--manifest-path" "Cargo.toml" "--no-deps", kill_on_drop: false }`
[INFO] crate crates.io crate j9 0.1.4 already has a lockfile, it will not be regenerated
[INFO] running `Command { std: CARGO_HOME="/workspace/cargo-home" RUSTUP_HOME="/workspace/rustup-home" "/workspace/cargo-home/bin/cargo" "+1.100.0-beta.1" "fetch" "--manifest-path" "Cargo.toml", kill_on_drop: false }`
[INFO] running `Command { std: "docker" "create" "-v" "/var/lib/crater-agent-workspace/builds/worker-2-tc2/source:/opt/rustwide/workdir:ro,Z" "-v" "/var/lib/crater-agent-workspace/builds/worker-2-tc2/target:/opt/rustwide/target:rw,Z" "-v" "/var/lib/crater-agent-workspace/cargo-home:/opt/rustwide/cargo-home:ro,Z" "-v" "/var/lib/crater-agent-workspace/rustup-home:/opt/rustwide/rustup-home:ro,Z" "-m" "1610612736" "--network" "none" "ghcr.io/rust-lang/crates-build-env/linux@sha256:77db811e55d90add9212f6832c23229e3de5f1c1f9905e8cb07319ea15df73ac" "sleep" "infinity", kill_on_drop: false }`
[INFO] [stdout] c5eab364dfdc39ae3ced3a47ddc8ae670f071343eadea78ea7d9fc04167deff4
[INFO] running `Command { std: "docker" "start" "c5eab364dfdc39ae3ced3a47ddc8ae670f071343eadea78ea7d9fc04167deff4", kill_on_drop: false }`
[INFO] running `Command { std: "docker" "inspect" "c5eab364dfdc39ae3ced3a47ddc8ae670f071343eadea78ea7d9fc04167deff4", kill_on_drop: false }`
[INFO] running `Command { std: "docker" "exec" "-e" "SOURCE_DIR=/opt/rustwide/workdir" "-e" "CARGO_HOME=/opt/rustwide/cargo-home" "-e" "RUSTUP_HOME=/opt/rustwide/rustup-home" "-e" "CARGO_TARGET_DIR=/opt/rustwide/target" "-w" "/opt/rustwide/workdir" "--user" "0:0" "c5eab364dfdc39ae3ced3a47ddc8ae670f071343eadea78ea7d9fc04167deff4" "/opt/rustwide/cargo-home/bin/cargo" "+1.100.0-beta.1" "metadata" "--no-deps" "--format-version=1", kill_on_drop: false }`
[INFO] running `Command { std: "docker" "inspect" "c5eab364dfdc39ae3ced3a47ddc8ae670f071343eadea78ea7d9fc04167deff4", kill_on_drop: false }`
[INFO] running `Command { std: "docker" "exec" "-e" "SOURCE_DIR=/opt/rustwide/workdir" "-e" "CARGO_HOME=/opt/rustwide/cargo-home" "-e" "RUSTUP_HOME=/opt/rustwide/rustup-home" "-e" "CARGO_TARGET_DIR=/opt/rustwide/target" "-e" "CARGO_INCREMENTAL=0" "-e" "RUST_BACKTRACE=full" "-e" "RUSTFLAGS=--cap-lints=warn" "-e" "RUSTDOCFLAGS=--cap-lints=warn" "-w" "/opt/rustwide/workdir" "--user" "0:0" "c5eab364dfdc39ae3ced3a47ddc8ae670f071343eadea78ea7d9fc04167deff4" "/opt/rustwide/cargo-home/bin/cargo" "+1.100.0-beta.1" "build" "--frozen" "--message-format=json" "--release", kill_on_drop: false }`
[INFO] [stderr]    Compiling proc-macro2 v1.0.89
[INFO] [stderr]    Compiling unicode-ident v1.0.13
[INFO] [stderr]    Compiling glob v0.3.1
[INFO] [stderr]    Compiling prettyplease v0.2.25
[INFO] [stderr]    Compiling libc v0.2.161
[INFO] [stderr]    Compiling rustix v0.38.38
[INFO] [stderr]    Compiling memchr v2.7.4
[INFO] [stderr]    Compiling minimal-lexical v0.2.1
[INFO] [stderr]    Compiling linux-raw-sys v0.4.14
[INFO] [stderr]    Compiling bitflags v2.6.0
[INFO] [stderr]    Compiling cfg-if v1.0.0
[INFO] [stderr]    Compiling regex-syntax v0.8.5
[INFO] [stderr]    Compiling either v1.13.0
[INFO] [stderr]    Compiling bindgen v0.69.5
[INFO] [stderr]    Compiling anyhow v1.0.91
[INFO] [stderr]    Compiling home v0.5.9
[INFO] [stderr]    Compiling libloading v0.8.5
[INFO] [stderr]    Compiling cc v1.1.31
[INFO] [stderr]    Compiling lazycell v1.3.0
[INFO] [stderr]    Compiling rustc-hash v1.1.0
[INFO] [stderr]    Compiling log v0.4.22
[INFO] [stderr]    Compiling same-file v1.0.6
[INFO] [stderr]    Compiling lazy_static v1.5.0
[INFO] [stderr]    Compiling thiserror v1.0.65
[INFO] [stderr]    Compiling walkdir v2.5.0
[INFO] [stderr]    Compiling itertools v0.12.1
[INFO] [stderr]    Compiling nom v7.1.3
[INFO] [stderr]    Compiling clang-sys v1.8.1
[INFO] [stderr]    Compiling quote v1.0.37
[INFO] [stderr]    Compiling syn v2.0.85
[INFO] [stderr]    Compiling autotools v0.2.7
[INFO] [stderr]    Compiling regex-automata v0.4.8
[INFO] [stderr]    Compiling cexpr v0.6.0
[INFO] [stderr]    Compiling which v4.4.2
[INFO] [stderr]    Compiling regex v1.11.1
[INFO] [stderr]    Compiling thiserror-impl v1.0.65
[INFO] [stderr]    Compiling j9-sys v0.1.4
[INFO] [stderr] error: failed to run custom build command for `j9-sys v0.1.4`
[INFO] [stderr] note: To improve backtraces for build dependencies, set the CARGO_PROFILE_RELEASE_BUILD_OVERRIDE_DEBUG=true environment variable to enable debug information generation.
[INFO] [stderr] 
[INFO] [stderr] Caused by:
[INFO] [stderr]   process didn't exit successfully: `/opt/rustwide/target/release/build/j9-sys/d705e21c65538289/out/build_script_build` (exit status: 101)
[INFO] [stderr]   --- stdout
[INFO] [stderr]   running: cd "/opt/rustwide/target/release/build/j9-sys/02c11ddaa21b294c/out/jq_build" && "sh" "-c" "exec \"$0\" \"$@\"" "autoreconf" "-i"
[INFO] [stderr]   libtoolize: putting auxiliary files in '.'.
[INFO] [stderr]   libtoolize: copying file './ltmain.sh'
[INFO] [stderr]   libtoolize: putting macros in AC_CONFIG_MACRO_DIRS, 'm4'.
[INFO] [stderr]   libtoolize: copying file 'm4/libtool.m4'
[INFO] [stderr]   libtoolize: copying file 'm4/ltoptions.m4'
[INFO] [stderr]   libtoolize: copying file 'm4/ltsugar.m4'
[INFO] [stderr]   libtoolize: copying file 'm4/ltversion.m4'
[INFO] [stderr]   libtoolize: copying file 'm4/lt~obsolete.m4'
[INFO] [stderr]   libtoolize: putting auxiliary files in AC_CONFIG_AUX_DIR, 'config'.
[INFO] [stderr]   libtoolize: copying file 'config/ltmain.sh'
[INFO] [stderr]   libtoolize: putting macros in AC_CONFIG_MACRO_DIRS, 'config/m4'.
[INFO] [stderr]   libtoolize: copying file 'config/m4/libtool.m4'
[INFO] [stderr]   libtoolize: copying file 'config/m4/ltoptions.m4'
[INFO] [stderr]   libtoolize: copying file 'config/m4/ltsugar.m4'
[INFO] [stderr]   libtoolize: copying file 'config/m4/ltversion.m4'
[INFO] [stderr]   libtoolize: copying file 'config/m4/lt~obsolete.m4'
[INFO] [stderr]   running: cd "/opt/rustwide/target/release/build/j9-sys/02c11ddaa21b294c/out/build" && CC="cc" CFLAGS="-O3 -ffunction-sections -fdata-sections -fPIC -m64" CXX="c++" CXXFLAGS="-O3 -ffunction-sections -fdata-sections -fPIC -m64" "sh" "-c" "exec \"$0\" \"$@\"" "/opt/rustwide/target/release/build/j9-sys/02c11ddaa21b294c/out/jq_build/configure" "--prefix=/opt/rustwide/target/release/build/j9-sys/02c11ddaa21b294c/out" "--disable-shared" "--enable-static" "--with-oniguruma=builtin"
[INFO] [stderr]   checking for gcc... cc
[INFO] [stderr]   checking whether the C compiler works... yes
[INFO] [stderr]   checking for C compiler default output file name... a.out
[INFO] [stderr]   checking for suffix of executables... 
[INFO] [stderr]   checking whether we are cross compiling... no
[INFO] [stderr]   checking for suffix of object files... o
[INFO] [stderr]   checking whether the compiler supports GNU C... yes
[INFO] [stderr]   checking whether cc accepts -g... yes
[INFO] [stderr]   checking for cc option to enable C11 features... none needed
[INFO] [stderr]   checking whether cc understands -c and -o together... yes
[INFO] [stderr]   checking for stdio.h... yes
[INFO] [stderr]   checking for stdlib.h... yes
[INFO] [stderr]   checking for string.h... yes
[INFO] [stderr]   checking for inttypes.h... yes
[INFO] [stderr]   checking for stdint.h... yes
[INFO] [stderr]   checking for strings.h... yes
[INFO] [stderr]   checking for sys/stat.h... yes
[INFO] [stderr]   checking for sys/types.h... yes
[INFO] [stderr]   checking for unistd.h... yes
[INFO] [stderr]   checking for wchar.h... yes
[INFO] [stderr]   checking for minix/config.h... no
[INFO] [stderr]   checking whether it is safe to define __EXTENSIONS__... yes
[INFO] [stderr]   checking whether _XOPEN_SOURCE should be defined... no
[INFO] [stderr]   checking for a BSD-compatible install... /usr/bin/install -c
[INFO] [stderr]   checking whether sleep supports fractional seconds... yes
[INFO] [stderr]   checking filesystem timestamp resolution... 0.01
[INFO] [stderr]   checking whether build environment is sane... yes
[INFO] [stderr]   checking for a race-free mkdir -p... /usr/bin/mkdir -p
[INFO] [stderr]   checking for gawk... no
[INFO] [stderr]   checking for mawk... mawk
[INFO] [stderr]   checking whether make sets $(MAKE)... yes
[INFO] [stderr]   checking whether make supports the include directive... yes (GNU style)
[INFO] [stderr]   checking whether make supports nested variables... yes
[INFO] [stderr]   checking xargs -n works... yes
[INFO] [stderr]   checking whether UID '0' is supported by ustar format... yes
[INFO] [stderr]   checking whether GID '0' is supported by ustar format... yes
[INFO] [stderr]   checking how to create a ustar tar archive... gnutar
[INFO] [stderr]   checking dependency style of cc... gcc3
[INFO] [stderr]   checking for ar... ar
[INFO] [stderr]   checking the archiver (ar) interface... ar
[INFO] [stderr]   checking whether to enable maintainer-specific portions of Makefiles... no
[INFO] [stderr]   checking for gcc... (cached) cc
[INFO] [stderr]   checking whether the compiler supports GNU C... (cached) yes
[INFO] [stderr]   checking whether cc accepts -g... (cached) yes
[INFO] [stderr]   checking for cc option to enable C11 features... (cached) none needed
[INFO] [stderr]   checking whether cc understands -c and -o together... (cached) yes
[INFO] [stderr]   checking how to run the C preprocessor... cc -E
[INFO] [stderr]   checking for bison... bison -y
[INFO] [stderr]   checking build system type... x86_64-pc-linux-gnu
[INFO] [stderr]   checking host system type... x86_64-pc-linux-gnu
[INFO] [stderr]   checking how to print strings... printf
[INFO] [stderr]   checking for a sed that does not truncate output... /usr/bin/sed
[INFO] [stderr]   checking for grep that handles long lines and -e... /usr/bin/grep
[INFO] [stderr]   checking for egrep... /usr/bin/grep -E
[INFO] [stderr]   checking for fgrep... /usr/bin/grep -F
[INFO] [stderr]   checking for ld used by cc... /usr/bin/x86_64-linux-gnu-ld
[INFO] [stderr]   checking if the linker (/usr/bin/x86_64-linux-gnu-ld) is GNU ld... yes
[INFO] [stderr]   checking for BSD- or MS-compatible name lister (nm)... /usr/bin/nm -B
[INFO] [stderr]   checking the name lister (/usr/bin/nm -B) interface... BSD nm
[INFO] [stderr]   checking whether ln -s works... yes
[INFO] [stderr]   checking the maximum length of command line arguments... 1572864
[INFO] [stderr]   checking how to convert x86_64-pc-linux-gnu file names to x86_64-pc-linux-gnu format... func_convert_file_noop
[INFO] [stderr]   checking how to convert x86_64-pc-linux-gnu file names to toolchain format... func_convert_file_noop
[INFO] [stderr]   checking for /usr/bin/x86_64-linux-gnu-ld option to reload object files... -r
[INFO] [stderr]   checking for file... file
[INFO] [stderr]   checking for objdump... objdump
[INFO] [stderr]   checking how to recognize dependent libraries... pass_all
[INFO] [stderr]   checking for dlltool... no
[INFO] [stderr]   checking how to associate runtime and link libraries... printf %s\n
[INFO] [stderr]   checking for ranlib... ranlib
[INFO] [stderr]   checking for archiver @FILE support... @
[INFO] [stderr]   checking for strip... strip
[INFO] [stderr]   checking command to parse /usr/bin/nm -B output from cc object... ok
[INFO] [stderr]   checking for sysroot... no
[INFO] [stderr]   checking for a working dd... /usr/bin/dd
[INFO] [stderr]   checking how to truncate binary pipes... /usr/bin/dd bs=4096 count=1
[INFO] [stderr]   checking for mt... no
[INFO] [stderr]   checking if : is a manifest tool... no
[INFO] [stderr]   checking for dlfcn.h... yes
[INFO] [stderr]   checking for objdir... .libs
[INFO] [stderr]   checking if cc supports -fno-rtti -fno-exceptions... no
[INFO] [stderr]   checking for cc option to produce PIC... -fPIC -DPIC
[INFO] [stderr]   checking if cc PIC flag -fPIC -DPIC works... yes
[INFO] [stderr]   checking if cc static flag -static works... yes
[INFO] [stderr]   checking if cc supports -c -o file.o... yes
[INFO] [stderr]   checking if cc supports -c -o file.o... (cached) yes
[INFO] [stderr]   checking whether the cc linker (/usr/bin/x86_64-linux-gnu-ld -m elf_x86_64) supports shared libraries... yes
[INFO] [stderr]   checking dynamic linker characteristics... GNU/Linux ld.so
[INFO] [stderr]   checking how to hardcode library paths into programs... immediate
[INFO] [stderr]   checking whether stripping libraries is possible... yes
[INFO] [stderr]   checking if libtool supports shared libraries... yes
[INFO] [stderr]   checking whether to build shared libraries... no
[INFO] [stderr]   checking whether to build static libraries... yes
[INFO] [stderr]   checking for  option for large files... none needed
[INFO] [stderr]   checking for valgrind... no
[INFO] [stderr]   checking for memmem... yes
[INFO] [stderr]   checking for sys/cygwin.h... no
[INFO] [stderr]   checking for shlwapi.h... no
[INFO] [stderr]   checking for pipenv... no
[INFO] [stderr]   checking for Python dependencies... no
[INFO] [stderr]   checking for egrep -e... (cached) /usr/bin/grep -E
[INFO] [stderr]   checking whether cc is Clang... no
[INFO] [stderr]   checking whether pthreads work with "-pthread" and "-lpthread"... yes
[INFO] [stderr]   checking for joinable pthread attribute... PTHREAD_CREATE_JOINABLE
[INFO] [stderr]   checking whether more special flags are required for pthreads... no
[INFO] [stderr]   checking for PTHREAD_PRIO_INHERIT... yes
[INFO] [stderr]   checking for size_t... yes
[INFO] [stderr]   checking for working alloca.h... yes
[INFO] [stderr]   checking for alloca... yes
[INFO] [stderr]   checking for isatty... yes
[INFO] [stderr]   checking for _isatty... no
[INFO] [stderr]   checking for strptime... yes
[INFO] [stderr]   checking for strftime... yes
[INFO] [stderr]   checking for setenv... yes
[INFO] [stderr]   checking for timegm... yes
[INFO] [stderr]   checking for gmtime_r... yes
[INFO] [stderr]   checking for gmtime... yes
[INFO] [stderr]   checking for localtime_r... yes
[INFO] [stderr]   checking for localtime... yes
[INFO] [stderr]   checking for gettimeofday... yes
[INFO] [stderr]   checking for struct tm.tm_gmtoff... yes
[INFO] [stderr]   checking for struct tm.__tm_gmtoff... no
[INFO] [stderr]   checking for setlocale... yes
[INFO] [stderr]   checking for pthread_key_create... yes
[INFO] [stderr]   checking for pthread_once... yes
[INFO] [stderr]   checking for atexit... yes
[INFO] [stderr]   checking for acos in -lm... yes
[INFO] [stderr]   checking for acosh in -lm... yes
[INFO] [stderr]   checking for asin in -lm... yes
[INFO] [stderr]   checking for asinh in -lm... yes
[INFO] [stderr]   checking for atan2 in -lm... yes
[INFO] [stderr]   checking for atan in -lm... yes
[INFO] [stderr]   checking for atanh in -lm... yes
[INFO] [stderr]   checking for cbrt in -lm... yes
[INFO] [stderr]   checking for ceil in -lm... yes
[INFO] [stderr]   checking for copysign in -lm... yes
[INFO] [stderr]   checking for cos in -lm... yes
[INFO] [stderr]   checking for cosh in -lm... yes
[INFO] [stderr]   checking for drem in -lm... yes
[INFO] [stderr]   checking for erf in -lm... yes
[INFO] [stderr]   checking for erfc in -lm... yes
[INFO] [stderr]   checking for exp10 in -lm... yes
[INFO] [stderr]   checking for __exp10 in -lm... no
[INFO] [stderr]   checking for exp2 in -lm... yes
[INFO] [stderr]   checking for exp in -lm... yes
[INFO] [stderr]   checking for expm1 in -lm... yes
[INFO] [stderr]   checking for fabs in -lm... yes
[INFO] [stderr]   checking for fdim in -lm... yes
[INFO] [stderr]   checking for floor in -lm... yes
[INFO] [stderr]   checking for fma in -lm... yes
[INFO] [stderr]   checking for fmax in -lm... yes
[INFO] [stderr]   checking for fmin in -lm... yes
[INFO] [stderr]   checking for fmod in -lm... yes
[INFO] [stderr]   checking for frexp in -lm... yes
[INFO] [stderr]   checking for gamma in -lm... yes
[INFO] [stderr]   checking for hypot in -lm... yes
[INFO] [stderr]   checking for j0 in -lm... yes
[INFO] [stderr]   checking for j1 in -lm... yes
[INFO] [stderr]   checking for jn in -lm... yes
[INFO] [stderr]   checking for ldexp in -lm... yes
[INFO] [stderr]   checking for lgamma in -lm... yes
[INFO] [stderr]   checking for log10 in -lm... yes
[INFO] [stderr]   checking for log1p in -lm... yes
[INFO] [stderr]   checking for log2 in -lm... yes
[INFO] [stderr]   checking for log in -lm... yes
[INFO] [stderr]   checking for logb in -lm... yes
[INFO] [stderr]   checking for modf in -lm... yes
[INFO] [stderr]   checking for lgamma_r in -lm... yes
[INFO] [stderr]   checking for nearbyint in -lm... yes
[INFO] [stderr]   checking for nextafter in -lm... yes
[INFO] [stderr]   checking for nexttoward in -lm... yes
[INFO] [stderr]   checking for pow10 in -lm... no
[INFO] [stderr]   checking for pow in -lm... yes
[INFO] [stderr]   checking for remainder in -lm... yes
[INFO] [stderr]   checking for rint in -lm... yes
[INFO] [stderr]   checking for round in -lm... yes
[INFO] [stderr]   checking for scalb in -lm... yes
[INFO] [stderr]   checking for scalbln in -lm... yes
[INFO] [stderr]   checking for significand in -lm... yes
[INFO] [stderr]   checking for scalbn in -lm... yes
[INFO] [stderr]   checking for ilogb in -lm... yes
[INFO] [stderr]   checking for sin in -lm... yes
[INFO] [stderr]   checking for sinh in -lm... yes
[INFO] [stderr]   checking for sqrt in -lm... yes
[INFO] [stderr]   checking for tan in -lm... yes
[INFO] [stderr]   checking for tanh in -lm... yes
[INFO] [stderr]   checking for tgamma in -lm... yes
[INFO] [stderr]   checking for trunc in -lm... yes
[INFO] [stderr]   checking for y0 in -lm... yes
[INFO] [stderr]   checking for y1 in -lm... yes
[INFO] [stderr]   checking for yn in -lm... yes
[INFO] [stderr]   checking for thread-local storage... yes
[INFO] [stderr]   checking whether byte ordering is bigendian... no
[INFO] [stderr]   checking that generated files are newer than configure... done
[INFO] [stderr]   configure: creating ./config.status
[INFO] [stderr]   config.status: creating Makefile
[INFO] [stderr]   config.status: creating libjq.pc
[INFO] [stderr]   config.status: executing depfiles commands
[INFO] [stderr]   config.status: executing libtool commands
[INFO] [stderr]   === configuring in modules/oniguruma (/opt/rustwide/target/release/build/j9-sys/02c11ddaa21b294c/out/build/modules/oniguruma)
[INFO] [stderr]   configure: running /bin/bash /opt/rustwide/target/release/build/j9-sys/02c11ddaa21b294c/out/jq_build/modules/oniguruma/configure --disable-option-checking '--prefix=/opt/rustwide/target/release/build/j9-sys/02c11ddaa21b294c/out'  '--disable-shared' '--enable-static' '--with-oniguruma=builtin' 'CC=cc' 'CFLAGS=-O3 -ffunction-sections -fdata-sections -fPIC -m64' --cache-file=/dev/null --srcdir=/opt/rustwide/target/release/build/j9-sys/02c11ddaa21b294c/out/jq_build/modules/oniguruma
[INFO] [stderr]   checking for a BSD-compatible install... /usr/bin/install -c
[INFO] [stderr]   checking whether sleep supports fractional seconds... yes
[INFO] [stderr]   checking filesystem timestamp resolution... 0.01
[INFO] [stderr]   checking whether build environment is sane... yes
[INFO] [stderr]   checking for a race-free mkdir -p... /usr/bin/mkdir -p
[INFO] [stderr]   checking for gawk... no
[INFO] [stderr]   checking for mawk... mawk
[INFO] [stderr]   checking whether make sets $(MAKE)... yes
[INFO] [stderr]   checking whether make supports nested variables... yes
[INFO] [stderr]   checking xargs -n works... yes
[INFO] [stderr]   checking whether UID '0' is supported by ustar format... yes
[INFO] [stderr]   checking whether GID '0' is supported by ustar format... yes
[INFO] [stderr]   checking how to create a ustar tar archive... gnutar
[INFO] [stderr]   checking for gcc... cc
[INFO] [stderr]   checking whether the C compiler works... yes
[INFO] [stderr]   checking for C compiler default output file name... a.out
[INFO] [stderr]   checking for suffix of executables... 
[INFO] [stderr]   checking whether we are cross compiling... no
[INFO] [stderr]   checking for suffix of object files... o
[INFO] [stderr]   checking whether the compiler supports GNU C... yes
[INFO] [stderr]   checking whether cc accepts -g... yes
[INFO] [stderr]   checking for cc option to enable C11 features... none needed
[INFO] [stderr]   checking whether cc understands -c and -o together... yes
[INFO] [stderr]   checking whether make supports the include directive... yes (GNU style)
[INFO] [stderr]   checking dependency style of cc... gcc3
[INFO] [stderr]   checking build system type... x86_64-pc-linux-gnu
[INFO] [stderr]   checking host system type... x86_64-pc-linux-gnu
[INFO] [stderr]   checking how to print strings... printf
[INFO] [stderr]   checking for a sed that does not truncate output... /usr/bin/sed
[INFO] [stderr]   checking for grep that handles long lines and -e... /usr/bin/grep
[INFO] [stderr]   checking for egrep... /usr/bin/grep -E
[INFO] [stderr]   checking for fgrep... /usr/bin/grep -F
[INFO] [stderr]   checking for ld used by cc... /usr/bin/x86_64-linux-gnu-ld
[INFO] [stderr]   checking if the linker (/usr/bin/x86_64-linux-gnu-ld) is GNU ld... yes
[INFO] [stderr]   checking for BSD- or MS-compatible name lister (nm)... /usr/bin/nm -B
[INFO] [stderr]   checking the name lister (/usr/bin/nm -B) interface... BSD nm
[INFO] [stderr]   checking whether ln -s works... yes
[INFO] [stderr]   checking the maximum length of command line arguments... 1572864
[INFO] [stderr]   checking how to convert x86_64-pc-linux-gnu file names to x86_64-pc-linux-gnu format... func_convert_file_noop
[INFO] [stderr]   checking how to convert x86_64-pc-linux-gnu file names to toolchain format... func_convert_file_noop
[INFO] [stderr]   checking for /usr/bin/x86_64-linux-gnu-ld option to reload object files... -r
[INFO] [stderr]   checking for file... file
[INFO] [stderr]   checking for objdump... objdump
[INFO] [stderr]   checking how to recognize dependent libraries... pass_all
[INFO] [stderr]   checking for dlltool... no
[INFO] [stderr]   checking how to associate runtime and link libraries... printf %s\n
[INFO] [stderr]   checking for ranlib... ranlib
[INFO] [stderr]   checking for ar... ar
[INFO] [stderr]   checking for archiver @FILE support... @
[INFO] [stderr]   checking for strip... strip
[INFO] [stderr]   checking command to parse /usr/bin/nm -B output from cc object... ok
[INFO] [stderr]   checking for sysroot... no
[INFO] [stderr]   checking for a working dd... /usr/bin/dd
[INFO] [stderr]   checking how to truncate binary pipes... /usr/bin/dd bs=4096 count=1
[INFO] [stderr]   checking for mt... no
[INFO] [stderr]   checking if : is a manifest tool... no
[INFO] [stderr]   checking for stdio.h... yes
[INFO] [stderr]   checking for stdlib.h... yes
[INFO] [stderr]   checking for string.h... yes
[INFO] [stderr]   checking for inttypes.h... yes
[INFO] [stderr]   checking for stdint.h... yes
[INFO] [stderr]   checking for strings.h... yes
[INFO] [stderr]   checking for sys/stat.h... yes
[INFO] [stderr]   checking for sys/types.h... yes
[INFO] [stderr]   checking for unistd.h... yes
[INFO] [stderr]   checking for dlfcn.h... yes
[INFO] [stderr]   checking for objdir... .libs
[INFO] [stderr]   checking if cc supports -fno-rtti -fno-exceptions... no
[INFO] [stderr]   checking for cc option to produce PIC... -fPIC -DPIC
[INFO] [stderr]   checking if cc PIC flag -fPIC -DPIC works... yes
[INFO] [stderr]   checking if cc static flag -static works... yes
[INFO] [stderr]   checking if cc supports -c -o file.o... yes
[INFO] [stderr]   checking if cc supports -c -o file.o... (cached) yes
[INFO] [stderr]   checking whether the cc linker (/usr/bin/x86_64-linux-gnu-ld -m elf_x86_64) supports shared libraries... yes
[INFO] [stderr]   checking dynamic linker characteristics... GNU/Linux ld.so
[INFO] [stderr]   checking how to hardcode library paths into programs... immediate
[INFO] [stderr]   checking whether stripping libraries is possible... yes
[INFO] [stderr]   checking if libtool supports shared libraries... yes
[INFO] [stderr]   checking whether to build shared libraries... no
[INFO] [stderr]   checking whether to build static libraries... yes
[INFO] [stderr]   checking whether make sets $(MAKE)... (cached) yes
[INFO] [stderr]   checking for sys/time.h... yes
[INFO] [stderr]   checking for unistd.h... (cached) yes
[INFO] [stderr]   checking for sys/times.h... yes
[INFO] [stderr]   checking size of int... 4
[INFO] [stderr]   checking size of long... 8
[INFO] [stderr]   checking size of long long... 8
[INFO] [stderr]   checking size of void*... 8
[INFO] [stderr]   checking for size_t... yes
[INFO] [stderr]   checking for working alloca.h... yes
[INFO] [stderr]   checking for alloca... yes
[INFO] [stderr]   checking that generated files are newer than configure... done
[INFO] [stderr]   configure: creating ./config.status
[INFO] [stderr]   config.status: creating Makefile
[INFO] [stderr]   config.status: creating src/Makefile
[INFO] [stderr]   config.status: creating test/Makefile
[INFO] [stderr]   config.status: creating sample/Makefile
[INFO] [stderr]   config.status: creating onig-config
[INFO] [stderr]   config.status: creating src/config.h
[INFO] [stderr]   config.status: executing depfiles commands
[INFO] [stderr]   config.status: executing libtool commands
[INFO] [stderr]   config.status: executing default commands
[INFO] [stderr]   running: cd "/opt/rustwide/target/release/build/j9-sys/02c11ddaa21b294c/out/build" && MAKEFLAGS="-j --jobserver-fds=4,5 --jobserver-auth=4,5" "sh" "-c" "exec \"$0\" \"$@\"" "make" "install" "CPPFLAGS=-D_REENTRANT" "-j16"
[INFO] [stderr]   mkdir -p src
[INFO] [stderr]   mkdir -p src
[INFO] [stderr]     GEN      src/builtin.inc
[INFO] [stderr]     GEN      src/config_opts.inc
[INFO] [stderr]   mkdir -p src
[INFO] [stderr]     GEN      src/version.h
[INFO] [stderr]   make  install-recursive
[INFO] [stderr]   make[1]: Entering directory '/opt/rustwide/target/release/build/j9-sys/02c11ddaa21b294c/out/build'
[INFO] [stderr]   Making install in modules/oniguruma
[INFO] [stderr]   make[2]: Entering directory '/opt/rustwide/target/release/build/j9-sys/02c11ddaa21b294c/out/build/modules/oniguruma'
[INFO] [stderr]   Making install in src
[INFO] [stderr]   make[3]: Entering directory '/opt/rustwide/target/release/build/j9-sys/02c11ddaa21b294c/out/build/modules/oniguruma/src'
[INFO] [stderr]   /bin/bash ../libtool  --tag=CC   --mode=compile cc -DHAVE_CONFIG_H -I. -I/opt/rustwide/target/release/build/j9-sys/02c11ddaa21b294c/out/jq_build/modules/oniguruma/src  -I/opt/rustwide/target/release/build/j9-sys/02c11ddaa21b294c/out/jq_build/modules/oniguruma -D_REENTRANT -Wall   -O3 -ffunction-sections -fdata-sections -fPIC -m64 -MT regparse.lo -MD -MP -MF .deps/regparse.Tpo -c -o regparse.lo /opt/rustwide/target/release/build/j9-sys/02c11ddaa21b294c/out/jq_build/modules/oniguruma/src/regparse.c
[INFO] [stderr]   /bin/bash ../libtool  --tag=CC   --mode=compile cc -DHAVE_CONFIG_H -I. -I/opt/rustwide/target/release/build/j9-sys/02c11ddaa21b294c/out/jq_build/modules/oniguruma/src  -I/opt/rustwide/target/release/build/j9-sys/02c11ddaa21b294c/out/jq_build/modules/oniguruma -D_REENTRANT -Wall   -O3 -ffunction-sections -fdata-sections -fPIC -m64 -MT regcomp.lo -MD -MP -MF .deps/regcomp.Tpo -c -o regcomp.lo /opt/rustwide/target/release/build/j9-sys/02c11ddaa21b294c/out/jq_build/modules/oniguruma/src/regcomp.c
[INFO] [stderr]   /bin/bash ../libtool  --tag=CC   --mode=compile cc -DHAVE_CONFIG_H -I. -I/opt/rustwide/target/release/build/j9-sys/02c11ddaa21b294c/out/jq_build/modules/oniguruma/src  -I/opt/rustwide/target/release/build/j9-sys/02c11ddaa21b294c/out/jq_build/modules/oniguruma -D_REENTRANT -Wall   -O3 -ffunction-sections -fdata-sections -fPIC -m64 -MT regexec.lo -MD -MP -MF .deps/regexec.Tpo -c -o regexec.lo /opt/rustwide/target/release/build/j9-sys/02c11ddaa21b294c/out/jq_build/modules/oniguruma/src/regexec.c
[INFO] [stderr]   /bin/bash ../libtool  --tag=CC   --mode=compile cc -DHAVE_CONFIG_H -I. -I/opt/rustwide/target/release/build/j9-sys/02c11ddaa21b294c/out/jq_build/modules/oniguruma/src  -I/opt/rustwide/target/release/build/j9-sys/02c11ddaa21b294c/out/jq_build/modules/oniguruma -D_REENTRANT -Wall   -O3 -ffunction-sections -fdata-sections -fPIC -m64 -MT regenc.lo -MD -MP -MF .deps/regenc.Tpo -c -o regenc.lo /opt/rustwide/target/release/build/j9-sys/02c11ddaa21b294c/out/jq_build/modules/oniguruma/src/regenc.c
[INFO] [stderr]   /bin/bash ../libtool  --tag=CC   --mode=compile cc -DHAVE_CONFIG_H -I. -I/opt/rustwide/target/release/build/j9-sys/02c11ddaa21b294c/out/jq_build/modules/oniguruma/src  -I/opt/rustwide/target/release/build/j9-sys/02c11ddaa21b294c/out/jq_build/modules/oniguruma -D_REENTRANT -Wall   -O3 -ffunction-sections -fdata-sections -fPIC -m64 -MT regerror.lo -MD -MP -MF .deps/regerror.Tpo -c -o regerror.lo /opt/rustwide/target/release/build/j9-sys/02c11ddaa21b294c/out/jq_build/modules/oniguruma/src/regerror.c
[INFO] [stderr]   /bin/bash ../libtool  --tag=CC   --mode=compile cc -DHAVE_CONFIG_H -I. -I/opt/rustwide/target/release/build/j9-sys/02c11ddaa21b294c/out/jq_build/modules/oniguruma/src  -I/opt/rustwide/target/release/build/j9-sys/02c11ddaa21b294c/out/jq_build/modules/oniguruma -D_REENTRANT -Wall   -O3 -ffunction-sections -fdata-sections -fPIC -m64 -MT regext.lo -MD -MP -MF .deps/regext.Tpo -c -o regext.lo /opt/rustwide/target/release/build/j9-sys/02c11ddaa21b294c/out/jq_build/modules/oniguruma/src/regext.c
[INFO] [stderr]   /bin/bash ../libtool  --tag=CC   --mode=compile cc -DHAVE_CONFIG_H -I. -I/opt/rustwide/target/release/build/j9-sys/02c11ddaa21b294c/out/jq_build/modules/oniguruma/src  -I/opt/rustwide/target/release/build/j9-sys/02c11ddaa21b294c/out/jq_build/modules/oniguruma -D_REENTRANT -Wall   -O3 -ffunction-sections -fdata-sections -fPIC -m64 -MT regsyntax.lo -MD -MP -MF .deps/regsyntax.Tpo -c -o regsyntax.lo /opt/rustwide/target/release/build/j9-sys/02c11ddaa21b294c/out/jq_build/modules/oniguruma/src/regsyntax.c
[INFO] [stderr]   /bin/bash ../libtool  --tag=CC   --mode=compile cc -DHAVE_CONFIG_H -I. -I/opt/rustwide/target/release/build/j9-sys/02c11ddaa21b294c/out/jq_build/modules/oniguruma/src  -I/opt/rustwide/target/release/build/j9-sys/02c11ddaa21b294c/out/jq_build/modules/oniguruma -D_REENTRANT -Wall   -O3 -ffunction-sections -fdata-sections -fPIC -m64 -MT regtrav.lo -MD -MP -MF .deps/regtrav.Tpo -c -o regtrav.lo /opt/rustwide/target/release/build/j9-sys/02c11ddaa21b294c/out/jq_build/modules/oniguruma/src/regtrav.c
[INFO] [stderr]   /bin/bash ../libtool  --tag=CC   --mode=compile cc -DHAVE_CONFIG_H -I. -I/opt/rustwide/target/release/build/j9-sys/02c11ddaa21b294c/out/jq_build/modules/oniguruma/src  -I/opt/rustwide/target/release/build/j9-sys/02c11ddaa21b294c/out/jq_build/modules/oniguruma -D_REENTRANT -Wall   -O3 -ffunction-sections -fdata-sections -fPIC -m64 -MT regversion.lo -MD -MP -MF .deps/regversion.Tpo -c -o regversion.lo /opt/rustwide/target/release/build/j9-sys/02c11ddaa21b294c/out/jq_build/modules/oniguruma/src/regversion.c
[INFO] [stderr]   /bin/bash ../libtool  --tag=CC   --mode=compile cc -DHAVE_CONFIG_H -I. -I/opt/rustwide/target/release/build/j9-sys/02c11ddaa21b294c/out/jq_build/modules/oniguruma/src  -I/opt/rustwide/target/release/build/j9-sys/02c11ddaa21b294c/out/jq_build/modules/oniguruma -D_REENTRANT -Wall   -O3 -ffunction-sections -fdata-sections -fPIC -m64 -MT st.lo -MD -MP -MF .deps/st.Tpo -c -o st.lo /opt/rustwide/target/release/build/j9-sys/02c11ddaa21b294c/out/jq_build/modules/oniguruma/src/st.c
[INFO] [stderr]   /bin/bash ../libtool  --tag=CC   --mode=compile cc -DHAVE_CONFIG_H -I. -I/opt/rustwide/target/release/build/j9-sys/02c11ddaa21b294c/out/jq_build/modules/oniguruma/src  -I/opt/rustwide/target/release/build/j9-sys/02c11ddaa21b294c/out/jq_build/modules/oniguruma -D_REENTRANT -Wall   -O3 -ffunction-sections -fdata-sections -fPIC -m64 -MT reggnu.lo -MD -MP -MF .deps/reggnu.Tpo -c -o reggnu.lo /opt/rustwide/target/release/build/j9-sys/02c11ddaa21b294c/out/jq_build/modules/oniguruma/src/reggnu.c
[INFO] [stderr]   /bin/bash ../libtool  --tag=CC   --mode=compile cc -DHAVE_CONFIG_H -I. -I/opt/rustwide/target/release/build/j9-sys/02c11ddaa21b294c/out/jq_build/modules/oniguruma/src  -I/opt/rustwide/target/release/build/j9-sys/02c11ddaa21b294c/out/jq_build/modules/oniguruma -D_REENTRANT -Wall   -O3 -ffunction-sections -fdata-sections -fPIC -m64 -MT unicode.lo -MD -MP -MF .deps/unicode.Tpo -c -o unicode.lo /opt/rustwide/target/release/build/j9-sys/02c11ddaa21b294c/out/jq_build/modules/oniguruma/src/unicode.c
[INFO] [stderr]   /bin/bash ../libtool  --tag=CC   --mode=compile cc -DHAVE_CONFIG_H -I. -I/opt/rustwide/target/release/build/j9-sys/02c11ddaa21b294c/out/jq_build/modules/oniguruma/src  -I/opt/rustwide/target/release/build/j9-sys/02c11ddaa21b294c/out/jq_build/modules/oniguruma -D_REENTRANT -Wall   -O3 -ffunction-sections -fdata-sections -fPIC -m64 -MT unicode_unfold_key.lo -MD -MP -MF .deps/unicode_unfold_key.Tpo -c -o unicode_unfold_key.lo /opt/rustwide/target/release/build/j9-sys/02c11ddaa21b294c/out/jq_build/modules/oniguruma/src/unicode_unfold_key.c
[INFO] [stderr]   /bin/bash ../libtool  --tag=CC   --mode=compile cc -DHAVE_CONFIG_H -I. -I/opt/rustwide/target/release/build/j9-sys/02c11ddaa21b294c/out/jq_build/modules/oniguruma/src  -I/opt/rustwide/target/release/build/j9-sys/02c11ddaa21b294c/out/jq_build/modules/oniguruma -D_REENTRANT -Wall   -O3 -ffunction-sections -fdata-sections -fPIC -m64 -MT unicode_fold1_key.lo -MD -MP -MF .deps/unicode_fold1_key.Tpo -c -o unicode_fold1_key.lo /opt/rustwide/target/release/build/j9-sys/02c11ddaa21b294c/out/jq_build/modules/oniguruma/src/unicode_fold1_key.c
[INFO] [stderr]   /bin/bash ../libtool  --tag=CC   --mode=compile cc -DHAVE_CONFIG_H -I. -I/opt/rustwide/target/release/build/j9-sys/02c11ddaa21b294c/out/jq_build/modules/oniguruma/src  -I/opt/rustwide/target/release/build/j9-sys/02c11ddaa21b294c/out/jq_build/modules/oniguruma -D_REENTRANT -Wall   -O3 -ffunction-sections -fdata-sections -fPIC -m64 -MT unicode_fold2_key.lo -MD -MP -MF .deps/unicode_fold2_key.Tpo -c -o unicode_fold2_key.lo /opt/rustwide/target/release/build/j9-sys/02c11ddaa21b294c/out/jq_build/modules/oniguruma/src/unicode_fold2_key.c
[INFO] [stderr]   /bin/bash ../libtool  --tag=CC   --mode=compile cc -DHAVE_CONFIG_H -I. -I/opt/rustwide/target/release/build/j9-sys/02c11ddaa21b294c/out/jq_build/modules/oniguruma/src  -I/opt/rustwide/target/release/build/j9-sys/02c11ddaa21b294c/out/jq_build/modules/oniguruma -D_REENTRANT -Wall   -O3 -ffunction-sections -fdata-sections -fPIC -m64 -MT unicode_fold3_key.lo -MD -MP -MF .deps/unicode_fold3_key.Tpo -c -o unicode_fold3_key.lo /opt/rustwide/target/release/build/j9-sys/02c11ddaa21b294c/out/jq_build/modules/oniguruma/src/unicode_fold3_key.c
[INFO] [stderr]   libtool: compile:  cc -DHAVE_CONFIG_H -I. -I/opt/rustwide/target/release/build/j9-sys/02c11ddaa21b294c/out/jq_build/modules/oniguruma/src -I/opt/rustwide/target/release/build/j9-sys/02c11ddaa21b294c/out/jq_build/modules/oniguruma -D_REENTRANT -Wall -O3 -ffunction-sections -fdata-sections -fPIC -m64 -MT unicode.lo -MD -MP -MF .deps/unicode.Tpo -c /opt/rustwide/target/release/build/j9-sys/02c11ddaa21b294c/out/jq_build/modules/oniguruma/src/unicode.c -o unicode.o
[INFO] [stderr]   libtool: compile:  cc -DHAVE_CONFIG_H -I. -I/opt/rustwide/target/release/build/j9-sys/02c11ddaa21b294c/out/jq_build/modules/oniguruma/src -I/opt/rustwide/target/release/build/j9-sys/02c11ddaa21b294c/out/jq_build/modules/oniguruma -D_REENTRANT -Wall -O3 -ffunction-sections -fdata-sections -fPIC -m64 -MT regenc.lo -MD -MP -MF .deps/regenc.Tpo -c /opt/rustwide/target/release/build/j9-sys/02c11ddaa21b294c/out/jq_build/modules/oniguruma/src/regenc.c -o regenc.o
[INFO] [stderr]   libtool: compile:  cc -DHAVE_CONFIG_H -I. -I/opt/rustwide/target/release/build/j9-sys/02c11ddaa21b294c/out/jq_build/modules/oniguruma/src -I/opt/rustwide/target/release/build/j9-sys/02c11ddaa21b294c/out/jq_build/modules/oniguruma -D_REENTRANT -Wall -O3 -ffunction-sections -fdata-sections -fPIC -m64 -MT st.lo -MD -MP -MF .deps/st.Tpo -c /opt/rustwide/target/release/build/j9-sys/02c11ddaa21b294c/out/jq_build/modules/oniguruma/src/st.c -o st.o
[INFO] [stderr]   libtool: compile:  cc -DHAVE_CONFIG_H -I. -I/opt/rustwide/target/release/build/j9-sys/02c11ddaa21b294c/out/jq_build/modules/oniguruma/src -I/opt/rustwide/target/release/build/j9-sys/02c11ddaa21b294c/out/jq_build/modules/oniguruma -D_REENTRANT -Wall -O3 -ffunction-sections -fdata-sections -fPIC -m64 -MT regcomp.lo -MD -MP -MF .deps/regcomp.Tpo -c /opt/rustwide/target/release/build/j9-sys/02c11ddaa21b294c/out/jq_build/modules/oniguruma/src/regcomp.c -o regcomp.o
[INFO] [stderr]   libtool: compile:  cc -DHAVE_CONFIG_H -I. -I/opt/rustwide/target/release/build/j9-sys/02c11ddaa21b294c/out/jq_build/modules/oniguruma/src -I/opt/rustwide/target/release/build/j9-sys/02c11ddaa21b294c/out/jq_build/modules/oniguruma -D_REENTRANT -Wall -O3 -ffunction-sections -fdata-sections -fPIC -m64 -MT regerror.lo -MD -MP -MF .deps/regerror.Tpo -c /opt/rustwide/target/release/build/j9-sys/02c11ddaa21b294c/out/jq_build/modules/oniguruma/src/regerror.c -o regerror.o
[INFO] [stderr]   libtool: compile:  cc -DHAVE_CONFIG_H -I. -I/opt/rustwide/target/release/build/j9-sys/02c11ddaa21b294c/out/jq_build/modules/oniguruma/src -I/opt/rustwide/target/release/build/j9-sys/02c11ddaa21b294c/out/jq_build/modules/oniguruma -D_REENTRANT -Wall -O3 -ffunction-sections -fdata-sections -fPIC -m64 -MT regext.lo -MD -MP -MF .deps/regext.Tpo -c /opt/rustwide/target/release/build/j9-sys/02c11ddaa21b294c/out/jq_build/modules/oniguruma/src/regext.c -o regext.o
[INFO] [stderr]   libtool: compile:  cc -DHAVE_CONFIG_H -I. -I/opt/rustwide/target/release/build/j9-sys/02c11ddaa21b294c/out/jq_build/modules/oniguruma/src -I/opt/rustwide/target/release/build/j9-sys/02c11ddaa21b294c/out/jq_build/modules/oniguruma -D_REENTRANT -Wall -O3 -ffunction-sections -fdata-sections -fPIC -m64 -MT reggnu.lo -MD -MP -MF .deps/reggnu.Tpo -c /opt/rustwide/target/release/build/j9-sys/02c11ddaa21b294c/out/jq_build/modules/oniguruma/src/reggnu.c -o reggnu.o
[INFO] [stderr]   libtool: compile:  cc -DHAVE_CONFIG_H -I. -I/opt/rustwide/target/release/build/j9-sys/02c11ddaa21b294c/out/jq_build/modules/oniguruma/src -I/opt/rustwide/target/release/build/j9-sys/02c11ddaa21b294c/out/jq_build/modules/oniguruma -D_REENTRANT -Wall -O3 -ffunction-sections -fdata-sections -fPIC -m64 -MT regsyntax.lo -MD -MP -MF .deps/regsyntax.Tpo -c /opt/rustwide/target/release/build/j9-sys/02c11ddaa21b294c/out/jq_build/modules/oniguruma/src/regsyntax.c -o regsyntax.o
[INFO] [stderr]   libtool: compile:  cc -DHAVE_CONFIG_H -I. -I/opt/rustwide/target/release/build/j9-sys/02c11ddaa21b294c/out/jq_build/modules/oniguruma/src -I/opt/rustwide/target/release/build/j9-sys/02c11ddaa21b294c/out/jq_build/modules/oniguruma -D_REENTRANT -Wall -O3 -ffunction-sections -fdata-sections -fPIC -m64 -MT regtrav.lo -MD -MP -MF .deps/regtrav.Tpo -c /opt/rustwide/target/release/build/j9-sys/02c11ddaa21b294c/out/jq_build/modules/oniguruma/src/regtrav.c -o regtrav.o
[INFO] [stderr]   libtool: compile:  cc -DHAVE_CONFIG_H -I. -I/opt/rustwide/target/release/build/j9-sys/02c11ddaa21b294c/out/jq_build/modules/oniguruma/src -I/opt/rustwide/target/release/build/j9-sys/02c11ddaa21b294c/out/jq_build/modules/oniguruma -D_REENTRANT -Wall -O3 -ffunction-sections -fdata-sections -fPIC -m64 -MT unicode_fold2_key.lo -MD -MP -MF .deps/unicode_fold2_key.Tpo -c /opt/rustwide/target/release/build/j9-sys/02c11ddaa21b294c/out/jq_build/modules/oniguruma/src/unicode_fold2_key.c -o unicode_fold2_key.o
[INFO] [stderr]   libtool: compile:  cc -DHAVE_CONFIG_H -I. -I/opt/rustwide/target/release/build/j9-sys/02c11ddaa21b294c/out/jq_build/modules/oniguruma/src -I/opt/rustwide/target/release/build/j9-sys/02c11ddaa21b294c/out/jq_build/modules/oniguruma -D_REENTRANT -Wall -O3 -ffunction-sections -fdata-sections -fPIC -m64 -MT regexec.lo -MD -MP -MF .deps/regexec.Tpo -c /opt/rustwide/target/release/build/j9-sys/02c11ddaa21b294c/out/jq_build/modules/oniguruma/src/regexec.c -o regexec.o
[INFO] [stderr]   libtool: compile:  cc -DHAVE_CONFIG_H -I. -I/opt/rustwide/target/release/build/j9-sys/02c11ddaa21b294c/out/jq_build/modules/oniguruma/src -I/opt/rustwide/target/release/build/j9-sys/02c11ddaa21b294c/out/jq_build/modules/oniguruma -D_REENTRANT -Wall -O3 -ffunction-sections -fdata-sections -fPIC -m64 -MT unicode_unfold_key.lo -MD -MP -MF .deps/unicode_unfold_key.Tpo -c /opt/rustwide/target/release/build/j9-sys/02c11ddaa21b294c/out/jq_build/modules/oniguruma/src/unicode_unfold_key.c -o unicode_unfold_key.o
[INFO] [stderr]   libtool: compile:  cc -DHAVE_CONFIG_H -I. -I/opt/rustwide/target/release/build/j9-sys/02c11ddaa21b294c/out/jq_build/modules/oniguruma/src -I/opt/rustwide/target/release/build/j9-sys/02c11ddaa21b294c/out/jq_build/modules/oniguruma -D_REENTRANT -Wall -O3 -ffunction-sections -fdata-sections -fPIC -m64 -MT regparse.lo -MD -MP -MF .deps/regparse.Tpo -c /opt/rustwide/target/release/build/j9-sys/02c11ddaa21b294c/out/jq_build/modules/oniguruma/src/regparse.c -o regparse.o
[INFO] [stderr]   libtool: compile:  cc -DHAVE_CONFIG_H -I. -I/opt/rustwide/target/release/build/j9-sys/02c11ddaa21b294c/out/jq_build/modules/oniguruma/src -I/opt/rustwide/target/release/build/j9-sys/02c11ddaa21b294c/out/jq_build/modules/oniguruma -D_REENTRANT -Wall -O3 -ffunction-sections -fdata-sections -fPIC -m64 -MT regversion.lo -MD -MP -MF .deps/regversion.Tpo -c /opt/rustwide/target/release/build/j9-sys/02c11ddaa21b294c/out/jq_build/modules/oniguruma/src/regversion.c -o regversion.o
[INFO] [stderr]   libtool: compile:  cc -DHAVE_CONFIG_H -I. -I/opt/rustwide/target/release/build/j9-sys/02c11ddaa21b294c/out/jq_build/modules/oniguruma/src -I/opt/rustwide/target/release/build/j9-sys/02c11ddaa21b294c/out/jq_build/modules/oniguruma -D_REENTRANT -Wall -O3 -ffunction-sections -fdata-sections -fPIC -m64 -MT unicode_fold1_key.lo -MD -MP -MF .deps/unicode_fold1_key.Tpo -c /opt/rustwide/target/release/build/j9-sys/02c11ddaa21b294c/out/jq_build/modules/oniguruma/src/unicode_fold1_key.c -o unicode_fold1_key.o
[INFO] [stderr]   libtool: compile:  cc -DHAVE_CONFIG_H -I. -I/opt/rustwide/target/release/build/j9-sys/02c11ddaa21b294c/out/jq_build/modules/oniguruma/src -I/opt/rustwide/target/release/build/j9-sys/02c11ddaa21b294c/out/jq_build/modules/oniguruma -D_REENTRANT -Wall -O3 -ffunction-sections -fdata-sections -fPIC -m64 -MT unicode_fold3_key.lo -MD -MP -MF .deps/unicode_fold3_key.Tpo -c /opt/rustwide/target/release/build/j9-sys/02c11ddaa21b294c/out/jq_build/modules/oniguruma/src/unicode_fold3_key.c -o unicode_fold3_key.o
[INFO] [stderr]   mv -f .deps/unicode_fold3_key.Tpo .deps/unicode_fold3_key.Plo
[INFO] [stderr]   /bin/bash ../libtool  --tag=CC   --mode=compile cc -DHAVE_CONFIG_H -I. -I/opt/rustwide/target/release/build/j9-sys/02c11ddaa21b294c/out/jq_build/modules/oniguruma/src  -I/opt/rustwide/target/release/build/j9-sys/02c11ddaa21b294c/out/jq_build/modules/oniguruma -D_REENTRANT -Wall   -O3 -ffunction-sections -fdata-sections -fPIC -m64 -MT ascii.lo -MD -MP -MF .deps/ascii.Tpo -c -o ascii.lo /opt/rustwide/target/release/build/j9-sys/02c11ddaa21b294c/out/jq_build/modules/oniguruma/src/ascii.c
[INFO] [stderr]   mv -f .deps/unicode_unfold_key.Tpo .deps/unicode_unfold_key.Plo
[INFO] [stderr]   /bin/bash ../libtool  --tag=CC   --mode=compile cc -DHAVE_CONFIG_H -I. -I/opt/rustwide/target/release/build/j9-sys/02c11ddaa21b294c/out/jq_build/modules/oniguruma/src  -I/opt/rustwide/target/release/build/j9-sys/02c11ddaa21b294c/out/jq_build/modules/oniguruma -D_REENTRANT -Wall   -O3 -ffunction-sections -fdata-sections -fPIC -m64 -MT utf8.lo -MD -MP -MF .deps/utf8.Tpo -c -o utf8.lo /opt/rustwide/target/release/build/j9-sys/02c11ddaa21b294c/out/jq_build/modules/oniguruma/src/utf8.c
[INFO] [stderr]   mv -f .deps/regext.Tpo .deps/regext.Plo
[INFO] [stderr]   mv -f .deps/unicode_fold1_key.Tpo .deps/unicode_fold1_key.Plo
[INFO] [stderr]   /bin/bash ../libtool  --tag=CC   --mode=compile cc -DHAVE_CONFIG_H -I. -I/opt/rustwide/target/release/build/j9-sys/02c11ddaa21b294c/out/jq_build/modules/oniguruma/src  -I/opt/rustwide/target/release/build/j9-sys/02c11ddaa21b294c/out/jq_build/modules/oniguruma -D_REENTRANT -Wall   -O3 -ffunction-sections -fdata-sections -fPIC -m64 -MT utf16_be.lo -MD -MP -MF .deps/utf16_be.Tpo -c -o utf16_be.lo /opt/rustwide/target/release/build/j9-sys/02c11ddaa21b294c/out/jq_build/modules/oniguruma/src/utf16_be.c
[INFO] [stderr]   /bin/bash ../libtool  --tag=CC   --mode=compile cc -DHAVE_CONFIG_H -I. -I/opt/rustwide/target/release/build/j9-sys/02c11ddaa21b294c/out/jq_build/modules/oniguruma/src  -I/opt/rustwide/target/release/build/j9-sys/02c11ddaa21b294c/out/jq_build/modules/oniguruma -D_REENTRANT -Wall   -O3 -ffunction-sections -fdata-sections -fPIC -m64 -MT utf16_le.lo -MD -MP -MF .deps/utf16_le.Tpo -c -o utf16_le.lo /opt/rustwide/target/release/build/j9-sys/02c11ddaa21b294c/out/jq_build/modules/oniguruma/src/utf16_le.c
[INFO] [stderr]   mv -f .deps/unicode_fold2_key.Tpo .deps/unicode_fold2_key.Plo
[INFO] [stderr]   /bin/bash ../libtool  --tag=CC   --mode=compile cc -DHAVE_CONFIG_H -I. -I/opt/rustwide/target/release/build/j9-sys/02c11ddaa21b294c/out/jq_build/modules/oniguruma/src  -I/opt/rustwide/target/release/build/j9-sys/02c11ddaa21b294c/out/jq_build/modules/oniguruma -D_REENTRANT -Wall   -O3 -ffunction-sections -fdata-sections -fPIC -m64 -MT utf32_be.lo -MD -MP -MF .deps/utf32_be.Tpo -c -o utf32_be.lo /opt/rustwide/target/release/build/j9-sys/02c11ddaa21b294c/out/jq_build/modules/oniguruma/src/utf32_be.c
[INFO] [stderr]   mv -f .deps/regversion.Tpo .deps/regversion.Plo
[INFO] [stderr]   mv -f .deps/regsyntax.Tpo .deps/regsyntax.Plo
[INFO] [stderr]   libtool: compile:  cc -DHAVE_CONFIG_H -I. -I/opt/rustwide/target/release/build/j9-sys/02c11ddaa21b294c/out/jq_build/modules/oniguruma/src -I/opt/rustwide/target/release/build/j9-sys/02c11ddaa21b294c/out/jq_build/modules/oniguruma -D_REENTRANT -Wall -O3 -ffunction-sections -fdata-sections -fPIC -m64 -MT utf8.lo -MD -MP -MF .deps/utf8.Tpo -c /opt/rustwide/target/release/build/j9-sys/02c11ddaa21b294c/out/jq_build/modules/oniguruma/src/utf8.c -o utf8.o
[INFO] [stderr]   libtool: compile:  cc -DHAVE_CONFIG_H -I. -I/opt/rustwide/target/release/build/j9-sys/02c11ddaa21b294c/out/jq_build/modules/oniguruma/src -I/opt/rustwide/target/release/build/j9-sys/02c11ddaa21b294c/out/jq_build/modules/oniguruma -D_REENTRANT -Wall -O3 -ffunction-sections -fdata-sections -fPIC -m64 -MT ascii.lo -MD -MP -MF .deps/ascii.Tpo -c /opt/rustwide/target/release/build/j9-sys/02c11ddaa21b294c/out/jq_build/modules/oniguruma/src/ascii.c -o ascii.o
[INFO] [stderr]   libtool: compile:  cc -DHAVE_CONFIG_H -I. -I/opt/rustwide/target/release/build/j9-sys/02c11ddaa21b294c/out/jq_build/modules/oniguruma/src -I/opt/rustwide/target/release/build/j9-sys/02c11ddaa21b294c/out/jq_build/modules/oniguruma -D_REENTRANT -Wall -O3 -ffunction-sections -fdata-sections -fPIC -m64 -MT utf16_le.lo -MD -MP -MF .deps/utf16_le.Tpo -c /opt/rustwide/target/release/build/j9-sys/02c11ddaa21b294c/out/jq_build/modules/oniguruma/src/utf16_le.c -o utf16_le.o
[INFO] [stderr]   libtool: compile:  cc -DHAVE_CONFIG_H -I. -I/opt/rustwide/target/release/build/j9-sys/02c11ddaa21b294c/out/jq_build/modules/oniguruma/src -I/opt/rustwide/target/release/build/j9-sys/02c11ddaa21b294c/out/jq_build/modules/oniguruma -D_REENTRANT -Wall -O3 -ffunction-sections -fdata-sections -fPIC -m64 -MT utf32_be.lo -MD -MP -MF .deps/utf32_be.Tpo -c /opt/rustwide/target/release/build/j9-sys/02c11ddaa21b294c/out/jq_build/modules/oniguruma/src/utf32_be.c -o utf32_be.o
[INFO] [stderr]   libtool: compile:  cc -DHAVE_CONFIG_H -I. -I/opt/rustwide/target/release/build/j9-sys/02c11ddaa21b294c/out/jq_build/modules/oniguruma/src -I/opt/rustwide/target/release/build/j9-sys/02c11ddaa21b294c/out/jq_build/modules/oniguruma -D_REENTRANT -Wall -O3 -ffunction-sections -fdata-sections -fPIC -m64 -MT utf16_be.lo -MD -MP -MF .deps/utf16_be.Tpo -c /opt/rustwide/target/release/build/j9-sys/02c11ddaa21b294c/out/jq_build/modules/oniguruma/src/utf16_be.c -o utf16_be.o
[INFO] [stderr]   mv -f .deps/reggnu.Tpo .deps/reggnu.Plo
[INFO] [stderr]   mv -f .deps/regerror.Tpo .deps/regerror.Plo
[INFO] [stderr]   mv -f .deps/ascii.Tpo .deps/ascii.Plo
[INFO] [stderr]   mv -f .deps/utf8.Tpo .deps/utf8.Plo
[INFO] [stderr]   mv -f .deps/utf16_le.Tpo .deps/utf16_le.Plo
[INFO] [stderr]   mv -f .deps/utf32_be.Tpo .deps/utf32_be.Plo
[INFO] [stderr]   mv -f .deps/regtrav.Tpo .deps/regtrav.Plo
[INFO] [stderr]   mv -f .deps/utf16_be.Tpo .deps/utf16_be.Plo
[INFO] [stderr]   mv -f .deps/regenc.Tpo .deps/regenc.Plo
[INFO] [stderr]   mv -f .deps/unicode.Tpo .deps/unicode.Plo
[INFO] [stderr]   mv -f .deps/regexec.Tpo .deps/regexec.Plo
[INFO] [stderr]   mv -f .deps/regcomp.Tpo .deps/regcomp.Plo
[INFO] [stderr]   make[3]: Leaving directory '/opt/rustwide/target/release/build/j9-sys/02c11ddaa21b294c/out/build/modules/oniguruma/src'
[INFO] [stderr]   make[2]: Leaving directory '/opt/rustwide/target/release/build/j9-sys/02c11ddaa21b294c/out/build/modules/oniguruma'
[INFO] [stderr]   make[1]: Leaving directory '/opt/rustwide/target/release/build/j9-sys/02c11ddaa21b294c/out/build'
[INFO] [stderr] 
[INFO] [stderr]   --- stderr
[INFO] [stderr]   configure.ac:11: installing 'config/ar-lib'
[INFO] [stderr]   configure.ac:8: installing 'config/compile'
[INFO] [stderr]   configure.ac:19: installing 'config/config.guess'
[INFO] [stderr]   configure.ac:19: installing 'config/config.sub'
[INFO] [stderr]   configure.ac:9: installing 'config/install-sh'
[INFO] [stderr]   configure.ac:9: installing 'config/missing'
[INFO] [stderr]   Makefile.am:106: warning: escaping \# comment markers is not portable
[INFO] [stderr]   Makefile.am: installing 'config/depcomp'
[INFO] [stderr]   configure.ac: installing 'config/ylwrap'
[INFO] [stderr]   parallel-tests: installing 'config/test-driver'
[INFO] [stderr]   configure: WARNING: valgrind is required to test jq.
[INFO] [stderr]   configure: WARNING: Error checking python dependencies: 
[INFO] [stderr]   *****************************************************************
[INFO] [stderr]   *  Python dependencies for building jq documentation not found. *
[INFO] [stderr]   *  You can still build, install and hack on jq, but the manpage *
[INFO] [stderr]   *  will not be rebuilt and new manpage tests will not be run.   *
[INFO] [stderr]   *  See docs/README.md for how to install the docs dependencies. *
[INFO] [stderr]   *****************************************************************
[INFO] [stderr]   make: warning: -j16 forced in submake: resetting jobserver mode.
[INFO] [stderr]   /opt/rustwide/target/release/build/j9-sys/02c11ddaa21b294c/out/jq_build/modules/oniguruma/src/regparse.c: In function 'onig_st_init_strend_table_with_size':
[INFO] [stderr]   /opt/rustwide/target/release/build/j9-sys/02c11ddaa21b294c/out/jq_build/modules/oniguruma/src/regparse.c:589:5: error: initialization of 'int (*)(void)' from incompatible pointer type 'int (*)(st_str_end_key *, st_str_end_key *)' [-Wincompatible-pointer-types]
[INFO] [stderr]     589 |     str_end_cmp,
[INFO] [stderr]         |     ^~~~~~~~~~~
[INFO] [stderr]   /opt/rustwide/target/release/build/j9-sys/02c11ddaa21b294c/out/jq_build/modules/oniguruma/src/regparse.c:589:5: note: (near initialization for 'hashType.compare')
[INFO] [stderr]   /opt/rustwide/target/release/build/j9-sys/02c11ddaa21b294c/out/jq_build/modules/oniguruma/src/regparse.c:551:1: note: 'str_end_cmp' declared here
[INFO] [stderr]     551 | str_end_cmp(st_str_end_key* x, st_str_end_key* y)
[INFO] [stderr]         | ^~~~~~~~~~~
[INFO] [stderr]   /opt/rustwide/target/release/build/j9-sys/02c11ddaa21b294c/out/jq_build/modules/oniguruma/src/regparse.c:590:5: error: initialization of 'int (*)(void)' from incompatible pointer type 'int (*)(st_str_end_key *)' [-Wincompatible-pointer-types]
[INFO] [stderr]     590 |     str_end_hash,
[INFO] [stderr]         |     ^~~~~~~~~~~~
[INFO] [stderr]   /opt/rustwide/target/release/build/j9-sys/02c11ddaa21b294c/out/jq_build/modules/oniguruma/src/regparse.c:590:5: note: (near initialization for 'hashType.hash')
[INFO] [stderr]   /opt/rustwide/target/release/build/j9-sys/02c11ddaa21b294c/out/jq_build/modules/oniguruma/src/regparse.c:572:1: note: 'str_end_hash' declared here
[INFO] [stderr]     572 | str_end_hash(st_str_end_key* x)
[INFO] [stderr]         | ^~~~~~~~~~~~
[INFO] [stderr]   /opt/rustwide/target/release/build/j9-sys/02c11ddaa21b294c/out/jq_build/modules/oniguruma/src/regparse.c: In function 'onig_st_init_callout_name_table_with_size':
[INFO] [stderr]   /opt/rustwide/target/release/build/j9-sys/02c11ddaa21b294c/out/jq_build/modules/oniguruma/src/regparse.c:679:5: error: initialization of 'int (*)(void)' from incompatible pointer type 'int (*)(st_callout_name_key *, st_callout_name_key *)' [-Wincompatible-pointer-types]
[INFO] [stderr]     679 |     callout_name_table_cmp,
[INFO] [stderr]         |     ^~~~~~~~~~~~~~~~~~~~~~
[INFO] [stderr]   /opt/rustwide/target/release/build/j9-sys/02c11ddaa21b294c/out/jq_build/modules/oniguruma/src/regparse.c:679:5: note: (near initialization for 'hashType.compare')
[INFO] [stderr]   /opt/rustwide/target/release/build/j9-sys/02c11ddaa21b294c/out/jq_build/modules/oniguruma/src/regparse.c:638:1: note: 'callout_name_table_cmp' declared here
[INFO] [stderr]     638 | callout_name_table_cmp(st_callout_name_key* x, st_callout_name_key* y)
[INFO] [stderr]         | ^~~~~~~~~~~~~~~~~~~~~~
[INFO] [stderr]   /opt/rustwide/target/release/build/j9-sys/02c11ddaa21b294c/out/jq_build/modules/oniguruma/src/regparse.c:680:5: error: initialization of 'int (*)(void)' from incompatible pointer type 'int (*)(st_callout_name_key *)' [-Wincompatible-pointer-types]
[INFO] [stderr]     680 |     callout_name_table_hash,
[INFO] [stderr]         |     ^~~~~~~~~~~~~~~~~~~~~~~
[INFO] [stderr]   /opt/rustwide/target/release/build/j9-sys/02c11ddaa21b294c/out/jq_build/modules/oniguruma/src/regparse.c:680:5: note: (near initialization for 'hashType.hash')
[INFO] [stderr]   /opt/rustwide/target/release/build/j9-sys/02c11ddaa21b294c/out/jq_build/modules/oniguruma/src/regparse.c:661:1: note: 'callout_name_table_hash' declared here
[INFO] [stderr]     661 | callout_name_table_hash(st_callout_name_key* x)
[INFO] [stderr]         | ^~~~~~~~~~~~~~~~~~~~~~~
[INFO] [stderr]   /opt/rustwide/target/release/build/j9-sys/02c11ddaa21b294c/out/jq_build/modules/oniguruma/src/regparse.c: In function 'names_clear':
[INFO] [stderr]   /opt/rustwide/target/release/build/j9-sys/02c11ddaa21b294c/out/jq_build/modules/oniguruma/src/regparse.c:805:24: error: passing argument 2 of 'onig_st_foreach' from incompatible pointer type [-Wincompatible-pointer-types]
[INFO] [stderr]     805 |     onig_st_foreach(t, i_free_name_entry, 0);
[INFO] [stderr]         |                        ^~~~~~~~~~~~~~~~~
[INFO] [stderr]         |                        |
[INFO] [stderr]         |                        int (*)(OnigUChar *, NameEntry *, void *) {aka int (*)(unsigned char *, NameEntry *, void *)}
[INFO] [stderr]   In file included from /opt/rustwide/target/release/build/j9-sys/02c11ddaa21b294c/out/jq_build/modules/oniguruma/src/regparse.c:37:
[INFO] [stderr]   /opt/rustwide/target/release/build/j9-sys/02c11ddaa21b294c/out/jq_build/modules/oniguruma/src/st.h:55:31: note: expected 'int (*)(void)' but argument is of type 'int (*)(OnigUChar *, NameEntry *, void *)' {aka 'int (*)(unsigned char *, NameEntry *, void *)'}
[INFO] [stderr]      55 | int st_foreach _((st_table *, int (*)(ANYARGS), st_data_t));
[INFO] [stderr]         |                               ^~~~~~~~~~~~~~~~
[INFO] [stderr]   /opt/rustwide/target/release/build/j9-sys/02c11ddaa21b294c/out/jq_build/modules/oniguruma/src/st.h:35:18: note: in definition of macro '_'
[INFO] [stderr]      35 | # define _(args) args
[INFO] [stderr]         |                  ^~~~
[INFO] [stderr]   /opt/rustwide/target/release/build/j9-sys/02c11ddaa21b294c/out/jq_build/modules/oniguruma/src/regparse.c:790:1: note: 'i_free_name_entry' declared here
[INFO] [stderr]     790 | i_free_name_entry(UChar* key, NameEntry* e, void* arg ARG_UNUSED)
[INFO] [stderr]         | ^~~~~~~~~~~~~~~~~
[INFO] [stderr]   /opt/rustwide/target/release/build/j9-sys/02c11ddaa21b294c/out/jq_build/modules/oniguruma/src/regparse.c: In function 'onig_foreach_name':
[INFO] [stderr]   /opt/rustwide/target/release/build/j9-sys/02c11ddaa21b294c/out/jq_build/modules/oniguruma/src/regparse.c:874:24: error: passing argument 2 of 'onig_st_foreach' from incompatible pointer type [-Wincompatible-pointer-types]
[INFO] [stderr]     874 |     onig_st_foreach(t, i_names, (HashDataType )&narg);
[INFO] [stderr]         |                        ^~~~~~~
[INFO] [stderr]         |                        |
[INFO] [stderr]         |                        int (*)(OnigUChar *, NameEntry *, INamesArg *) {aka int (*)(unsigned char *, NameEntry *, INamesArg *)}
[INFO] [stderr]   /opt/rustwide/target/release/build/j9-sys/02c11ddaa21b294c/out/jq_build/modules/oniguruma/src/st.h:55:31: note: expected 'int (*)(void)' but argument is of type 'int (*)(OnigUChar *, NameEntry *, INamesArg *)' {aka 'int (*)(unsigned char *, NameEntry *, INamesArg *)'}
[INFO] [stderr]      55 | int st_foreach _((st_table *, int (*)(ANYARGS), st_data_t));
[INFO] [stderr]         |                               ^~~~~~~~~~~~~~~~
[INFO] [stderr]   /opt/rustwide/target/release/build/j9-sys/02c11ddaa21b294c/out/jq_build/modules/oniguruma/src/st.h:35:18: note: in definition of macro '_'
[INFO] [stderr]      35 | # define _(args) args
[INFO] [stderr]         |                  ^~~~
[INFO] [stderr]   /opt/rustwide/target/release/build/j9-sys/02c11ddaa21b294c/out/jq_build/modules/oniguruma/src/regparse.c:847:1: note: 'i_names' declared here
[INFO] [stderr]     847 | i_names(UChar* key ARG_UNUSED, NameEntry* e, INamesArg* arg)
[INFO] [stderr]         | ^~~~~~~
[INFO] [stderr]   /opt/rustwide/target/release/build/j9-sys/02c11ddaa21b294c/out/jq_build/modules/oniguruma/src/regparse.c: In function 'onig_renumber_name_table':
[INFO] [stderr]   /opt/rustwide/target/release/build/j9-sys/02c11ddaa21b294c/out/jq_build/modules/oniguruma/src/regparse.c:902:24: error: passing argument 2 of 'onig_st_foreach' from incompatible pointer type [-Wincompatible-pointer-types]
[INFO] [stderr]     902 |     onig_st_foreach(t, i_renumber_name, (HashDataType )map);
[INFO] [stderr]         |                        ^~~~~~~~~~~~~~~
[INFO] [stderr]         |                        |
[INFO] [stderr]         |                        int (*)(OnigUChar *, NameEntry *, GroupNumMap *) {aka int (*)(unsigned char *, NameEntry *, GroupNumMap *)}
[INFO] [stderr]   /opt/rustwide/target/release/build/j9-sys/02c11ddaa21b294c/out/jq_build/modules/oniguruma/src/st.h:55:31: note: expected 'int (*)(void)' but argument is of type 'int (*)(OnigUChar *, NameEntry *, GroupNumMap *)' {aka 'int (*)(unsigned char *, NameEntry *, GroupNumMap *)'}
[INFO] [stderr]      55 | int st_foreach _((st_table *, int (*)(ANYARGS), st_data_t));
[INFO] [stderr]         |                               ^~~~~~~~~~~~~~~~
[INFO] [stderr]   /opt/rustwide/target/release/build/j9-sys/02c11ddaa21b294c/out/jq_build/modules/oniguruma/src/st.h:35:18: note: in definition of macro '_'
[INFO] [stderr]      35 | # define _(args) args
[INFO] [stderr]         |                  ^~~~
[INFO] [stderr]   /opt/rustwide/target/release/build/j9-sys/02c11ddaa21b294c/out/jq_build/modules/oniguruma/src/regparse.c:880:1: note: 'i_renumber_name' declared here
[INFO] [stderr]     880 | i_renumber_name(UChar* key ARG_UNUSED, NameEntry* e, GroupNumMap* map)
[INFO] [stderr]         | ^~~~~~~~~~~~~~~
[INFO] [stderr]   /opt/rustwide/target/release/build/j9-sys/02c11ddaa21b294c/out/jq_build/modules/oniguruma/src/regparse.c: In function 'callout_name_table_clear':
[INFO] [stderr]   /opt/rustwide/target/release/build/j9-sys/02c11ddaa21b294c/out/jq_build/modules/oniguruma/src/regparse.c:1387:24: error: passing argument 2 of 'onig_st_foreach' from incompatible pointer type [-Wincompatible-pointer-types]
[INFO] [stderr]    1387 |     onig_st_foreach(t, i_free_callout_name_entry, 0);
[INFO] [stderr]         |                        ^~~~~~~~~~~~~~~~~~~~~~~~~
[INFO] [stderr]         |                        |
[INFO] [stderr]         |                        int (*)(st_callout_name_key *, CalloutNameEntry *, void *)
[INFO] [stderr]   /opt/rustwide/target/release/build/j9-sys/02c11ddaa21b294c/out/jq_build/modules/oniguruma/src/st.h:55:31: note: expected 'int (*)(void)' but argument is of type 'int (*)(st_callout_name_key *, CalloutNameEntry *, void *)'
[INFO] [stderr]      55 | int st_foreach _((st_table *, int (*)(ANYARGS), st_data_t));
[INFO] [stderr]         |                               ^~~~~~~~~~~~~~~~
[INFO] [stderr]   /opt/rustwide/target/release/build/j9-sys/02c11ddaa21b294c/out/jq_build/modules/oniguruma/src/st.h:35:18: note: in definition of macro '_'
[INFO] [stderr]      35 | # define _(args) args
[INFO] [stderr]         |                  ^~~~
[INFO] [stderr]   /opt/rustwide/target/release/build/j9-sys/02c11ddaa21b294c/out/jq_build/modules/oniguruma/src/regparse.c:1371:1: note: 'i_free_callout_name_entry' declared here
[INFO] [stderr]    1371 | i_free_callout_name_entry(st_callout_name_key* key, CalloutNameEntry* e,
[INFO] [stderr]         | ^~~~~~~~~~~~~~~~~~~~~~~~~
[INFO] [stderr]   /opt/rustwide/target/release/build/j9-sys/02c11ddaa21b294c/out/jq_build/modules/oniguruma/src/regparse.c: In function 'setup_ext_callout_list_values':
[INFO] [stderr]   /opt/rustwide/target/release/build/j9-sys/02c11ddaa21b294c/out/jq_build/modules/oniguruma/src/regparse.c:1885:56: error: passing argument 2 of 'onig_st_foreach' from incompatible pointer type [-Wincompatible-pointer-types]
[INFO] [stderr]    1885 |     onig_st_foreach((CalloutTagTable *)ext->tag_table, i_callout_callout_list_set,
[INFO] [stderr]         |                                                        ^~~~~~~~~~~~~~~~~~~~~~~~~~
[INFO] [stderr]         |                                                        |
[INFO] [stderr]         |                                                        int (*)(OnigUChar *, CalloutTagVal,  void *) {aka int (*)(unsigned char *, long int,  void *)}
[INFO] [stderr]   /opt/rustwide/target/release/build/j9-sys/02c11ddaa21b294c/out/jq_build/modules/oniguruma/src/st.h:55:31: note: expected 'int (*)(void)' but argument is of type 'int (*)(OnigUChar *, CalloutTagVal,  void *)' {aka 'int (*)(unsigned char *, long int,  void *)'}
[INFO] [stderr]      55 | int st_foreach _((st_table *, int (*)(ANYARGS), st_data_t));
[INFO] [stderr]         |                               ^~~~~~~~~~~~~~~~
[INFO] [stderr]   /opt/rustwide/target/release/build/j9-sys/02c11ddaa21b294c/out/jq_build/modules/oniguruma/src/st.h:35:18: note: in definition of macro '_'
[INFO] [stderr]      35 | # define _(args) args
[INFO] [stderr]         |                  ^~~~
[INFO] [stderr]   /opt/rustwide/target/release/build/j9-sys/02c11ddaa21b294c/out/jq_build/modules/oniguruma/src/regparse.c:1867:1: note: 'i_callout_callout_list_set' declared here
[INFO] [stderr]    1867 | i_callout_callout_list_set(UChar* key, CalloutTagVal e, void* arg)
[INFO] [stderr]         | ^~~~~~~~~~~~~~~~~~~~~~~~~~
[INFO] [stderr]   /opt/rustwide/target/release/build/j9-sys/02c11ddaa21b294c/out/jq_build/modules/oniguruma/src/regparse.c: In function 'callout_tag_table_clear':
[INFO] [stderr]   /opt/rustwide/target/release/build/j9-sys/02c11ddaa21b294c/out/jq_build/modules/oniguruma/src/regparse.c:1933:24: error: passing argument 2 of 'onig_st_foreach' from incompatible pointer type [-Wincompatible-pointer-types]
[INFO] [stderr]    1933 |     onig_st_foreach(t, i_free_callout_tag_entry, 0);
[INFO] [stderr]         |                        ^~~~~~~~~~~~~~~~~~~~~~~~
[INFO] [stderr]         |                        |
[INFO] [stderr]         |                        int (*)(OnigUChar *, CalloutTagVal,  void *) {aka int (*)(unsigned char *, long int,  void *)}
[INFO] [stderr]   /opt/rustwide/target/release/build/j9-sys/02c11ddaa21b294c/out/jq_build/modules/oniguruma/src/st.h:55:31: note: expected 'int (*)(void)' but argument is of type 'int (*)(OnigUChar *, CalloutTagVal,  void *)' {aka 'int (*)(unsigned char *, long int,  void *)'}
[INFO] [stderr]      55 | int st_foreach _((st_table *, int (*)(ANYARGS), st_data_t));
[INFO] [stderr]         |                               ^~~~~~~~~~~~~~~~
[INFO] [stderr]   /opt/rustwide/target/release/build/j9-sys/02c11ddaa21b294c/out/jq_build/modules/oniguruma/src/st.h:35:18: note: in definition of macro '_'
[INFO] [stderr]      35 | # define _(args) args
[INFO] [stderr]         |                  ^~~~
[INFO] [stderr]   /opt/rustwide/target/release/build/j9-sys/02c11ddaa21b294c/out/jq_build/modules/oniguruma/src/regparse.c:1923:1: note: 'i_free_callout_tag_entry' declared here
[INFO] [stderr]    1923 | i_free_callout_tag_entry(UChar* key, CalloutTagVal e, void* arg ARG_UNUSED)
[INFO] [stderr]         | ^~~~~~~~~~~~~~~~~~~~~~~~
[INFO] [stderr]   /opt/rustwide/target/release/build/j9-sys/02c11ddaa21b294c/out/jq_build/modules/oniguruma/src/st.c:38:5: error: initialization of 'int (*)(void)' from incompatible pointer type 'int (*)(long int,  long int)' [-Wincompatible-pointer-types]
[INFO] [stderr]      38 |     numcmp,
[INFO] [stderr]         |     ^~~~~~
[INFO] [stderr]   /opt/rustwide/target/release/build/j9-sys/02c11ddaa21b294c/out/jq_build/modules/oniguruma/src/st.c:38:5: note: (near initialization for 'type_numhash.compare')
[INFO] [stderr]   /opt/rustwide/target/release/build/j9-sys/02c11ddaa21b294c/out/jq_build/modules/oniguruma/src/st.c:35:12: note: 'numcmp' declared here
[INFO] [stderr]      35 | static int numcmp(long, long);
[INFO] [stderr]         |            ^~~~~~
[INFO] [stderr]   /opt/rustwide/target/release/build/j9-sys/02c11ddaa21b294c/out/jq_build/modules/oniguruma/src/st.c:39:5: error: initialization of 'int (*)(void)' from incompatible pointer type 'int (*)(long int)' [-Wincompatible-pointer-types]
[INFO] [stderr]      39 |     numhash,
[INFO] [stderr]         |     ^~~~~~~
[INFO] [stderr]   /opt/rustwide/target/release/build/j9-sys/02c11ddaa21b294c/out/jq_build/modules/oniguruma/src/st.c:39:5: note: (near initialization for 'type_numhash.hash')
[INFO] [stderr]   /opt/rustwide/target/release/build/j9-sys/02c11ddaa21b294c/out/jq_build/modules/oniguruma/src/st.c:36:12: note: 'numhash' declared here
[INFO] [stderr]      36 | static int numhash(long);
[INFO] [stderr]         |            ^~~~~~~
[INFO] [stderr]   /opt/rustwide/target/release/build/j9-sys/02c11ddaa21b294c/out/jq_build/modules/oniguruma/src/st.c:45:5: error: initialization of 'int (*)(void)' from incompatible pointer type 'int (*)(const char *, const char *)' [-Wincompatible-pointer-types]
[INFO] [stderr]      45 |     strcmp,
[INFO] [stderr]         |     ^~~~~~
[INFO] [stderr]   /opt/rustwide/target/release/build/j9-sys/02c11ddaa21b294c/out/jq_build/modules/oniguruma/src/st.c:45:5: note: (near initialization for 'type_strhash.compare')
[INFO] [stderr]   In file included from /opt/rustwide/target/release/build/j9-sys/02c11ddaa21b294c/out/jq_build/modules/oniguruma/src/regint.h:111,
[INFO] [stderr]                    from /opt/rustwide/target/release/build/j9-sys/02c11ddaa21b294c/out/jq_build/modules/oniguruma/src/st.c:9:
[INFO] [stderr]   /usr/include/string.h:171:12: note: 'strcmp' declared here
[INFO] [stderr]     171 | extern int strcmp (const char *__s1, const char *__s2)
[INFO] [stderr]         |            ^~~~~~
[INFO] [stderr]   /opt/rustwide/target/release/build/j9-sys/02c11ddaa21b294c/out/jq_build/modules/oniguruma/src/st.c:46:5: error: initialization of 'int (*)(void)' from incompatible pointer type 'int (*)(const char *)' [-Wincompatible-pointer-types]
[INFO] [stderr]      46 |     strhash,
[INFO] [stderr]         |     ^~~~~~~
[INFO] [stderr]   /opt/rustwide/target/release/build/j9-sys/02c11ddaa21b294c/out/jq_build/modules/oniguruma/src/st.c:46:5: note: (near initialization for 'type_strhash.hash')
[INFO] [stderr]   /opt/rustwide/target/release/build/j9-sys/02c11ddaa21b294c/out/jq_build/modules/oniguruma/src/st.c:43:12: note: 'strhash' declared here
[INFO] [stderr]      43 | static int strhash(const char *);
[INFO] [stderr]         |            ^~~~~~~
[INFO] [stderr]   /opt/rustwide/target/release/build/j9-sys/02c11ddaa21b294c/out/jq_build/modules/oniguruma/src/st.c: In function 'new_size':
[INFO] [stderr]   /opt/rustwide/target/release/build/j9-sys/02c11ddaa21b294c/out/jq_build/modules/oniguruma/src/st.c:101:1: warning: old-style function definition [-Wold-style-definition]
[INFO] [stderr]     101 | new_size(size)
[INFO] [stderr]         | ^~~~~~~~
[INFO] [stderr]   /opt/rustwide/target/release/build/j9-sys/02c11ddaa21b294c/out/jq_build/modules/oniguruma/src/st.c: In function 'onig_st_init_table_with_size':
[INFO] [stderr]   /opt/rustwide/target/release/build/j9-sys/02c11ddaa21b294c/out/jq_build/modules/oniguruma/src/regint.h:220:37: warning: old-style function definition [-Wold-style-definition]
[INFO] [stderr]     220 | #define st_init_table_with_size     onig_st_init_table_with_size
[INFO] [stderr]         |                                     ^~~~~~~~~~~~~~~~~~~~~~~~~~~~
[INFO] [stderr]   /opt/rustwide/target/release/build/j9-sys/02c11ddaa21b294c/out/jq_build/modules/oniguruma/src/st.c:140:1: note: in expansion of macro 'st_init_table_with_size'
[INFO] [stderr]     140 | st_init_table_with_size(type, size)
[INFO] [stderr]         | ^~~~~~~~~~~~~~~~~~~~~~~
[INFO] [stderr]   /opt/rustwide/target/release/build/j9-sys/02c11ddaa21b294c/out/jq_build/modules/oniguruma/src/st.c: In function 'onig_st_init_table':
[INFO] [stderr]   /opt/rustwide/target/release/build/j9-sys/02c11ddaa21b294c/out/jq_build/modules/oniguruma/src/regint.h:219:37: warning: old-style function definition [-Wold-style-definition]
[INFO] [stderr]     219 | #define st_init_table               onig_st_init_table
[INFO] [stderr]         |                                     ^~~~~~~~~~~~~~~~~~
[INFO] [stderr]   /opt/rustwide/target/release/build/j9-sys/02c11ddaa21b294c/out/jq_build/modules/oniguruma/src/st.c:172:1: note: in expansion of macro 'st_init_table'
[INFO] [stderr]     172 | st_init_table(type)
[INFO] [stderr]         | ^~~~~~~~~~~~~
[INFO] [stderr]   /opt/rustwide/target/release/build/j9-sys/02c11ddaa21b294c/out/jq_build/modules/oniguruma/src/st.c: In function 'onig_st_init_numtable_with_size':
[INFO] [stderr]   /opt/rustwide/target/release/build/j9-sys/02c11ddaa21b294c/out/jq_build/modules/oniguruma/src/regint.h:222:37: warning: old-style function definition [-Wold-style-definition]
[INFO] [stderr]     222 | #define st_init_numtable_with_size  onig_st_init_numtable_with_size
[INFO] [stderr]         |                                     ^~~~~~~~~~~~~~~~~~~~~~~~~~~~~~~
[INFO] [stderr]   /opt/rustwide/target/release/build/j9-sys/02c11ddaa21b294c/out/jq_build/modules/oniguruma/src/st.c:185:1: note: in expansion of macro 'st_init_numtable_with_size'
[INFO] [stderr]     185 | st_init_numtable_with_size(size)
[INFO] [stderr]         | ^~~~~~~~~~~~~~~~~~~~~~~~~~
[INFO] [stderr]   /opt/rustwide/target/release/build/j9-sys/02c11ddaa21b294c/out/jq_build/modules/oniguruma/src/st.c: In function 'onig_st_init_strtable_with_size':
[INFO] [stderr]   /opt/rustwide/target/release/build/j9-sys/02c11ddaa21b294c/out/jq_build/modules/oniguruma/src/regint.h:224:37: warning: old-style function definition [-Wold-style-definition]
[INFO] [stderr]     224 | #define st_init_strtable_with_size  onig_st_init_strtable_with_size
[INFO] [stderr]         |                                     ^~~~~~~~~~~~~~~~~~~~~~~~~~~~~~~
[INFO] [stderr]   /opt/rustwide/target/release/build/j9-sys/02c11ddaa21b294c/out/jq_build/modules/oniguruma/src/st.c:198:1: note: in expansion of macro 'st_init_strtable_with_size'
[INFO] [stderr]     198 | st_init_strtable_with_size(size)
[INFO] [stderr]         | ^~~~~~~~~~~~~~~~~~~~~~~~~~
[INFO] [stderr]   /opt/rustwide/target/release/build/j9-sys/02c11ddaa21b294c/out/jq_build/modules/oniguruma/src/st.c: In function 'onig_st_free_table':
[INFO] [stderr]   /opt/rustwide/target/release/build/j9-sys/02c11ddaa21b294c/out/jq_build/modules/oniguruma/src/regint.h:231:37: warning: old-style function definition [-Wold-style-definition]
[INFO] [stderr]     231 | #define st_free_table               onig_st_free_table
[INFO] [stderr]         |                                     ^~~~~~~~~~~~~~~~~~
[INFO] [stderr]   /opt/rustwide/target/release/build/j9-sys/02c11ddaa21b294c/out/jq_build/modules/oniguruma/src/st.c:205:1: note: in expansion of macro 'st_free_table'
[INFO] [stderr]     205 | st_free_table(table)
[INFO] [stderr]         | ^~~~~~~~~~~~~
[INFO] [stderr]   /opt/rustwide/target/release/build/j9-sys/02c11ddaa21b294c/out/jq_build/modules/oniguruma/src/st.c: In function 'onig_st_lookup':
[INFO] [stderr]   /opt/rustwide/target/release/build/j9-sys/02c11ddaa21b294c/out/jq_build/modules/oniguruma/src/regint.h:228:37: warning: old-style function definition [-Wold-style-definition]
[INFO] [stderr]     228 | #define st_lookup                   onig_st_lookup
[INFO] [stderr]         |                                     ^~~~~~~~~~~~~~
[INFO] [stderr]   /opt/rustwide/target/release/build/j9-sys/02c11ddaa21b294c/out/jq_build/modules/oniguruma/src/st.c:245:1: note: in expansion of macro 'st_lookup'
[INFO] [stderr]     245 | st_lookup(table, key, value)
[INFO] [stderr]         | ^~~~~~~~~
[INFO] [stderr]   /opt/rustwide/target/release/build/j9-sys/02c11ddaa21b294c/out/jq_build/modules/oniguruma/src/st.c:56:43: error: too many arguments to function 'table->type->hash'; expected 0, have 1
[INFO] [stderr]      56 | #define do_hash(key,table) (unsigned int)(*(table)->type->hash)((key))
[INFO] [stderr]         |                                          ~^~~~~~~~~~~~~~~~~~~~~ ~~~~~
[INFO] [stderr]   /opt/rustwide/target/release/build/j9-sys/02c11ddaa21b294c/out/jq_build/modules/oniguruma/src/st.c:253:14: note: in expansion of macro 'do_hash'
[INFO] [stderr]     253 |   hash_val = do_hash(key, table);
[INFO] [stderr]         |              ^~~~~~~
[INFO] [stderr]   In file included from /opt/rustwide/target/release/build/j9-sys/02c11ddaa21b294c/out/jq_build/modules/oniguruma/src/st.c:10:
[INFO] [stderr]   /opt/rustwide/target/release/build/j9-sys/02c11ddaa21b294c/out/jq_build/modules/oniguruma/src/st.h:20:11: note: declared here
[INFO] [stderr]      20 |     int (*hash)();
[INFO] [stderr]         |           ^~~~
[INFO] [stderr]   /opt/rustwide/target/release/build/j9-sys/02c11ddaa21b294c/out/jq_build/modules/oniguruma/src/st.c:54:40: error: too many arguments to function 'table->type->compare'; expected 0, have 2
[INFO] [stderr]      54 | #define EQUAL(table,x,y) ((x)==(y) || (*table->type->compare)((x),(y)) == 0)
[INFO] [stderr]         |                                       ~^~~~~~~~~~~~~~~~~~~~~~ ~~~
[INFO] [stderr]   /opt/rustwide/target/release/build/j9-sys/02c11ddaa21b294c/out/jq_build/modules/oniguruma/src/st.c:224:45: note: in expansion of macro 'EQUAL'
[INFO] [stderr]     224 | ((ptr) != 0 && (ptr->hash != (hash_val) || !EQUAL((table), (key), (ptr)->key)))
[INFO] [stderr]         |                                             ^~~~~
[INFO] [stderr]   /opt/rustwide/target/release/build/j9-sys/02c11ddaa21b294c/out/jq_build/modules/oniguruma/src/st.c:235:9: note: in expansion of macro 'PTR_NOT_EQUAL'
[INFO] [stderr]     235 |     if (PTR_NOT_EQUAL(table, ptr, hash_val, key)) {\
[INFO] [stderr]         |         ^~~~~~~~~~~~~
[INFO] [stderr]   /opt/rustwide/target/release/build/j9-sys/02c11ddaa21b294c/out/jq_build/modules/oniguruma/src/st.c:254:3: note: in expansion of macro 'FIND_ENTRY'
[INFO] [stderr]     254 |   FIND_ENTRY(table, ptr, hash_val, bin_pos);
[INFO] [stderr]         |   ^~~~~~~~~~
[INFO] [stderr]   /opt/rustwide/target/release/build/j9-sys/02c11ddaa21b294c/out/jq_build/modules/oniguruma/src/st.h:19:11: note: declared here
[INFO] [stderr]      19 |     int (*compare)();
[INFO] [stderr]         |           ^~~~~~~
[INFO] [stderr]   /opt/rustwide/target/release/build/j9-sys/02c11ddaa21b294c/out/jq_build/modules/oniguruma/src/st.c:54:40: error: too many arguments to function 'table->type->compare'; expected 0, have 2
[INFO] [stderr]      54 | #define EQUAL(table,x,y) ((x)==(y) || (*table->type->compare)((x),(y)) == 0)
[INFO] [stderr]         |                                       ~^~~~~~~~~~~~~~~~~~~~~~ ~~~
[INFO] [stderr]   /opt/rustwide/target/release/build/j9-sys/02c11ddaa21b294c/out/jq_build/modules/oniguruma/src/st.c:224:45: note: in expansion of macro 'EQUAL'
[INFO] [stderr]     224 | ((ptr) != 0 && (ptr->hash != (hash_val) || !EQUAL((table), (key), (ptr)->key)))
[INFO] [stderr]         |                                             ^~~~~
[INFO] [stderr]   /opt/rustwide/target/release/build/j9-sys/02c11ddaa21b294c/out/jq_build/modules/oniguruma/src/st.c:237:14: note: in expansion of macro 'PTR_NOT_EQUAL'
[INFO] [stderr]     237 |       while (PTR_NOT_EQUAL(table, ptr->next, hash_val, key)) {\
[INFO] [stderr]         |              ^~~~~~~~~~~~~
[INFO] [stderr]   /opt/rustwide/target/release/build/j9-sys/02c11ddaa21b294c/out/jq_build/modules/oniguruma/src/st.c:254:3: note: in expansion of macro 'FIND_ENTRY'
[INFO] [stderr]     254 |   FIND_ENTRY(table, ptr, hash_val, bin_pos);
[INFO] [stderr]         |   ^~~~~~~~~~
[INFO] [stderr]   /opt/rustwide/target/release/build/j9-sys/02c11ddaa21b294c/out/jq_build/modules/oniguruma/src/st.h:19:11: note: declared here
[INFO] [stderr]      19 |     int (*compare)();
[INFO] [stderr]         |           ^~~~~~~
[INFO] [stderr]   /opt/rustwide/target/release/build/j9-sys/02c11ddaa21b294c/out/jq_build/modules/oniguruma/src/st.c: In function 'onig_st_insert':
[INFO] [stderr]   /opt/rustwide/target/release/build/j9-sys/02c11ddaa21b294c/out/jq_build/modules/oniguruma/src/regint.h:227:37: warning: old-style function definition [-Wold-style-definition]
[INFO] [stderr]     227 | #define st_insert                   onig_st_insert
[INFO] [stderr]         |                                     ^~~~~~~~~~~~~~
[INFO] [stderr]   /opt/rustwide/target/release/build/j9-sys/02c11ddaa21b294c/out/jq_build/modules/oniguruma/src/st.c:283:1: note: in expansion of macro 'st_insert'
[INFO] [stderr]     283 | st_insert(table, key, value)
[INFO] [stderr]         | ^~~~~~~~~
[INFO] [stderr]   /opt/rustwide/target/release/build/j9-sys/02c11ddaa21b294c/out/jq_build/modules/oniguruma/src/st.c:56:43: error: too many arguments to function 'table->type->hash'; expected 0, have 1
[INFO] [stderr]      56 | #define do_hash(key,table) (unsigned int)(*(table)->type->hash)((key))
[INFO] [stderr]         |                                          ~^~~~~~~~~~~~~~~~~~~~~ ~~~~~
[INFO] [stderr]   /opt/rustwide/target/release/build/j9-sys/02c11ddaa21b294c/out/jq_build/modules/oniguruma/src/st.c:291:14: note: in expansion of macro 'do_hash'
[INFO] [stderr]     291 |   hash_val = do_hash(key, table);
[INFO] [stderr]         |              ^~~~~~~
[INFO] [stderr]   /opt/rustwide/target/release/build/j9-sys/02c11ddaa21b294c/out/jq_build/modules/oniguruma/src/st.h:20:11: note: declared here
[INFO] [stderr]      20 |     int (*hash)();
[INFO] [stderr]         |           ^~~~
[INFO] [stderr]   /opt/rustwide/target/release/build/j9-sys/02c11ddaa21b294c/out/jq_build/modules/oniguruma/src/st.c:54:40: error: too many arguments to function 'table->type->compare'; expected 0, have 2
[INFO] [stderr]      54 | #define EQUAL(table,x,y) ((x)==(y) || (*table->type->compare)((x),(y)) == 0)
[INFO] [stderr]         |                                       ~^~~~~~~~~~~~~~~~~~~~~~ ~~~
[INFO] [stderr]   /opt/rustwide/target/release/build/j9-sys/02c11ddaa21b294c/out/jq_build/modules/oniguruma/src/st.c:224:45: note: in expansion of macro 'EQUAL'
[INFO] [stderr]     224 | ((ptr) != 0 && (ptr->hash != (hash_val) || !EQUAL((table), (key), (ptr)->key)))
[INFO] [stderr]         |                                             ^~~~~
[INFO] [stderr]   /opt/rustwide/target/release/build/j9-sys/02c11ddaa21b294c/out/jq_build/modules/oniguruma/src/st.c:235:9: note: in expansion of macro 'PTR_NOT_EQUAL'
[INFO] [stderr]     235 |     if (PTR_NOT_EQUAL(table, ptr, hash_val, key)) {\
[INFO] [stderr]         |         ^~~~~~~~~~~~~
[INFO] [stderr]   /opt/rustwide/target/release/build/j9-sys/02c11ddaa21b294c/out/jq_build/modules/oniguruma/src/st.c:292:3: note: in expansion of macro 'FIND_ENTRY'
[INFO] [stderr]     292 |   FIND_ENTRY(table, ptr, hash_val, bin_pos);
[INFO] [stderr]         |   ^~~~~~~~~~
[INFO] [stderr]   /opt/rustwide/target/release/build/j9-sys/02c11ddaa21b294c/out/jq_build/modules/oniguruma/src/st.h:19:11: note: declared here
[INFO] [stderr]      19 |     int (*compare)();
[INFO] [stderr]         |           ^~~~~~~
[INFO] [stderr]   /opt/rustwide/target/release/build/j9-sys/02c11ddaa21b294c/out/jq_build/modules/oniguruma/src/st.c:54:40: error: too many arguments to function 'table->type->compare'; expected 0, have 2
[INFO] [stderr]      54 | #define EQUAL(table,x,y) ((x)==(y) || (*table->type->compare)((x),(y)) == 0)
[INFO] [stderr]         |                                       ~^~~~~~~~~~~~~~~~~~~~~~ ~~~
[INFO] [stderr]   /opt/rustwide/target/release/build/j9-sys/02c11ddaa21b294c/out/jq_build/modules/oniguruma/src/st.c:224:45: note: in expansion of macro 'EQUAL'
[INFO] [stderr]     224 | ((ptr) != 0 && (ptr->hash != (hash_val) || !EQUAL((table), (key), (ptr)->key)))
[INFO] [stderr]         |                                             ^~~~~
[INFO] [stderr]   /opt/rustwide/target/release/build/j9-sys/02c11ddaa21b294c/out/jq_build/modules/oniguruma/src/st.c:237:14: note: in expansion of macro 'PTR_NOT_EQUAL'
[INFO] [stderr]     237 |       while (PTR_NOT_EQUAL(table, ptr->next, hash_val, key)) {\
[INFO] [stderr]         |              ^~~~~~~~~~~~~
[INFO] [stderr]   /opt/rustwide/target/release/build/j9-sys/02c11ddaa21b294c/out/jq_build/modules/oniguruma/src/st.c:292:3: note: in expansion of macro 'FIND_ENTRY'
[INFO] [stderr]     292 |   FIND_ENTRY(table, ptr, hash_val, bin_pos);
[INFO] [stderr]         |   ^~~~~~~~~~
[INFO] [stderr]   /opt/rustwide/target/release/build/j9-sys/02c11ddaa21b294c/out/jq_build/modules/oniguruma/src/st.h:19:11: note: declared here
[INFO] [stderr]      19 |     int (*compare)();
[INFO] [stderr]         |           ^~~~~~~
[INFO] [stderr]   /opt/rustwide/target/release/build/j9-sys/02c11ddaa21b294c/out/jq_build/modules/oniguruma/src/st.c: In function 'onig_st_add_direct':
[INFO] [stderr]   /opt/rustwide/target/release/build/j9-sys/02c11ddaa21b294c/out/jq_build/modules/oniguruma/src/regint.h:230:37: warning: old-style function definition [-Wold-style-definition]
[INFO] [stderr]     230 | #define st_add_direct               onig_st_add_direct
[INFO] [stderr]         |                                     ^~~~~~~~~~~~~~~~~~
[INFO] [stderr]   /opt/rustwide/target/release/build/j9-sys/02c11ddaa21b294c/out/jq_build/modules/oniguruma/src/st.c:305:1: note: in expansion of macro 'st_add_direct'
[INFO] [stderr]     305 | st_add_direct(table, key, value)
[INFO] [stderr]         | ^~~~~~~~~~~~~
[INFO] [stderr]   /opt/rustwide/target/release/build/j9-sys/02c11ddaa21b294c/out/jq_build/modules/oniguruma/src/st.c:56:43: error: too many arguments to function 'table->type->hash'; expected 0, have 1
[INFO] [stderr]      56 | #define do_hash(key,table) (unsigned int)(*(table)->type->hash)((key))
[INFO] [stderr]         |                                          ~^~~~~~~~~~~~~~~~~~~~~ ~~~~~
[INFO] [stderr]   /opt/rustwide/target/release/build/j9-sys/02c11ddaa21b294c/out/jq_build/modules/oniguruma/src/st.c:312:14: note: in expansion of macro 'do_hash'
[INFO] [stderr]     312 |   hash_val = do_hash(key, table);
[INFO] [stderr]         |              ^~~~~~~
[INFO] [stderr]   /opt/rustwide/target/release/build/j9-sys/02c11ddaa21b294c/out/jq_build/modules/oniguruma/src/st.h:20:11: note: declared here
[INFO] [stderr]      20 |     int (*hash)();
[INFO] [stderr]         |           ^~~~
[INFO] [stderr]   /opt/rustwide/target/release/build/j9-sys/02c11ddaa21b294c/out/jq_build/modules/oniguruma/src/st.c: In function 'rehash':
[INFO] [stderr]   /opt/rustwide/target/release/build/j9-sys/02c11ddaa21b294c/out/jq_build/modules/oniguruma/src/st.c:318:1: warning: old-style function definition [-Wold-style-definition]
[INFO] [stderr]     318 | rehash(table)
[INFO] [stderr]         | ^~~~~~
[INFO] [stderr]   /opt/rustwide/target/release/build/j9-sys/02c11ddaa21b294c/out/jq_build/modules/oniguruma/src/st.c: In function 'onig_st_copy':
[INFO] [stderr]   /opt/rustwide/target/release/build/j9-sys/02c11ddaa21b294c/out/jq_build/modules/oniguruma/src/regint.h:233:37: warning: old-style function definition [-Wold-style-definition]
[INFO] [stderr]     233 | #define st_copy                     onig_st_copy
[INFO] [stderr]         |                                     ^~~~~~~~~~~~
[INFO] [stderr]   /opt/rustwide/target/release/build/j9-sys/02c11ddaa21b294c/out/jq_build/modules/oniguruma/src/st.c:350:1: note: in expansion of macro 'st_copy'
[INFO] [stderr]     350 | st_copy(old_table)
[INFO] [stderr]         | ^~~~~~~
[INFO] [stderr]   /opt/rustwide/target/release/build/j9-sys/02c11ddaa21b294c/out/jq_build/modules/oniguruma/src/st.c: In function 'onig_st_delete':
[INFO] [stderr]   /opt/rustwide/target/release/build/j9-sys/02c11ddaa21b294c/out/jq_build/modules/oniguruma/src/regint.h:225:37: warning: old-style function definition [-Wold-style-definition]
[INFO] [stderr]     225 | #define st_delete                   onig_st_delete
[INFO] [stderr]         |                                     ^~~~~~~~~~~~~~
[INFO] [stderr]   /opt/rustwide/target/release/build/j9-sys/02c11ddaa21b294c/out/jq_build/modules/oniguruma/src/st.c:391:1: note: in expansion of macro 'st_delete'
[INFO] [stderr]     391 | st_delete(table, key, value)
[INFO] [stderr]         | ^~~~~~~~~
[INFO] [stderr]   /opt/rustwide/target/release/build/j9-sys/02c11ddaa21b294c/out/jq_build/modules/oniguruma/src/st.c:56:43: error: too many arguments to function 'table->type->hash'; expected 0, have 1
[INFO] [stderr]      56 | #define do_hash(key,table) (unsigned int)(*(table)->type->hash)((key))
[INFO] [stderr]         |                                          ~^~~~~~~~~~~~~~~~~~~~~ ~~~~~
[INFO] [stderr]   /opt/rustwide/target/release/build/j9-sys/02c11ddaa21b294c/out/jq_build/modules/oniguruma/src/st.c:57:33: note: in expansion of macro 'do_hash'
[INFO] [stderr]      57 | #define do_hash_bin(key,table) (do_hash(key, table)%(table)->num_bins)
[INFO] [stderr]         |                                 ^~~~~~~
[INFO] [stderr]   /opt/rustwide/target/release/build/j9-sys/02c11ddaa21b294c/out/jq_build/modules/oniguruma/src/st.c:400:14: note: in expansion of macro 'do_hash_bin'
[INFO] [stderr]     400 |   hash_val = do_hash_bin(*key, table);
[INFO] [stderr]         |              ^~~~~~~~~~~
[INFO] [stderr]   /opt/rustwide/target/release/build/j9-sys/02c11ddaa21b294c/out/jq_build/modules/oniguruma/src/st.h:20:11: note: declared here
[INFO] [stderr]      20 |     int (*hash)();
[INFO] [stderr]         |           ^~~~
[INFO] [stderr]   /opt/rustwide/target/release/build/j9-sys/02c11ddaa21b294c/out/jq_build/modules/oniguruma/src/st.c:54:40: error: too many arguments to function 'table->type->compare'; expected 0, have 2
[INFO] [stderr]      54 | #define EQUAL(table,x,y) ((x)==(y) || (*table->type->compare)((x),(y)) == 0)
[INFO] [stderr]         |                                       ~^~~~~~~~~~~~~~~~~~~~~~ ~~~
[INFO] [stderr]   /opt/rustwide/target/release/build/j9-sys/02c11ddaa21b294c/out/jq_build/modules/oniguruma/src/st.c:408:7: note: in expansion of macro 'EQUAL'
[INFO] [stderr]     408 |   if (EQUAL(table, *key, ptr->key)) {
[INFO] [stderr]         |       ^~~~~
[INFO] [stderr]   /opt/rustwide/target/release/build/j9-sys/02c11ddaa21b294c/out/jq_build/modules/oniguruma/src/st.h:19:11: note: declared here
[INFO] [stderr]      19 |     int (*compare)();
[INFO] [stderr]         |           ^~~~~~~
[INFO] [stderr]   /opt/rustwide/target/release/build/j9-sys/02c11ddaa21b294c/out/jq_build/modules/oniguruma/src/st.c:54:40: error: too many arguments to function 'table->type->compare'; expected 0, have 2
[INFO] [stderr]      54 | #define EQUAL(table,x,y) ((x)==(y) || (*table->type->compare)((x),(y)) == 0)
[INFO] [stderr]         |                                       ~^~~~~~~~~~~~~~~~~~~~~~ ~~~
[INFO] [stderr]   /opt/rustwide/target/release/build/j9-sys/02c11ddaa21b294c/out/jq_build/modules/oniguruma/src/st.c:418:9: note: in expansion of macro 'EQUAL'
[INFO] [stderr]     418 |     if (EQUAL(table, ptr->next->key, *key)) {
[INFO] [stderr]         |         ^~~~~
[INFO] [stderr]   /opt/rustwide/target/release/build/j9-sys/02c11ddaa21b294c/out/jq_build/modules/oniguruma/src/st.h:19:11: note: declared here
[INFO] [stderr]      19 |     int (*compare)();
[INFO] [stderr]         |           ^~~~~~~
[INFO] [stderr]   /opt/rustwide/target/release/build/j9-sys/02c11ddaa21b294c/out/jq_build/modules/oniguruma/src/st.c: In function 'onig_st_delete_safe':
[INFO] [stderr]   /opt/rustwide/target/release/build/j9-sys/02c11ddaa21b294c/out/jq_build/modules/oniguruma/src/regint.h:226:37: warning: old-style function definition [-Wold-style-definition]
[INFO] [stderr]     226 | #define st_delete_safe              onig_st_delete_safe
[INFO] [stderr]         |                                     ^~~~~~~~~~~~~~~~~~~
[INFO] [stderr]   /opt/rustwide/target/release/build/j9-sys/02c11ddaa21b294c/out/jq_build/modules/oniguruma/src/st.c:433:1: note: in expansion of macro 'st_delete_safe'
[INFO] [stderr]     433 | st_delete_safe(table, key, value, never)
[INFO] [stderr]         | ^~~~~~~~~~~~~~
[INFO] [stderr]   /opt/rustwide/target/release/build/j9-sys/02c11ddaa21b294c/out/jq_build/modules/oniguruma/src/st.c:56:43: error: too many arguments to function 'table->type->hash'; expected 0, have 1
[INFO] [stderr]      56 | #define do_hash(key,table) (unsigned int)(*(table)->type->hash)((key))
[INFO] [stderr]         |                                          ~^~~~~~~~~~~~~~~~~~~~~ ~~~~~
[INFO] [stderr]   /opt/rustwide/target/release/build/j9-sys/02c11ddaa21b294c/out/jq_build/modules/oniguruma/src/st.c:57:33: note: in expansion of macro 'do_hash'
[INFO] [stderr]      57 | #define do_hash_bin(key,table) (do_hash(key, table)%(table)->num_bins)
[INFO] [stderr]         |                                 ^~~~~~~
[INFO] [stderr]   /opt/rustwide/target/release/build/j9-sys/02c11ddaa21b294c/out/jq_build/modules/oniguruma/src/st.c:442:14: note: in expansion of macro 'do_hash_bin'
[INFO] [stderr]     442 |   hash_val = do_hash_bin(*key, table);
[INFO] [stderr]         |              ^~~~~~~~~~~
[INFO] [stderr]   /opt/rustwide/target/release/build/j9-sys/02c11ddaa21b294c/out/jq_build/modules/oniguruma/src/st.h:20:11: note: declared here
[INFO] [stderr]      20 |     int (*hash)();
[INFO] [stderr]         |           ^~~~
[INFO] [stderr]   /opt/rustwide/target/release/build/j9-sys/02c11ddaa21b294c/out/jq_build/modules/oniguruma/src/st.c:54:40: error: too many arguments to function 'table->type->compare'; expected 0, have 2
[INFO] [stderr]      54 | #define EQUAL(table,x,y) ((x)==(y) || (*table->type->compare)((x),(y)) == 0)
[INFO] [stderr]         |                                       ~^~~~~~~~~~~~~~~~~~~~~~ ~~~
[INFO] [stderr]   /opt/rustwide/target/release/build/j9-sys/02c11ddaa21b294c/out/jq_build/modules/oniguruma/src/st.c:451:32: note: in expansion of macro 'EQUAL'
[INFO] [stderr]     451 |     if ((ptr->key != never) && EQUAL(table, ptr->key, *key)) {
[INFO] [stderr]         |                                ^~~~~
[INFO] [stderr]   /opt/rustwide/target/release/build/j9-sys/02c11ddaa21b294c/out/jq_build/modules/oniguruma/src/st.h:19:11: note: declared here
[INFO] [stderr]      19 |     int (*compare)();
[INFO] [stderr]         |           ^~~~~~~
[INFO] [stderr]   /opt/rustwide/target/release/build/j9-sys/02c11ddaa21b294c/out/jq_build/modules/oniguruma/src/st.c: In function 'onig_st_cleanup_safe':
[INFO] [stderr]   /opt/rustwide/target/release/build/j9-sys/02c11ddaa21b294c/out/jq_build/modules/oniguruma/src/regint.h:232:37: warning: old-style function definition [-Wold-style-definition]
[INFO] [stderr]     232 | #define st_cleanup_safe             onig_st_cleanup_safe
[INFO] [stderr]         |                                     ^~~~~~~~~~~~~~~~~~~~
[INFO] [stderr]   /opt/rustwide/target/release/build/j9-sys/02c11ddaa21b294c/out/jq_build/modules/oniguruma/src/st.c:477:1: note: in expansion of macro 'st_cleanup_safe'
[INFO] [stderr]     477 | st_cleanup_safe(table, never)
[INFO] [stderr]         | ^~~~~~~~~~~~~~~
[INFO] [stderr]   /opt/rustwide/target/release/build/j9-sys/02c11ddaa21b294c/out/jq_build/modules/oniguruma/src/st.c:483:21: error: passing argument 2 of 'onig_st_foreach' from incompatible pointer type [-Wincompatible-pointer-types]
[INFO] [stderr]     483 |   st_foreach(table, delete_never, never);
[INFO] [stderr]         |                     ^~~~~~~~~~~~
[INFO] [stderr]         |                     |
[INFO] [stderr]         |                     int (*)(st_data_t,  st_data_t,  st_data_t) {aka int (*)(long unsigned int,  long unsigned int,  long unsigned int)}
[INFO] [stderr]   /opt/rustwide/target/release/build/j9-sys/02c11ddaa21b294c/out/jq_build/modules/oniguruma/src/st.h:55:31: note: expected 'int (*)(void)' but argument is of type 'int (*)(st_data_t,  st_data_t,  st_data_t)' {aka 'int (*)(long unsigned int,  long unsigned int,  long unsigned int)'}
[INFO] [stderr]      55 | int st_foreach _((st_table *, int (*)(ANYARGS), st_data_t));
[INFO] [stderr]         |                               ^~~~~~~~~~~~~~~~
[INFO] [stderr]   /opt/rustwide/target/release/build/j9-sys/02c11ddaa21b294c/out/jq_build/modules/oniguruma/src/st.h:35:18: note: in definition of macro '_'
[INFO] [stderr]      35 | # define _(args) args
[INFO] [stderr]         |                  ^~~~
[INFO] [stderr]   /opt/rustwide/target/release/build/j9-sys/02c11ddaa21b294c/out/jq_build/modules/oniguruma/src/st.c:465:1: note: 'delete_never' declared here
[INFO] [stderr]     465 | delete_never(st_data_t key __attribute__ ((unused)), st_data_t value,
[INFO] [stderr]         | ^~~~~~~~~~~~
[INFO] [stderr]   /opt/rustwide/target/release/build/j9-sys/02c11ddaa21b294c/out/jq_build/modules/oniguruma/src/st.c: In function 'onig_st_foreach':
[INFO] [stderr]   /opt/rustwide/target/release/build/j9-sys/02c11ddaa21b294c/out/jq_build/modules/oniguruma/src/regint.h:229:37: warning: old-style function definition [-Wold-style-definition]
[INFO] [stderr]     229 | #define st_foreach                  onig_st_foreach
[INFO] [stderr]         |                                     ^~~~~~~~~~~~~~~
[INFO] [stderr]   /opt/rustwide/target/release/build/j9-sys/02c11ddaa21b294c/out/jq_build/modules/oniguruma/src/st.c:488:1: note: in expansion of macro 'st_foreach'
[INFO] [stderr]     488 | st_foreach(table, func, arg)
[INFO] [stderr]         | ^~~~~~~~~~
[INFO] [stderr]   /opt/rustwide/target/release/build/j9-sys/02c11ddaa21b294c/out/jq_build/modules/oniguruma/src/st.c:500:23: error: too many arguments to function 'func'; expected 0, have 3
[INFO] [stderr]     500 |             retval = (*func)(ptr->key, ptr->record, arg);
[INFO] [stderr]         |                      ~^~~~~~ ~~~~~~~~
[INFO] [stderr]   /opt/rustwide/target/release/build/j9-sys/02c11ddaa21b294c/out/jq_build/modules/oniguruma/src/st.c: In function 'strhash':
[INFO] [stderr]   /opt/rustwide/target/release/build/j9-sys/02c11ddaa21b294c/out/jq_build/modules/oniguruma/src/st.c:538:1: warning: old-style function definition [-Wold-style-definition]
[INFO] [stderr]     538 | strhash(string)
[INFO] [stderr]         | ^~~~~~~
[INFO] [stderr]   /opt/rustwide/target/release/build/j9-sys/02c11ddaa21b294c/out/jq_build/modules/oniguruma/src/st.c: In function 'numcmp':
[INFO] [stderr]   /opt/rustwide/target/release/build/j9-sys/02c11ddaa21b294c/out/jq_build/modules/oniguruma/src/st.c:577:1: warning: old-style function definition [-Wold-style-definition]
[INFO] [stderr]     577 | numcmp(x, y)
[INFO] [stderr]         | ^~~~~~
[INFO] [stderr]   /opt/rustwide/target/release/build/j9-sys/02c11ddaa21b294c/out/jq_build/modules/oniguruma/src/st.c: In function 'numhash':
[INFO] [stderr]   /opt/rustwide/target/release/build/j9-sys/02c11ddaa21b294c/out/jq_build/modules/oniguruma/src/st.c:584:1: warning: old-style function definition [-Wold-style-definition]
[INFO] [stderr]     584 | numhash(n)
[INFO] [stderr]         | ^~~~~~~
[INFO] [stderr]   make[3]: *** [Makefile:594: st.lo] Error 1
[INFO] [stderr]   make[3]: *** Waiting for unfinished jobs....
[INFO] [stderr]   make[3]: *** [Makefile:594: regparse.lo] Error 1
[INFO] [stderr]   /opt/rustwide/target/release/build/j9-sys/02c11ddaa21b294c/out/jq_build/modules/oniguruma/src/regcomp.c: In function 'detect_can_be_slow':
[INFO] [stderr]   /opt/rustwide/target/release/build/j9-sys/02c11ddaa21b294c/out/jq_build/modules/oniguruma/src/regcomp.c:8070:16: warning: 'prev_heavy_element' may be used uninitialized [-Wmaybe-uninitialized]
[INFO] [stderr]    8070 |             if (prev_heavy_element == ct->heavy_element)
[INFO] [stderr]         |                ^
[INFO] [stderr]   /opt/rustwide/target/release/build/j9-sys/02c11ddaa21b294c/out/jq_build/modules/oniguruma/src/regcomp.c:8046:11: note: 'prev_heavy_element' was declared here
[INFO] [stderr]    8046 |       int prev_heavy_element;
[INFO] [stderr]         |           ^~~~~~~~~~~~~~~~~~
[INFO] [stderr]   In function 'compile_anchor_look_behind_not_node',
[INFO] [stderr]       inlined from 'compile_anchor_node' at /opt/rustwide/target/release/build/j9-sys/02c11ddaa21b294c/out/jq_build/modules/oniguruma/src/regcomp.c:2368:9,
[INFO] [stderr]       inlined from 'compile_tree' at /opt/rustwide/target/release/build/j9-sys/02c11ddaa21b294c/out/jq_build/modules/oniguruma/src/regcomp.c:2734:9:
[INFO] [stderr]   /opt/rustwide/target/release/build/j9-sys/02c11ddaa21b294c/out/jq_build/modules/oniguruma/src/regcomp.c:2220:34: warning: 'mid3' may be used uninitialized [-Wmaybe-uninitialized]
[INFO] [stderr]    2220 |       COP(reg)->update_var.id    = mid3;
[INFO] [stderr]   /opt/rustwide/target/release/build/j9-sys/02c11ddaa21b294c/out/jq_build/modules/oniguruma/src/regcomp.c: In function 'compile_tree':
[INFO] [stderr]   /opt/rustwide/target/release/build/j9-sys/02c11ddaa21b294c/out/jq_build/modules/oniguruma/src/regcomp.c:2147:28: note: 'mid3' was declared here
[INFO] [stderr]    2147 |     MemNumType mid1, mid2, mid3;
[INFO] [stderr]         |                            ^~~~
[INFO] [stderr]   In function 'compile_anchor_look_behind_node',
[INFO] [stderr]       inlined from 'compile_anchor_node' at /opt/rustwide/target/release/build/j9-sys/02c11ddaa21b294c/out/jq_build/modules/oniguruma/src/regcomp.c:2364:9,
[INFO] [stderr]       inlined from 'compile_tree' at /opt/rustwide/target/release/build/j9-sys/02c11ddaa21b294c/out/jq_build/modules/oniguruma/src/regcomp.c:2734:9:
[INFO] [stderr]   /opt/rustwide/target/release/build/j9-sys/02c11ddaa21b294c/out/jq_build/modules/oniguruma/src/regcomp.c:2085:34: warning: 'mid3' may be used uninitialized [-Wmaybe-uninitialized]
[INFO] [stderr]    2085 |       COP(reg)->update_var.id    = mid3;
[INFO] [stderr]   /opt/rustwide/target/release/build/j9-sys/02c11ddaa21b294c/out/jq_build/modules/oniguruma/src/regcomp.c: In function 'compile_tree':
[INFO] [stderr]   /opt/rustwide/target/release/build/j9-sys/02c11ddaa21b294c/out/jq_build/modules/oniguruma/src/regcomp.c:2008:28: note: 'mid3' was declared here
[INFO] [stderr]    2008 |     MemNumType mid1, mid2, mid3;
[INFO] [stderr]         |                            ^~~~
[INFO] [stderr]   make[2]: *** [Makefile:505: install-recursive] Error 1
[INFO] [stderr]   make[1]: *** [Makefile:1193: install-recursive] Error 1
[INFO] [stderr]   make: *** [Makefile:1746: install] Error 2
[INFO] [stderr] 
[INFO] [stderr]   thread 'main' (716) panicked at /opt/rustwide/cargo-home/registry/src/index.crates.io-1949cf8c6b5b557f/autotools-0.2.7/src/lib.rs:790:5:
[INFO] [stderr] 
[INFO] [stderr]   command did not execute successfully, got: exit status: 2
[INFO] [stderr] 
[INFO] [stderr]   build script failed, must exit now
[INFO] [stderr]   stack backtrace:
[INFO] [stderr]      0:     0x555d68431f21 - <<std[617be2ca0a6fd877]::sys::backtrace::BacktraceLock>::print::DisplayBacktrace as core[a373ad73a504971]::fmt::Display>::fmt
[INFO] [stderr]      1:     0x555d6844992a - core[a373ad73a504971]::fmt::write
[INFO] [stderr]      2:     0x555d6843853c - <std[617be2ca0a6fd877]::sys::stdio::unix::Stderr as core[a373ad73a504971]::io::write::Write>::write_fmt
[INFO] [stderr]      3:     0x555d6840dd76 - std[617be2ca0a6fd877]::panicking::default_hook::{closure#0}
[INFO] [stderr]      4:     0x555d6842af51 - std[617be2ca0a6fd877]::panicking::default_hook
[INFO] [stderr]      5:     0x555d6842b27b - std[617be2ca0a6fd877]::panicking::panic_with_hook
[INFO] [stderr]      6:     0x555d6840de22 - std[617be2ca0a6fd877]::panicking::panic_handler::{closure#0}
[INFO] [stderr]      7:     0x555d684063b9 - std[617be2ca0a6fd877]::sys::backtrace::__rust_end_short_backtrace::<std[617be2ca0a6fd877]::panicking::panic_handler::{closure#0}, !>
[INFO] [stderr]      8:     0x555d6840e76d - __rustc[ea4f61d10b84890b]::rust_begin_unwind
[INFO] [stderr]      9:     0x555d6844a14c - core[a373ad73a504971]::panicking::panic_fmt
[INFO] [stderr]     10:     0x555d683abde7 - autotools[888c73cc31f3b139]::fail
[INFO] [stderr]     11:     0x555d683af5b8 - <autotools[888c73cc31f3b139]::Config>::build
[INFO] [stderr]     12:     0x555d67ee431b - build_script_build[b0b18141b0dc0c4a]::main
[INFO] [stderr]     13:     0x555d67ee6f13 - <fn() -> core[a373ad73a504971]::result::Result<(), anyhow[78e98986fe01e196]::Error> as core[a373ad73a504971]::ops::function::FnOnce<()>>::call_once
[INFO] [stderr]     14:     0x555d67ee335e - std[617be2ca0a6fd877]::sys::backtrace::__rust_begin_short_backtrace::<fn() -> core[a373ad73a504971]::result::Result<(), anyhow[78e98986fe01e196]::Error>, core[a373ad73a504971]::result::Result<(), anyhow[78e98986fe01e196]::Error>>
[INFO] [stderr]     15:     0x555d67ee33a9 - std[617be2ca0a6fd877]::rt::lang_start::<core[a373ad73a504971]::result::Result<(), anyhow[78e98986fe01e196]::Error>>::{closure#0}
[INFO] [stderr]     16:     0x555d6842a018 - std[617be2ca0a6fd877]::rt::lang_start_internal
[INFO] [stderr]     17:     0x555d67ee2021 - std[617be2ca0a6fd877]::rt::lang_start::<core[a373ad73a504971]::result::Result<(), anyhow[78e98986fe01e196]::Error>>
[INFO] [stderr]     18:     0x555d67ee7315 - main
[INFO] [stderr]     19:     0x725e89d3d601 - <unknown>
[INFO] [stderr]     20:     0x725e89d3d718 - __libc_start_main
[INFO] [stderr]     21:     0x555d67edff65 - _start
[INFO] [stderr]     22:                0x0 - <unknown>
[INFO] running `Command { std: "docker" "inspect" "c5eab364dfdc39ae3ced3a47ddc8ae670f071343eadea78ea7d9fc04167deff4", kill_on_drop: false }`
[INFO] running `Command { std: "docker" "rm" "-f" "c5eab364dfdc39ae3ced3a47ddc8ae670f071343eadea78ea7d9fc04167deff4", kill_on_drop: false }`
[INFO] [stdout] c5eab364dfdc39ae3ced3a47ddc8ae670f071343eadea78ea7d9fc04167deff4
