[INFO] fetching crate ironflow-sdk 0.1.50...
[INFO] testing ironflow-sdk-0.1.50 against 1.100.0-beta.1+cargoflags=--release for beta-release-1.100-2
[INFO] extracting crate ironflow-sdk 0.1.50 into /workspace/builds/worker-4-tc2/source
[INFO] started tweaking crates.io crate ironflow-sdk 0.1.50
[INFO] removed 0 missing tests
[INFO] finished tweaking crates.io crate ironflow-sdk 0.1.50
[INFO] tweaked toml for crates.io crate ironflow-sdk 0.1.50 written to /workspace/builds/worker-4-tc2/source/Cargo.toml
[INFO] validating manifest of crates.io crate ironflow-sdk 0.1.50 on toolchain 1.100.0-beta.1
[INFO] running `Command { std: CARGO_HOME="/workspace/cargo-home" RUSTUP_HOME="/workspace/rustup-home" "/workspace/cargo-home/bin/cargo" "+1.100.0-beta.1" "metadata" "--manifest-path" "Cargo.toml" "--no-deps", kill_on_drop: false }`
[INFO] crate crates.io crate ironflow-sdk 0.1.50 already has a lockfile, it will not be regenerated
[INFO] running `Command { std: CARGO_HOME="/workspace/cargo-home" RUSTUP_HOME="/workspace/rustup-home" "/workspace/cargo-home/bin/cargo" "+1.100.0-beta.1" "fetch" "--manifest-path" "Cargo.toml", kill_on_drop: false }`
[INFO] [stderr]     Blocking waiting for file lock on package cache
[INFO] running `Command { std: "docker" "create" "-v" "/var/lib/crater-agent-workspace/builds/worker-4-tc2/source:/opt/rustwide/workdir:ro,Z" "-v" "/var/lib/crater-agent-workspace/builds/worker-4-tc2/target:/opt/rustwide/target:rw,Z" "-v" "/var/lib/crater-agent-workspace/cargo-home:/opt/rustwide/cargo-home:ro,Z" "-v" "/var/lib/crater-agent-workspace/rustup-home:/opt/rustwide/rustup-home:ro,Z" "-m" "1610612736" "--network" "none" "ghcr.io/rust-lang/crates-build-env/linux@sha256:77db811e55d90add9212f6832c23229e3de5f1c1f9905e8cb07319ea15df73ac" "sleep" "infinity", kill_on_drop: false }`
[INFO] [stdout] 1837fdda56ff4d8de4bfe626227361cd8bcfa47b0c54376bd9d85789bcf4338b
[INFO] running `Command { std: "docker" "start" "1837fdda56ff4d8de4bfe626227361cd8bcfa47b0c54376bd9d85789bcf4338b", kill_on_drop: false }`
[INFO] running `Command { std: "docker" "inspect" "1837fdda56ff4d8de4bfe626227361cd8bcfa47b0c54376bd9d85789bcf4338b", kill_on_drop: false }`
[INFO] running `Command { std: "docker" "exec" "-e" "SOURCE_DIR=/opt/rustwide/workdir" "-e" "CARGO_HOME=/opt/rustwide/cargo-home" "-e" "RUSTUP_HOME=/opt/rustwide/rustup-home" "-e" "CARGO_TARGET_DIR=/opt/rustwide/target" "-w" "/opt/rustwide/workdir" "--user" "0:0" "1837fdda56ff4d8de4bfe626227361cd8bcfa47b0c54376bd9d85789bcf4338b" "/opt/rustwide/cargo-home/bin/cargo" "+1.100.0-beta.1" "metadata" "--no-deps" "--format-version=1", kill_on_drop: false }`
[INFO] running `Command { std: "docker" "inspect" "1837fdda56ff4d8de4bfe626227361cd8bcfa47b0c54376bd9d85789bcf4338b", kill_on_drop: false }`
[INFO] running `Command { std: "docker" "exec" "-e" "SOURCE_DIR=/opt/rustwide/workdir" "-e" "CARGO_HOME=/opt/rustwide/cargo-home" "-e" "RUSTUP_HOME=/opt/rustwide/rustup-home" "-e" "CARGO_TARGET_DIR=/opt/rustwide/target" "-e" "CARGO_INCREMENTAL=0" "-e" "RUST_BACKTRACE=full" "-e" "RUSTFLAGS=--cap-lints=warn" "-e" "RUSTDOCFLAGS=--cap-lints=warn" "-w" "/opt/rustwide/workdir" "--user" "0:0" "1837fdda56ff4d8de4bfe626227361cd8bcfa47b0c54376bd9d85789bcf4338b" "/opt/rustwide/cargo-home/bin/cargo" "+1.100.0-beta.1" "build" "--frozen" "--message-format=json" "--release", kill_on_drop: false }`
[INFO] [stderr]    Compiling memchr v2.8.3
[INFO] [stderr]    Compiling zmij v1.0.23
[INFO] [stderr]    Compiling futures-core v0.3.34
[INFO] [stderr]    Compiling bytes v1.12.1
[INFO] [stderr]    Compiling serde_json v1.0.151
[INFO] [stderr]    Compiling writeable v0.6.4
[INFO] [stderr]    Compiling litemap v0.8.3
[INFO] [stderr]    Compiling syn v3.0.5
[INFO] [stderr]    Compiling syn v2.0.119
[INFO] [stderr]    Compiling num-traits v0.2.19
[INFO] [stderr]    Compiling smallvec v1.16.0
[INFO] [stderr]    Compiling utf8_iter v1.0.4
[INFO] [stderr]    Compiling mio v1.2.3
[INFO] [stderr]    Compiling socket2 v0.6.5
[INFO] [stderr]    Compiling cc v1.4.5
[INFO] [stderr]    Compiling icu_properties_data v2.3.0
[INFO] [stderr]    Compiling icu_normalizer_data v2.3.0
[INFO] [stderr]    Compiling percent-encoding v2.3.2
[INFO] [stderr]    Compiling allocator-api2 v0.2.21
[INFO] [stderr]    Compiling log v0.4.34
[INFO] [stderr]    Compiling foldhash v0.2.0
[INFO] [stderr]    Compiling schemars v0.8.22
[INFO] [stderr]    Compiling tokio v1.53.1
[INFO] [stderr]    Compiling thiserror v2.0.20
[INFO] [stderr]    Compiling dyn-clone v1.0.20
[INFO] [stderr]    Compiling futures-task v0.3.34
[INFO] [stderr]    Compiling uuid v1.26.0
[INFO] [stderr]    Compiling slab v0.4.12
[INFO] [stderr]    Compiling form_urlencoded v1.2.2
[INFO] [stderr]    Compiling semver v1.0.28
[INFO] [stderr]    Compiling httparse v1.10.1
[INFO] [stderr]    Compiling tower-service v0.3.3
[INFO] [stderr]    Compiling try-lock v0.2.5
[INFO] [stderr]    Compiling tracing-core v0.1.36
[INFO] [stderr]    Compiling futures-util v0.3.34
[INFO] [stderr]    Compiling want v0.3.1
[INFO] [stderr]    Compiling indexmap v2.14.2
[INFO] [stderr]    Compiling futures-channel v0.3.34
[INFO] [stderr]    Compiling hashbrown v0.16.1
[INFO] [stderr]    Compiling sync_wrapper v1.0.2
[INFO] [stderr]    Compiling http v1.5.0
[INFO] [stderr]    Compiling rustls v0.23.45
[INFO] [stderr]    Compiling atomic-waker v1.1.2
[INFO] [stderr]    Compiling aho-corasick v1.1.5
[INFO] [stderr]    Compiling regex-syntax v0.8.11
[INFO] [stderr]    Compiling tower-layer v0.3.3
[INFO] [stderr]    Compiling tracing v0.1.44
[INFO] [stderr]    Compiling ipnet v2.12.2
[INFO] [stderr]    Compiling futures-sink v0.3.34
[INFO] [stderr]    Compiling cmake v0.1.58
[INFO] [stderr]    Compiling chrono v0.4.45
[INFO] [stderr]    Compiling http-body v1.1.0
[INFO] [stderr]    Compiling base64 v0.22.1
[INFO] [stderr]    Compiling regress v0.11.1
[INFO] [stderr]    Compiling bitflags v2.13.1
[INFO] [stderr]    Compiling zerocopy v0.8.57
[INFO] [stderr]    Compiling http-body-util v0.1.5
[INFO] [stderr]    Compiling base64 v0.23.1
[INFO] [stderr]    Compiling aws-lc-sys v0.45.0
[INFO] [stderr]    Compiling prettyplease v0.2.37
[INFO] [stderr]    Compiling getrandom v0.3.4
[INFO] [stderr]    Compiling getrandom v0.4.3
[INFO] [stderr]    Compiling rand_core v0.9.5
[INFO] [stderr]    Compiling minimal-lexical v0.2.1
[INFO] [stderr]    Compiling rust_decimal v1.43.0
[INFO] [stderr]    Compiling nom v7.1.3
[INFO] [stderr]    Compiling regex-automata v0.4.18
[INFO] [stderr]    Compiling hyper v1.11.1
[INFO] [stderr]    Compiling tower v0.5.3
[INFO] [stderr]    Compiling tokio-util v0.7.19
[INFO] [stderr]    Compiling synstructure v0.13.2
[INFO] [stderr]    Compiling serde_derive_internals v0.29.1
[INFO] [stderr]    Compiling zerovec-derive v0.11.6
[INFO] [stderr]    Compiling displaydoc v0.2.7
[INFO] [stderr]    Compiling serde_derive v1.0.229
[INFO] [stderr]    Compiling thiserror-impl v2.0.20
[INFO] [stderr]    Compiling futures-macro v0.3.34
[INFO] [stderr]    Compiling hyper-util v0.1.20
[INFO] [stderr]    Compiling zerofrom-derive v0.1.7
[INFO] [stderr]    Compiling yoke-derive v0.8.2
[INFO] [stderr]    Compiling schemars_derive v0.8.22
[INFO] [stderr]    Compiling regex v1.13.1
[INFO] [stderr]    Compiling eventsource-stream v0.2.3
[INFO] [stderr]    Compiling zerofrom v0.1.8
[INFO] [stderr]    Compiling yoke v0.8.3
[INFO] [stderr]    Compiling zerovec v0.11.8
[INFO] [stderr]    Compiling zerotrie v0.2.5
[INFO] [stderr]    Compiling tinystr v0.8.4
[INFO] [stderr]    Compiling icu_locale_core v2.3.0
[INFO] [stderr]    Compiling potential_utf v0.1.6
[INFO] [stderr]    Compiling icu_collections v2.3.0
[INFO] [stderr]    Compiling ppv-lite86 v0.2.21
[INFO] [stderr]    Compiling icu_provider v2.3.1
[INFO] [stderr]    Compiling icu_normalizer v2.3.0
[INFO] [stderr]    Compiling icu_properties v2.3.0
[INFO] [stderr]    Compiling rand_chacha v0.9.0
[INFO] [stderr]    Compiling rand v0.9.5
[INFO] [stderr]    Compiling serde v1.0.229
[INFO] [stderr]    Compiling idna_adapter v1.2.2
[INFO] [stderr]    Compiling idna v1.1.0
[INFO] [stderr]    Compiling serde_tokenstream v0.2.3
[INFO] [stderr]    Compiling openapiv3 v2.2.0
[INFO] [stderr]    Compiling serde_urlencoded v0.7.1
[INFO] [stderr]    Compiling serde_yaml v0.9.34+deprecated
[INFO] [stderr]    Compiling url v2.5.8
[INFO] [stderr]    Compiling ironflow-types v0.2.2
[INFO] [stderr]    Compiling tower-http v0.6.11
[INFO] [stderr]    Compiling reqwest v0.13.5
[INFO] [stderr]    Compiling typify-impl v0.6.2
[INFO] [stderr]    Compiling progenitor-client v0.14.0
[INFO] [stderr]    Compiling typify-macro v0.6.2
[INFO] [stderr]    Compiling typify v0.6.2
[INFO] [stderr]    Compiling progenitor-impl v0.14.0
[INFO] [stderr]    Compiling progenitor-macro v0.14.0
[INFO] [stderr]    Compiling progenitor v0.14.0
[INFO] [stderr]    Compiling ironflow-sdk v0.1.50 (/opt/rustwide/workdir)
[INFO] [stderr]    Compiling aws-lc-rs v1.18.1
[INFO] [stderr]    Compiling rustls-webpki v0.103.15
[INFO] [stderr]    Compiling tokio-rustls v0.26.5
[INFO] [stderr]    Compiling rustls-platform-verifier v0.7.0
[INFO] [stderr]    Compiling hyper-rustls v0.27.9
[INFO] [stderr] warning: unused dependency `rust_decimal`
[INFO] [stderr]   --> Cargo.toml:40:15
[INFO] [stderr]    |
[INFO] [stderr] 40 | [dependencies.rust_decimal]
[INFO] [stderr]    |               ^^^^^^^^^^^^^
[INFO] [stderr]    |
[INFO] [stderr]    = note: `cargo::unused_dependencies` is set to `warn` by default
[INFO] [stderr] help: consider removing the dependency on `rust_decimal`
[INFO] [stderr] warning: `ironflow-sdk` (manifest) generated 1 warning
[INFO] [stderr]     Finished `release` profile [optimized] target(s) in 2m 28s
[INFO] running `Command { std: "docker" "inspect" "1837fdda56ff4d8de4bfe626227361cd8bcfa47b0c54376bd9d85789bcf4338b", kill_on_drop: false }`
[INFO] running `Command { std: "docker" "exec" "-e" "SOURCE_DIR=/opt/rustwide/workdir" "-e" "CARGO_HOME=/opt/rustwide/cargo-home" "-e" "RUSTUP_HOME=/opt/rustwide/rustup-home" "-e" "CARGO_TARGET_DIR=/opt/rustwide/target" "-e" "CARGO_INCREMENTAL=0" "-e" "RUST_BACKTRACE=full" "-e" "RUSTFLAGS=--cap-lints=warn" "-e" "RUSTDOCFLAGS=--cap-lints=warn" "-w" "/opt/rustwide/workdir" "--user" "0:0" "1837fdda56ff4d8de4bfe626227361cd8bcfa47b0c54376bd9d85789bcf4338b" "/opt/rustwide/cargo-home/bin/cargo" "+1.100.0-beta.1" "test" "--frozen" "--no-run" "--message-format=json" "--release", kill_on_drop: false }`
[INFO] [stderr]    Compiling serde_core v1.0.229
[INFO] [stderr]    Compiling parking_lot_core v0.9.12
[INFO] [stderr]    Compiling tokio-macros v2.7.2
[INFO] [stderr]    Compiling tracing v0.1.44
[INFO] [stderr]    Compiling serde_json v1.0.151
[INFO] [stderr]    Compiling bitflags v2.13.1
[INFO] [stderr]    Compiling nom v7.1.3
[INFO] [stderr]    Compiling matchit v0.8.4
[INFO] [stderr]    Compiling rustix v1.1.4
[INFO] [stderr]    Compiling parking_lot v0.12.5
[INFO] [stderr]    Compiling axum-core v0.5.6
[INFO] [stderr]    Compiling tokio v1.53.1
[INFO] [stderr]    Compiling eventsource-stream v0.2.3
[INFO] [stderr]    Compiling tempfile v3.27.0
[INFO] [stderr]    Compiling serde v1.0.229
[INFO] [stderr]    Compiling serde_path_to_error v0.1.20
[INFO] [stderr]    Compiling uuid v1.26.0
[INFO] [stderr]    Compiling serde_urlencoded v0.7.1
[INFO] [stderr]    Compiling rust_decimal v1.43.0
[INFO] [stderr]    Compiling chrono v0.4.45
[INFO] [stderr]    Compiling ironflow-types v0.2.2
[INFO] [stderr]    Compiling hyper v1.11.1
[INFO] [stderr]    Compiling tower v0.5.3
[INFO] [stderr]    Compiling tokio-rustls v0.26.5
[INFO] [stderr]    Compiling tokio-util v0.7.19
[INFO] [stderr]    Compiling tower-http v0.6.11
[INFO] [stderr]    Compiling hyper-util v0.1.20
[INFO] [stderr]    Compiling hyper-rustls v0.27.9
[INFO] [stderr]    Compiling axum v0.8.9
[INFO] [stderr]    Compiling reqwest v0.13.5
[INFO] [stderr]    Compiling progenitor-client v0.14.0
[INFO] [stderr]    Compiling ironflow-sdk v0.1.50 (/opt/rustwide/workdir)
[INFO] [stdout] error[E0433]: cannot find module or crate `ironflow_api` in this scope
[INFO] [stdout]  --> tests/sse_subscribe.rs:9:5
[INFO] [stdout]   |
[INFO] [stdout] 9 | use ironflow_api::routes::{RouterConfig, create_router};
[INFO] [stdout]   |     ^^^^^^^^^^^^ use of unresolved module or unlinked crate `ironflow_api`
[INFO] [stdout]   |
[INFO] [stdout] help: there is a crate or module with a similar name
[INFO] [stdout]   |
[INFO] [stdout] 9 - use ironflow_api::routes::{RouterConfig, create_router};
[INFO] [stdout] 9 + use ironflow_sdk::routes::{RouterConfig, create_router};
[INFO] [stdout]   |
[INFO] [stdout] 
[INFO] [stdout] 
[INFO] [stdout] error[E0433]: cannot find module or crate `ironflow_api` in this scope
[INFO] [stdout]   --> tests/sse_subscribe.rs:10:5
[INFO] [stdout]    |
[INFO] [stdout] 10 | use ironflow_api::state::AppState;
[INFO] [stdout]    |     ^^^^^^^^^^^^ use of unresolved module or unlinked crate `ironflow_api`
[INFO] [stdout]    |
[INFO] [stdout] help: there is a crate or module with a similar name
[INFO] [stdout]    |
[INFO] [stdout] 10 - use ironflow_api::state::AppState;
[INFO] [stdout] 10 + use ironflow_sdk::state::AppState;
[INFO] [stdout]    |
[INFO] [stdout] 
[INFO] [stdout] 
[INFO] [stdout] error[E0433]: cannot find module or crate `ironflow_auth` in this scope
[INFO] [stdout]   --> tests/sse_subscribe.rs:11:5
[INFO] [stdout]    |
[INFO] [stdout] 11 | use ironflow_auth::jwt::{AccessToken, JwtConfig};
[INFO] [stdout]    |     ^^^^^^^^^^^^^ use of unresolved module or unlinked crate `ironflow_auth`
[INFO] [stdout]    |
[INFO] [stdout] help: there is a crate or module with a similar name
[INFO] [stdout]    |
[INFO] [stdout] 11 - use ironflow_auth::jwt::{AccessToken, JwtConfig};
[INFO] [stdout] 11 + use ironflow_sdk::jwt::{AccessToken, JwtConfig};
[INFO] [stdout]    |
[INFO] [stdout] 
[INFO] [stdout] 
[INFO] [stdout] error[E0433]: cannot find module or crate `ironflow_core` in this scope
[INFO] [stdout]   --> tests/sse_subscribe.rs:13:5
[INFO] [stdout]    |
[INFO] [stdout] 13 | use ironflow_core::providers::claude::ClaudeCodeProvider;
[INFO] [stdout]    |     ^^^^^^^^^^^^^ use of unresolved module or unlinked crate `ironflow_core`
[INFO] [stdout]    |
[INFO] [stdout] help: there is a crate or module with a similar name
[INFO] [stdout]    |
[INFO] [stdout] 13 - use ironflow_core::providers::claude::ClaudeCodeProvider;
[INFO] [stdout] 13 + use ironflow_sdk::providers::claude::ClaudeCodeProvider;
[INFO] [stdout]    |
[INFO] [stdout] 
[INFO] [stdout] 
[INFO] [stdout] error[E0433]: cannot find module or crate `ironflow_engine` in this scope
[INFO] [stdout]   --> tests/sse_subscribe.rs:14:5
[INFO] [stdout]    |
[INFO] [stdout] 14 | use ironflow_engine::engine::Engine;
[INFO] [stdout]    |     ^^^^^^^^^^^^^^^ use of unresolved module or unlinked crate `ironflow_engine`
[INFO] [stdout]    |
[INFO] [stdout]    = help: if you wanted to use a crate named `ironflow_engine`, use `cargo add ironflow_engine` to add it to your `Cargo.toml`
[INFO] [stdout] 
[INFO] [stdout] 
[INFO] [stdout] error[E0433]: cannot find module or crate `ironflow_engine` in this scope
[INFO] [stdout]   --> tests/sse_subscribe.rs:15:5
[INFO] [stdout]    |
[INFO] [stdout] 15 | use ironflow_engine::notify::{Event, WorkflowEvent, WorkflowEventBus, WorkflowStepStartedEvent};
[INFO] [stdout]    |     ^^^^^^^^^^^^^^^ use of unresolved module or unlinked crate `ironflow_engine`
[INFO] [stdout]    |
[INFO] [stdout]    = help: if you wanted to use a crate named `ironflow_engine`, use `cargo add ironflow_engine` to add it to your `Cargo.toml`
[INFO] [stdout] 
[INFO] [stdout] 
[INFO] [stdout] error[E0433]: cannot find module or crate `ironflow_store` in this scope
[INFO] [stdout]   --> tests/sse_subscribe.rs:18:5
[INFO] [stdout]    |
[INFO] [stdout] 18 | use ironflow_store::entities::NewUser;
[INFO] [stdout]    |     ^^^^^^^^^^^^^^ use of unresolved module or unlinked crate `ironflow_store`
[INFO] [stdout]    |
[INFO] [stdout] help: there is a crate or module with a similar name
[INFO] [stdout]    |
[INFO] [stdout] 18 - use ironflow_store::entities::NewUser;
[INFO] [stdout] 18 + use ironflow_sdk::entities::NewUser;
[INFO] [stdout]    |
[INFO] [stdout] 
[INFO] [stdout] 
[INFO] [stdout] error[E0433]: cannot find module or crate `ironflow_store` in this scope
[INFO] [stdout]   --> tests/sse_subscribe.rs:19:5
[INFO] [stdout]    |
[INFO] [stdout] 19 | use ironflow_store::memory::InMemoryStore;
[INFO] [stdout]    |     ^^^^^^^^^^^^^^ use of unresolved module or unlinked crate `ironflow_store`
[INFO] [stdout]    |
[INFO] [stdout] help: there is a crate or module with a similar name
[INFO] [stdout]    |
[INFO] [stdout] 19 - use ironflow_store::memory::InMemoryStore;
[INFO] [stdout] 19 + use ironflow_sdk::memory::InMemoryStore;
[INFO] [stdout]    |
[INFO] [stdout] 
[INFO] [stdout] 
[INFO] [stdout] error[E0433]: cannot find module or crate `ironflow_store` in this scope
[INFO] [stdout]   --> tests/sse_subscribe.rs:20:5
[INFO] [stdout]    |
[INFO] [stdout] 20 | use ironflow_store::models::{NewRun, TriggerKind};
[INFO] [stdout]    |     ^^^^^^^^^^^^^^ use of unresolved module or unlinked crate `ironflow_store`
[INFO] [stdout]    |
[INFO] [stdout] help: there is a crate or module with a similar name
[INFO] [stdout]    |
[INFO] [stdout] 20 - use ironflow_store::models::{NewRun, TriggerKind};
[INFO] [stdout] 20 + use ironflow_sdk::models::{NewRun, TriggerKind};
[INFO] [stdout]    |
[INFO] [stdout] 
[INFO] [stdout] 
[INFO] [stdout] error[E0433]: cannot find module or crate `ironflow_store` in this scope
[INFO] [stdout]   --> tests/sse_subscribe.rs:21:5
[INFO] [stdout]    |
[INFO] [stdout] 21 | use ironflow_store::store::Store;
[INFO] [stdout]    |     ^^^^^^^^^^^^^^ use of unresolved module or unlinked crate `ironflow_store`
[INFO] [stdout]    |
[INFO] [stdout] help: there is a crate or module with a similar name
[INFO] [stdout]    |
[INFO] [stdout] 21 - use ironflow_store::store::Store;
[INFO] [stdout] 21 + use ironflow_sdk::store::Store;
[INFO] [stdout]    |
[INFO] [stdout] 
[INFO] [stdout] 
[INFO] [stdout] error[E0432]: unresolved import `ironflow_auth`
[INFO] [stdout]   --> tests/sse_subscribe.rs:12:5
[INFO] [stdout]    |
[INFO] [stdout] 12 | use ironflow_auth::password;
[INFO] [stdout]    |     ^^^^^^^^^^^^^ use of unresolved module or unlinked crate `ironflow_auth`
[INFO] [stdout]    |
[INFO] [stdout] help: there is a crate or module with a similar name
[INFO] [stdout]    |
[INFO] [stdout] 12 - use ironflow_auth::password;
[INFO] [stdout] 12 + use ironflow_sdk::password;
[INFO] [stdout]    |
[INFO] [stdout] 
[INFO] [stdout] 
[INFO] [stderr] error: could not compile `ironflow-sdk` (test "sse_subscribe") due to 11 previous errors
[INFO] [stdout] Some errors have detailed explanations: E0432, E0433.
[INFO] [stdout] 
[INFO] [stderr] warning: build failed, waiting for other jobs to finish...
[INFO] [stdout] For more information about an error, try `rustc --explain E0432`.
[INFO] [stdout] 
[INFO] [stdout] error[E0433]: cannot find module or crate `ironflow_api` in this scope
[INFO] [stdout]  --> tests/artifact.rs:6:5
[INFO] [stdout]   |
[INFO] [stdout] 6 | use ironflow_api::routes::{RouterConfig, create_router};
[INFO] [stdout]   |     ^^^^^^^^^^^^ use of unresolved module or unlinked crate `ironflow_api`
[INFO] [stdout]   |
[INFO] [stdout] help: there is a crate or module with a similar name
[INFO] [stdout]   |
[INFO] [stdout] 6 - use ironflow_api::routes::{RouterConfig, create_router};
[INFO] [stdout] 6 + use ironflow_sdk::routes::{RouterConfig, create_router};
[INFO] [stdout]   |
[INFO] [stdout] 
[INFO] [stdout] 
[INFO] [stdout] error[E0433]: cannot find module or crate `ironflow_api` in this scope
[INFO] [stdout]  --> tests/artifact.rs:7:5
[INFO] [stdout]   |
[INFO] [stdout] 7 | use ironflow_api::state::AppState;
[INFO] [stdout]   |     ^^^^^^^^^^^^ use of unresolved module or unlinked crate `ironflow_api`
[INFO] [stdout]   |
[INFO] [stdout] help: there is a crate or module with a similar name
[INFO] [stdout]   |
[INFO] [stdout] 7 - use ironflow_api::state::AppState;
[INFO] [stdout] 7 + use ironflow_sdk::state::AppState;
[INFO] [stdout]   |
[INFO] [stdout] 
[INFO] [stdout] 
[INFO] [stdout] error[E0433]: cannot find module or crate `ironflow_artifacts` in this scope
[INFO] [stdout]  --> tests/artifact.rs:8:5
[INFO] [stdout]   |
[INFO] [stdout] 8 | use ironflow_artifacts::blob_store::BlobStore;
[INFO] [stdout]   |     ^^^^^^^^^^^^^^^^^^ use of unresolved module or unlinked crate `ironflow_artifacts`
[INFO] [stdout]   |
[INFO] [stdout]   = help: if you wanted to use a crate named `ironflow_artifacts`, use `cargo add ironflow_artifacts` to add it to your `Cargo.toml`
[INFO] [stdout] 
[INFO] [stdout] 
[INFO] [stdout] error[E0433]: cannot find module or crate `ironflow_artifacts` in this scope
[INFO] [stdout]  --> tests/artifact.rs:9:5
[INFO] [stdout]   |
[INFO] [stdout] 9 | use ironflow_artifacts::local::LocalBlobStore;
[INFO] [stdout]   |     ^^^^^^^^^^^^^^^^^^ use of unresolved module or unlinked crate `ironflow_artifacts`
[INFO] [stdout]   |
[INFO] [stdout]   = help: if you wanted to use a crate named `ironflow_artifacts`, use `cargo add ironflow_artifacts` to add it to your `Cargo.toml`
[INFO] [stdout] 
[INFO] [stdout] 
[INFO] [stdout] error[E0433]: cannot find module or crate `ironflow_auth` in this scope
[INFO] [stdout]   --> tests/artifact.rs:11:5
[INFO] [stdout]    |
[INFO] [stdout] 11 | use ironflow_auth::jwt::{AccessToken, JwtConfig};
[INFO] [stdout]    |     ^^^^^^^^^^^^^ use of unresolved module or unlinked crate `ironflow_auth`
[INFO] [stdout]    |
[INFO] [stdout] help: there is a crate or module with a similar name
[INFO] [stdout]    |
[INFO] [stdout] 11 - use ironflow_auth::jwt::{AccessToken, JwtConfig};
[INFO] [stdout] 11 + use ironflow_sdk::jwt::{AccessToken, JwtConfig};
[INFO] [stdout]    |
[INFO] [stdout] 
[INFO] [stdout] 
[INFO] [stdout] error[E0432]: unresolved import `ironflow_artifacts`
[INFO] [stdout]   --> tests/artifact.rs:10:5
[INFO] [stdout]    |
[INFO] [stdout] 10 | use ironflow_artifacts::stream_from_bytes;
[INFO] [stdout]    |     ^^^^^^^^^^^^^^^^^^ use of unresolved module or unlinked crate `ironflow_artifacts`
[INFO] [stdout]    |
[INFO] [stdout]    = help: if you wanted to use a crate named `ironflow_artifacts`, use `cargo add ironflow_artifacts` to add it to your `Cargo.toml`
[INFO] [stdout] 
[INFO] [stdout] 
[INFO] [stdout] error[E0433]: cannot find module or crate `ironflow_core` in this scope
[INFO] [stdout]   --> tests/artifact.rs:13:5
[INFO] [stdout]    |
[INFO] [stdout] 13 | use ironflow_core::providers::claude::ClaudeCodeProvider;
[INFO] [stdout]    |     ^^^^^^^^^^^^^ use of unresolved module or unlinked crate `ironflow_core`
[INFO] [stdout]    |
[INFO] [stdout] help: there is a crate or module with a similar name
[INFO] [stdout]    |
[INFO] [stdout] 13 - use ironflow_core::providers::claude::ClaudeCodeProvider;
[INFO] [stdout] 13 + use ironflow_sdk::providers::claude::ClaudeCodeProvider;
[INFO] [stdout]    |
[INFO] [stdout] 
[INFO] [stdout] 
[INFO] [stdout] error[E0433]: cannot find module or crate `ironflow_engine` in this scope
[INFO] [stdout]   --> tests/artifact.rs:14:5
[INFO] [stdout]    |
[INFO] [stdout] 14 | use ironflow_engine::context::WorkflowContext;
[INFO] [stdout]    |     ^^^^^^^^^^^^^^^ use of unresolved module or unlinked crate `ironflow_engine`
[INFO] [stdout]    |
[INFO] [stdout]    = help: if you wanted to use a crate named `ironflow_engine`, use `cargo add ironflow_engine` to add it to your `Cargo.toml`
[INFO] [stdout] 
[INFO] [stdout] 
[INFO] [stdout] error[E0433]: cannot find module or crate `ironflow_engine` in this scope
[INFO] [stdout]   --> tests/artifact.rs:15:5
[INFO] [stdout]    |
[INFO] [stdout] 15 | use ironflow_engine::engine::Engine;
[INFO] [stdout]    |     ^^^^^^^^^^^^^^^ use of unresolved module or unlinked crate `ironflow_engine`
[INFO] [stdout]    |
[INFO] [stdout]    = help: if you wanted to use a crate named `ironflow_engine`, use `cargo add ironflow_engine` to add it to your `Cargo.toml`
[INFO] [stdout] 
[INFO] [stdout] 
[INFO] [stdout] error[E0433]: cannot find module or crate `ironflow_engine` in this scope
[INFO] [stdout]   --> tests/artifact.rs:16:5
[INFO] [stdout]    |
[INFO] [stdout] 16 | use ironflow_engine::handler::{HandlerFuture, WorkflowHandler};
[INFO] [stdout]    |     ^^^^^^^^^^^^^^^ use of unresolved module or unlinked crate `ironflow_engine`
[INFO] [stdout]    |
[INFO] [stdout]    = help: if you wanted to use a crate named `ironflow_engine`, use `cargo add ironflow_engine` to add it to your `Cargo.toml`
[INFO] [stdout] 
[INFO] [stdout] 
[INFO] [stdout] error[E0433]: cannot find module or crate `ironflow_engine` in this scope
[INFO] [stdout]   --> tests/artifact.rs:17:5
[INFO] [stdout]    |
[INFO] [stdout] 17 | use ironflow_engine::notify::Event;
[INFO] [stdout]    |     ^^^^^^^^^^^^^^^ use of unresolved module or unlinked crate `ironflow_engine`
[INFO] [stdout]    |
[INFO] [stdout]    = help: if you wanted to use a crate named `ironflow_engine`, use `cargo add ironflow_engine` to add it to your `Cargo.toml`
[INFO] [stdout] 
[INFO] [stdout] 
[INFO] [stdout] error[E0433]: cannot find module or crate `ironflow_store` in this scope
[INFO] [stdout]   --> tests/artifact.rs:20:5
[INFO] [stdout]    |
[INFO] [stdout] 20 | use ironflow_store::entities::{NewUser, RunActor};
[INFO] [stdout]    |     ^^^^^^^^^^^^^^ use of unresolved module or unlinked crate `ironflow_store`
[INFO] [stdout]    |
[INFO] [stdout] help: there is a crate or module with a similar name
[INFO] [stdout]    |
[INFO] [stdout] 20 - use ironflow_store::entities::{NewUser, RunActor};
[INFO] [stdout] 20 + use ironflow_sdk::entities::{NewUser, RunActor};
[INFO] [stdout]    |
[INFO] [stdout] 
[INFO] [stdout] 
[INFO] [stdout] error[E0433]: cannot find module or crate `ironflow_store` in this scope
[INFO] [stdout]   --> tests/artifact.rs:21:5
[INFO] [stdout]    |
[INFO] [stdout] 21 | use ironflow_store::memory::InMemoryStore;
[INFO] [stdout]    |     ^^^^^^^^^^^^^^ use of unresolved module or unlinked crate `ironflow_store`
[INFO] [stdout]    |
[INFO] [stdout] help: there is a crate or module with a similar name
[INFO] [stdout]    |
[INFO] [stdout] 21 - use ironflow_store::memory::InMemoryStore;
[INFO] [stdout] 21 + use ironflow_sdk::memory::InMemoryStore;
[INFO] [stdout]    |
[INFO] [stdout] 
[INFO] [stdout] 
[INFO] [stdout] error[E0433]: cannot find module or crate `ironflow_store` in this scope
[INFO] [stdout]   --> tests/artifact.rs:22:5
[INFO] [stdout]    |
[INFO] [stdout] 22 | use ironflow_store::models::{NewArtifact, NewStep, StepKind, step_trace_id};
[INFO] [stdout]    |     ^^^^^^^^^^^^^^ use of unresolved module or unlinked crate `ironflow_store`
[INFO] [stdout]    |
[INFO] [stdout] help: there is a crate or module with a similar name
[INFO] [stdout]    |
[INFO] [stdout] 22 - use ironflow_store::models::{NewArtifact, NewStep, StepKind, step_trace_id};
[INFO] [stdout] 22 + use ironflow_sdk::models::{NewArtifact, NewStep, StepKind, step_trace_id};
[INFO] [stdout]    |
[INFO] [stdout] 
[INFO] [stdout] 
[INFO] [stdout] error[E0433]: cannot find module or crate `ironflow_store` in this scope
[INFO] [stdout]   --> tests/artifact.rs:23:5
[INFO] [stdout]    |
[INFO] [stdout] 23 | use ironflow_store::store::Store;
[INFO] [stdout]    |     ^^^^^^^^^^^^^^ use of unresolved module or unlinked crate `ironflow_store`
[INFO] [stdout]    |
[INFO] [stdout] help: there is a crate or module with a similar name
[INFO] [stdout]    |
[INFO] [stdout] 23 - use ironflow_store::store::Store;
[INFO] [stdout] 23 + use ironflow_sdk::store::Store;
[INFO] [stdout]    |
[INFO] [stdout] 
[INFO] [stdout] 
[INFO] [stdout] error[E0432]: unresolved import `ironflow_auth`
[INFO] [stdout]   --> tests/artifact.rs:12:5
[INFO] [stdout]    |
[INFO] [stdout] 12 | use ironflow_auth::password;
[INFO] [stdout]    |     ^^^^^^^^^^^^^ use of unresolved module or unlinked crate `ironflow_auth`
[INFO] [stdout]    |
[INFO] [stdout] help: there is a crate or module with a similar name
[INFO] [stdout]    |
[INFO] [stdout] 12 - use ironflow_auth::password;
[INFO] [stdout] 12 + use ironflow_sdk::password;
[INFO] [stdout]    |
[INFO] [stdout] 
[INFO] [stdout] 
[INFO] [stdout] error[E0433]: cannot find module or crate `ironflow_api` in this scope
[INFO] [stdout]  --> tests/integration.rs:6:5
[INFO] [stdout]   |
[INFO] [stdout] 6 | use ironflow_api::routes::{RouterConfig, create_router};
[INFO] [stdout]   |     ^^^^^^^^^^^^ use of unresolved module or unlinked crate `ironflow_api`
[INFO] [stdout]   |
[INFO] [stdout] help: there is a crate or module with a similar name
[INFO] [stdout]   |
[INFO] [stdout] 6 - use ironflow_api::routes::{RouterConfig, create_router};
[INFO] [stdout] 6 + use ironflow_sdk::routes::{RouterConfig, create_router};
[INFO] [stdout]   |
[INFO] [stdout] 
[INFO] [stdout] 
[INFO] [stdout] error[E0433]: cannot find module or crate `ironflow_api` in this scope
[INFO] [stdout]  --> tests/integration.rs:7:5
[INFO] [stdout]   |
[INFO] [stdout] 7 | use ironflow_api::state::AppState;
[INFO] [stdout]   |     ^^^^^^^^^^^^ use of unresolved module or unlinked crate `ironflow_api`
[INFO] [stdout]   |
[INFO] [stdout] help: there is a crate or module with a similar name
[INFO] [stdout]   |
[INFO] [stdout] 7 - use ironflow_api::state::AppState;
[INFO] [stdout] 7 + use ironflow_sdk::state::AppState;
[INFO] [stdout]   |
[INFO] [stdout] 
[INFO] [stdout] 
[INFO] [stdout] error[E0433]: cannot find module or crate `ironflow_auth` in this scope
[INFO] [stdout]  --> tests/integration.rs:8:5
[INFO] [stdout]   |
[INFO] [stdout] 8 | use ironflow_auth::jwt::{AccessToken, JwtConfig};
[INFO] [stdout]   |     ^^^^^^^^^^^^^ use of unresolved module or unlinked crate `ironflow_auth`
[INFO] [stdout]   |
[INFO] [stdout] help: there is a crate or module with a similar name
[INFO] [stdout]   |
[INFO] [stdout] 8 - use ironflow_auth::jwt::{AccessToken, JwtConfig};
[INFO] [stdout] 8 + use ironflow_sdk::jwt::{AccessToken, JwtConfig};
[INFO] [stdout]   |
[INFO] [stdout] 
[INFO] [stdout] 
[INFO] [stdout] error[E0433]: cannot find module or crate `ironflow_core` in this scope
[INFO] [stdout]   --> tests/integration.rs:10:5
[INFO] [stdout]    |
[INFO] [stdout] 10 | use ironflow_core::providers::claude::ClaudeCodeProvider;
[INFO] [stdout]    |     ^^^^^^^^^^^^^ use of unresolved module or unlinked crate `ironflow_core`
[INFO] [stdout]    |
[INFO] [stdout] help: there is a crate or module with a similar name
[INFO] [stdout]    |
[INFO] [stdout] 10 - use ironflow_core::providers::claude::ClaudeCodeProvider;
[INFO] [stdout] 10 + use ironflow_sdk::providers::claude::ClaudeCodeProvider;
[INFO] [stdout]    |
[INFO] [stdout] 
[INFO] [stdout] 
[INFO] [stdout] error[E0433]: cannot find module or crate `ironflow_engine` in this scope
[INFO] [stdout]   --> tests/integration.rs:11:5
[INFO] [stdout]    |
[INFO] [stdout] 11 | use ironflow_engine::config::ShellConfig;
[INFO] [stdout]    |     ^^^^^^^^^^^^^^^ use of unresolved module or unlinked crate `ironflow_engine`
[INFO] [stdout]    |
[INFO] [stdout]    = help: if you wanted to use a crate named `ironflow_engine`, use `cargo add ironflow_engine` to add it to your `Cargo.toml`
[INFO] [stdout] 
[INFO] [stdout] 
[INFO] [stdout] error[E0433]: cannot find module or crate `ironflow_engine` in this scope
[INFO] [stdout]   --> tests/integration.rs:12:5
[INFO] [stdout]    |
[INFO] [stdout] 12 | use ironflow_engine::context::WorkflowContext;
[INFO] [stdout]    |     ^^^^^^^^^^^^^^^ use of unresolved module or unlinked crate `ironflow_engine`
[INFO] [stdout]    |
[INFO] [stdout]    = help: if you wanted to use a crate named `ironflow_engine`, use `cargo add ironflow_engine` to add it to your `Cargo.toml`
[INFO] [stdout] 
[INFO] [stdout] 
[INFO] [stdout] error[E0433]: cannot find module or crate `ironflow_engine` in this scope
[INFO] [stdout]   --> tests/integration.rs:13:5
[INFO] [stdout]    |
[INFO] [stdout] 13 | use ironflow_engine::engine::Engine;
[INFO] [stdout]    |     ^^^^^^^^^^^^^^^ use of unresolved module or unlinked crate `ironflow_engine`
[INFO] [stdout]    |
[INFO] [stdout]    = help: if you wanted to use a crate named `ironflow_engine`, use `cargo add ironflow_engine` to add it to your `Cargo.toml`
[INFO] [stdout] 
[INFO] [stdout] 
[INFO] [stdout] error[E0433]: cannot find module or crate `ironflow_engine` in this scope
[INFO] [stdout]   --> tests/integration.rs:14:5
[INFO] [stdout]    |
[INFO] [stdout] 14 | use ironflow_engine::handler::{HandlerFuture, WorkflowHandler};
[INFO] [stdout]    |     ^^^^^^^^^^^^^^^ use of unresolved module or unlinked crate `ironflow_engine`
[INFO] [stdout]    |
[INFO] [stdout]    = help: if you wanted to use a crate named `ironflow_engine`, use `cargo add ironflow_engine` to add it to your `Cargo.toml`
[INFO] [stdout] 
[INFO] [stdout] 
[INFO] [stdout] error[E0433]: cannot find module or crate `ironflow_engine` in this scope
[INFO] [stdout]   --> tests/integration.rs:15:5
[INFO] [stdout]    |
[INFO] [stdout] 15 | use ironflow_engine::notify::Event;
[INFO] [stdout]    |     ^^^^^^^^^^^^^^^ use of unresolved module or unlinked crate `ironflow_engine`
[INFO] [stdout]    |
[INFO] [stdout]    = help: if you wanted to use a crate named `ironflow_engine`, use `cargo add ironflow_engine` to add it to your `Cargo.toml`
[INFO] [stdout] 
[INFO] [stdout] 
[INFO] [stdout] error[E0433]: cannot find module or crate `ironflow_store` in this scope
[INFO] [stdout]   --> tests/integration.rs:19:5
[INFO] [stdout]    |
[INFO] [stdout] 19 | use ironflow_store::entities::{
[INFO] [stdout]    |     ^^^^^^^^^^^^^^ use of unresolved module or unlinked crate `ironflow_store`
[INFO] [stdout]    |
[INFO] [stdout] help: there is a crate or module with a similar name
[INFO] [stdout]    |
[INFO] [stdout] 19 - use ironflow_store::entities::{
[INFO] [stdout] 19 + use ironflow_sdk::entities::{
[INFO] [stdout]    |
[INFO] [stdout] 
[INFO] [stdout] 
[INFO] [stdout] error[E0433]: cannot find module or crate `ironflow_store` in this scope
[INFO] [stdout]   --> tests/integration.rs:22:5
[INFO] [stdout]    |
[INFO] [stdout] 22 | use ironflow_store::memory::InMemoryStore;
[INFO] [stdout]    |     ^^^^^^^^^^^^^^ use of unresolved module or unlinked crate `ironflow_store`
[INFO] [stdout]    |
[INFO] [stdout] help: there is a crate or module with a similar name
[INFO] [stdout]    |
[INFO] [stdout] 22 - use ironflow_store::memory::InMemoryStore;
[INFO] [stdout] 22 + use ironflow_sdk::memory::InMemoryStore;
[INFO] [stdout]    |
[INFO] [stdout] 
[INFO] [stdout] 
[INFO] [stdout] error[E0433]: cannot find module or crate `ironflow_store` in this scope
[INFO] [stdout]   --> tests/integration.rs:23:5
[INFO] [stdout]    |
[INFO] [stdout] 23 | use ironflow_store::store::Store;
[INFO] [stdout]    |     ^^^^^^^^^^^^^^ use of unresolved module or unlinked crate `ironflow_store`
[INFO] [stdout]    |
[INFO] [stdout] help: there is a crate or module with a similar name
[INFO] [stdout]    |
[INFO] [stdout] 23 - use ironflow_store::store::Store;
[INFO] [stdout] 23 + use ironflow_sdk::store::Store;
[INFO] [stdout]    |
[INFO] [stdout] 
[INFO] [stdout] 
[INFO] [stdout] error[E0432]: unresolved import `ironflow_auth`
[INFO] [stdout]  --> tests/integration.rs:9:5
[INFO] [stdout]   |
[INFO] [stdout] 9 | use ironflow_auth::password;
[INFO] [stdout]   |     ^^^^^^^^^^^^^ use of unresolved module or unlinked crate `ironflow_auth`
[INFO] [stdout]   |
[INFO] [stdout] help: there is a crate or module with a similar name
[INFO] [stdout]   |
[INFO] [stdout] 9 - use ironflow_auth::password;
[INFO] [stdout] 9 + use ironflow_sdk::password;
[INFO] [stdout]   |
[INFO] [stdout] 
[INFO] [stdout] 
[INFO] [stdout] error[E0433]: cannot find module or crate `ironflow_store` in this scope
[INFO] [stdout]   --> tests/artifact.rs:82:21
[INFO] [stdout]    |
[INFO] [stdout] 82 |         .create_run(ironflow_store::models::NewRun {
[INFO] [stdout]    |                     ^^^^^^^^^^^^^^ use of unresolved module or unlinked crate `ironflow_store`
[INFO] [stdout]    |
[INFO] [stdout] help: there is a crate or module with a similar name
[INFO] [stdout]    |
[INFO] [stdout] 82 -         .create_run(ironflow_store::models::NewRun {
[INFO] [stdout] 82 +         .create_run(ironflow_sdk::models::NewRun {
[INFO] [stdout]    |
[INFO] [stdout] 
[INFO] [stdout] 
[INFO] [stdout] Some errors have detailed explanations: E0432, E0433.
[INFO] [stdout] 
[INFO] [stdout] For more information about an error, try `rustc --explain E0432`.
[INFO] [stdout] 
[INFO] [stderr] error: could not compile `ironflow-sdk` (test "integration") due to 13 previous errors
[INFO] [stdout] error[E0433]: cannot find module or crate `ironflow_store` in this scope
[INFO] [stdout]   --> tests/artifact.rs:85:22
[INFO] [stdout]    |
[INFO] [stdout] 85 |             trigger: ironflow_store::models::TriggerKind::Manual,
[INFO] [stdout]    |                      ^^^^^^^^^^^^^^ use of unresolved module or unlinked crate `ironflow_store`
[INFO] [stdout]    |
[INFO] [stdout] help: there is a crate or module with a similar name
[INFO] [stdout]    |
[INFO] [stdout] 85 -             trigger: ironflow_store::models::TriggerKind::Manual,
[INFO] [stdout] 85 +             trigger: ironflow_sdk::models::TriggerKind::Manual,
[INFO] [stdout]    |
[INFO] [stdout] 
[INFO] [stdout] 
[INFO] [stdout] Some errors have detailed explanations: E0432, E0433.
[INFO] [stdout] 
[INFO] [stdout] For more information about an error, try `rustc --explain E0432`.
[INFO] [stdout] 
[INFO] [stderr] error: could not compile `ironflow-sdk` (test "artifact") due to 18 previous errors
[INFO] [stderr] warning: unused dependency `rust_decimal`
[INFO] [stderr]   --> Cargo.toml:40:15
[INFO] [stderr]    |
[INFO] [stderr] 40 | [dependencies.rust_decimal]
[INFO] [stderr]    |               ^^^^^^^^^^^^^
[INFO] [stderr]    |
[INFO] [stderr]    = note: `cargo::unused_dependencies` is set to `warn` by default
[INFO] [stderr] help: consider removing the dependency on `rust_decimal`
[INFO] [stderr] warning: `ironflow-sdk` (manifest) generated 1 warning
[INFO] running `Command { std: "docker" "inspect" "1837fdda56ff4d8de4bfe626227361cd8bcfa47b0c54376bd9d85789bcf4338b", kill_on_drop: false }`
[INFO] running `Command { std: "docker" "rm" "-f" "1837fdda56ff4d8de4bfe626227361cd8bcfa47b0c54376bd9d85789bcf4338b", kill_on_drop: false }`
[INFO] [stdout] 1837fdda56ff4d8de4bfe626227361cd8bcfa47b0c54376bd9d85789bcf4338b
