[INFO] fetching crate iracing 0.4.1...
[INFO] testing iracing-0.4.1 against 1.99.0-beta.8+cargoflags=--release for beta-release-1.100-2
[INFO] extracting crate iracing 0.4.1 into /workspace/builds/worker-3-tc1/source
[INFO] started tweaking crates.io crate iracing 0.4.1
[INFO] finished tweaking crates.io crate iracing 0.4.1
[INFO] tweaked toml for crates.io crate iracing 0.4.1 written to /workspace/builds/worker-3-tc1/source/Cargo.toml
[INFO] validating manifest of crates.io crate iracing 0.4.1 on toolchain 1.99.0-beta.8
[INFO] running `Command { std: CARGO_HOME="/workspace/cargo-home" RUSTUP_HOME="/workspace/rustup-home" "/workspace/cargo-home/bin/cargo" "+1.99.0-beta.8" "metadata" "--manifest-path" "Cargo.toml" "--no-deps", kill_on_drop: false }`
[INFO] crate crates.io crate iracing 0.4.1 already has a lockfile, it will not be regenerated
[INFO] running `Command { std: CARGO_HOME="/workspace/cargo-home" RUSTUP_HOME="/workspace/rustup-home" "/workspace/cargo-home/bin/cargo" "+1.99.0-beta.8" "fetch" "--manifest-path" "Cargo.toml", kill_on_drop: false }`
[INFO] [stderr]  Downloading crates ...
[INFO] [stderr]   Downloaded serde_yaml v0.8.11
[INFO] [stderr]   Downloaded yaml-rust v0.4.3
[INFO] [stderr]   Downloaded syn v1.0.16
[INFO] [stderr]   Downloaded libc v0.2.67
[INFO] running `Command { std: "docker" "create" "-v" "/var/lib/crater-agent-workspace/builds/worker-3-tc1/source:/opt/rustwide/workdir:ro,Z" "-v" "/var/lib/crater-agent-workspace/builds/worker-3-tc1/target:/opt/rustwide/target:rw,Z" "-v" "/var/lib/crater-agent-workspace/cargo-home:/opt/rustwide/cargo-home:ro,Z" "-v" "/var/lib/crater-agent-workspace/rustup-home:/opt/rustwide/rustup-home:ro,Z" "-m" "1610612736" "--network" "none" "ghcr.io/rust-lang/crates-build-env/linux@sha256:77db811e55d90add9212f6832c23229e3de5f1c1f9905e8cb07319ea15df73ac" "sleep" "infinity", kill_on_drop: false }`
[INFO] [stdout] b4ad146f5af2a1026a6e09bfa4b62d9a74317ff9359b0c609d58baeb67aabd17
[INFO] running `Command { std: "docker" "start" "b4ad146f5af2a1026a6e09bfa4b62d9a74317ff9359b0c609d58baeb67aabd17", kill_on_drop: false }`
[INFO] running `Command { std: "docker" "inspect" "b4ad146f5af2a1026a6e09bfa4b62d9a74317ff9359b0c609d58baeb67aabd17", kill_on_drop: false }`
[INFO] running `Command { std: "docker" "exec" "-e" "SOURCE_DIR=/opt/rustwide/workdir" "-e" "CARGO_HOME=/opt/rustwide/cargo-home" "-e" "RUSTUP_HOME=/opt/rustwide/rustup-home" "-e" "CARGO_TARGET_DIR=/opt/rustwide/target" "-w" "/opt/rustwide/workdir" "--user" "0:0" "b4ad146f5af2a1026a6e09bfa4b62d9a74317ff9359b0c609d58baeb67aabd17" "/opt/rustwide/cargo-home/bin/cargo" "+1.99.0-beta.8" "metadata" "--no-deps" "--format-version=1", kill_on_drop: false }`
[INFO] running `Command { std: "docker" "inspect" "b4ad146f5af2a1026a6e09bfa4b62d9a74317ff9359b0c609d58baeb67aabd17", kill_on_drop: false }`
[INFO] running `Command { std: "docker" "exec" "-e" "SOURCE_DIR=/opt/rustwide/workdir" "-e" "CARGO_HOME=/opt/rustwide/cargo-home" "-e" "RUSTUP_HOME=/opt/rustwide/rustup-home" "-e" "CARGO_TARGET_DIR=/opt/rustwide/target" "-e" "CARGO_INCREMENTAL=0" "-e" "RUST_BACKTRACE=full" "-e" "RUSTFLAGS=--cap-lints=warn" "-e" "RUSTDOCFLAGS=--cap-lints=warn" "-w" "/opt/rustwide/workdir" "--user" "0:0" "b4ad146f5af2a1026a6e09bfa4b62d9a74317ff9359b0c609d58baeb67aabd17" "/opt/rustwide/cargo-home/bin/cargo" "+1.99.0-beta.8" "build" "--frozen" "--message-format=json" "--release", kill_on_drop: false }`
[INFO] [stderr]    Compiling proc-macro2 v1.0.9
[INFO] [stderr]    Compiling encoding_index_tests v0.1.4
[INFO] [stderr]    Compiling unicode-xid v0.2.0
[INFO] [stderr]    Compiling syn v1.0.16
[INFO] [stderr]    Compiling serde v1.0.104
[INFO] [stderr]    Compiling winapi v0.3.8
[INFO] [stderr]    Compiling libc v0.2.67
[INFO] [stderr]    Compiling linked-hash-map v0.5.2
[INFO] [stderr]    Compiling bitflags v1.2.1
[INFO] [stderr]    Compiling dtoa v0.4.5
[INFO] [stderr]    Compiling encoding-index-japanese v1.20141219.5
[INFO] [stderr]    Compiling encoding-index-tradchinese v1.20141219.5
[INFO] [stderr]    Compiling encoding-index-korean v1.20141219.5
[INFO] [stderr]    Compiling encoding-index-simpchinese v1.20141219.5
[INFO] [stderr]    Compiling encoding-index-singlebyte v1.20141219.5
[INFO] [stderr]    Compiling yaml-rust v0.4.3
[INFO] [stderr]    Compiling encoding v0.2.33
[INFO] [stderr]    Compiling quote v1.0.2
[INFO] [stderr]    Compiling serde_derive v1.0.104
[INFO] [stderr]    Compiling serde_yaml v0.8.11
[INFO] [stderr]    Compiling iracing v0.4.1 (/opt/rustwide/workdir)
[INFO] [stdout] warning: unexpected `cfg` condition value: `cargo-clippy`
[INFO] [stdout]  --> src/session.rs:7:24
[INFO] [stdout]   |
[INFO] [stdout] 7 | #[derive(Debug, Clone, Serialize, Deserialize)]
[INFO] [stdout]   |                        ^^^^^^^^^
[INFO] [stdout]   |
[INFO] [stdout]   = note: no expected values for `feature`
[INFO] [stdout]   = note: using a cfg inside a derive macro will use the cfgs from the destination crate and not the ones from the defining crate
[INFO] [stdout]   = help: try referring to `Serialize` crate for guidance on how handle this unexpected cfg
[INFO] [stdout]   = note: see <https://doc.rust-lang.org/nightly/rustc/check-cfg/cargo-specifics.html> for more information about checking conditional configuration
[INFO] [stdout]   = note: `#[warn(unexpected_cfgs)]` on by default
[INFO] [stdout]   = note: this warning originates in the derive macro `Serialize` (in Nightly builds, run with -Z macro-backtrace for more info)
[INFO] [stdout] 
[INFO] [stdout] 
[INFO] [stdout] warning: unexpected `cfg` condition value: `cargo-clippy`
[INFO] [stdout]  --> src/session.rs:7:35
[INFO] [stdout]   |
[INFO] [stdout] 7 | #[derive(Debug, Clone, Serialize, Deserialize)]
[INFO] [stdout]   |                                   ^^^^^^^^^^^
[INFO] [stdout]   |
[INFO] [stdout]   = note: no expected values for `feature`
[INFO] [stdout]   = note: using a cfg inside a derive macro will use the cfgs from the destination crate and not the ones from the defining crate
[INFO] [stdout]   = help: try referring to `Deserialize` crate for guidance on how handle this unexpected cfg
[INFO] [stdout]   = note: see <https://doc.rust-lang.org/nightly/rustc/check-cfg/cargo-specifics.html> for more information about checking conditional configuration
[INFO] [stdout]   = note: this warning originates in the derive macro `Deserialize` (in Nightly builds, run with -Z macro-backtrace for more info)
[INFO] [stdout] 
[INFO] [stdout] 
[INFO] [stdout] warning: unexpected `cfg` condition value: `cargo-clippy`
[INFO] [stdout]   --> src/session.rs:22:24
[INFO] [stdout]    |
[INFO] [stdout] 22 | #[derive(Debug, Clone, Serialize, Deserialize)]
[INFO] [stdout]    |                        ^^^^^^^^^
[INFO] [stdout]    |
[INFO] [stdout]    = note: no expected values for `feature`
[INFO] [stdout]    = note: using a cfg inside a derive macro will use the cfgs from the destination crate and not the ones from the defining crate
[INFO] [stdout]    = help: try referring to `Serialize` crate for guidance on how handle this unexpected cfg
[INFO] [stdout]    = note: see <https://doc.rust-lang.org/nightly/rustc/check-cfg/cargo-specifics.html> for more information about checking conditional configuration
[INFO] [stdout]    = note: this warning originates in the derive macro `Serialize` (in Nightly builds, run with -Z macro-backtrace for more info)
[INFO] [stdout] 
[INFO] [stdout] 
[INFO] [stdout] warning: unexpected `cfg` condition value: `cargo-clippy`
[INFO] [stdout]   --> src/session.rs:22:35
[INFO] [stdout]    |
[INFO] [stdout] 22 | #[derive(Debug, Clone, Serialize, Deserialize)]
[INFO] [stdout]    |                                   ^^^^^^^^^^^
[INFO] [stdout]    |
[INFO] [stdout]    = note: no expected values for `feature`
[INFO] [stdout]    = note: using a cfg inside a derive macro will use the cfgs from the destination crate and not the ones from the defining crate
[INFO] [stdout]    = help: try referring to `Deserialize` crate for guidance on how handle this unexpected cfg
[INFO] [stdout]    = note: see <https://doc.rust-lang.org/nightly/rustc/check-cfg/cargo-specifics.html> for more information about checking conditional configuration
[INFO] [stdout]    = note: this warning originates in the derive macro `Deserialize` (in Nightly builds, run with -Z macro-backtrace for more info)
[INFO] [stdout] 
[INFO] [stdout] 
[INFO] [stdout] warning: unexpected `cfg` condition value: `cargo-clippy`
[INFO] [stdout]    --> src/session.rs:108:24
[INFO] [stdout]     |
[INFO] [stdout] 108 | #[derive(Debug, Clone, Serialize, Deserialize)]
[INFO] [stdout]     |                        ^^^^^^^^^
[INFO] [stdout]     |
[INFO] [stdout]     = note: no expected values for `feature`
[INFO] [stdout]     = note: using a cfg inside a derive macro will use the cfgs from the destination crate and not the ones from the defining crate
[INFO] [stdout]     = help: try referring to `Serialize` crate for guidance on how handle this unexpected cfg
[INFO] [stdout]     = note: see <https://doc.rust-lang.org/nightly/rustc/check-cfg/cargo-specifics.html> for more information about checking conditional configuration
[INFO] [stdout]     = note: this warning originates in the derive macro `Serialize` (in Nightly builds, run with -Z macro-backtrace for more info)
[INFO] [stdout] 
[INFO] [stdout] 
[INFO] [stdout] warning: unexpected `cfg` condition value: `cargo-clippy`
[INFO] [stdout]    --> src/session.rs:108:35
[INFO] [stdout]     |
[INFO] [stdout] 108 | #[derive(Debug, Clone, Serialize, Deserialize)]
[INFO] [stdout]     |                                   ^^^^^^^^^^^
[INFO] [stdout]     |
[INFO] [stdout]     = note: no expected values for `feature`
[INFO] [stdout]     = note: using a cfg inside a derive macro will use the cfgs from the destination crate and not the ones from the defining crate
[INFO] [stdout]     = help: try referring to `Deserialize` crate for guidance on how handle this unexpected cfg
[INFO] [stdout]     = note: see <https://doc.rust-lang.org/nightly/rustc/check-cfg/cargo-specifics.html> for more information about checking conditional configuration
[INFO] [stdout]     = note: this warning originates in the derive macro `Deserialize` (in Nightly builds, run with -Z macro-backtrace for more info)
[INFO] [stdout] 
[INFO] [stdout] 
[INFO] [stdout] warning: unexpected `cfg` condition value: `cargo-clippy`
[INFO] [stdout]    --> src/session.rs:138:24
[INFO] [stdout]     |
[INFO] [stdout] 138 | #[derive(Debug, Clone, Serialize, Deserialize)]
[INFO] [stdout]     |                        ^^^^^^^^^
[INFO] [stdout]     |
[INFO] [stdout]     = note: no expected values for `feature`
[INFO] [stdout]     = note: using a cfg inside a derive macro will use the cfgs from the destination crate and not the ones from the defining crate
[INFO] [stdout]     = help: try referring to `Serialize` crate for guidance on how handle this unexpected cfg
[INFO] [stdout]     = note: see <https://doc.rust-lang.org/nightly/rustc/check-cfg/cargo-specifics.html> for more information about checking conditional configuration
[INFO] [stdout]     = note: this warning originates in the derive macro `Serialize` (in Nightly builds, run with -Z macro-backtrace for more info)
[INFO] [stdout] 
[INFO] [stdout] 
[INFO] [stdout] warning: unexpected `cfg` condition value: `cargo-clippy`
[INFO] [stdout]    --> src/session.rs:138:35
[INFO] [stdout]     |
[INFO] [stdout] 138 | #[derive(Debug, Clone, Serialize, Deserialize)]
[INFO] [stdout]     |                                   ^^^^^^^^^^^
[INFO] [stdout]     |
[INFO] [stdout]     = note: no expected values for `feature`
[INFO] [stdout]     = note: using a cfg inside a derive macro will use the cfgs from the destination crate and not the ones from the defining crate
[INFO] [stdout]     = help: try referring to `Deserialize` crate for guidance on how handle this unexpected cfg
[INFO] [stdout]     = note: see <https://doc.rust-lang.org/nightly/rustc/check-cfg/cargo-specifics.html> for more information about checking conditional configuration
[INFO] [stdout]     = note: this warning originates in the derive macro `Deserialize` (in Nightly builds, run with -Z macro-backtrace for more info)
[INFO] [stdout] 
[INFO] [stdout] 
[INFO] [stdout] warning: unexpected `cfg` condition value: `cargo-clippy`
[INFO] [stdout]    --> src/session.rs:146:24
[INFO] [stdout]     |
[INFO] [stdout] 146 | #[derive(Debug, Clone, Serialize, Deserialize)]
[INFO] [stdout]     |                        ^^^^^^^^^
[INFO] [stdout]     |
[INFO] [stdout]     = note: no expected values for `feature`
[INFO] [stdout]     = note: using a cfg inside a derive macro will use the cfgs from the destination crate and not the ones from the defining crate
[INFO] [stdout]     = help: try referring to `Serialize` crate for guidance on how handle this unexpected cfg
[INFO] [stdout]     = note: see <https://doc.rust-lang.org/nightly/rustc/check-cfg/cargo-specifics.html> for more information about checking conditional configuration
[INFO] [stdout]     = note: this warning originates in the derive macro `Serialize` (in Nightly builds, run with -Z macro-backtrace for more info)
[INFO] [stdout] 
[INFO] [stdout] 
[INFO] [stdout] warning: unexpected `cfg` condition value: `cargo-clippy`
[INFO] [stdout]    --> src/session.rs:146:35
[INFO] [stdout]     |
[INFO] [stdout] 146 | #[derive(Debug, Clone, Serialize, Deserialize)]
[INFO] [stdout]     |                                   ^^^^^^^^^^^
[INFO] [stdout]     |
[INFO] [stdout]     = note: no expected values for `feature`
[INFO] [stdout]     = note: using a cfg inside a derive macro will use the cfgs from the destination crate and not the ones from the defining crate
[INFO] [stdout]     = help: try referring to `Deserialize` crate for guidance on how handle this unexpected cfg
[INFO] [stdout]     = note: see <https://doc.rust-lang.org/nightly/rustc/check-cfg/cargo-specifics.html> for more information about checking conditional configuration
[INFO] [stdout]     = note: this warning originates in the derive macro `Deserialize` (in Nightly builds, run with -Z macro-backtrace for more info)
[INFO] [stdout] 
[INFO] [stdout] 
[INFO] [stdout] warning: unexpected `cfg` condition value: `cargo-clippy`
[INFO] [stdout]    --> src/session.rs:167:24
[INFO] [stdout]     |
[INFO] [stdout] 167 | #[derive(Debug, Clone, Serialize, Deserialize)]
[INFO] [stdout]     |                        ^^^^^^^^^
[INFO] [stdout]     |
[INFO] [stdout]     = note: no expected values for `feature`
[INFO] [stdout]     = note: using a cfg inside a derive macro will use the cfgs from the destination crate and not the ones from the defining crate
[INFO] [stdout]     = help: try referring to `Serialize` crate for guidance on how handle this unexpected cfg
[INFO] [stdout]     = note: see <https://doc.rust-lang.org/nightly/rustc/check-cfg/cargo-specifics.html> for more information about checking conditional configuration
[INFO] [stdout]     = note: this warning originates in the derive macro `Serialize` (in Nightly builds, run with -Z macro-backtrace for more info)
[INFO] [stdout] 
[INFO] [stdout] 
[INFO] [stdout] warning: unexpected `cfg` condition value: `cargo-clippy`
[INFO] [stdout]    --> src/session.rs:167:35
[INFO] [stdout]     |
[INFO] [stdout] 167 | #[derive(Debug, Clone, Serialize, Deserialize)]
[INFO] [stdout]     |                                   ^^^^^^^^^^^
[INFO] [stdout]     |
[INFO] [stdout]     = note: no expected values for `feature`
[INFO] [stdout]     = note: using a cfg inside a derive macro will use the cfgs from the destination crate and not the ones from the defining crate
[INFO] [stdout]     = help: try referring to `Deserialize` crate for guidance on how handle this unexpected cfg
[INFO] [stdout]     = note: see <https://doc.rust-lang.org/nightly/rustc/check-cfg/cargo-specifics.html> for more information about checking conditional configuration
[INFO] [stdout]     = note: this warning originates in the derive macro `Deserialize` (in Nightly builds, run with -Z macro-backtrace for more info)
[INFO] [stdout] 
[INFO] [stdout] 
[INFO] [stdout] warning: unexpected `cfg` condition value: `cargo-clippy`
[INFO] [stdout]    --> src/session.rs:191:24
[INFO] [stdout]     |
[INFO] [stdout] 191 | #[derive(Debug, Clone, Serialize, Deserialize)]
[INFO] [stdout]     |                        ^^^^^^^^^
[INFO] [stdout]     |
[INFO] [stdout]     = note: no expected values for `feature`
[INFO] [stdout]     = note: using a cfg inside a derive macro will use the cfgs from the destination crate and not the ones from the defining crate
[INFO] [stdout]     = help: try referring to `Serialize` crate for guidance on how handle this unexpected cfg
[INFO] [stdout]     = note: see <https://doc.rust-lang.org/nightly/rustc/check-cfg/cargo-specifics.html> for more information about checking conditional configuration
[INFO] [stdout]     = note: this warning originates in the derive macro `Serialize` (in Nightly builds, run with -Z macro-backtrace for more info)
[INFO] [stdout] 
[INFO] [stdout] 
[INFO] [stdout] warning: unexpected `cfg` condition value: `cargo-clippy`
[INFO] [stdout]    --> src/session.rs:191:35
[INFO] [stdout]     |
[INFO] [stdout] 191 | #[derive(Debug, Clone, Serialize, Deserialize)]
[INFO] [stdout]     |                                   ^^^^^^^^^^^
[INFO] [stdout]     |
[INFO] [stdout]     = note: no expected values for `feature`
[INFO] [stdout]     = note: using a cfg inside a derive macro will use the cfgs from the destination crate and not the ones from the defining crate
[INFO] [stdout]     = help: try referring to `Deserialize` crate for guidance on how handle this unexpected cfg
[INFO] [stdout]     = note: see <https://doc.rust-lang.org/nightly/rustc/check-cfg/cargo-specifics.html> for more information about checking conditional configuration
[INFO] [stdout]     = note: this warning originates in the derive macro `Deserialize` (in Nightly builds, run with -Z macro-backtrace for more info)
[INFO] [stdout] 
[INFO] [stdout] 
[INFO] [stdout] warning: unexpected `cfg` condition value: `cargo-clippy`
[INFO] [stdout]    --> src/session.rs:255:24
[INFO] [stdout]     |
[INFO] [stdout] 255 | #[derive(Debug, Clone, Serialize, Deserialize)]
[INFO] [stdout]     |                        ^^^^^^^^^
[INFO] [stdout]     |
[INFO] [stdout]     = note: no expected values for `feature`
[INFO] [stdout]     = note: using a cfg inside a derive macro will use the cfgs from the destination crate and not the ones from the defining crate
[INFO] [stdout]     = help: try referring to `Serialize` crate for guidance on how handle this unexpected cfg
[INFO] [stdout]     = note: see <https://doc.rust-lang.org/nightly/rustc/check-cfg/cargo-specifics.html> for more information about checking conditional configuration
[INFO] [stdout]     = note: this warning originates in the derive macro `Serialize` (in Nightly builds, run with -Z macro-backtrace for more info)
[INFO] [stdout] 
[INFO] [stdout] 
[INFO] [stdout] warning: unexpected `cfg` condition value: `cargo-clippy`
[INFO] [stdout]    --> src/session.rs:255:35
[INFO] [stdout]     |
[INFO] [stdout] 255 | #[derive(Debug, Clone, Serialize, Deserialize)]
[INFO] [stdout]     |                                   ^^^^^^^^^^^
[INFO] [stdout]     |
[INFO] [stdout]     = note: no expected values for `feature`
[INFO] [stdout]     = note: using a cfg inside a derive macro will use the cfgs from the destination crate and not the ones from the defining crate
[INFO] [stdout]     = help: try referring to `Deserialize` crate for guidance on how handle this unexpected cfg
[INFO] [stdout]     = note: see <https://doc.rust-lang.org/nightly/rustc/check-cfg/cargo-specifics.html> for more information about checking conditional configuration
[INFO] [stdout]     = note: this warning originates in the derive macro `Deserialize` (in Nightly builds, run with -Z macro-backtrace for more info)
[INFO] [stdout] 
[INFO] [stdout] 
[INFO] [stdout] warning: unused import: `crate::session::*`
[INFO] [stdout]   --> src/lib.rs:15:5
[INFO] [stdout]    |
[INFO] [stdout] 15 | use crate::session::*;
[INFO] [stdout]    |     ^^^^^^^^^^^^^^^^^
[INFO] [stdout]    |
[INFO] [stdout]    = note: `#[warn(unused_imports)]` (part of `#[warn(unused)]`) on by default
[INFO] [stdout] 
[INFO] [stdout] 
[INFO] [stdout] warning: unused import: `serde_yaml::from_str as yaml_from`
[INFO] [stdout]   --> src/lib.rs:16:5
[INFO] [stdout]    |
[INFO] [stdout] 16 | use serde_yaml::from_str as yaml_from;
[INFO] [stdout]    |     ^^^^^^^^^^^^^^^^^^^^^^^^^^^^^^^^^
[INFO] [stdout] 
[INFO] [stdout] 
[INFO] [stdout] warning: unused import: `std::ptr::null`
[INFO] [stdout]   --> src/lib.rs:17:5
[INFO] [stdout]    |
[INFO] [stdout] 17 | use std::ptr::null;
[INFO] [stdout]    |     ^^^^^^^^^^^^^^
[INFO] [stdout] 
[INFO] [stdout] 
[INFO] [stdout] warning: unused import: `std::io::Error`
[INFO] [stdout]   --> src/lib.rs:18:5
[INFO] [stdout]    |
[INFO] [stdout] 18 | use std::io::Error;
[INFO] [stdout]    |     ^^^^^^^^^^^^^^
[INFO] [stdout] 
[INFO] [stdout] 
[INFO] [stdout] warning: unused import: `std::slice::from_raw_parts`
[INFO] [stdout]   --> src/lib.rs:19:5
[INFO] [stdout]    |
[INFO] [stdout] 19 | use std::slice::from_raw_parts;
[INFO] [stdout]    |     ^^^^^^^^^^^^^^^^^^^^^^^^^^
[INFO] [stdout] 
[INFO] [stdout] 
[INFO] [stdout] warning: unused import: `std::io::Result as IOResult`
[INFO] [stdout]   --> src/lib.rs:20:5
[INFO] [stdout]    |
[INFO] [stdout] 20 | use std::io::Result as IOResult;
[INFO] [stdout]    |     ^^^^^^^^^^^^^^^^^^^^^^^^^^^
[INFO] [stdout] 
[INFO] [stdout] 
[INFO] [stdout] warning: unused import: `std::mem::transmute`
[INFO] [stdout]   --> src/lib.rs:21:5
[INFO] [stdout]    |
[INFO] [stdout] 21 | use std::mem::transmute;
[INFO] [stdout]    |     ^^^^^^^^^^^^^^^^^^^
[INFO] [stdout] 
[INFO] [stdout] 
[INFO] [stdout] warning: unused import: `std::sync::Mutex`
[INFO] [stdout]   --> src/lib.rs:22:5
[INFO] [stdout]    |
[INFO] [stdout] 22 | use std::sync::Mutex;
[INFO] [stdout]    |     ^^^^^^^^^^^^^^^^
[INFO] [stdout] 
[INFO] [stdout] 
[INFO] [stdout] warning: unused import: `libc::c_void`
[INFO] [stdout]   --> src/lib.rs:23:5
[INFO] [stdout]    |
[INFO] [stdout] 23 | use libc::c_void;
[INFO] [stdout]    |     ^^^^^^^^^^^^
[INFO] [stdout] 
[INFO] [stdout] 
[INFO] [stdout] warning: unused imports: `DecoderTrap` and `Encoding`
[INFO] [stdout]   --> src/lib.rs:24:16
[INFO] [stdout]    |
[INFO] [stdout] 24 | use encoding::{Encoding, DecoderTrap};
[INFO] [stdout]    |                ^^^^^^^^  ^^^^^^^^^^^
[INFO] [stdout] 
[INFO] [stdout] 
[INFO] [stdout] warning: unused import: `encoding::all::ISO_8859_1`
[INFO] [stdout]   --> src/lib.rs:25:5
[INFO] [stdout]    |
[INFO] [stdout] 25 | use encoding::all::ISO_8859_1;
[INFO] [stdout]    |     ^^^^^^^^^^^^^^^^^^^^^^^^^
[INFO] [stdout] 
[INFO] [stdout] 
[INFO] [stdout] warning: non-local `impl` definition, `impl` blocks should be written at the same level as their item
[INFO] [stdout]  --> src/session.rs:7:24
[INFO] [stdout]   |
[INFO] [stdout] 7 | #[derive(Debug, Clone, Serialize, Deserialize)]
[INFO] [stdout]   |                        ^--------
[INFO] [stdout]   |                        |
[INFO] [stdout]   |                        `Serialize` is not local
[INFO] [stdout]   |                        move the `impl` block outside of this constant `_IMPL_SERIALIZE_FOR_SessionDetails`
[INFO] [stdout] 8 | pub struct SessionDetails {
[INFO] [stdout]   |            -------------- `SessionDetails` is not local
[INFO] [stdout]   |
[INFO] [stdout]   = note: the derive macro `Serialize` defines the non-local `impl`, and may need to be changed
[INFO] [stdout]   = note: the derive macro `Serialize` may come from an old version of the `serde_derive` crate, try updating your dependency with `cargo update -p serde_derive`
[INFO] [stdout]   = note: an `impl` is never scoped, even when it is nested inside an item, as it may impact type checking outside of that item, which can be the case if neither the trait or the self type are at the same nesting level as the `impl`
[INFO] [stdout]   = note: items in an anonymous const item (`const _: () = { ... }`) are treated as in the same scope as the anonymous const's declaration for the purpose of this lint
[INFO] [stdout]   = note: `#[warn(non_local_definitions)]` on by default
[INFO] [stdout]   = note: this warning originates in the derive macro `Serialize` (in Nightly builds, run with -Z macro-backtrace for more info)
[INFO] [stdout] 
[INFO] [stdout] 
[INFO] [stdout] warning: non-local `impl` definition, `impl` blocks should be written at the same level as their item
[INFO] [stdout]  --> src/session.rs:7:35
[INFO] [stdout]   |
[INFO] [stdout] 7 | #[derive(Debug, Clone, Serialize, Deserialize)]
[INFO] [stdout]   |                                   ^----------
[INFO] [stdout]   |                                   |
[INFO] [stdout]   |                                   `Deserialize` is not local
[INFO] [stdout]   |                                   move the `impl` block outside of this constant `_IMPL_DESERIALIZE_FOR_SessionDetails`
[INFO] [stdout] 8 | pub struct SessionDetails {
[INFO] [stdout]   |            -------------- `SessionDetails` is not local
[INFO] [stdout]   |
[INFO] [stdout]   = note: the derive macro `Deserialize` defines the non-local `impl`, and may need to be changed
[INFO] [stdout]   = note: the derive macro `Deserialize` may come from an old version of the `serde_derive` crate, try updating your dependency with `cargo update -p serde_derive`
[INFO] [stdout]   = note: an `impl` is never scoped, even when it is nested inside an item, as it may impact type checking outside of that item, which can be the case if neither the trait or the self type are at the same nesting level as the `impl`
[INFO] [stdout]   = note: items in an anonymous const item (`const _: () = { ... }`) are treated as in the same scope as the anonymous const's declaration for the purpose of this lint
[INFO] [stdout]   = note: this warning originates in the derive macro `Deserialize` (in Nightly builds, run with -Z macro-backtrace for more info)
[INFO] [stdout] 
[INFO] [stdout] 
[INFO] [stdout] warning: non-local `impl` definition, `impl` blocks should be written at the same level as their item
[INFO] [stdout]   --> src/session.rs:22:24
[INFO] [stdout]    |
[INFO] [stdout] 22 | #[derive(Debug, Clone, Serialize, Deserialize)]
[INFO] [stdout]    |                        ^--------
[INFO] [stdout]    |                        |
[INFO] [stdout]    |                        `Serialize` is not local
[INFO] [stdout]    |                        move the `impl` block outside of this constant `_IMPL_SERIALIZE_FOR_WeekendInfo`
[INFO] [stdout] 23 | #[serde(rename_all = "PascalCase")]
[INFO] [stdout] 24 | pub struct WeekendInfo {
[INFO] [stdout]    |            ----------- `WeekendInfo` is not local
[INFO] [stdout]    |
[INFO] [stdout]    = note: the derive macro `Serialize` defines the non-local `impl`, and may need to be changed
[INFO] [stdout]    = note: the derive macro `Serialize` may come from an old version of the `serde_derive` crate, try updating your dependency with `cargo update -p serde_derive`
[INFO] [stdout]    = note: an `impl` is never scoped, even when it is nested inside an item, as it may impact type checking outside of that item, which can be the case if neither the trait or the self type are at the same nesting level as the `impl`
[INFO] [stdout]    = note: items in an anonymous const item (`const _: () = { ... }`) are treated as in the same scope as the anonymous const's declaration for the purpose of this lint
[INFO] [stdout]    = note: this warning originates in the derive macro `Serialize` (in Nightly builds, run with -Z macro-backtrace for more info)
[INFO] [stdout] 
[INFO] [stdout] 
[INFO] [stdout] warning: non-local `impl` definition, `impl` blocks should be written at the same level as their item
[INFO] [stdout]   --> src/session.rs:22:35
[INFO] [stdout]    |
[INFO] [stdout] 22 | #[derive(Debug, Clone, Serialize, Deserialize)]
[INFO] [stdout]    |                                   ^----------
[INFO] [stdout]    |                                   |
[INFO] [stdout]    |                                   `Deserialize` is not local
[INFO] [stdout]    |                                   move the `impl` block outside of this constant `_IMPL_DESERIALIZE_FOR_WeekendInfo`
[INFO] [stdout] 23 | #[serde(rename_all = "PascalCase")]
[INFO] [stdout] 24 | pub struct WeekendInfo {
[INFO] [stdout]    |            ----------- `WeekendInfo` is not local
[INFO] [stdout]    |
[INFO] [stdout]    = note: the derive macro `Deserialize` defines the non-local `impl`, and may need to be changed
[INFO] [stdout]    = note: the derive macro `Deserialize` may come from an old version of the `serde_derive` crate, try updating your dependency with `cargo update -p serde_derive`
[INFO] [stdout]    = note: an `impl` is never scoped, even when it is nested inside an item, as it may impact type checking outside of that item, which can be the case if neither the trait or the self type are at the same nesting level as the `impl`
[INFO] [stdout]    = note: items in an anonymous const item (`const _: () = { ... }`) are treated as in the same scope as the anonymous const's declaration for the purpose of this lint
[INFO] [stdout]    = note: this warning originates in the derive macro `Deserialize` (in Nightly builds, run with -Z macro-backtrace for more info)
[INFO] [stdout] 
[INFO] [stdout] 
[INFO] [stdout] warning: non-local `impl` definition, `impl` blocks should be written at the same level as their item
[INFO] [stdout]    --> src/session.rs:108:24
[INFO] [stdout]     |
[INFO] [stdout] 108 | #[derive(Debug, Clone, Serialize, Deserialize)]
[INFO] [stdout]     |                        ^--------
[INFO] [stdout]     |                        |
[INFO] [stdout]     |                        `Serialize` is not local
[INFO] [stdout]     |                        move the `impl` block outside of this constant `_IMPL_SERIALIZE_FOR_WeekendOptions`
[INFO] [stdout] 109 | #[serde(rename_all = "PascalCase")]
[INFO] [stdout] 110 | pub struct WeekendOptions {
[INFO] [stdout]     |            -------------- `WeekendOptions` is not local
[INFO] [stdout]     |
[INFO] [stdout]     = note: the derive macro `Serialize` defines the non-local `impl`, and may need to be changed
[INFO] [stdout]     = note: the derive macro `Serialize` may come from an old version of the `serde_derive` crate, try updating your dependency with `cargo update -p serde_derive`
[INFO] [stdout]     = note: an `impl` is never scoped, even when it is nested inside an item, as it may impact type checking outside of that item, which can be the case if neither the trait or the self type are at the same nesting level as the `impl`
[INFO] [stdout]     = note: items in an anonymous const item (`const _: () = { ... }`) are treated as in the same scope as the anonymous const's declaration for the purpose of this lint
[INFO] [stdout]     = note: this warning originates in the derive macro `Serialize` (in Nightly builds, run with -Z macro-backtrace for more info)
[INFO] [stdout] 
[INFO] [stdout] 
[INFO] [stdout] warning: non-local `impl` definition, `impl` blocks should be written at the same level as their item
[INFO] [stdout]    --> src/session.rs:108:35
[INFO] [stdout]     |
[INFO] [stdout] 108 | #[derive(Debug, Clone, Serialize, Deserialize)]
[INFO] [stdout]     |                                   ^----------
[INFO] [stdout]     |                                   |
[INFO] [stdout]     |                                   `Deserialize` is not local
[INFO] [stdout]     |                                   move the `impl` block outside of this constant `_IMPL_DESERIALIZE_FOR_WeekendOptions`
[INFO] [stdout] 109 | #[serde(rename_all = "PascalCase")]
[INFO] [stdout] 110 | pub struct WeekendOptions {
[INFO] [stdout]     |            -------------- `WeekendOptions` is not local
[INFO] [stdout]     |
[INFO] [stdout]     = note: the derive macro `Deserialize` defines the non-local `impl`, and may need to be changed
[INFO] [stdout]     = note: the derive macro `Deserialize` may come from an old version of the `serde_derive` crate, try updating your dependency with `cargo update -p serde_derive`
[INFO] [stdout]     = note: an `impl` is never scoped, even when it is nested inside an item, as it may impact type checking outside of that item, which can be the case if neither the trait or the self type are at the same nesting level as the `impl`
[INFO] [stdout]     = note: items in an anonymous const item (`const _: () = { ... }`) are treated as in the same scope as the anonymous const's declaration for the purpose of this lint
[INFO] [stdout]     = note: this warning originates in the derive macro `Deserialize` (in Nightly builds, run with -Z macro-backtrace for more info)
[INFO] [stdout] 
[INFO] [stdout] 
[INFO] [stdout] warning: non-local `impl` definition, `impl` blocks should be written at the same level as their item
[INFO] [stdout]    --> src/session.rs:138:24
[INFO] [stdout]     |
[INFO] [stdout] 138 | #[derive(Debug, Clone, Serialize, Deserialize)]
[INFO] [stdout]     |                        ^--------
[INFO] [stdout]     |                        |
[INFO] [stdout]     |                        `Serialize` is not local
[INFO] [stdout]     |                        move the `impl` block outside of this constant `_IMPL_SERIALIZE_FOR_SessionInfo`
[INFO] [stdout] 139 | #[serde(rename_all = "PascalCase")]
[INFO] [stdout] 140 | pub struct SessionInfo {
[INFO] [stdout]     |            ----------- `SessionInfo` is not local
[INFO] [stdout]     |
[INFO] [stdout]     = note: the derive macro `Serialize` defines the non-local `impl`, and may need to be changed
[INFO] [stdout]     = note: the derive macro `Serialize` may come from an old version of the `serde_derive` crate, try updating your dependency with `cargo update -p serde_derive`
[INFO] [stdout]     = note: an `impl` is never scoped, even when it is nested inside an item, as it may impact type checking outside of that item, which can be the case if neither the trait or the self type are at the same nesting level as the `impl`
[INFO] [stdout]     = note: items in an anonymous const item (`const _: () = { ... }`) are treated as in the same scope as the anonymous const's declaration for the purpose of this lint
[INFO] [stdout]     = note: this warning originates in the derive macro `Serialize` (in Nightly builds, run with -Z macro-backtrace for more info)
[INFO] [stdout] 
[INFO] [stdout] 
[INFO] [stdout] warning: non-local `impl` definition, `impl` blocks should be written at the same level as their item
[INFO] [stdout]    --> src/session.rs:138:35
[INFO] [stdout]     |
[INFO] [stdout] 138 | #[derive(Debug, Clone, Serialize, Deserialize)]
[INFO] [stdout]     |                                   ^----------
[INFO] [stdout]     |                                   |
[INFO] [stdout]     |                                   `Deserialize` is not local
[INFO] [stdout]     |                                   move the `impl` block outside of this constant `_IMPL_DESERIALIZE_FOR_SessionInfo`
[INFO] [stdout] 139 | #[serde(rename_all = "PascalCase")]
[INFO] [stdout] 140 | pub struct SessionInfo {
[INFO] [stdout]     |            ----------- `SessionInfo` is not local
[INFO] [stdout]     |
[INFO] [stdout]     = note: the derive macro `Deserialize` defines the non-local `impl`, and may need to be changed
[INFO] [stdout]     = note: the derive macro `Deserialize` may come from an old version of the `serde_derive` crate, try updating your dependency with `cargo update -p serde_derive`
[INFO] [stdout]     = note: an `impl` is never scoped, even when it is nested inside an item, as it may impact type checking outside of that item, which can be the case if neither the trait or the self type are at the same nesting level as the `impl`
[INFO] [stdout]     = note: items in an anonymous const item (`const _: () = { ... }`) are treated as in the same scope as the anonymous const's declaration for the purpose of this lint
[INFO] [stdout]     = note: this warning originates in the derive macro `Deserialize` (in Nightly builds, run with -Z macro-backtrace for more info)
[INFO] [stdout] 
[INFO] [stdout] 
[INFO] [stdout] warning: non-local `impl` definition, `impl` blocks should be written at the same level as their item
[INFO] [stdout]    --> src/session.rs:146:24
[INFO] [stdout]     |
[INFO] [stdout] 146 | #[derive(Debug, Clone, Serialize, Deserialize)]
[INFO] [stdout]     |                        ^--------
[INFO] [stdout]     |                        |
[INFO] [stdout]     |                        `Serialize` is not local
[INFO] [stdout]     |                        move the `impl` block outside of this constant `_IMPL_SERIALIZE_FOR_Session`
[INFO] [stdout] 147 | #[serde(rename_all = "PascalCase")]
[INFO] [stdout] 148 | pub struct Session {
[INFO] [stdout]     |            ------- `Session` is not local
[INFO] [stdout]     |
[INFO] [stdout]     = note: the derive macro `Serialize` defines the non-local `impl`, and may need to be changed
[INFO] [stdout]     = note: the derive macro `Serialize` may come from an old version of the `serde_derive` crate, try updating your dependency with `cargo update -p serde_derive`
[INFO] [stdout]     = note: an `impl` is never scoped, even when it is nested inside an item, as it may impact type checking outside of that item, which can be the case if neither the trait or the self type are at the same nesting level as the `impl`
[INFO] [stdout]     = note: items in an anonymous const item (`const _: () = { ... }`) are treated as in the same scope as the anonymous const's declaration for the purpose of this lint
[INFO] [stdout]     = note: this warning originates in the derive macro `Serialize` (in Nightly builds, run with -Z macro-backtrace for more info)
[INFO] [stdout] 
[INFO] [stdout] 
[INFO] [stdout] warning: non-local `impl` definition, `impl` blocks should be written at the same level as their item
[INFO] [stdout]    --> src/session.rs:146:35
[INFO] [stdout]     |
[INFO] [stdout] 146 | #[derive(Debug, Clone, Serialize, Deserialize)]
[INFO] [stdout]     |                                   ^----------
[INFO] [stdout]     |                                   |
[INFO] [stdout]     |                                   `Deserialize` is not local
[INFO] [stdout]     |                                   move the `impl` block outside of this constant `_IMPL_DESERIALIZE_FOR_Session`
[INFO] [stdout] 147 | #[serde(rename_all = "PascalCase")]
[INFO] [stdout] 148 | pub struct Session {
[INFO] [stdout]     |            ------- `Session` is not local
[INFO] [stdout]     |
[INFO] [stdout]     = note: the derive macro `Deserialize` defines the non-local `impl`, and may need to be changed
[INFO] [stdout]     = note: the derive macro `Deserialize` may come from an old version of the `serde_derive` crate, try updating your dependency with `cargo update -p serde_derive`
[INFO] [stdout]     = note: an `impl` is never scoped, even when it is nested inside an item, as it may impact type checking outside of that item, which can be the case if neither the trait or the self type are at the same nesting level as the `impl`
[INFO] [stdout]     = note: items in an anonymous const item (`const _: () = { ... }`) are treated as in the same scope as the anonymous const's declaration for the purpose of this lint
[INFO] [stdout]     = note: this warning originates in the derive macro `Deserialize` (in Nightly builds, run with -Z macro-backtrace for more info)
[INFO] [stdout] 
[INFO] [stdout] 
[INFO] [stdout] warning: non-local `impl` definition, `impl` blocks should be written at the same level as their item
[INFO] [stdout]    --> src/session.rs:167:24
[INFO] [stdout]     |
[INFO] [stdout] 167 | #[derive(Debug, Clone, Serialize, Deserialize)]
[INFO] [stdout]     |                        ^--------
[INFO] [stdout]     |                        |
[INFO] [stdout]     |                        `Serialize` is not local
[INFO] [stdout]     |                        move the `impl` block outside of this constant `_IMPL_SERIALIZE_FOR_SessionResult`
[INFO] [stdout] 168 | #[serde(rename_all = "PascalCase")]
[INFO] [stdout] 169 | pub struct SessionResult {
[INFO] [stdout]     |            ------------- `SessionResult` is not local
[INFO] [stdout]     |
[INFO] [stdout]     = note: the derive macro `Serialize` defines the non-local `impl`, and may need to be changed
[INFO] [stdout]     = note: the derive macro `Serialize` may come from an old version of the `serde_derive` crate, try updating your dependency with `cargo update -p serde_derive`
[INFO] [stdout]     = note: an `impl` is never scoped, even when it is nested inside an item, as it may impact type checking outside of that item, which can be the case if neither the trait or the self type are at the same nesting level as the `impl`
[INFO] [stdout]     = note: items in an anonymous const item (`const _: () = { ... }`) are treated as in the same scope as the anonymous const's declaration for the purpose of this lint
[INFO] [stdout]     = note: this warning originates in the derive macro `Serialize` (in Nightly builds, run with -Z macro-backtrace for more info)
[INFO] [stdout] 
[INFO] [stdout] 
[INFO] [stdout] warning: non-local `impl` definition, `impl` blocks should be written at the same level as their item
[INFO] [stdout]    --> src/session.rs:167:35
[INFO] [stdout]     |
[INFO] [stdout] 167 | #[derive(Debug, Clone, Serialize, Deserialize)]
[INFO] [stdout]     |                                   ^----------
[INFO] [stdout]     |                                   |
[INFO] [stdout]     |                                   `Deserialize` is not local
[INFO] [stdout]     |                                   move the `impl` block outside of this constant `_IMPL_DESERIALIZE_FOR_SessionResult`
[INFO] [stdout] 168 | #[serde(rename_all = "PascalCase")]
[INFO] [stdout] 169 | pub struct SessionResult {
[INFO] [stdout]     |            ------------- `SessionResult` is not local
[INFO] [stdout]     |
[INFO] [stdout]     = note: the derive macro `Deserialize` defines the non-local `impl`, and may need to be changed
[INFO] [stdout]     = note: the derive macro `Deserialize` may come from an old version of the `serde_derive` crate, try updating your dependency with `cargo update -p serde_derive`
[INFO] [stdout]     = note: an `impl` is never scoped, even when it is nested inside an item, as it may impact type checking outside of that item, which can be the case if neither the trait or the self type are at the same nesting level as the `impl`
[INFO] [stdout]     = note: items in an anonymous const item (`const _: () = { ... }`) are treated as in the same scope as the anonymous const's declaration for the purpose of this lint
[INFO] [stdout]     = note: this warning originates in the derive macro `Deserialize` (in Nightly builds, run with -Z macro-backtrace for more info)
[INFO] [stdout] 
[INFO] [stdout] 
[INFO] [stdout] warning: non-local `impl` definition, `impl` blocks should be written at the same level as their item
[INFO] [stdout]    --> src/session.rs:191:24
[INFO] [stdout]     |
[INFO] [stdout] 191 | #[derive(Debug, Clone, Serialize, Deserialize)]
[INFO] [stdout]     |                        ^--------
[INFO] [stdout]     |                        |
[INFO] [stdout]     |                        `Serialize` is not local
[INFO] [stdout]     |                        move the `impl` block outside of this constant `_IMPL_SERIALIZE_FOR_DriverInfo`
[INFO] [stdout] 192 | pub struct DriverInfo {
[INFO] [stdout]     |            ---------- `DriverInfo` is not local
[INFO] [stdout]     |
[INFO] [stdout]     = note: the derive macro `Serialize` defines the non-local `impl`, and may need to be changed
[INFO] [stdout]     = note: the derive macro `Serialize` may come from an old version of the `serde_derive` crate, try updating your dependency with `cargo update -p serde_derive`
[INFO] [stdout]     = note: an `impl` is never scoped, even when it is nested inside an item, as it may impact type checking outside of that item, which can be the case if neither the trait or the self type are at the same nesting level as the `impl`
[INFO] [stdout]     = note: items in an anonymous const item (`const _: () = { ... }`) are treated as in the same scope as the anonymous const's declaration for the purpose of this lint
[INFO] [stdout]     = note: this warning originates in the derive macro `Serialize` (in Nightly builds, run with -Z macro-backtrace for more info)
[INFO] [stdout] 
[INFO] [stdout] 
[INFO] [stdout] warning: non-local `impl` definition, `impl` blocks should be written at the same level as their item
[INFO] [stdout]    --> src/session.rs:191:35
[INFO] [stdout]     |
[INFO] [stdout] 191 | #[derive(Debug, Clone, Serialize, Deserialize)]
[INFO] [stdout]     |                                   ^----------
[INFO] [stdout]     |                                   |
[INFO] [stdout]     |                                   `Deserialize` is not local
[INFO] [stdout]     |                                   move the `impl` block outside of this constant `_IMPL_DESERIALIZE_FOR_DriverInfo`
[INFO] [stdout] 192 | pub struct DriverInfo {
[INFO] [stdout]     |            ---------- `DriverInfo` is not local
[INFO] [stdout]     |
[INFO] [stdout]     = note: the derive macro `Deserialize` defines the non-local `impl`, and may need to be changed
[INFO] [stdout]     = note: the derive macro `Deserialize` may come from an old version of the `serde_derive` crate, try updating your dependency with `cargo update -p serde_derive`
[INFO] [stdout]     = note: an `impl` is never scoped, even when it is nested inside an item, as it may impact type checking outside of that item, which can be the case if neither the trait or the self type are at the same nesting level as the `impl`
[INFO] [stdout]     = note: items in an anonymous const item (`const _: () = { ... }`) are treated as in the same scope as the anonymous const's declaration for the purpose of this lint
[INFO] [stdout]     = note: this warning originates in the derive macro `Deserialize` (in Nightly builds, run with -Z macro-backtrace for more info)
[INFO] [stdout] 
[INFO] [stdout] 
[INFO] [stdout] warning: non-local `impl` definition, `impl` blocks should be written at the same level as their item
[INFO] [stdout]    --> src/session.rs:255:24
[INFO] [stdout]     |
[INFO] [stdout] 255 | #[derive(Debug, Clone, Serialize, Deserialize)]
[INFO] [stdout]     |                        ^--------
[INFO] [stdout]     |                        |
[INFO] [stdout]     |                        `Serialize` is not local
[INFO] [stdout]     |                        move the `impl` block outside of this constant `_IMPL_SERIALIZE_FOR_Driver`
[INFO] [stdout] 256 | #[serde(rename_all = "PascalCase")]
[INFO] [stdout] 257 | pub struct Driver {
[INFO] [stdout]     |            ------ `Driver` is not local
[INFO] [stdout]     |
[INFO] [stdout]     = note: the derive macro `Serialize` defines the non-local `impl`, and may need to be changed
[INFO] [stdout]     = note: the derive macro `Serialize` may come from an old version of the `serde_derive` crate, try updating your dependency with `cargo update -p serde_derive`
[INFO] [stdout]     = note: an `impl` is never scoped, even when it is nested inside an item, as it may impact type checking outside of that item, which can be the case if neither the trait or the self type are at the same nesting level as the `impl`
[INFO] [stdout]     = note: items in an anonymous const item (`const _: () = { ... }`) are treated as in the same scope as the anonymous const's declaration for the purpose of this lint
[INFO] [stdout]     = note: this warning originates in the derive macro `Serialize` (in Nightly builds, run with -Z macro-backtrace for more info)
[INFO] [stdout] 
[INFO] [stdout] 
[INFO] [stdout] warning: non-local `impl` definition, `impl` blocks should be written at the same level as their item
[INFO] [stdout]    --> src/session.rs:255:35
[INFO] [stdout]     |
[INFO] [stdout] 255 | #[derive(Debug, Clone, Serialize, Deserialize)]
[INFO] [stdout]     |                                   ^----------
[INFO] [stdout]     |                                   |
[INFO] [stdout]     |                                   `Deserialize` is not local
[INFO] [stdout]     |                                   move the `impl` block outside of this constant `_IMPL_DESERIALIZE_FOR_Driver`
[INFO] [stdout] 256 | #[serde(rename_all = "PascalCase")]
[INFO] [stdout] 257 | pub struct Driver {
[INFO] [stdout]     |            ------ `Driver` is not local
[INFO] [stdout]     |
[INFO] [stdout]     = note: the derive macro `Deserialize` defines the non-local `impl`, and may need to be changed
[INFO] [stdout]     = note: the derive macro `Deserialize` may come from an old version of the `serde_derive` crate, try updating your dependency with `cargo update -p serde_derive`
[INFO] [stdout]     = note: an `impl` is never scoped, even when it is nested inside an item, as it may impact type checking outside of that item, which can be the case if neither the trait or the self type are at the same nesting level as the `impl`
[INFO] [stdout]     = note: items in an anonymous const item (`const _: () = { ... }`) are treated as in the same scope as the anonymous const's declaration for the purpose of this lint
[INFO] [stdout]     = note: this warning originates in the derive macro `Deserialize` (in Nightly builds, run with -Z macro-backtrace for more info)
[INFO] [stdout] 
[INFO] [stdout] 
[INFO] [stderr]     Finished `release` profile [optimized] target(s) in 14.48s
[INFO] running `Command { std: "docker" "inspect" "b4ad146f5af2a1026a6e09bfa4b62d9a74317ff9359b0c609d58baeb67aabd17", kill_on_drop: false }`
[INFO] running `Command { std: "docker" "exec" "-e" "SOURCE_DIR=/opt/rustwide/workdir" "-e" "CARGO_HOME=/opt/rustwide/cargo-home" "-e" "RUSTUP_HOME=/opt/rustwide/rustup-home" "-e" "CARGO_TARGET_DIR=/opt/rustwide/target" "-e" "CARGO_INCREMENTAL=0" "-e" "RUST_BACKTRACE=full" "-e" "RUSTFLAGS=--cap-lints=warn" "-e" "RUSTDOCFLAGS=--cap-lints=warn" "-w" "/opt/rustwide/workdir" "--user" "0:0" "b4ad146f5af2a1026a6e09bfa4b62d9a74317ff9359b0c609d58baeb67aabd17" "/opt/rustwide/cargo-home/bin/cargo" "+1.99.0-beta.8" "test" "--frozen" "--no-run" "--message-format=json" "--release", kill_on_drop: false }`
[INFO] [stdout] warning: unexpected `cfg` condition value: `cargo-clippy`
[INFO] [stdout]  --> src/session.rs:7:24
[INFO] [stdout]   |
[INFO] [stdout] 7 | #[derive(Debug, Clone, Serialize, Deserialize)]
[INFO] [stdout]   |                        ^^^^^^^^^
[INFO] [stdout]   |
[INFO] [stdout]   = note: no expected values for `feature`
[INFO] [stdout]   = note: using a cfg inside a derive macro will use the cfgs from the destination crate and not the ones from the defining crate
[INFO] [stdout]   = help: try referring to `Serialize` crate for guidance on how handle this unexpected cfg
[INFO] [stdout]   = note: see <https://doc.rust-lang.org/nightly/rustc/check-cfg/cargo-specifics.html> for more information about checking conditional configuration
[INFO] [stdout]   = note: `#[warn(unexpected_cfgs)]` on by default
[INFO] [stdout]   = note: this warning originates in the derive macro `Serialize` (in Nightly builds, run with -Z macro-backtrace for more info)
[INFO] [stdout] 
[INFO] [stdout] 
[INFO] [stdout] warning: unexpected `cfg` condition value: `cargo-clippy`
[INFO] [stdout]  --> src/session.rs:7:35
[INFO] [stdout]   |
[INFO] [stdout] 7 | #[derive(Debug, Clone, Serialize, Deserialize)]
[INFO] [stdout]   |                                   ^^^^^^^^^^^
[INFO] [stdout]   |
[INFO] [stdout]   = note: no expected values for `feature`
[INFO] [stdout]   = note: using a cfg inside a derive macro will use the cfgs from the destination crate and not the ones from the defining crate
[INFO] [stdout]   = help: try referring to `Deserialize` crate for guidance on how handle this unexpected cfg
[INFO] [stdout]   = note: see <https://doc.rust-lang.org/nightly/rustc/check-cfg/cargo-specifics.html> for more information about checking conditional configuration
[INFO] [stdout]   = note: this warning originates in the derive macro `Deserialize` (in Nightly builds, run with -Z macro-backtrace for more info)
[INFO] [stdout] 
[INFO] [stdout] 
[INFO] [stdout] warning: unexpected `cfg` condition value: `cargo-clippy`
[INFO] [stdout]   --> src/session.rs:22:24
[INFO] [stdout]    |
[INFO] [stdout] 22 | #[derive(Debug, Clone, Serialize, Deserialize)]
[INFO] [stdout]    |                        ^^^^^^^^^
[INFO] [stdout]    |
[INFO] [stdout]    = note: no expected values for `feature`
[INFO] [stdout]    = note: using a cfg inside a derive macro will use the cfgs from the destination crate and not the ones from the defining crate
[INFO] [stdout]    = help: try referring to `Serialize` crate for guidance on how handle this unexpected cfg
[INFO] [stdout]    = note: see <https://doc.rust-lang.org/nightly/rustc/check-cfg/cargo-specifics.html> for more information about checking conditional configuration
[INFO] [stdout]    = note: this warning originates in the derive macro `Serialize` (in Nightly builds, run with -Z macro-backtrace for more info)
[INFO] [stdout] 
[INFO] [stdout] 
[INFO] [stdout] warning: unexpected `cfg` condition value: `cargo-clippy`
[INFO] [stdout]   --> src/session.rs:22:35
[INFO] [stdout]    |
[INFO] [stdout] 22 | #[derive(Debug, Clone, Serialize, Deserialize)]
[INFO] [stdout]    |                                   ^^^^^^^^^^^
[INFO] [stdout]    |
[INFO] [stdout]    = note: no expected values for `feature`
[INFO] [stdout]    = note: using a cfg inside a derive macro will use the cfgs from the destination crate and not the ones from the defining crate
[INFO] [stdout]    = help: try referring to `Deserialize` crate for guidance on how handle this unexpected cfg
[INFO] [stdout]    = note: see <https://doc.rust-lang.org/nightly/rustc/check-cfg/cargo-specifics.html> for more information about checking conditional configuration
[INFO] [stdout]    = note: this warning originates in the derive macro `Deserialize` (in Nightly builds, run with -Z macro-backtrace for more info)
[INFO] [stdout] 
[INFO] [stdout] 
[INFO] [stdout] warning: unexpected `cfg` condition value: `cargo-clippy`
[INFO] [stdout]    --> src/session.rs:108:24
[INFO] [stdout]     |
[INFO] [stdout] 108 | #[derive(Debug, Clone, Serialize, Deserialize)]
[INFO] [stdout]     |                        ^^^^^^^^^
[INFO] [stdout]     |
[INFO] [stdout]     = note: no expected values for `feature`
[INFO] [stdout]     = note: using a cfg inside a derive macro will use the cfgs from the destination crate and not the ones from the defining crate
[INFO] [stdout]     = help: try referring to `Serialize` crate for guidance on how handle this unexpected cfg
[INFO] [stdout]     = note: see <https://doc.rust-lang.org/nightly/rustc/check-cfg/cargo-specifics.html> for more information about checking conditional configuration
[INFO] [stdout]     = note: this warning originates in the derive macro `Serialize` (in Nightly builds, run with -Z macro-backtrace for more info)
[INFO] [stdout] 
[INFO] [stdout] 
[INFO] [stdout] warning: unexpected `cfg` condition value: `cargo-clippy`
[INFO] [stdout]    --> src/session.rs:108:35
[INFO] [stdout]     |
[INFO] [stdout] 108 | #[derive(Debug, Clone, Serialize, Deserialize)]
[INFO] [stdout]     |                                   ^^^^^^^^^^^
[INFO] [stdout]     |
[INFO] [stdout]     = note: no expected values for `feature`
[INFO] [stdout]     = note: using a cfg inside a derive macro will use the cfgs from the destination crate and not the ones from the defining crate
[INFO] [stdout]     = help: try referring to `Deserialize` crate for guidance on how handle this unexpected cfg
[INFO] [stdout]     = note: see <https://doc.rust-lang.org/nightly/rustc/check-cfg/cargo-specifics.html> for more information about checking conditional configuration
[INFO] [stdout]     = note: this warning originates in the derive macro `Deserialize` (in Nightly builds, run with -Z macro-backtrace for more info)
[INFO] [stdout] 
[INFO] [stdout] 
[INFO] [stdout] warning: unexpected `cfg` condition value: `cargo-clippy`
[INFO] [stdout]    --> src/session.rs:138:24
[INFO] [stdout]     |
[INFO] [stdout] 138 | #[derive(Debug, Clone, Serialize, Deserialize)]
[INFO] [stdout]     |                        ^^^^^^^^^
[INFO] [stdout]     |
[INFO] [stdout]     = note: no expected values for `feature`
[INFO] [stdout]     = note: using a cfg inside a derive macro will use the cfgs from the destination crate and not the ones from the defining crate
[INFO] [stdout]     = help: try referring to `Serialize` crate for guidance on how handle this unexpected cfg
[INFO] [stdout]     = note: see <https://doc.rust-lang.org/nightly/rustc/check-cfg/cargo-specifics.html> for more information about checking conditional configuration
[INFO] [stdout]     = note: this warning originates in the derive macro `Serialize` (in Nightly builds, run with -Z macro-backtrace for more info)
[INFO] [stdout] 
[INFO] [stdout] 
[INFO] [stdout] warning: unexpected `cfg` condition value: `cargo-clippy`
[INFO] [stdout]    --> src/session.rs:138:35
[INFO] [stdout]     |
[INFO] [stdout] 138 | #[derive(Debug, Clone, Serialize, Deserialize)]
[INFO] [stdout]     |                                   ^^^^^^^^^^^
[INFO] [stdout]     |
[INFO] [stdout]     = note: no expected values for `feature`
[INFO] [stdout]     = note: using a cfg inside a derive macro will use the cfgs from the destination crate and not the ones from the defining crate
[INFO] [stdout]     = help: try referring to `Deserialize` crate for guidance on how handle this unexpected cfg
[INFO] [stdout]     = note: see <https://doc.rust-lang.org/nightly/rustc/check-cfg/cargo-specifics.html> for more information about checking conditional configuration
[INFO] [stdout]     = note: this warning originates in the derive macro `Deserialize` (in Nightly builds, run with -Z macro-backtrace for more info)
[INFO] [stdout] 
[INFO] [stdout] 
[INFO] [stdout] warning: unexpected `cfg` condition value: `cargo-clippy`
[INFO] [stdout]    --> src/session.rs:146:24
[INFO] [stdout]     |
[INFO] [stdout] 146 | #[derive(Debug, Clone, Serialize, Deserialize)]
[INFO] [stdout]     |                        ^^^^^^^^^
[INFO] [stdout]     |
[INFO] [stdout]     = note: no expected values for `feature`
[INFO] [stdout]     = note: using a cfg inside a derive macro will use the cfgs from the destination crate and not the ones from the defining crate
[INFO] [stdout]     = help: try referring to `Serialize` crate for guidance on how handle this unexpected cfg
[INFO] [stdout]     = note: see <https://doc.rust-lang.org/nightly/rustc/check-cfg/cargo-specifics.html> for more information about checking conditional configuration
[INFO] [stdout]     = note: this warning originates in the derive macro `Serialize` (in Nightly builds, run with -Z macro-backtrace for more info)
[INFO] [stdout] 
[INFO] [stdout] 
[INFO] [stdout] warning: unexpected `cfg` condition value: `cargo-clippy`
[INFO] [stdout]    --> src/session.rs:146:35
[INFO] [stdout]     |
[INFO] [stdout] 146 | #[derive(Debug, Clone, Serialize, Deserialize)]
[INFO] [stdout]     |                                   ^^^^^^^^^^^
[INFO] [stdout]     |
[INFO] [stdout]     = note: no expected values for `feature`
[INFO] [stdout]     = note: using a cfg inside a derive macro will use the cfgs from the destination crate and not the ones from the defining crate
[INFO] [stdout]     = help: try referring to `Deserialize` crate for guidance on how handle this unexpected cfg
[INFO] [stdout]     = note: see <https://doc.rust-lang.org/nightly/rustc/check-cfg/cargo-specifics.html> for more information about checking conditional configuration
[INFO] [stdout]     = note: this warning originates in the derive macro `Deserialize` (in Nightly builds, run with -Z macro-backtrace for more info)
[INFO] [stdout] 
[INFO] [stdout] 
[INFO] [stdout] warning: unexpected `cfg` condition value: `cargo-clippy`
[INFO] [stdout]    --> src/session.rs:167:24
[INFO] [stdout]     |
[INFO] [stdout] 167 | #[derive(Debug, Clone, Serialize, Deserialize)]
[INFO] [stdout]     |                        ^^^^^^^^^
[INFO] [stdout]     |
[INFO] [stdout]     = note: no expected values for `feature`
[INFO] [stdout]     = note: using a cfg inside a derive macro will use the cfgs from the destination crate and not the ones from the defining crate
[INFO] [stdout]     = help: try referring to `Serialize` crate for guidance on how handle this unexpected cfg
[INFO] [stdout]     = note: see <https://doc.rust-lang.org/nightly/rustc/check-cfg/cargo-specifics.html> for more information about checking conditional configuration
[INFO] [stdout]     = note: this warning originates in the derive macro `Serialize` (in Nightly builds, run with -Z macro-backtrace for more info)
[INFO] [stdout] 
[INFO] [stdout] 
[INFO] [stdout] warning: unexpected `cfg` condition value: `cargo-clippy`
[INFO] [stdout]    --> src/session.rs:167:35
[INFO] [stdout]     |
[INFO] [stdout] 167 | #[derive(Debug, Clone, Serialize, Deserialize)]
[INFO] [stdout]     |                                   ^^^^^^^^^^^
[INFO] [stdout]     |
[INFO] [stdout]     = note: no expected values for `feature`
[INFO] [stdout]     = note: using a cfg inside a derive macro will use the cfgs from the destination crate and not the ones from the defining crate
[INFO] [stdout]     = help: try referring to `Deserialize` crate for guidance on how handle this unexpected cfg
[INFO] [stdout]     = note: see <https://doc.rust-lang.org/nightly/rustc/check-cfg/cargo-specifics.html> for more information about checking conditional configuration
[INFO] [stdout]     = note: this warning originates in the derive macro `Deserialize` (in Nightly builds, run with -Z macro-backtrace for more info)
[INFO] [stdout] 
[INFO] [stdout] 
[INFO] [stdout] warning: unexpected `cfg` condition value: `cargo-clippy`
[INFO] [stdout]    --> src/session.rs:191:24
[INFO] [stdout]     |
[INFO] [stdout] 191 | #[derive(Debug, Clone, Serialize, Deserialize)]
[INFO] [stdout]     |                        ^^^^^^^^^
[INFO] [stdout]     |
[INFO] [stdout]     = note: no expected values for `feature`
[INFO] [stdout]     = note: using a cfg inside a derive macro will use the cfgs from the destination crate and not the ones from the defining crate
[INFO] [stdout]     = help: try referring to `Serialize` crate for guidance on how handle this unexpected cfg
[INFO] [stdout]     = note: see <https://doc.rust-lang.org/nightly/rustc/check-cfg/cargo-specifics.html> for more information about checking conditional configuration
[INFO] [stdout]     = note: this warning originates in the derive macro `Serialize` (in Nightly builds, run with -Z macro-backtrace for more info)
[INFO] [stdout] 
[INFO] [stdout] 
[INFO] [stdout] warning: unexpected `cfg` condition value: `cargo-clippy`
[INFO] [stdout]    --> src/session.rs:191:35
[INFO] [stdout]     |
[INFO] [stdout] 191 | #[derive(Debug, Clone, Serialize, Deserialize)]
[INFO] [stdout]     |                                   ^^^^^^^^^^^
[INFO] [stdout]     |
[INFO] [stdout]     = note: no expected values for `feature`
[INFO] [stdout]     = note: using a cfg inside a derive macro will use the cfgs from the destination crate and not the ones from the defining crate
[INFO] [stdout]     = help: try referring to `Deserialize` crate for guidance on how handle this unexpected cfg
[INFO] [stdout]     = note: see <https://doc.rust-lang.org/nightly/rustc/check-cfg/cargo-specifics.html> for more information about checking conditional configuration
[INFO] [stdout]     = note: this warning originates in the derive macro `Deserialize` (in Nightly builds, run with -Z macro-backtrace for more info)
[INFO] [stdout] 
[INFO] [stdout] 
[INFO] [stdout] warning: unexpected `cfg` condition value: `cargo-clippy`
[INFO] [stdout]    --> src/session.rs:255:24
[INFO] [stdout]     |
[INFO] [stdout] 255 | #[derive(Debug, Clone, Serialize, Deserialize)]
[INFO] [stdout]     |                        ^^^^^^^^^
[INFO] [stdout]     |
[INFO] [stdout]     = note: no expected values for `feature`
[INFO] [stdout]     = note: using a cfg inside a derive macro will use the cfgs from the destination crate and not the ones from the defining crate
[INFO] [stdout]     = help: try referring to `Serialize` crate for guidance on how handle this unexpected cfg
[INFO] [stdout]     = note: see <https://doc.rust-lang.org/nightly/rustc/check-cfg/cargo-specifics.html> for more information about checking conditional configuration
[INFO] [stdout]     = note: this warning originates in the derive macro `Serialize` (in Nightly builds, run with -Z macro-backtrace for more info)
[INFO] [stdout] 
[INFO] [stdout] 
[INFO] [stdout] warning: unexpected `cfg` condition value: `cargo-clippy`
[INFO] [stdout]    --> src/session.rs:255:35
[INFO] [stdout]     |
[INFO] [stdout] 255 | #[derive(Debug, Clone, Serialize, Deserialize)]
[INFO] [stdout]     |                                   ^^^^^^^^^^^
[INFO] [stdout]     |
[INFO] [stdout]     = note: no expected values for `feature`
[INFO] [stdout]     = note: using a cfg inside a derive macro will use the cfgs from the destination crate and not the ones from the defining crate
[INFO] [stdout]     = help: try referring to `Deserialize` crate for guidance on how handle this unexpected cfg
[INFO] [stdout]     = note: see <https://doc.rust-lang.org/nightly/rustc/check-cfg/cargo-specifics.html> for more information about checking conditional configuration
[INFO] [stdout]     = note: this warning originates in the derive macro `Deserialize` (in Nightly builds, run with -Z macro-backtrace for more info)
[INFO] [stdout] 
[INFO] [stdout] 
[INFO] [stdout] warning: unused import: `crate::session::*`
[INFO] [stdout]   --> src/lib.rs:15:5
[INFO] [stdout]    |
[INFO] [stdout] 15 | use crate::session::*;
[INFO] [stdout]    |     ^^^^^^^^^^^^^^^^^
[INFO] [stdout]    |
[INFO] [stdout]    = note: `#[warn(unused_imports)]` (part of `#[warn(unused)]`) on by default
[INFO] [stdout] 
[INFO] [stdout] 
[INFO] [stdout] warning: unused import: `serde_yaml::from_str as yaml_from`
[INFO] [stdout]   --> src/lib.rs:16:5
[INFO] [stdout]    |
[INFO] [stdout] 16 | use serde_yaml::from_str as yaml_from;
[INFO] [stdout]    |     ^^^^^^^^^^^^^^^^^^^^^^^^^^^^^^^^^
[INFO] [stdout] 
[INFO] [stdout] 
[INFO] [stdout] warning: unused import: `std::ptr::null`
[INFO] [stdout]   --> src/lib.rs:17:5
[INFO] [stdout]    |
[INFO] [stdout] 17 | use std::ptr::null;
[INFO] [stdout]    |     ^^^^^^^^^^^^^^
[INFO] [stdout] 
[INFO] [stdout] 
[INFO] [stdout] warning: unused import: `std::io::Error`
[INFO] [stdout]   --> src/lib.rs:18:5
[INFO] [stdout]    |
[INFO] [stdout] 18 | use std::io::Error;
[INFO] [stdout]    |     ^^^^^^^^^^^^^^
[INFO] [stdout] 
[INFO] [stdout] 
[INFO] [stdout] warning: unused import: `std::slice::from_raw_parts`
[INFO] [stdout]   --> src/lib.rs:19:5
[INFO] [stdout]    |
[INFO] [stdout] 19 | use std::slice::from_raw_parts;
[INFO] [stdout]    |     ^^^^^^^^^^^^^^^^^^^^^^^^^^
[INFO] [stdout] 
[INFO] [stdout] 
[INFO] [stdout] warning: unused import: `std::io::Result as IOResult`
[INFO] [stdout]   --> src/lib.rs:20:5
[INFO] [stdout]    |
[INFO] [stdout] 20 | use std::io::Result as IOResult;
[INFO] [stdout]    |     ^^^^^^^^^^^^^^^^^^^^^^^^^^^
[INFO] [stdout] 
[INFO] [stdout] 
[INFO] [stdout] warning: unused import: `std::mem::transmute`
[INFO] [stdout]   --> src/lib.rs:21:5
[INFO] [stdout]    |
[INFO] [stdout] 21 | use std::mem::transmute;
[INFO] [stdout]    |     ^^^^^^^^^^^^^^^^^^^
[INFO] [stdout] 
[INFO] [stdout] 
[INFO] [stdout] warning: unused import: `std::sync::Mutex`
[INFO] [stdout]   --> src/lib.rs:22:5
[INFO] [stdout]    |
[INFO] [stdout] 22 | use std::sync::Mutex;
[INFO] [stdout]    |     ^^^^^^^^^^^^^^^^
[INFO] [stdout] 
[INFO] [stdout] 
[INFO] [stdout] warning: unused import: `libc::c_void`
[INFO] [stdout]   --> src/lib.rs:23:5
[INFO] [stdout]    |
[INFO] [stdout] 23 | use libc::c_void;
[INFO] [stdout]    |     ^^^^^^^^^^^^
[INFO] [stdout] 
[INFO] [stdout] 
[INFO] [stdout] warning: unused imports: `DecoderTrap` and `Encoding`
[INFO] [stdout]   --> src/lib.rs:24:16
[INFO] [stdout]    |
[INFO] [stdout] 24 | use encoding::{Encoding, DecoderTrap};
[INFO] [stdout]    |                ^^^^^^^^  ^^^^^^^^^^^
[INFO] [stdout] 
[INFO] [stdout] 
[INFO] [stdout] warning: unused import: `encoding::all::ISO_8859_1`
[INFO] [stdout]   --> src/lib.rs:25:5
[INFO] [stdout]    |
[INFO] [stdout] 25 | use encoding::all::ISO_8859_1;
[INFO] [stdout]    |     ^^^^^^^^^^^^^^^^^^^^^^^^^
[INFO] [stdout] 
[INFO] [stdout] 
[INFO] [stdout] warning: non-local `impl` definition, `impl` blocks should be written at the same level as their item
[INFO] [stdout]  --> src/session.rs:7:24
[INFO] [stdout]   |
[INFO] [stdout] 7 | #[derive(Debug, Clone, Serialize, Deserialize)]
[INFO] [stdout]   |                        ^--------
[INFO] [stdout]   |                        |
[INFO] [stdout]   |                        `Serialize` is not local
[INFO] [stdout]   |                        move the `impl` block outside of this constant `_IMPL_SERIALIZE_FOR_SessionDetails`
[INFO] [stdout] 8 | pub struct SessionDetails {
[INFO] [stdout]   |            -------------- `SessionDetails` is not local
[INFO] [stdout]   |
[INFO] [stdout]   = note: the derive macro `Serialize` defines the non-local `impl`, and may need to be changed
[INFO] [stdout]   = note: the derive macro `Serialize` may come from an old version of the `serde_derive` crate, try updating your dependency with `cargo update -p serde_derive`
[INFO] [stdout]   = note: an `impl` is never scoped, even when it is nested inside an item, as it may impact type checking outside of that item, which can be the case if neither the trait or the self type are at the same nesting level as the `impl`
[INFO] [stdout]   = note: items in an anonymous const item (`const _: () = { ... }`) are treated as in the same scope as the anonymous const's declaration for the purpose of this lint
[INFO] [stdout]   = note: `#[warn(non_local_definitions)]` on by default
[INFO] [stdout]   = note: this warning originates in the derive macro `Serialize` (in Nightly builds, run with -Z macro-backtrace for more info)
[INFO] [stdout] 
[INFO] [stdout] 
[INFO] [stdout] warning: non-local `impl` definition, `impl` blocks should be written at the same level as their item
[INFO] [stdout]  --> src/session.rs:7:35
[INFO] [stdout]   |
[INFO] [stdout] 7 | #[derive(Debug, Clone, Serialize, Deserialize)]
[INFO] [stdout]   |                                   ^----------
[INFO] [stdout]   |                                   |
[INFO] [stdout]   |                                   `Deserialize` is not local
[INFO] [stdout]   |                                   move the `impl` block outside of this constant `_IMPL_DESERIALIZE_FOR_SessionDetails`
[INFO] [stdout] 8 | pub struct SessionDetails {
[INFO] [stdout]   |            -------------- `SessionDetails` is not local
[INFO] [stdout]   |
[INFO] [stdout]   = note: the derive macro `Deserialize` defines the non-local `impl`, and may need to be changed
[INFO] [stdout]   = note: the derive macro `Deserialize` may come from an old version of the `serde_derive` crate, try updating your dependency with `cargo update -p serde_derive`
[INFO] [stdout]   = note: an `impl` is never scoped, even when it is nested inside an item, as it may impact type checking outside of that item, which can be the case if neither the trait or the self type are at the same nesting level as the `impl`
[INFO] [stdout]   = note: items in an anonymous const item (`const _: () = { ... }`) are treated as in the same scope as the anonymous const's declaration for the purpose of this lint
[INFO] [stdout]   = note: this warning originates in the derive macro `Deserialize` (in Nightly builds, run with -Z macro-backtrace for more info)
[INFO] [stdout] 
[INFO] [stdout] 
[INFO] [stdout] warning: non-local `impl` definition, `impl` blocks should be written at the same level as their item
[INFO] [stdout]   --> src/session.rs:22:24
[INFO] [stdout]    |
[INFO] [stdout] 22 | #[derive(Debug, Clone, Serialize, Deserialize)]
[INFO] [stdout]    |                        ^--------
[INFO] [stdout]    |                        |
[INFO] [stdout]    |                        `Serialize` is not local
[INFO] [stdout]    |                        move the `impl` block outside of this constant `_IMPL_SERIALIZE_FOR_WeekendInfo`
[INFO] [stdout] 23 | #[serde(rename_all = "PascalCase")]
[INFO] [stdout] 24 | pub struct WeekendInfo {
[INFO] [stdout]    |            ----------- `WeekendInfo` is not local
[INFO] [stdout]    |
[INFO] [stdout]    = note: the derive macro `Serialize` defines the non-local `impl`, and may need to be changed
[INFO] [stdout]    = note: the derive macro `Serialize` may come from an old version of the `serde_derive` crate, try updating your dependency with `cargo update -p serde_derive`
[INFO] [stdout]    = note: an `impl` is never scoped, even when it is nested inside an item, as it may impact type checking outside of that item, which can be the case if neither the trait or the self type are at the same nesting level as the `impl`
[INFO] [stdout]    = note: items in an anonymous const item (`const _: () = { ... }`) are treated as in the same scope as the anonymous const's declaration for the purpose of this lint
[INFO] [stdout]    = note: this warning originates in the derive macro `Serialize` (in Nightly builds, run with -Z macro-backtrace for more info)
[INFO] [stdout] 
[INFO] [stdout] 
[INFO] [stdout] warning: non-local `impl` definition, `impl` blocks should be written at the same level as their item
[INFO] [stdout]   --> src/session.rs:22:35
[INFO] [stdout]    |
[INFO] [stdout] 22 | #[derive(Debug, Clone, Serialize, Deserialize)]
[INFO] [stdout]    |                                   ^----------
[INFO] [stdout]    |                                   |
[INFO] [stdout]    |                                   `Deserialize` is not local
[INFO] [stdout]    |                                   move the `impl` block outside of this constant `_IMPL_DESERIALIZE_FOR_WeekendInfo`
[INFO] [stdout] 23 | #[serde(rename_all = "PascalCase")]
[INFO] [stdout] 24 | pub struct WeekendInfo {
[INFO] [stdout]    |            ----------- `WeekendInfo` is not local
[INFO] [stdout]    |
[INFO] [stdout]    = note: the derive macro `Deserialize` defines the non-local `impl`, and may need to be changed
[INFO] [stdout]    = note: the derive macro `Deserialize` may come from an old version of the `serde_derive` crate, try updating your dependency with `cargo update -p serde_derive`
[INFO] [stdout]    = note: an `impl` is never scoped, even when it is nested inside an item, as it may impact type checking outside of that item, which can be the case if neither the trait or the self type are at the same nesting level as the `impl`
[INFO] [stdout]    = note: items in an anonymous const item (`const _: () = { ... }`) are treated as in the same scope as the anonymous const's declaration for the purpose of this lint
[INFO] [stdout]    = note: this warning originates in the derive macro `Deserialize` (in Nightly builds, run with -Z macro-backtrace for more info)
[INFO] [stdout] 
[INFO] [stdout] 
[INFO] [stdout] warning: non-local `impl` definition, `impl` blocks should be written at the same level as their item
[INFO] [stdout]    --> src/session.rs:108:24
[INFO] [stdout]     |
[INFO] [stdout] 108 | #[derive(Debug, Clone, Serialize, Deserialize)]
[INFO] [stdout]     |                        ^--------
[INFO] [stdout]     |                        |
[INFO] [stdout]     |                        `Serialize` is not local
[INFO] [stdout]     |                        move the `impl` block outside of this constant `_IMPL_SERIALIZE_FOR_WeekendOptions`
[INFO] [stdout] 109 | #[serde(rename_all = "PascalCase")]
[INFO] [stdout] 110 | pub struct WeekendOptions {
[INFO] [stdout]     |            -------------- `WeekendOptions` is not local
[INFO] [stdout]     |
[INFO] [stdout]     = note: the derive macro `Serialize` defines the non-local `impl`, and may need to be changed
[INFO] [stdout]     = note: the derive macro `Serialize` may come from an old version of the `serde_derive` crate, try updating your dependency with `cargo update -p serde_derive`
[INFO] [stdout]     = note: an `impl` is never scoped, even when it is nested inside an item, as it may impact type checking outside of that item, which can be the case if neither the trait or the self type are at the same nesting level as the `impl`
[INFO] [stdout]     = note: items in an anonymous const item (`const _: () = { ... }`) are treated as in the same scope as the anonymous const's declaration for the purpose of this lint
[INFO] [stdout]     = note: this warning originates in the derive macro `Serialize` (in Nightly builds, run with -Z macro-backtrace for more info)
[INFO] [stdout] 
[INFO] [stdout] 
[INFO] [stdout] warning: non-local `impl` definition, `impl` blocks should be written at the same level as their item
[INFO] [stdout]    --> src/session.rs:108:35
[INFO] [stdout]     |
[INFO] [stdout] 108 | #[derive(Debug, Clone, Serialize, Deserialize)]
[INFO] [stdout]     |                                   ^----------
[INFO] [stdout]     |                                   |
[INFO] [stdout]     |                                   `Deserialize` is not local
[INFO] [stdout]     |                                   move the `impl` block outside of this constant `_IMPL_DESERIALIZE_FOR_WeekendOptions`
[INFO] [stdout] 109 | #[serde(rename_all = "PascalCase")]
[INFO] [stdout] 110 | pub struct WeekendOptions {
[INFO] [stdout]     |            -------------- `WeekendOptions` is not local
[INFO] [stdout]     |
[INFO] [stdout]     = note: the derive macro `Deserialize` defines the non-local `impl`, and may need to be changed
[INFO] [stdout]     = note: the derive macro `Deserialize` may come from an old version of the `serde_derive` crate, try updating your dependency with `cargo update -p serde_derive`
[INFO] [stdout]     = note: an `impl` is never scoped, even when it is nested inside an item, as it may impact type checking outside of that item, which can be the case if neither the trait or the self type are at the same nesting level as the `impl`
[INFO] [stdout]     = note: items in an anonymous const item (`const _: () = { ... }`) are treated as in the same scope as the anonymous const's declaration for the purpose of this lint
[INFO] [stdout]     = note: this warning originates in the derive macro `Deserialize` (in Nightly builds, run with -Z macro-backtrace for more info)
[INFO] [stdout] 
[INFO] [stdout] 
[INFO] [stdout] warning: non-local `impl` definition, `impl` blocks should be written at the same level as their item
[INFO] [stdout]    --> src/session.rs:138:24
[INFO] [stdout]     |
[INFO] [stdout] 138 | #[derive(Debug, Clone, Serialize, Deserialize)]
[INFO] [stdout]     |                        ^--------
[INFO] [stdout]     |                        |
[INFO] [stdout]     |                        `Serialize` is not local
[INFO] [stdout]     |                        move the `impl` block outside of this constant `_IMPL_SERIALIZE_FOR_SessionInfo`
[INFO] [stdout] 139 | #[serde(rename_all = "PascalCase")]
[INFO] [stdout] 140 | pub struct SessionInfo {
[INFO] [stdout]     |            ----------- `SessionInfo` is not local
[INFO] [stdout]     |
[INFO] [stdout]     = note: the derive macro `Serialize` defines the non-local `impl`, and may need to be changed
[INFO] [stdout]     = note: the derive macro `Serialize` may come from an old version of the `serde_derive` crate, try updating your dependency with `cargo update -p serde_derive`
[INFO] [stdout]     = note: an `impl` is never scoped, even when it is nested inside an item, as it may impact type checking outside of that item, which can be the case if neither the trait or the self type are at the same nesting level as the `impl`
[INFO] [stdout]     = note: items in an anonymous const item (`const _: () = { ... }`) are treated as in the same scope as the anonymous const's declaration for the purpose of this lint
[INFO] [stdout]     = note: this warning originates in the derive macro `Serialize` (in Nightly builds, run with -Z macro-backtrace for more info)
[INFO] [stdout] 
[INFO] [stdout] 
[INFO] [stdout] warning: non-local `impl` definition, `impl` blocks should be written at the same level as their item
[INFO] [stdout]    --> src/session.rs:138:35
[INFO] [stdout]     |
[INFO] [stdout] 138 | #[derive(Debug, Clone, Serialize, Deserialize)]
[INFO] [stdout]     |                                   ^----------
[INFO] [stdout]     |                                   |
[INFO] [stdout]     |                                   `Deserialize` is not local
[INFO] [stdout]     |                                   move the `impl` block outside of this constant `_IMPL_DESERIALIZE_FOR_SessionInfo`
[INFO] [stdout] 139 | #[serde(rename_all = "PascalCase")]
[INFO] [stdout] 140 | pub struct SessionInfo {
[INFO] [stdout]     |            ----------- `SessionInfo` is not local
[INFO] [stdout]     |
[INFO] [stdout]     = note: the derive macro `Deserialize` defines the non-local `impl`, and may need to be changed
[INFO] [stdout]     = note: the derive macro `Deserialize` may come from an old version of the `serde_derive` crate, try updating your dependency with `cargo update -p serde_derive`
[INFO] [stdout]     = note: an `impl` is never scoped, even when it is nested inside an item, as it may impact type checking outside of that item, which can be the case if neither the trait or the self type are at the same nesting level as the `impl`
[INFO] [stdout]     = note: items in an anonymous const item (`const _: () = { ... }`) are treated as in the same scope as the anonymous const's declaration for the purpose of this lint
[INFO] [stdout]     = note: this warning originates in the derive macro `Deserialize` (in Nightly builds, run with -Z macro-backtrace for more info)
[INFO] [stdout] 
[INFO] [stdout] 
[INFO] [stdout] warning: non-local `impl` definition, `impl` blocks should be written at the same level as their item
[INFO] [stdout]    --> src/session.rs:146:24
[INFO] [stdout]     |
[INFO] [stdout] 146 | #[derive(Debug, Clone, Serialize, Deserialize)]
[INFO] [stdout]     |                        ^--------
[INFO] [stdout]     |                        |
[INFO] [stdout]     |                        `Serialize` is not local
[INFO] [stdout]     |                        move the `impl` block outside of this constant `_IMPL_SERIALIZE_FOR_Session`
[INFO] [stdout] 147 | #[serde(rename_all = "PascalCase")]
[INFO] [stdout] 148 | pub struct Session {
[INFO] [stdout]     |            ------- `Session` is not local
[INFO] [stdout]     |
[INFO] [stdout]     = note: the derive macro `Serialize` defines the non-local `impl`, and may need to be changed
[INFO] [stdout]     = note: the derive macro `Serialize` may come from an old version of the `serde_derive` crate, try updating your dependency with `cargo update -p serde_derive`
[INFO] [stdout]     = note: an `impl` is never scoped, even when it is nested inside an item, as it may impact type checking outside of that item, which can be the case if neither the trait or the self type are at the same nesting level as the `impl`
[INFO] [stdout]     = note: items in an anonymous const item (`const _: () = { ... }`) are treated as in the same scope as the anonymous const's declaration for the purpose of this lint
[INFO] [stdout]     = note: this warning originates in the derive macro `Serialize` (in Nightly builds, run with -Z macro-backtrace for more info)
[INFO] [stdout] 
[INFO] [stdout] 
[INFO] [stdout] warning: non-local `impl` definition, `impl` blocks should be written at the same level as their item
[INFO] [stdout]    --> src/session.rs:146:35
[INFO] [stdout]     |
[INFO] [stdout] 146 | #[derive(Debug, Clone, Serialize, Deserialize)]
[INFO] [stdout]     |                                   ^----------
[INFO] [stdout]     |                                   |
[INFO] [stdout]     |                                   `Deserialize` is not local
[INFO] [stdout]     |                                   move the `impl` block outside of this constant `_IMPL_DESERIALIZE_FOR_Session`
[INFO] [stdout] 147 | #[serde(rename_all = "PascalCase")]
[INFO] [stdout] 148 | pub struct Session {
[INFO] [stdout]     |            ------- `Session` is not local
[INFO] [stdout]     |
[INFO] [stdout]     = note: the derive macro `Deserialize` defines the non-local `impl`, and may need to be changed
[INFO] [stdout]     = note: the derive macro `Deserialize` may come from an old version of the `serde_derive` crate, try updating your dependency with `cargo update -p serde_derive`
[INFO] [stdout]     = note: an `impl` is never scoped, even when it is nested inside an item, as it may impact type checking outside of that item, which can be the case if neither the trait or the self type are at the same nesting level as the `impl`
[INFO] [stdout]     = note: items in an anonymous const item (`const _: () = { ... }`) are treated as in the same scope as the anonymous const's declaration for the purpose of this lint
[INFO] [stdout]     = note: this warning originates in the derive macro `Deserialize` (in Nightly builds, run with -Z macro-backtrace for more info)
[INFO] [stdout] 
[INFO] [stdout] 
[INFO] [stdout] warning: non-local `impl` definition, `impl` blocks should be written at the same level as their item
[INFO] [stdout]    --> src/session.rs:167:24
[INFO] [stdout]     |
[INFO] [stdout] 167 | #[derive(Debug, Clone, Serialize, Deserialize)]
[INFO] [stdout]     |                        ^--------
[INFO] [stdout]     |                        |
[INFO] [stdout]     |                        `Serialize` is not local
[INFO] [stdout]     |                        move the `impl` block outside of this constant `_IMPL_SERIALIZE_FOR_SessionResult`
[INFO] [stdout] 168 | #[serde(rename_all = "PascalCase")]
[INFO] [stdout] 169 | pub struct SessionResult {
[INFO] [stdout]     |            ------------- `SessionResult` is not local
[INFO] [stdout]     |
[INFO] [stdout]     = note: the derive macro `Serialize` defines the non-local `impl`, and may need to be changed
[INFO] [stdout]     = note: the derive macro `Serialize` may come from an old version of the `serde_derive` crate, try updating your dependency with `cargo update -p serde_derive`
[INFO] [stdout]     = note: an `impl` is never scoped, even when it is nested inside an item, as it may impact type checking outside of that item, which can be the case if neither the trait or the self type are at the same nesting level as the `impl`
[INFO] [stdout]     = note: items in an anonymous const item (`const _: () = { ... }`) are treated as in the same scope as the anonymous const's declaration for the purpose of this lint
[INFO] [stdout]     = note: this warning originates in the derive macro `Serialize` (in Nightly builds, run with -Z macro-backtrace for more info)
[INFO] [stdout] 
[INFO] [stdout] 
[INFO] [stderr]    Compiling iracing v0.4.1 (/opt/rustwide/workdir)
[INFO] [stdout] warning: non-local `impl` definition, `impl` blocks should be written at the same level as their item
[INFO] [stdout]    --> src/session.rs:167:35
[INFO] [stdout]     |
[INFO] [stdout] 167 | #[derive(Debug, Clone, Serialize, Deserialize)]
[INFO] [stdout]     |                                   ^----------
[INFO] [stdout]     |                                   |
[INFO] [stdout]     |                                   `Deserialize` is not local
[INFO] [stdout]     |                                   move the `impl` block outside of this constant `_IMPL_DESERIALIZE_FOR_SessionResult`
[INFO] [stdout] 168 | #[serde(rename_all = "PascalCase")]
[INFO] [stdout] 169 | pub struct SessionResult {
[INFO] [stdout]     |            ------------- `SessionResult` is not local
[INFO] [stdout]     |
[INFO] [stdout]     = note: the derive macro `Deserialize` defines the non-local `impl`, and may need to be changed
[INFO] [stdout]     = note: the derive macro `Deserialize` may come from an old version of the `serde_derive` crate, try updating your dependency with `cargo update -p serde_derive`
[INFO] [stdout]     = note: an `impl` is never scoped, even when it is nested inside an item, as it may impact type checking outside of that item, which can be the case if neither the trait or the self type are at the same nesting level as the `impl`
[INFO] [stdout]     = note: items in an anonymous const item (`const _: () = { ... }`) are treated as in the same scope as the anonymous const's declaration for the purpose of this lint
[INFO] [stdout]     = note: this warning originates in the derive macro `Deserialize` (in Nightly builds, run with -Z macro-backtrace for more info)
[INFO] [stdout] 
[INFO] [stdout] 
[INFO] [stdout] warning: non-local `impl` definition, `impl` blocks should be written at the same level as their item
[INFO] [stdout]    --> src/session.rs:191:24
[INFO] [stdout]     |
[INFO] [stdout] 191 | #[derive(Debug, Clone, Serialize, Deserialize)]
[INFO] [stdout]     |                        ^--------
[INFO] [stdout]     |                        |
[INFO] [stdout]     |                        `Serialize` is not local
[INFO] [stdout]     |                        move the `impl` block outside of this constant `_IMPL_SERIALIZE_FOR_DriverInfo`
[INFO] [stdout] 192 | pub struct DriverInfo {
[INFO] [stdout]     |            ---------- `DriverInfo` is not local
[INFO] [stdout]     |
[INFO] [stdout]     = note: the derive macro `Serialize` defines the non-local `impl`, and may need to be changed
[INFO] [stdout]     = note: the derive macro `Serialize` may come from an old version of the `serde_derive` crate, try updating your dependency with `cargo update -p serde_derive`
[INFO] [stdout]     = note: an `impl` is never scoped, even when it is nested inside an item, as it may impact type checking outside of that item, which can be the case if neither the trait or the self type are at the same nesting level as the `impl`
[INFO] [stdout]     = note: items in an anonymous const item (`const _: () = { ... }`) are treated as in the same scope as the anonymous const's declaration for the purpose of this lint
[INFO] [stdout]     = note: this warning originates in the derive macro `Serialize` (in Nightly builds, run with -Z macro-backtrace for more info)
[INFO] [stdout] 
[INFO] [stdout] 
[INFO] [stdout] warning: non-local `impl` definition, `impl` blocks should be written at the same level as their item
[INFO] [stdout]    --> src/session.rs:191:35
[INFO] [stdout]     |
[INFO] [stdout] 191 | #[derive(Debug, Clone, Serialize, Deserialize)]
[INFO] [stdout]     |                                   ^----------
[INFO] [stdout]     |                                   |
[INFO] [stdout]     |                                   `Deserialize` is not local
[INFO] [stdout]     |                                   move the `impl` block outside of this constant `_IMPL_DESERIALIZE_FOR_DriverInfo`
[INFO] [stdout] 192 | pub struct DriverInfo {
[INFO] [stdout]     |            ---------- `DriverInfo` is not local
[INFO] [stdout]     |
[INFO] [stdout]     = note: the derive macro `Deserialize` defines the non-local `impl`, and may need to be changed
[INFO] [stdout]     = note: the derive macro `Deserialize` may come from an old version of the `serde_derive` crate, try updating your dependency with `cargo update -p serde_derive`
[INFO] [stdout]     = note: an `impl` is never scoped, even when it is nested inside an item, as it may impact type checking outside of that item, which can be the case if neither the trait or the self type are at the same nesting level as the `impl`
[INFO] [stdout]     = note: items in an anonymous const item (`const _: () = { ... }`) are treated as in the same scope as the anonymous const's declaration for the purpose of this lint
[INFO] [stdout]     = note: this warning originates in the derive macro `Deserialize` (in Nightly builds, run with -Z macro-backtrace for more info)
[INFO] [stdout] 
[INFO] [stdout] 
[INFO] [stdout] warning: non-local `impl` definition, `impl` blocks should be written at the same level as their item
[INFO] [stdout]    --> src/session.rs:255:24
[INFO] [stdout]     |
[INFO] [stdout] 255 | #[derive(Debug, Clone, Serialize, Deserialize)]
[INFO] [stdout]     |                        ^--------
[INFO] [stdout]     |                        |
[INFO] [stdout]     |                        `Serialize` is not local
[INFO] [stdout]     |                        move the `impl` block outside of this constant `_IMPL_SERIALIZE_FOR_Driver`
[INFO] [stdout] 256 | #[serde(rename_all = "PascalCase")]
[INFO] [stdout] 257 | pub struct Driver {
[INFO] [stdout]     |            ------ `Driver` is not local
[INFO] [stdout]     |
[INFO] [stdout]     = note: the derive macro `Serialize` defines the non-local `impl`, and may need to be changed
[INFO] [stdout]     = note: the derive macro `Serialize` may come from an old version of the `serde_derive` crate, try updating your dependency with `cargo update -p serde_derive`
[INFO] [stdout]     = note: an `impl` is never scoped, even when it is nested inside an item, as it may impact type checking outside of that item, which can be the case if neither the trait or the self type are at the same nesting level as the `impl`
[INFO] [stdout]     = note: items in an anonymous const item (`const _: () = { ... }`) are treated as in the same scope as the anonymous const's declaration for the purpose of this lint
[INFO] [stdout]     = note: this warning originates in the derive macro `Serialize` (in Nightly builds, run with -Z macro-backtrace for more info)
[INFO] [stdout] 
[INFO] [stdout] 
[INFO] [stdout] warning: non-local `impl` definition, `impl` blocks should be written at the same level as their item
[INFO] [stdout]    --> src/session.rs:255:35
[INFO] [stdout]     |
[INFO] [stdout] 255 | #[derive(Debug, Clone, Serialize, Deserialize)]
[INFO] [stdout]     |                                   ^----------
[INFO] [stdout]     |                                   |
[INFO] [stdout]     |                                   `Deserialize` is not local
[INFO] [stdout]     |                                   move the `impl` block outside of this constant `_IMPL_DESERIALIZE_FOR_Driver`
[INFO] [stdout] 256 | #[serde(rename_all = "PascalCase")]
[INFO] [stdout] 257 | pub struct Driver {
[INFO] [stdout]     |            ------ `Driver` is not local
[INFO] [stdout]     |
[INFO] [stdout]     = note: the derive macro `Deserialize` defines the non-local `impl`, and may need to be changed
[INFO] [stdout]     = note: the derive macro `Deserialize` may come from an old version of the `serde_derive` crate, try updating your dependency with `cargo update -p serde_derive`
[INFO] [stdout]     = note: an `impl` is never scoped, even when it is nested inside an item, as it may impact type checking outside of that item, which can be the case if neither the trait or the self type are at the same nesting level as the `impl`
[INFO] [stdout]     = note: items in an anonymous const item (`const _: () = { ... }`) are treated as in the same scope as the anonymous const's declaration for the purpose of this lint
[INFO] [stdout]     = note: this warning originates in the derive macro `Deserialize` (in Nightly builds, run with -Z macro-backtrace for more info)
[INFO] [stdout] 
[INFO] [stdout] 
[INFO] [stdout] error[E0432]: unresolved import `iracing::setups`
[INFO] [stdout]  --> examples/dump_setup.rs:1:5
[INFO] [stdout]   |
[INFO] [stdout] 1 | use iracing::setups;
[INFO] [stdout]   |     ^^^^^^^^^------
[INFO] [stdout]   |              |
[INFO] [stdout]   |              no `setups` in the root
[INFO] [stdout] 
[INFO] [stdout] 
[INFO] [stdout] For more information about this error, try `rustc --explain E0432`.
[INFO] [stdout] 
[INFO] [stderr] error: could not compile `iracing` (example "dump_setup") due to 1 previous error
[INFO] [stderr] warning: build failed, waiting for other jobs to finish...
[INFO] [stdout] error[E0432]: unresolved import `iracing::Connection`
[INFO] [stdout]   --> examples/dump_sample.rs:1:5
[INFO] [stdout]    |
[INFO] [stdout]  1 | use iracing::Connection;
[INFO] [stdout]    |     ^^^^^^^^^----------
[INFO] [stdout]    |              |
[INFO] [stdout]    |              no `Connection` in the root
[INFO] [stdout]    |
[INFO] [stdout] note: found an item that was configured out
[INFO] [stdout]   --> src/lib.rs:62:12
[INFO] [stdout]    |
[INFO] [stdout] 47 | #[cfg(target_os="windows")]
[INFO] [stdout]    |       ------------------- the item is gated behind the `windows` feature
[INFO] [stdout] ...
[INFO] [stdout] 62 | pub struct Connection {
[INFO] [stdout]    |            ^^^^^^^^^^
[INFO] [stdout] 
[INFO] [stdout] 
[INFO] [stdout] error[E0432]: unresolved import `iracing::Connection`
[INFO] [stdout]   --> examples/get_telemetry.rs:2:5
[INFO] [stdout]    |
[INFO] [stdout]  2 | use iracing::Connection;
[INFO] [stdout]    |     ^^^^^^^^^----------
[INFO] [stdout]    |              |
[INFO] [stdout]    |              no `Connection` in the root
[INFO] [stdout]    |
[INFO] [stdout] note: found an item that was configured out
[INFO] [stdout]   --> src/lib.rs:62:12
[INFO] [stdout]    |
[INFO] [stdout] 47 | #[cfg(target_os="windows")]
[INFO] [stdout]    |       ------------------- the item is gated behind the `windows` feature
[INFO] [stdout] ...
[INFO] [stdout] 62 | pub struct Connection {
[INFO] [stdout]    |            ^^^^^^^^^^
[INFO] [stdout] 
[INFO] [stdout] 
[INFO] [stdout] For more information about this error, try `rustc --explain E0432`.
[INFO] [stdout] 
[INFO] [stdout] warning: method call on a diverging inference variable
[INFO] [stdout]   --> examples/get_telemetry.rs:23:30
[INFO] [stdout]    |
[INFO] [stdout] 23 |         let rpm: f32 = telem.get("RPM").unwrap().try_into().unwrap();
[INFO] [stdout]    |                              ^^^
[INFO] [stdout]    |
[INFO] [stdout]    = help: consider providing a type annotation
[INFO] [stdout]    = warning: this was previously accepted by the compiler but is being phased out; it will become a hard error in a future release!
[INFO] [stdout]    = note: for more information, see issue #156047 <https://github.com/rust-lang/rust/issues/156047>
[INFO] [stdout]    = note: `#[warn(method_call_on_diverging_infer_var)]` (part of `#[warn(future_incompatible)]`) on by default
[INFO] [stdout] 
[INFO] [stdout] 
[INFO] [stderr] error: could not compile `iracing` (example "dump_sample") due to 1 previous error
[INFO] [stdout] error[E0599]: no method named `get` found for type `!` in the current scope
[INFO] [stdout]   --> examples/get_telemetry.rs:23:30
[INFO] [stdout]    |
[INFO] [stdout] 23 |         let rpm: f32 = telem.get("RPM").unwrap().try_into().unwrap();
[INFO] [stdout]    |                              ^^^
[INFO] [stdout]    |
[INFO] [stdout] help: there is a method `ge` with a similar name
[INFO] [stdout]    |
[INFO] [stdout] 23 -         let rpm: f32 = telem.get("RPM").unwrap().try_into().unwrap();
[INFO] [stdout] 23 +         let rpm: f32 = telem.ge("RPM").unwrap().try_into().unwrap();
[INFO] [stdout]    |
[INFO] [stdout] 
[INFO] [stdout] 
[INFO] [stdout] error[E0599]: no method named `get` found for type `!` in the current scope
[INFO] [stdout]   --> examples/get_telemetry.rs:24:31
[INFO] [stdout]    |
[INFO] [stdout] 24 |         let gear: i32 = telem.get("Gear").unwrap().try_into().unwrap();
[INFO] [stdout]    |                               ^^^
[INFO] [stdout]    |
[INFO] [stdout] help: there is a method `ge` with a similar name
[INFO] [stdout]    |
[INFO] [stdout] 24 -         let gear: i32 = telem.get("Gear").unwrap().try_into().unwrap();
[INFO] [stdout] 24 +         let gear: i32 = telem.ge("Gear").unwrap().try_into().unwrap();
[INFO] [stdout]    |
[INFO] [stdout] 
[INFO] [stdout] 
[INFO] [stdout] warning: unreachable expression
[INFO] [stdout]   --> examples/get_telemetry.rs:24:35
[INFO] [stdout]    |
[INFO] [stdout] 24 |         let gear: i32 = telem.get("Gear").unwrap().try_into().unwrap();
[INFO] [stdout]    |                         -----     ^^^^^^ unreachable expression
[INFO] [stdout]    |                         |
[INFO] [stdout]    |                         any code following this expression is unreachable
[INFO] [stdout]    |
[INFO] [stdout]    = note: `#[warn(unreachable_code)]` (part of `#[warn(unused)]`) on by default
[INFO] [stdout] 
[INFO] [stdout] 
[INFO] [stdout] error[E0599]: no method named `get` found for type `!` in the current scope
[INFO] [stdout]   --> examples/get_telemetry.rs:25:35
[INFO] [stdout]    |
[INFO] [stdout] 25 |         let timecode: f64 = telem.get("SessionTime").unwrap().try_into().unwrap();
[INFO] [stdout]    |                                   ^^^
[INFO] [stdout]    |
[INFO] [stdout] help: there is a method `ge` with a similar name
[INFO] [stdout]    |
[INFO] [stdout] 25 -         let timecode: f64 = telem.get("SessionTime").unwrap().try_into().unwrap();
[INFO] [stdout] 25 +         let timecode: f64 = telem.ge("SessionTime").unwrap().try_into().unwrap();
[INFO] [stdout]    |
[INFO] [stdout] 
[INFO] [stdout] 
[INFO] [stdout] warning: unreachable expression
[INFO] [stdout]   --> examples/get_telemetry.rs:25:39
[INFO] [stdout]    |
[INFO] [stdout] 25 |         let timecode: f64 = telem.get("SessionTime").unwrap().try_into().unwrap();
[INFO] [stdout]    |                             -----     ^^^^^^^^^^^^^ unreachable expression
[INFO] [stdout]    |                             |
[INFO] [stdout]    |                             any code following this expression is unreachable
[INFO] [stdout] 
[INFO] [stdout] 
[INFO] [stdout] error[E0599]: no method named `get` found for type `!` in the current scope
[INFO] [stdout]   --> examples/get_telemetry.rs:26:30
[INFO] [stdout]    |
[INFO] [stdout] 26 |         let lap: i32 = telem.get("Lap").unwrap().try_into().unwrap();
[INFO] [stdout]    |                              ^^^
[INFO] [stdout]    |
[INFO] [stdout] help: there is a method `ge` with a similar name
[INFO] [stdout]    |
[INFO] [stdout] 26 -         let lap: i32 = telem.get("Lap").unwrap().try_into().unwrap();
[INFO] [stdout] 26 +         let lap: i32 = telem.ge("Lap").unwrap().try_into().unwrap();
[INFO] [stdout]    |
[INFO] [stdout] 
[INFO] [stdout] 
[INFO] [stdout] warning: unreachable expression
[INFO] [stdout]   --> examples/get_telemetry.rs:26:34
[INFO] [stdout]    |
[INFO] [stdout] 26 |         let lap: i32 = telem.get("Lap").unwrap().try_into().unwrap();
[INFO] [stdout]    |                        -----     ^^^^^ unreachable expression
[INFO] [stdout]    |                        |
[INFO] [stdout]    |                        any code following this expression is unreachable
[INFO] [stdout] 
[INFO] [stdout] 
[INFO] [stdout] error[E0599]: no method named `get` found for type `!` in the current scope
[INFO] [stdout]   --> examples/get_telemetry.rs:28:45
[INFO] [stdout]    |
[INFO] [stdout] 28 |         let flags = Flags::from_bits( telem.get("SessionState").unwrap().try_into().unwrap() ).unwrap();
[INFO] [stdout]    |                                             ^^^
[INFO] [stdout]    |
[INFO] [stdout] help: there is a method `ge` with a similar name
[INFO] [stdout]    |
[INFO] [stdout] 28 -         let flags = Flags::from_bits( telem.get("SessionState").unwrap().try_into().unwrap() ).unwrap();
[INFO] [stdout] 28 +         let flags = Flags::from_bits( telem.ge("SessionState").unwrap().try_into().unwrap() ).unwrap();
[INFO] [stdout]    |
[INFO] [stdout] 
[INFO] [stdout] 
[INFO] [stdout] warning: unreachable expression
[INFO] [stdout]   --> examples/get_telemetry.rs:28:49
[INFO] [stdout]    |
[INFO] [stdout] 28 |         let flags = Flags::from_bits( telem.get("SessionState").unwrap().try_into().unwrap() ).unwrap();
[INFO] [stdout]    |                                       -----     ^^^^^^^^^^^^^^ unreachable expression
[INFO] [stdout]    |                                       |
[INFO] [stdout]    |                                       any code following this expression is unreachable
[INFO] [stdout] 
[INFO] [stdout] 
[INFO] [stdout] Some errors have detailed explanations: E0432, E0599.
[INFO] [stdout] 
[INFO] [stdout] For more information about an error, try `rustc --explain E0432`.
[INFO] [stdout] 
[INFO] [stdout] error[E0432]: unresolved import `iracing::Connection`
[INFO] [stdout]   --> examples/view_session.rs:2:5
[INFO] [stdout]    |
[INFO] [stdout]  2 | use iracing::Connection;
[INFO] [stdout]    |     ^^^^^^^^^----------
[INFO] [stdout]    |              |
[INFO] [stdout]    |              no `Connection` in the root
[INFO] [stdout]    |
[INFO] [stdout] note: found an item that was configured out
[INFO] [stdout]   --> src/lib.rs:62:12
[INFO] [stdout]    |
[INFO] [stdout] 47 | #[cfg(target_os="windows")]
[INFO] [stdout]    |       ------------------- the item is gated behind the `windows` feature
[INFO] [stdout] ...
[INFO] [stdout] 62 | pub struct Connection {
[INFO] [stdout]    |            ^^^^^^^^^^
[INFO] [stdout] 
[INFO] [stdout] 
[INFO] [stderr] error: could not compile `iracing` (example "get_telemetry") due to 6 previous errors; 6 warnings emitted
[INFO] [stdout] For more information about this error, try `rustc --explain E0432`.
[INFO] [stdout] 
[INFO] [stderr] error: could not compile `iracing` (example "view_session") due to 1 previous error
[INFO] [stdout] warning: unexpected `cfg` condition value: `cargo-clippy`
[INFO] [stdout]  --> src/session.rs:7:24
[INFO] [stdout]   |
[INFO] [stdout] 7 | #[derive(Debug, Clone, Serialize, Deserialize)]
[INFO] [stdout]   |                        ^^^^^^^^^
[INFO] [stdout]   |
[INFO] [stdout]   = note: no expected values for `feature`
[INFO] [stdout]   = note: using a cfg inside a derive macro will use the cfgs from the destination crate and not the ones from the defining crate
[INFO] [stdout]   = help: try referring to `Serialize` crate for guidance on how handle this unexpected cfg
[INFO] [stdout]   = note: see <https://doc.rust-lang.org/nightly/rustc/check-cfg/cargo-specifics.html> for more information about checking conditional configuration
[INFO] [stdout]   = note: `#[warn(unexpected_cfgs)]` on by default
[INFO] [stdout]   = note: this warning originates in the derive macro `Serialize` (in Nightly builds, run with -Z macro-backtrace for more info)
[INFO] [stdout] 
[INFO] [stdout] 
[INFO] [stdout] warning: unexpected `cfg` condition value: `cargo-clippy`
[INFO] [stdout]  --> src/session.rs:7:35
[INFO] [stdout]   |
[INFO] [stdout] 7 | #[derive(Debug, Clone, Serialize, Deserialize)]
[INFO] [stdout]   |                                   ^^^^^^^^^^^
[INFO] [stdout]   |
[INFO] [stdout]   = note: no expected values for `feature`
[INFO] [stdout]   = note: using a cfg inside a derive macro will use the cfgs from the destination crate and not the ones from the defining crate
[INFO] [stdout]   = help: try referring to `Deserialize` crate for guidance on how handle this unexpected cfg
[INFO] [stdout]   = note: see <https://doc.rust-lang.org/nightly/rustc/check-cfg/cargo-specifics.html> for more information about checking conditional configuration
[INFO] [stdout]   = note: this warning originates in the derive macro `Deserialize` (in Nightly builds, run with -Z macro-backtrace for more info)
[INFO] [stdout] 
[INFO] [stdout] 
[INFO] [stdout] warning: unexpected `cfg` condition value: `cargo-clippy`
[INFO] [stdout]   --> src/session.rs:22:24
[INFO] [stdout]    |
[INFO] [stdout] 22 | #[derive(Debug, Clone, Serialize, Deserialize)]
[INFO] [stdout]    |                        ^^^^^^^^^
[INFO] [stdout]    |
[INFO] [stdout]    = note: no expected values for `feature`
[INFO] [stdout]    = note: using a cfg inside a derive macro will use the cfgs from the destination crate and not the ones from the defining crate
[INFO] [stdout]    = help: try referring to `Serialize` crate for guidance on how handle this unexpected cfg
[INFO] [stdout]    = note: see <https://doc.rust-lang.org/nightly/rustc/check-cfg/cargo-specifics.html> for more information about checking conditional configuration
[INFO] [stdout]    = note: this warning originates in the derive macro `Serialize` (in Nightly builds, run with -Z macro-backtrace for more info)
[INFO] [stdout] 
[INFO] [stdout] 
[INFO] [stdout] warning: unexpected `cfg` condition value: `cargo-clippy`
[INFO] [stdout]   --> src/session.rs:22:35
[INFO] [stdout]    |
[INFO] [stdout] 22 | #[derive(Debug, Clone, Serialize, Deserialize)]
[INFO] [stdout]    |                                   ^^^^^^^^^^^
[INFO] [stdout]    |
[INFO] [stdout]    = note: no expected values for `feature`
[INFO] [stdout]    = note: using a cfg inside a derive macro will use the cfgs from the destination crate and not the ones from the defining crate
[INFO] [stdout]    = help: try referring to `Deserialize` crate for guidance on how handle this unexpected cfg
[INFO] [stdout]    = note: see <https://doc.rust-lang.org/nightly/rustc/check-cfg/cargo-specifics.html> for more information about checking conditional configuration
[INFO] [stdout]    = note: this warning originates in the derive macro `Deserialize` (in Nightly builds, run with -Z macro-backtrace for more info)
[INFO] [stdout] 
[INFO] [stdout] 
[INFO] [stdout] warning: unexpected `cfg` condition value: `cargo-clippy`
[INFO] [stdout]    --> src/session.rs:108:24
[INFO] [stdout]     |
[INFO] [stdout] 108 | #[derive(Debug, Clone, Serialize, Deserialize)]
[INFO] [stdout]     |                        ^^^^^^^^^
[INFO] [stdout]     |
[INFO] [stdout]     = note: no expected values for `feature`
[INFO] [stdout]     = note: using a cfg inside a derive macro will use the cfgs from the destination crate and not the ones from the defining crate
[INFO] [stdout]     = help: try referring to `Serialize` crate for guidance on how handle this unexpected cfg
[INFO] [stdout]     = note: see <https://doc.rust-lang.org/nightly/rustc/check-cfg/cargo-specifics.html> for more information about checking conditional configuration
[INFO] [stdout]     = note: this warning originates in the derive macro `Serialize` (in Nightly builds, run with -Z macro-backtrace for more info)
[INFO] [stdout] 
[INFO] [stdout] 
[INFO] [stdout] warning: unexpected `cfg` condition value: `cargo-clippy`
[INFO] [stdout]    --> src/session.rs:108:35
[INFO] [stdout]     |
[INFO] [stdout] 108 | #[derive(Debug, Clone, Serialize, Deserialize)]
[INFO] [stdout]     |                                   ^^^^^^^^^^^
[INFO] [stdout]     |
[INFO] [stdout]     = note: no expected values for `feature`
[INFO] [stdout]     = note: using a cfg inside a derive macro will use the cfgs from the destination crate and not the ones from the defining crate
[INFO] [stdout]     = help: try referring to `Deserialize` crate for guidance on how handle this unexpected cfg
[INFO] [stdout]     = note: see <https://doc.rust-lang.org/nightly/rustc/check-cfg/cargo-specifics.html> for more information about checking conditional configuration
[INFO] [stdout]     = note: this warning originates in the derive macro `Deserialize` (in Nightly builds, run with -Z macro-backtrace for more info)
[INFO] [stdout] 
[INFO] [stdout] 
[INFO] [stdout] warning: unexpected `cfg` condition value: `cargo-clippy`
[INFO] [stdout]    --> src/session.rs:138:24
[INFO] [stdout]     |
[INFO] [stdout] 138 | #[derive(Debug, Clone, Serialize, Deserialize)]
[INFO] [stdout]     |                        ^^^^^^^^^
[INFO] [stdout]     |
[INFO] [stdout]     = note: no expected values for `feature`
[INFO] [stdout]     = note: using a cfg inside a derive macro will use the cfgs from the destination crate and not the ones from the defining crate
[INFO] [stdout]     = help: try referring to `Serialize` crate for guidance on how handle this unexpected cfg
[INFO] [stdout]     = note: see <https://doc.rust-lang.org/nightly/rustc/check-cfg/cargo-specifics.html> for more information about checking conditional configuration
[INFO] [stdout]     = note: this warning originates in the derive macro `Serialize` (in Nightly builds, run with -Z macro-backtrace for more info)
[INFO] [stdout] 
[INFO] [stdout] 
[INFO] [stdout] warning: unexpected `cfg` condition value: `cargo-clippy`
[INFO] [stdout]    --> src/session.rs:138:35
[INFO] [stdout]     |
[INFO] [stdout] 138 | #[derive(Debug, Clone, Serialize, Deserialize)]
[INFO] [stdout]     |                                   ^^^^^^^^^^^
[INFO] [stdout]     |
[INFO] [stdout]     = note: no expected values for `feature`
[INFO] [stdout]     = note: using a cfg inside a derive macro will use the cfgs from the destination crate and not the ones from the defining crate
[INFO] [stdout]     = help: try referring to `Deserialize` crate for guidance on how handle this unexpected cfg
[INFO] [stdout]     = note: see <https://doc.rust-lang.org/nightly/rustc/check-cfg/cargo-specifics.html> for more information about checking conditional configuration
[INFO] [stdout]     = note: this warning originates in the derive macro `Deserialize` (in Nightly builds, run with -Z macro-backtrace for more info)
[INFO] [stdout] 
[INFO] [stdout] 
[INFO] [stdout] warning: unexpected `cfg` condition value: `cargo-clippy`
[INFO] [stdout]    --> src/session.rs:146:24
[INFO] [stdout]     |
[INFO] [stdout] 146 | #[derive(Debug, Clone, Serialize, Deserialize)]
[INFO] [stdout]     |                        ^^^^^^^^^
[INFO] [stdout]     |
[INFO] [stdout]     = note: no expected values for `feature`
[INFO] [stdout]     = note: using a cfg inside a derive macro will use the cfgs from the destination crate and not the ones from the defining crate
[INFO] [stdout]     = help: try referring to `Serialize` crate for guidance on how handle this unexpected cfg
[INFO] [stdout]     = note: see <https://doc.rust-lang.org/nightly/rustc/check-cfg/cargo-specifics.html> for more information about checking conditional configuration
[INFO] [stdout]     = note: this warning originates in the derive macro `Serialize` (in Nightly builds, run with -Z macro-backtrace for more info)
[INFO] [stdout] 
[INFO] [stdout] 
[INFO] [stdout] warning: unexpected `cfg` condition value: `cargo-clippy`
[INFO] [stdout]    --> src/session.rs:146:35
[INFO] [stdout]     |
[INFO] [stdout] 146 | #[derive(Debug, Clone, Serialize, Deserialize)]
[INFO] [stdout]     |                                   ^^^^^^^^^^^
[INFO] [stdout]     |
[INFO] [stdout]     = note: no expected values for `feature`
[INFO] [stdout]     = note: using a cfg inside a derive macro will use the cfgs from the destination crate and not the ones from the defining crate
[INFO] [stdout]     = help: try referring to `Deserialize` crate for guidance on how handle this unexpected cfg
[INFO] [stdout]     = note: see <https://doc.rust-lang.org/nightly/rustc/check-cfg/cargo-specifics.html> for more information about checking conditional configuration
[INFO] [stdout]     = note: this warning originates in the derive macro `Deserialize` (in Nightly builds, run with -Z macro-backtrace for more info)
[INFO] [stdout] 
[INFO] [stdout] 
[INFO] [stdout] warning: unexpected `cfg` condition value: `cargo-clippy`
[INFO] [stdout]    --> src/session.rs:167:24
[INFO] [stdout]     |
[INFO] [stdout] 167 | #[derive(Debug, Clone, Serialize, Deserialize)]
[INFO] [stdout]     |                        ^^^^^^^^^
[INFO] [stdout]     |
[INFO] [stdout]     = note: no expected values for `feature`
[INFO] [stdout]     = note: using a cfg inside a derive macro will use the cfgs from the destination crate and not the ones from the defining crate
[INFO] [stdout]     = help: try referring to `Serialize` crate for guidance on how handle this unexpected cfg
[INFO] [stdout]     = note: see <https://doc.rust-lang.org/nightly/rustc/check-cfg/cargo-specifics.html> for more information about checking conditional configuration
[INFO] [stdout]     = note: this warning originates in the derive macro `Serialize` (in Nightly builds, run with -Z macro-backtrace for more info)
[INFO] [stdout] 
[INFO] [stdout] 
[INFO] [stdout] warning: unexpected `cfg` condition value: `cargo-clippy`
[INFO] [stdout]    --> src/session.rs:167:35
[INFO] [stdout]     |
[INFO] [stdout] 167 | #[derive(Debug, Clone, Serialize, Deserialize)]
[INFO] [stdout]     |                                   ^^^^^^^^^^^
[INFO] [stdout]     |
[INFO] [stdout]     = note: no expected values for `feature`
[INFO] [stdout]     = note: using a cfg inside a derive macro will use the cfgs from the destination crate and not the ones from the defining crate
[INFO] [stdout]     = help: try referring to `Deserialize` crate for guidance on how handle this unexpected cfg
[INFO] [stdout]     = note: see <https://doc.rust-lang.org/nightly/rustc/check-cfg/cargo-specifics.html> for more information about checking conditional configuration
[INFO] [stdout]     = note: this warning originates in the derive macro `Deserialize` (in Nightly builds, run with -Z macro-backtrace for more info)
[INFO] [stdout] 
[INFO] [stdout] 
[INFO] [stdout] warning: unexpected `cfg` condition value: `cargo-clippy`
[INFO] [stdout]    --> src/session.rs:191:24
[INFO] [stdout]     |
[INFO] [stdout] 191 | #[derive(Debug, Clone, Serialize, Deserialize)]
[INFO] [stdout]     |                        ^^^^^^^^^
[INFO] [stdout]     |
[INFO] [stdout]     = note: no expected values for `feature`
[INFO] [stdout]     = note: using a cfg inside a derive macro will use the cfgs from the destination crate and not the ones from the defining crate
[INFO] [stdout]     = help: try referring to `Serialize` crate for guidance on how handle this unexpected cfg
[INFO] [stdout]     = note: see <https://doc.rust-lang.org/nightly/rustc/check-cfg/cargo-specifics.html> for more information about checking conditional configuration
[INFO] [stdout]     = note: this warning originates in the derive macro `Serialize` (in Nightly builds, run with -Z macro-backtrace for more info)
[INFO] [stdout] 
[INFO] [stdout] 
[INFO] [stdout] warning: unexpected `cfg` condition value: `cargo-clippy`
[INFO] [stdout]    --> src/session.rs:191:35
[INFO] [stdout]     |
[INFO] [stdout] 191 | #[derive(Debug, Clone, Serialize, Deserialize)]
[INFO] [stdout]     |                                   ^^^^^^^^^^^
[INFO] [stdout]     |
[INFO] [stdout]     = note: no expected values for `feature`
[INFO] [stdout]     = note: using a cfg inside a derive macro will use the cfgs from the destination crate and not the ones from the defining crate
[INFO] [stdout]     = help: try referring to `Deserialize` crate for guidance on how handle this unexpected cfg
[INFO] [stdout]     = note: see <https://doc.rust-lang.org/nightly/rustc/check-cfg/cargo-specifics.html> for more information about checking conditional configuration
[INFO] [stdout]     = note: this warning originates in the derive macro `Deserialize` (in Nightly builds, run with -Z macro-backtrace for more info)
[INFO] [stdout] 
[INFO] [stdout] 
[INFO] [stdout] warning: unexpected `cfg` condition value: `cargo-clippy`
[INFO] [stdout]    --> src/session.rs:255:24
[INFO] [stdout]     |
[INFO] [stdout] 255 | #[derive(Debug, Clone, Serialize, Deserialize)]
[INFO] [stdout]     |                        ^^^^^^^^^
[INFO] [stdout]     |
[INFO] [stdout]     = note: no expected values for `feature`
[INFO] [stdout]     = note: using a cfg inside a derive macro will use the cfgs from the destination crate and not the ones from the defining crate
[INFO] [stdout]     = help: try referring to `Serialize` crate for guidance on how handle this unexpected cfg
[INFO] [stdout]     = note: see <https://doc.rust-lang.org/nightly/rustc/check-cfg/cargo-specifics.html> for more information about checking conditional configuration
[INFO] [stdout]     = note: this warning originates in the derive macro `Serialize` (in Nightly builds, run with -Z macro-backtrace for more info)
[INFO] [stdout] 
[INFO] [stdout] 
[INFO] [stdout] warning: unexpected `cfg` condition value: `cargo-clippy`
[INFO] [stdout]    --> src/session.rs:255:35
[INFO] [stdout]     |
[INFO] [stdout] 255 | #[derive(Debug, Clone, Serialize, Deserialize)]
[INFO] [stdout]     |                                   ^^^^^^^^^^^
[INFO] [stdout]     |
[INFO] [stdout]     = note: no expected values for `feature`
[INFO] [stdout]     = note: using a cfg inside a derive macro will use the cfgs from the destination crate and not the ones from the defining crate
[INFO] [stdout]     = help: try referring to `Deserialize` crate for guidance on how handle this unexpected cfg
[INFO] [stdout]     = note: see <https://doc.rust-lang.org/nightly/rustc/check-cfg/cargo-specifics.html> for more information about checking conditional configuration
[INFO] [stdout]     = note: this warning originates in the derive macro `Deserialize` (in Nightly builds, run with -Z macro-backtrace for more info)
[INFO] [stdout] 
[INFO] [stdout] 
[INFO] [stdout] warning: unused import: `crate::session::*`
[INFO] [stdout]   --> src/lib.rs:15:5
[INFO] [stdout]    |
[INFO] [stdout] 15 | use crate::session::*;
[INFO] [stdout]    |     ^^^^^^^^^^^^^^^^^
[INFO] [stdout]    |
[INFO] [stdout]    = note: `#[warn(unused_imports)]` (part of `#[warn(unused)]`) on by default
[INFO] [stdout] 
[INFO] [stdout] 
[INFO] [stdout] warning: unused import: `serde_yaml::from_str as yaml_from`
[INFO] [stdout]   --> src/lib.rs:16:5
[INFO] [stdout]    |
[INFO] [stdout] 16 | use serde_yaml::from_str as yaml_from;
[INFO] [stdout]    |     ^^^^^^^^^^^^^^^^^^^^^^^^^^^^^^^^^
[INFO] [stdout] 
[INFO] [stdout] 
[INFO] [stdout] warning: unused import: `std::ptr::null`
[INFO] [stdout]   --> src/lib.rs:17:5
[INFO] [stdout]    |
[INFO] [stdout] 17 | use std::ptr::null;
[INFO] [stdout]    |     ^^^^^^^^^^^^^^
[INFO] [stdout] 
[INFO] [stdout] 
[INFO] [stdout] warning: unused import: `std::io::Error`
[INFO] [stdout]   --> src/lib.rs:18:5
[INFO] [stdout]    |
[INFO] [stdout] 18 | use std::io::Error;
[INFO] [stdout]    |     ^^^^^^^^^^^^^^
[INFO] [stdout] 
[INFO] [stdout] 
[INFO] [stdout] warning: unused import: `std::slice::from_raw_parts`
[INFO] [stdout]   --> src/lib.rs:19:5
[INFO] [stdout]    |
[INFO] [stdout] 19 | use std::slice::from_raw_parts;
[INFO] [stdout]    |     ^^^^^^^^^^^^^^^^^^^^^^^^^^
[INFO] [stdout] 
[INFO] [stdout] 
[INFO] [stdout] warning: unused import: `std::io::Result as IOResult`
[INFO] [stdout]   --> src/lib.rs:20:5
[INFO] [stdout]    |
[INFO] [stdout] 20 | use std::io::Result as IOResult;
[INFO] [stdout]    |     ^^^^^^^^^^^^^^^^^^^^^^^^^^^
[INFO] [stdout] 
[INFO] [stdout] 
[INFO] [stdout] warning: unused import: `std::mem::transmute`
[INFO] [stdout]   --> src/lib.rs:21:5
[INFO] [stdout]    |
[INFO] [stdout] 21 | use std::mem::transmute;
[INFO] [stdout]    |     ^^^^^^^^^^^^^^^^^^^
[INFO] [stdout] 
[INFO] [stdout] 
[INFO] [stdout] warning: unused import: `std::sync::Mutex`
[INFO] [stdout]   --> src/lib.rs:22:5
[INFO] [stdout]    |
[INFO] [stdout] 22 | use std::sync::Mutex;
[INFO] [stdout]    |     ^^^^^^^^^^^^^^^^
[INFO] [stdout] 
[INFO] [stdout] 
[INFO] [stdout] warning: unused import: `libc::c_void`
[INFO] [stdout]   --> src/lib.rs:23:5
[INFO] [stdout]    |
[INFO] [stdout] 23 | use libc::c_void;
[INFO] [stdout]    |     ^^^^^^^^^^^^
[INFO] [stdout] 
[INFO] [stdout] 
[INFO] [stdout] warning: unused imports: `DecoderTrap` and `Encoding`
[INFO] [stdout]   --> src/lib.rs:24:16
[INFO] [stdout]    |
[INFO] [stdout] 24 | use encoding::{Encoding, DecoderTrap};
[INFO] [stdout]    |                ^^^^^^^^  ^^^^^^^^^^^
[INFO] [stdout] 
[INFO] [stdout] 
[INFO] [stdout] warning: unused import: `encoding::all::ISO_8859_1`
[INFO] [stdout]   --> src/lib.rs:25:5
[INFO] [stdout]    |
[INFO] [stdout] 25 | use encoding::all::ISO_8859_1;
[INFO] [stdout]    |     ^^^^^^^^^^^^^^^^^^^^^^^^^
[INFO] [stdout] 
[INFO] [stdout] 
[INFO] [stdout] warning: unused import: `super::*`
[INFO] [stdout]    --> src/lib.rs:213:9
[INFO] [stdout]     |
[INFO] [stdout] 213 |     use super::*;
[INFO] [stdout]     |         ^^^^^^^^
[INFO] [stdout] 
[INFO] [stdout] 
[INFO] [stdout] error[E0433]: cannot find type `Connection` in this scope
[INFO] [stdout]    --> src/lib.rs:217:15
[INFO] [stdout]     |
[INFO] [stdout] 217 |         match Connection::new().expect("Unable to open telemetry").session_info() {
[INFO] [stdout]     |               ^^^^^^^^^^ use of undeclared type `Connection`
[INFO] [stdout]     |
[INFO] [stdout] note: found an item that was configured out
[INFO] [stdout]    --> src/lib.rs:62:12
[INFO] [stdout]     |
[INFO] [stdout]  47 | #[cfg(target_os="windows")]
[INFO] [stdout]     |       ------------------- the item is gated behind the `windows` feature
[INFO] [stdout] ...
[INFO] [stdout]  62 | pub struct Connection {
[INFO] [stdout]     |            ^^^^^^^^^^
[INFO] [stdout] 
[INFO] [stdout] 
[INFO] [stdout] error[E0433]: cannot find type `Connection` in this scope
[INFO] [stdout]    --> src/lib.rs:225:9
[INFO] [stdout]     |
[INFO] [stdout] 225 |         Connection::new().expect("Unable to open telemetry").telemetry().expect("Couldn't get latest telem");
[INFO] [stdout]     |         ^^^^^^^^^^ use of undeclared type `Connection`
[INFO] [stdout]     |
[INFO] [stdout] note: found an item that was configured out
[INFO] [stdout]    --> src/lib.rs:62:12
[INFO] [stdout]     |
[INFO] [stdout]  47 | #[cfg(target_os="windows")]
[INFO] [stdout]     |       ------------------- the item is gated behind the `windows` feature
[INFO] [stdout] ...
[INFO] [stdout]  62 | pub struct Connection {
[INFO] [stdout]     |            ^^^^^^^^^^
[INFO] [stdout] 
[INFO] [stdout] 
[INFO] [stdout] For more information about this error, try `rustc --explain E0433`.
[INFO] [stdout] 
[INFO] [stderr] error: could not compile `iracing` (lib test) due to 2 previous errors; 28 warnings emitted
[INFO] running `Command { std: "docker" "inspect" "b4ad146f5af2a1026a6e09bfa4b62d9a74317ff9359b0c609d58baeb67aabd17", kill_on_drop: false }`
[INFO] running `Command { std: "docker" "rm" "-f" "b4ad146f5af2a1026a6e09bfa4b62d9a74317ff9359b0c609d58baeb67aabd17", kill_on_drop: false }`
[INFO] [stdout] b4ad146f5af2a1026a6e09bfa4b62d9a74317ff9359b0c609d58baeb67aabd17
