[INFO] fetching crate ira 0.3.0...
[INFO] testing ira-0.3.0 against 1.99.0-beta.8+cargoflags=--release for beta-release-1.100-2
[INFO] extracting crate ira 0.3.0 into /workspace/builds/worker-1-tc1/source
[INFO] started tweaking crates.io crate ira 0.3.0
[INFO] finished tweaking crates.io crate ira 0.3.0
[INFO] tweaked toml for crates.io crate ira 0.3.0 written to /workspace/builds/worker-1-tc1/source/Cargo.toml
[INFO] validating manifest of crates.io crate ira 0.3.0 on toolchain 1.99.0-beta.8
[INFO] running `Command { std: CARGO_HOME="/workspace/cargo-home" RUSTUP_HOME="/workspace/rustup-home" "/workspace/cargo-home/bin/cargo" "+1.99.0-beta.8" "metadata" "--manifest-path" "Cargo.toml" "--no-deps", kill_on_drop: false }`
[INFO] running `Command { std: CARGO_HOME="/workspace/cargo-home" RUSTUP_HOME="/workspace/rustup-home" "/workspace/cargo-home/bin/cargo" "+1.99.0-beta.8" "generate-lockfile" "--manifest-path" "Cargo.toml", kill_on_drop: false }`
[INFO] [stderr]     Updating crates.io index
[INFO] [stderr]      Locking 405 packages to highest compatible versions
[INFO] [stderr]       Adding glam v0.28.0 (available: v0.34.1)
[INFO] [stderr]       Adding nalgebra v0.33.3 (available: v0.35.0)
[INFO] [stderr]       Adding pollster v0.3.0 (available: v1.0.1)
[INFO] [stderr]       Adding rapier3d v0.21.0 (available: v0.36.1)
[INFO] [stderr]       Adding wgpu v0.20.1 (available: v30.0.1)
[INFO] running `Command { std: CARGO_HOME="/workspace/cargo-home" RUSTUP_HOME="/workspace/rustup-home" "/workspace/cargo-home/bin/cargo" "+1.99.0-beta.8" "fetch" "--manifest-path" "Cargo.toml", kill_on_drop: false }`
[INFO] [stderr]     Blocking waiting for file lock on package cache
[INFO] [stderr]     Blocking waiting for file lock on package cache
[INFO] [stderr]  Downloading crates ...
[INFO] [stderr]   Downloaded wayland-protocols v0.32.13
[INFO] [stderr]   Downloaded objc2 v0.5.3
[INFO] [stderr]   Downloaded wgpu-types v0.20.0
[INFO] [stderr]   Downloaded wgpu v0.20.1
[INFO] [stderr]   Downloaded d3d12 v0.20.0
[INFO] [stderr]   Downloaded nalgebra-macros v0.2.2
[INFO] [stderr]   Downloaded pollster v0.3.0
[INFO] [stderr]   Downloaded ira_drum v0.3.1
[INFO] [stderr]   Downloaded tobj v4.0.5
[INFO] [stderr]   Downloaded image_dds__patch v0.5.1
[INFO] [stderr]   Downloaded ispc_rt v2.0.4
[INFO] [stderr]   Downloaded wgpu-hal v0.21.1
[INFO] [stderr]   Downloaded wgpu-core v0.21.1
[INFO] [stderr]   Downloaded rapier3d v0.21.0
[INFO] [stderr]   Downloaded parry3d v0.16.1
[INFO] [stderr]   Downloaded naga v0.20.0
[INFO] [stderr]   Downloaded libfuzzer-sys v0.4.13
[INFO] [stderr]   Downloaded metal v0.28.0
[INFO] [stderr]   Downloaded imgref v1.12.3
[INFO] [stderr]   Downloaded pulp-wasm-simd-flag v0.1.1
[INFO] [stderr]   Downloaded pulp v0.22.3
[INFO] [stderr]   Downloaded exr v1.74.2
[INFO] [stderr]   Downloaded ddsfile v0.5.2
[INFO] [stderr]   Downloaded enum-primitive-derive v0.2.2
[INFO] [stderr]   Downloaded bitcode_derive v0.6.9
[INFO] [stderr]   Downloaded bcdec_rs v0.1.2
[INFO] [stderr]   Downloaded gltf-json v1.4.1
[INFO] [stderr]   Downloaded gltf-derive v1.4.1
[INFO] [stderr]   Downloaded gltf v1.4.1
[INFO] [stderr]   Downloaded bitcode v0.6.9
[INFO] [stderr]   Downloaded glam v0.34.1
[INFO] [stderr]   Downloaded intel_tex_2 v0.4.0
[INFO] running `Command { std: "docker" "create" "-v" "/var/lib/crater-agent-workspace/builds/worker-1-tc1/source:/opt/rustwide/workdir:ro,Z" "-v" "/var/lib/crater-agent-workspace/builds/worker-1-tc1/target:/opt/rustwide/target:rw,Z" "-v" "/var/lib/crater-agent-workspace/cargo-home:/opt/rustwide/cargo-home:ro,Z" "-v" "/var/lib/crater-agent-workspace/rustup-home:/opt/rustwide/rustup-home:ro,Z" "-m" "1610612736" "--network" "none" "ghcr.io/rust-lang/crates-build-env/linux@sha256:77db811e55d90add9212f6832c23229e3de5f1c1f9905e8cb07319ea15df73ac" "sleep" "infinity", kill_on_drop: false }`
[INFO] [stdout] 41cf186b71d0714846fed4594026aa813373fd3ccbcfa3face4d42b777350fa4
[INFO] running `Command { std: "docker" "start" "41cf186b71d0714846fed4594026aa813373fd3ccbcfa3face4d42b777350fa4", kill_on_drop: false }`
[INFO] running `Command { std: "docker" "inspect" "41cf186b71d0714846fed4594026aa813373fd3ccbcfa3face4d42b777350fa4", kill_on_drop: false }`
[INFO] running `Command { std: "docker" "exec" "-e" "SOURCE_DIR=/opt/rustwide/workdir" "-e" "CARGO_HOME=/opt/rustwide/cargo-home" "-e" "RUSTUP_HOME=/opt/rustwide/rustup-home" "-e" "CARGO_TARGET_DIR=/opt/rustwide/target" "-w" "/opt/rustwide/workdir" "--user" "0:0" "41cf186b71d0714846fed4594026aa813373fd3ccbcfa3face4d42b777350fa4" "/opt/rustwide/cargo-home/bin/cargo" "+1.99.0-beta.8" "metadata" "--no-deps" "--format-version=1", kill_on_drop: false }`
[INFO] running `Command { std: "docker" "inspect" "41cf186b71d0714846fed4594026aa813373fd3ccbcfa3face4d42b777350fa4", kill_on_drop: false }`
[INFO] running `Command { std: "docker" "exec" "-e" "SOURCE_DIR=/opt/rustwide/workdir" "-e" "CARGO_HOME=/opt/rustwide/cargo-home" "-e" "RUSTUP_HOME=/opt/rustwide/rustup-home" "-e" "CARGO_TARGET_DIR=/opt/rustwide/target" "-e" "CARGO_INCREMENTAL=0" "-e" "RUST_BACKTRACE=full" "-e" "RUSTFLAGS=--cap-lints=warn" "-e" "RUSTDOCFLAGS=--cap-lints=warn" "-w" "/opt/rustwide/workdir" "--user" "0:0" "41cf186b71d0714846fed4594026aa813373fd3ccbcfa3face4d42b777350fa4" "/opt/rustwide/cargo-home/bin/cargo" "+1.99.0-beta.8" "build" "--frozen" "--message-format=json" "--release", kill_on_drop: false }`
[INFO] [stderr]    Compiling num-traits v0.2.19
[INFO] [stderr]    Compiling syn v2.0.119
[INFO] [stderr]    Compiling syn v3.0.9
[INFO] [stderr]    Compiling simd-adler32 v0.3.10
[INFO] [stderr]    Compiling either v1.19.0
[INFO] [stderr]    Compiling zerocopy v0.8.63
[INFO] [stderr]    Compiling arrayvec v0.7.8
[INFO] [stderr]    Compiling crc32fast v1.5.2
[INFO] [stderr]    Compiling as-slice v0.2.1
[INFO] [stderr]    Compiling built v0.8.1
[INFO] [stderr]    Compiling av-scenechange v0.14.1
[INFO] [stderr]    Compiling smallvec v1.16.3
[INFO] [stderr]    Compiling aligned v0.4.3
[INFO] [stderr]    Compiling rayon v1.12.0
[INFO] [stderr]    Compiling miniz_oxide v0.9.1
[INFO] [stderr]    Compiling pulp v0.22.3
[INFO] [stderr]    Compiling no_std_io2 v0.9.4
[INFO] [stderr]    Compiling rav1e v0.8.1
[INFO] [stderr]    Compiling nom v8.0.0
[INFO] [stderr]    Compiling y4m v0.8.0
[INFO] [stderr]    Compiling pastey v0.1.1
[INFO] [stderr]    Compiling quick-error v2.0.1
[INFO] [stderr]    Compiling bitstream-io v4.10.0
[INFO] [stderr]    Compiling num_cpus v1.17.0
[INFO] [stderr]    Compiling num-integer v0.1.47
[INFO] [stderr]    Compiling flate2 v1.1.10
[INFO] [stderr]    Compiling num-bigint v0.4.8
[INFO] [stderr]    Compiling itertools v0.14.0
[INFO] [stderr]    Compiling miniz_oxide v0.8.9
[INFO] [stderr]    Compiling raw-cpuid v11.6.0
[INFO] [stderr]    Compiling bytemuck_derive v1.12.1
[INFO] [stderr]    Compiling thiserror-impl v2.0.21
[INFO] [stderr]    Compiling num-rational v0.4.2
[INFO] [stderr]    Compiling bytemuck v1.25.2
[INFO] [stderr]    Compiling num-complex v0.4.6
[INFO] [stderr]    Compiling maybe-rayon v0.1.1
[INFO] [stderr]    Compiling simd_helpers v0.1.0
[INFO] [stderr]    Compiling imgref v1.12.3
[INFO] [stderr]    Compiling thiserror v2.0.21
[INFO] [stderr]    Compiling noop_proc_macro v0.3.0
[INFO] [stderr]    Compiling syn v1.0.109
[INFO] [stderr]    Compiling pulp-wasm-simd-flag v0.1.1
[INFO] [stderr]    Compiling reborrow v0.5.5
[INFO] [stderr]    Compiling zune-core v0.5.3
[INFO] [stderr]    Compiling weezl v0.1.12
[INFO] [stderr]    Compiling loop9 v0.1.5
[INFO] [stderr]    Compiling zune-jpeg v0.5.15
[INFO] [stderr]    Compiling safe_arch v0.7.4
[INFO] [stderr]    Compiling equator-macro v0.4.2
[INFO] [stderr]    Compiling zerocopy-derive v0.8.63
[INFO] [stderr]    Compiling num-derive v0.4.2
[INFO] [stderr]    Compiling equator v0.4.2
[INFO] [stderr]    Compiling arg_enum_proc_macro v0.3.4
[INFO] [stderr]    Compiling aligned-vec v0.6.4
[INFO] [stderr]    Compiling v_frame v0.3.9
[INFO] [stderr]    Compiling profiling-procmacros v1.0.18
[INFO] [stderr]    Compiling thiserror-impl v1.0.69
[INFO] [stderr]    Compiling av1-grain v0.2.5
[INFO] [stderr]    Compiling profiling v1.0.18
[INFO] [stderr]    Compiling ispc_rt v2.0.4
[INFO] [stderr]    Compiling fdeflate v0.3.7
[INFO] [stderr]    Compiling zune-inflate v0.2.54
[INFO] [stderr]    Compiling avif-serialize v0.8.9
[INFO] [stderr]    Compiling matrixmultiply v0.3.11
[INFO] [stderr]    Compiling byteorder-lite v0.1.0
[INFO] [stderr]    Compiling pxfm v0.1.30
[INFO] [stderr]    Compiling bit_field v0.10.3
[INFO] [stderr]    Compiling serde_json v1.0.154
[INFO] [stderr]    Compiling color_quant v1.1.0
[INFO] [stderr]    Compiling lebe v0.5.3
[INFO] [stderr]    Compiling rgb v0.8.53
[INFO] [stderr]    Compiling fax v0.2.7
[INFO] [stderr]    Compiling gif v0.14.2
[INFO] [stderr]    Compiling image-webp v0.2.4
[INFO] [stderr]    Compiling thiserror v1.0.69
[INFO] [stderr]    Compiling png v0.18.1
[INFO] [stderr]    Compiling intel_tex_2 v0.4.0
[INFO] [stderr]    Compiling wide v0.7.33
[INFO] [stderr]    Compiling qoi v0.4.1
[INFO] [stderr]    Compiling approx v0.5.1
[INFO] [stderr]    Compiling moxcms v0.8.1
[INFO] [stderr]    Compiling aho-corasick v1.1.5
[INFO] [stderr]    Compiling glam v0.28.0
[INFO] [stderr]    Compiling inflections v1.1.1
[INFO] [stderr]    Compiling rawpointer v0.2.1
[INFO] [stderr]    Compiling regex-syntax v0.8.11
[INFO] [stderr]    Compiling half v2.7.1
[INFO] [stderr]    Compiling exr v1.74.2
[INFO] [stderr]    Compiling tiff v0.11.3
[INFO] [stderr]    Compiling ravif v0.13.0
[INFO] [stderr]    Compiling image v0.25.10
[INFO] [stderr]    Compiling regex-automata v0.4.18
[INFO] [stderr]    Compiling hashbrown v0.16.1
[INFO] [stderr]    Compiling strum_macros v0.26.4
[INFO] [stderr]    Compiling gltf-derive v1.4.1
[INFO] [stderr]    Compiling enum-primitive-derive v0.2.2
[INFO] [stderr]    Compiling simba v0.9.1
[INFO] [stderr]    Compiling getrandom v0.3.4
[INFO] [stderr]    Compiling serde v1.0.229
[INFO] [stderr]    Compiling nalgebra-macros v0.2.2
[INFO] [stderr]    Compiling serde_derive v1.0.229
[INFO] [stderr]    Compiling robust v1.2.0
[INFO] [stderr]    Compiling spade v2.15.1
[INFO] [stderr]    Compiling ahash v0.8.12
[INFO] [stderr]    Compiling gltf-json v1.4.1
[INFO] [stderr]    Compiling ddsfile v0.5.2
[INFO] [stderr]    Compiling strum v0.26.3
[INFO] [stderr]    Compiling regex v1.13.1
[INFO] [stderr]    Compiling nalgebra v0.33.3
[INFO] [stderr]    Compiling tracing-attributes v0.1.31
[INFO] [stderr]    Compiling ordered-float v4.6.0
[INFO] [stderr]    Compiling crossbeam-channel v0.5.17
[INFO] [stderr]    Compiling crossbeam-queue v0.3.14
[INFO] [stderr]    Compiling downcast-rs v1.2.1
[INFO] [stderr]    Compiling urlencoding v2.1.3
[INFO] [stderr]    Compiling rustc-hash v2.1.3
[INFO] [stderr]    Compiling bcdec_rs v0.1.2
[INFO] [stderr]    Compiling jiff-core v0.1.1
[INFO] [stderr]    Compiling gltf v1.4.1
[INFO] [stderr]    Compiling image_dds__patch v0.5.1
[INFO] [stderr]    Compiling jiff v0.2.38
[INFO] [stderr]    Compiling crossbeam v0.8.5
[INFO] [stderr]    Compiling anstream v1.0.0
[INFO] [stderr]    Compiling tracing v0.1.44
[INFO] [stderr]    Compiling env_filter v2.0.0
[INFO] [stderr]    Compiling tobj v4.0.5
[INFO] [stderr]    Compiling bitcode_derive v0.6.9
[INFO] [stderr]    Compiling glam v0.34.1
[INFO] [stderr]    Compiling bit-vec v0.6.3
[INFO] [stderr]    Compiling bitcode v0.6.9
[INFO] [stderr]    Compiling env_logger v0.11.11
[INFO] [stdout] error[E0425]: cannot find type `DMat2` in this scope
[INFO] [stdout]   --> /opt/rustwide/cargo-home/registry/src/index.crates.io-1949cf8c6b5b557f/bitcode-0.6.9/src/ext/glam.rs:14:56
[INFO] [stdout]    |
[INFO] [stdout] 14 | impl_struct!(DAffine2, from_mat2_translation, matrix2, DMat2, translation, DVec2);
[INFO] [stdout]    |                                                        ^^^^^
[INFO] [stdout]    |
[INFO] [stdout]   ::: /opt/rustwide/cargo-home/registry/src/index.crates.io-1949cf8c6b5b557f/glam-0.34.1/src/f32/sse2/mat2.rs:44:1
[INFO] [stdout]    |
[INFO] [stdout] 44 | pub struct Mat2(pub(crate) __m128);
[INFO] [stdout]    | --------------- similarly named struct `Mat2` defined here
[INFO] [stdout]    |
[INFO] [stdout] help: a struct with a similar name exists
[INFO] [stdout]    |
[INFO] [stdout] 14 - impl_struct!(DAffine2, from_mat2_translation, matrix2, DMat2, translation, DVec2);
[INFO] [stdout] 14 + impl_struct!(DAffine2, from_mat2_translation, matrix2, Mat2, translation, DVec2);
[INFO] [stdout]    |
[INFO] [stdout] 
[INFO] [stdout] 
[INFO] [stdout] error[E0425]: cannot find type `DVec2` in this scope
[INFO] [stdout]   --> /opt/rustwide/cargo-home/registry/src/index.crates.io-1949cf8c6b5b557f/bitcode-0.6.9/src/ext/glam.rs:14:76
[INFO] [stdout]    |
[INFO] [stdout] 14 | impl_struct!(DAffine2, from_mat2_translation, matrix2, DMat2, translation, DVec2);
[INFO] [stdout]    |                                                                            ^^^^^
[INFO] [stdout]    |
[INFO] [stdout]   ::: /opt/rustwide/cargo-home/registry/src/index.crates.io-1949cf8c6b5b557f/glam-0.34.1/src/bool/bvec2.rs:17:1
[INFO] [stdout]    |
[INFO] [stdout] 17 | pub struct BVec2 {
[INFO] [stdout]    | ---------------- similarly named struct `BVec2` defined here
[INFO] [stdout]    |
[INFO] [stdout] help: a struct with a similar name exists
[INFO] [stdout]    |
[INFO] [stdout] 14 - impl_struct!(DAffine2, from_mat2_translation, matrix2, DMat2, translation, DVec2);
[INFO] [stdout] 14 + impl_struct!(DAffine2, from_mat2_translation, matrix2, DMat2, translation, BVec2);
[INFO] [stdout]    |
[INFO] [stdout] 
[INFO] [stdout] 
[INFO] [stdout] error[E0425]: cannot find type `DAffine2` in this scope
[INFO] [stdout]   --> /opt/rustwide/cargo-home/registry/src/index.crates.io-1949cf8c6b5b557f/bitcode-0.6.9/src/ext/glam.rs:14:14
[INFO] [stdout]    |
[INFO] [stdout] 14 | impl_struct!(DAffine2, from_mat2_translation, matrix2, DMat2, translation, DVec2);
[INFO] [stdout]    |              ^^^^^^^^
[INFO] [stdout]    |
[INFO] [stdout]   ::: /opt/rustwide/cargo-home/registry/src/index.crates.io-1949cf8c6b5b557f/glam-0.34.1/src/f32/affine2.rs:24:1
[INFO] [stdout]    |
[INFO] [stdout] 24 | pub struct Affine2 {
[INFO] [stdout]    | ------------------ similarly named struct `Affine2` defined here
[INFO] [stdout]    |
[INFO] [stdout]   ::: /opt/rustwide/cargo-home/registry/src/index.crates.io-1949cf8c6b5b557f/bitcode-0.6.9/src/ext/mod.rs:23:40
[INFO] [stdout]    |
[INFO] [stdout] 23 |             impl crate::coder::Encoder<$t> for StructEncoder {
[INFO] [stdout]    |                                        -- due to this macro variable
[INFO] [stdout]    |
[INFO] [stdout] help: a struct with a similar name exists
[INFO] [stdout]    |
[INFO] [stdout] 14 - impl_struct!(DAffine2, from_mat2_translation, matrix2, DMat2, translation, DVec2);
[INFO] [stdout] 14 + impl_struct!(Affine2, from_mat2_translation, matrix2, DMat2, translation, DVec2);
[INFO] [stdout]    |
[INFO] [stdout] 
[INFO] [stdout] 
[INFO] [stdout] error[E0425]: cannot find type `DMat3` in this scope
[INFO] [stdout]   --> /opt/rustwide/cargo-home/registry/src/index.crates.io-1949cf8c6b5b557f/bitcode-0.6.9/src/ext/glam.rs:16:56
[INFO] [stdout]    |
[INFO] [stdout] 16 | impl_struct!(DAffine3, from_mat3_translation, matrix3, DMat3, translation, DVec3);
[INFO] [stdout]    |                                                        ^^^^^
[INFO] [stdout]    |
[INFO] [stdout]   ::: /opt/rustwide/cargo-home/registry/src/index.crates.io-1949cf8c6b5b557f/glam-0.34.1/src/f32/mat3.rs:57:1
[INFO] [stdout]    |
[INFO] [stdout] 57 | pub struct Mat3 {
[INFO] [stdout]    | --------------- similarly named struct `Mat3` defined here
[INFO] [stdout]    |
[INFO] [stdout] help: a struct with a similar name exists
[INFO] [stdout]    |
[INFO] [stdout] 16 - impl_struct!(DAffine3, from_mat3_translation, matrix3, DMat3, translation, DVec3);
[INFO] [stdout] 16 + impl_struct!(DAffine3, from_mat3_translation, matrix3, Mat3, translation, DVec3);
[INFO] [stdout]    |
[INFO] [stdout] 
[INFO] [stdout] 
[INFO] [stdout] error[E0425]: cannot find type `DVec3` in this scope
[INFO] [stdout]   --> /opt/rustwide/cargo-home/registry/src/index.crates.io-1949cf8c6b5b557f/bitcode-0.6.9/src/ext/glam.rs:16:76
[INFO] [stdout]    |
[INFO] [stdout] 16 | impl_struct!(DAffine3, from_mat3_translation, matrix3, DMat3, translation, DVec3);
[INFO] [stdout]    |                                                                            ^^^^^
[INFO] [stdout]    |
[INFO] [stdout]   ::: /opt/rustwide/cargo-home/registry/src/index.crates.io-1949cf8c6b5b557f/glam-0.34.1/src/bool/bvec3.rs:17:1
[INFO] [stdout]    |
[INFO] [stdout] 17 | pub struct BVec3 {
[INFO] [stdout]    | ---------------- similarly named struct `BVec3` defined here
[INFO] [stdout]    |
[INFO] [stdout] help: a struct with a similar name exists
[INFO] [stdout]    |
[INFO] [stdout] 16 - impl_struct!(DAffine3, from_mat3_translation, matrix3, DMat3, translation, DVec3);
[INFO] [stdout] 16 + impl_struct!(DAffine3, from_mat3_translation, matrix3, DMat3, translation, BVec3);
[INFO] [stdout]    |
[INFO] [stdout] 
[INFO] [stdout] 
[INFO] [stdout] error[E0425]: cannot find type `DAffine3` in this scope
[INFO] [stdout]   --> /opt/rustwide/cargo-home/registry/src/index.crates.io-1949cf8c6b5b557f/bitcode-0.6.9/src/ext/glam.rs:16:14
[INFO] [stdout]    |
[INFO] [stdout] 16 | impl_struct!(DAffine3, from_mat3_translation, matrix3, DMat3, translation, DVec3);
[INFO] [stdout]    |              ^^^^^^^^
[INFO] [stdout]    |
[INFO] [stdout]   ::: /opt/rustwide/cargo-home/registry/src/index.crates.io-1949cf8c6b5b557f/glam-0.34.1/src/f32/affine3.rs:17:1
[INFO] [stdout]    |
[INFO] [stdout] 17 | pub struct Affine3 {
[INFO] [stdout]    | ------------------ similarly named struct `Affine3` defined here
[INFO] [stdout]    |
[INFO] [stdout]   ::: /opt/rustwide/cargo-home/registry/src/index.crates.io-1949cf8c6b5b557f/bitcode-0.6.9/src/ext/mod.rs:23:40
[INFO] [stdout]    |
[INFO] [stdout] 23 |             impl crate::coder::Encoder<$t> for StructEncoder {
[INFO] [stdout]    |                                        -- due to this macro variable
[INFO] [stdout]    |
[INFO] [stdout] help: a struct with a similar name exists
[INFO] [stdout]    |
[INFO] [stdout] 16 - impl_struct!(DAffine3, from_mat3_translation, matrix3, DMat3, translation, DVec3);
[INFO] [stdout] 16 + impl_struct!(Affine3, from_mat3_translation, matrix3, DMat3, translation, DVec3);
[INFO] [stdout]    |
[INFO] [stdout] 
[INFO] [stdout] 
[INFO] [stdout] error[E0425]: cannot find type `DVec2` in this scope
[INFO] [stdout]   --> /opt/rustwide/cargo-home/registry/src/index.crates.io-1949cf8c6b5b557f/bitcode-0.6.9/src/ext/glam.rs:40:17
[INFO] [stdout]    |
[INFO] [stdout] 40 | impl_glam!(f64, DVec2, DVec3, DVec4, DQuat, DMat2, DMat3, DMat4);
[INFO] [stdout]    |                 ^^^^^
[INFO] [stdout]    |
[INFO] [stdout]   ::: /opt/rustwide/cargo-home/registry/src/index.crates.io-1949cf8c6b5b557f/glam-0.34.1/src/bool/bvec2.rs:17:1
[INFO] [stdout]    |
[INFO] [stdout] 17 | pub struct BVec2 {
[INFO] [stdout]    | ---------------- similarly named struct `BVec2` defined here
[INFO] [stdout]    |
[INFO] [stdout] help: a struct with a similar name exists
[INFO] [stdout]    |
[INFO] [stdout] 40 - impl_glam!(f64, DVec2, DVec3, DVec4, DQuat, DMat2, DMat3, DMat4);
[INFO] [stdout] 40 + impl_glam!(f64, BVec2, DVec3, DVec4, DQuat, DMat2, DMat3, DMat4);
[INFO] [stdout]    |
[INFO] [stdout] 
[INFO] [stdout] 
[INFO] [stdout] error[E0425]: cannot find type `DVec3` in this scope
[INFO] [stdout]   --> /opt/rustwide/cargo-home/registry/src/index.crates.io-1949cf8c6b5b557f/bitcode-0.6.9/src/ext/glam.rs:40:24
[INFO] [stdout]    |
[INFO] [stdout] 40 | impl_glam!(f64, DVec2, DVec3, DVec4, DQuat, DMat2, DMat3, DMat4);
[INFO] [stdout]    |                        ^^^^^
[INFO] [stdout]    |
[INFO] [stdout]   ::: /opt/rustwide/cargo-home/registry/src/index.crates.io-1949cf8c6b5b557f/glam-0.34.1/src/bool/bvec3.rs:17:1
[INFO] [stdout]    |
[INFO] [stdout] 17 | pub struct BVec3 {
[INFO] [stdout]    | ---------------- similarly named struct `BVec3` defined here
[INFO] [stdout]    |
[INFO] [stdout] help: a struct with a similar name exists
[INFO] [stdout]    |
[INFO] [stdout] 40 - impl_glam!(f64, DVec2, DVec3, DVec4, DQuat, DMat2, DMat3, DMat4);
[INFO] [stdout] 40 + impl_glam!(f64, DVec2, BVec3, DVec4, DQuat, DMat2, DMat3, DMat4);
[INFO] [stdout]    |
[INFO] [stdout] 
[INFO] [stdout] 
[INFO] [stdout] error[E0425]: cannot find type `DVec4` in this scope
[INFO] [stdout]   --> /opt/rustwide/cargo-home/registry/src/index.crates.io-1949cf8c6b5b557f/bitcode-0.6.9/src/ext/glam.rs:40:31
[INFO] [stdout]    |
[INFO] [stdout] 40 | impl_glam!(f64, DVec2, DVec3, DVec4, DQuat, DMat2, DMat3, DMat4);
[INFO] [stdout]    |                               ^^^^^
[INFO] [stdout]    |
[INFO] [stdout]   ::: /opt/rustwide/cargo-home/registry/src/index.crates.io-1949cf8c6b5b557f/glam-0.34.1/src/bool/bvec4.rs:17:1
[INFO] [stdout]    |
[INFO] [stdout] 17 | pub struct BVec4 {
[INFO] [stdout]    | ---------------- similarly named struct `BVec4` defined here
[INFO] [stdout]    |
[INFO] [stdout] help: a struct with a similar name exists
[INFO] [stdout]    |
[INFO] [stdout] 40 - impl_glam!(f64, DVec2, DVec3, DVec4, DQuat, DMat2, DMat3, DMat4);
[INFO] [stdout] 40 + impl_glam!(f64, DVec2, DVec3, BVec4, DQuat, DMat2, DMat3, DMat4);
[INFO] [stdout]    |
[INFO] [stdout] 
[INFO] [stdout] 
[INFO] [stdout] error[E0425]: cannot find type `DQuat` in this scope
[INFO] [stdout]   --> /opt/rustwide/cargo-home/registry/src/index.crates.io-1949cf8c6b5b557f/bitcode-0.6.9/src/ext/glam.rs:40:38
[INFO] [stdout]    |
[INFO] [stdout] 40 | impl_glam!(f64, DVec2, DVec3, DVec4, DQuat, DMat2, DMat3, DMat4);
[INFO] [stdout]    |                                      ^^^^^
[INFO] [stdout]    |
[INFO] [stdout]   ::: /opt/rustwide/cargo-home/registry/src/index.crates.io-1949cf8c6b5b557f/glam-0.34.1/src/f32/sse2/quat.rs:59:1
[INFO] [stdout]    |
[INFO] [stdout] 59 | pub struct Quat(pub(crate) __m128);
[INFO] [stdout]    | --------------- similarly named struct `Quat` defined here
[INFO] [stdout]    |
[INFO] [stdout] help: a struct with a similar name exists
[INFO] [stdout]    |
[INFO] [stdout] 40 - impl_glam!(f64, DVec2, DVec3, DVec4, DQuat, DMat2, DMat3, DMat4);
[INFO] [stdout] 40 + impl_glam!(f64, DVec2, DVec3, DVec4, Quat, DMat2, DMat3, DMat4);
[INFO] [stdout]    |
[INFO] [stdout] 
[INFO] [stdout] 
[INFO] [stdout] error[E0425]: cannot find type `DVec2` in this scope
[INFO] [stdout]   --> /opt/rustwide/cargo-home/registry/src/index.crates.io-1949cf8c6b5b557f/bitcode-0.6.9/src/ext/glam.rs:40:17
[INFO] [stdout]    |
[INFO] [stdout] 28 |         impl_vec!($v2, new, $e, x, y);
[INFO] [stdout]    |                   --- due to this macro variable
[INFO] [stdout] ...
[INFO] [stdout] 40 | impl_glam!(f64, DVec2, DVec3, DVec4, DQuat, DMat2, DMat3, DMat4);
[INFO] [stdout]    |                 ^^^^^
[INFO] [stdout]    |
[INFO] [stdout]   ::: /opt/rustwide/cargo-home/registry/src/index.crates.io-1949cf8c6b5b557f/glam-0.34.1/src/bool/bvec2.rs:17:1
[INFO] [stdout]    |
[INFO] [stdout] 17 | pub struct BVec2 {
[INFO] [stdout]    | ---------------- similarly named struct `BVec2` defined here
[INFO] [stdout]    |
[INFO] [stdout] help: a struct with a similar name exists
[INFO] [stdout]    |
[INFO] [stdout] 40 - impl_glam!(f64, DVec2, DVec3, DVec4, DQuat, DMat2, DMat3, DMat4);
[INFO] [stdout] 40 + impl_glam!(f64, BVec2, DVec3, DVec4, DQuat, DMat2, DMat3, DMat4);
[INFO] [stdout]    |
[INFO] [stdout] 
[INFO] [stdout] 
[INFO] [stdout] error[E0425]: cannot find type `DMat2` in this scope
[INFO] [stdout]   --> /opt/rustwide/cargo-home/registry/src/index.crates.io-1949cf8c6b5b557f/bitcode-0.6.9/src/ext/glam.rs:40:45
[INFO] [stdout]    |
[INFO] [stdout] 40 | impl_glam!(f64, DVec2, DVec3, DVec4, DQuat, DMat2, DMat3, DMat4);
[INFO] [stdout]    |                                             ^^^^^
[INFO] [stdout]    |
[INFO] [stdout]   ::: /opt/rustwide/cargo-home/registry/src/index.crates.io-1949cf8c6b5b557f/glam-0.34.1/src/f32/sse2/mat2.rs:44:1
[INFO] [stdout]    |
[INFO] [stdout] 44 | pub struct Mat2(pub(crate) __m128);
[INFO] [stdout]    | --------------- similarly named struct `Mat2` defined here
[INFO] [stdout]    |
[INFO] [stdout] help: a struct with a similar name exists
[INFO] [stdout]    |
[INFO] [stdout] 40 - impl_glam!(f64, DVec2, DVec3, DVec4, DQuat, DMat2, DMat3, DMat4);
[INFO] [stdout] 40 + impl_glam!(f64, DVec2, DVec3, DVec4, DQuat, Mat2, DMat3, DMat4);
[INFO] [stdout]    |
[INFO] [stdout] 
[INFO] [stdout] 
[INFO] [stdout] error[E0425]: cannot find type `DVec3` in this scope
[INFO] [stdout]   --> /opt/rustwide/cargo-home/registry/src/index.crates.io-1949cf8c6b5b557f/bitcode-0.6.9/src/ext/glam.rs:40:24
[INFO] [stdout]    |
[INFO] [stdout] 29 |         impl_vec!($v3, new, $e, x, y, z);
[INFO] [stdout]    |                   --- due to this macro variable
[INFO] [stdout] ...
[INFO] [stdout] 40 | impl_glam!(f64, DVec2, DVec3, DVec4, DQuat, DMat2, DMat3, DMat4);
[INFO] [stdout]    |                        ^^^^^
[INFO] [stdout]    |
[INFO] [stdout]   ::: /opt/rustwide/cargo-home/registry/src/index.crates.io-1949cf8c6b5b557f/glam-0.34.1/src/bool/bvec3.rs:17:1
[INFO] [stdout]    |
[INFO] [stdout] 17 | pub struct BVec3 {
[INFO] [stdout]    | ---------------- similarly named struct `BVec3` defined here
[INFO] [stdout]    |
[INFO] [stdout] help: a struct with a similar name exists
[INFO] [stdout]    |
[INFO] [stdout] 40 - impl_glam!(f64, DVec2, DVec3, DVec4, DQuat, DMat2, DMat3, DMat4);
[INFO] [stdout] 40 + impl_glam!(f64, DVec2, BVec3, DVec4, DQuat, DMat2, DMat3, DMat4);
[INFO] [stdout]    |
[INFO] [stdout] 
[INFO] [stdout] 
[INFO] [stdout] error[E0425]: cannot find type `DMat3` in this scope
[INFO] [stdout]   --> /opt/rustwide/cargo-home/registry/src/index.crates.io-1949cf8c6b5b557f/bitcode-0.6.9/src/ext/glam.rs:40:52
[INFO] [stdout]    |
[INFO] [stdout] 40 | impl_glam!(f64, DVec2, DVec3, DVec4, DQuat, DMat2, DMat3, DMat4);
[INFO] [stdout]    |                                                    ^^^^^
[INFO] [stdout]    |
[INFO] [stdout]   ::: /opt/rustwide/cargo-home/registry/src/index.crates.io-1949cf8c6b5b557f/glam-0.34.1/src/f32/mat3.rs:57:1
[INFO] [stdout]    |
[INFO] [stdout] 57 | pub struct Mat3 {
[INFO] [stdout]    | --------------- similarly named struct `Mat3` defined here
[INFO] [stdout]    |
[INFO] [stdout] help: a struct with a similar name exists
[INFO] [stdout]    |
[INFO] [stdout] 40 - impl_glam!(f64, DVec2, DVec3, DVec4, DQuat, DMat2, DMat3, DMat4);
[INFO] [stdout] 40 + impl_glam!(f64, DVec2, DVec3, DVec4, DQuat, DMat2, Mat3, DMat4);
[INFO] [stdout]    |
[INFO] [stdout] 
[INFO] [stdout] 
[INFO] [stdout] error[E0425]: cannot find type `DVec4` in this scope
[INFO] [stdout]   --> /opt/rustwide/cargo-home/registry/src/index.crates.io-1949cf8c6b5b557f/bitcode-0.6.9/src/ext/glam.rs:40:31
[INFO] [stdout]    |
[INFO] [stdout] 30 |         impl_vec!($v4, new, $e, x, y, z, w);
[INFO] [stdout]    |                   --- due to this macro variable
[INFO] [stdout] ...
[INFO] [stdout] 40 | impl_glam!(f64, DVec2, DVec3, DVec4, DQuat, DMat2, DMat3, DMat4);
[INFO] [stdout]    |                               ^^^^^
[INFO] [stdout]    |
[INFO] [stdout]   ::: /opt/rustwide/cargo-home/registry/src/index.crates.io-1949cf8c6b5b557f/glam-0.34.1/src/bool/bvec4.rs:17:1
[INFO] [stdout]    |
[INFO] [stdout] 17 | pub struct BVec4 {
[INFO] [stdout]    | ---------------- similarly named struct `BVec4` defined here
[INFO] [stdout]    |
[INFO] [stdout] help: a struct with a similar name exists
[INFO] [stdout]    |
[INFO] [stdout] 40 - impl_glam!(f64, DVec2, DVec3, DVec4, DQuat, DMat2, DMat3, DMat4);
[INFO] [stdout] 40 + impl_glam!(f64, DVec2, DVec3, BVec4, DQuat, DMat2, DMat3, DMat4);
[INFO] [stdout]    |
[INFO] [stdout] 
[INFO] [stdout] 
[INFO] [stdout] error[E0425]: cannot find type `DMat4` in this scope
[INFO] [stdout]   --> /opt/rustwide/cargo-home/registry/src/index.crates.io-1949cf8c6b5b557f/bitcode-0.6.9/src/ext/glam.rs:40:59
[INFO] [stdout]    |
[INFO] [stdout] 40 | impl_glam!(f64, DVec2, DVec3, DVec4, DQuat, DMat2, DMat3, DMat4);
[INFO] [stdout]    |                                                           ^^^^^
[INFO] [stdout]    |
[INFO] [stdout]   ::: /opt/rustwide/cargo-home/registry/src/index.crates.io-1949cf8c6b5b557f/glam-0.34.1/src/f32/sse2/mat4.rs:58:1
[INFO] [stdout]    |
[INFO] [stdout] 58 | pub struct Mat4 {
[INFO] [stdout]    | --------------- similarly named struct `Mat4` defined here
[INFO] [stdout]    |
[INFO] [stdout] help: a struct with a similar name exists
[INFO] [stdout]    |
[INFO] [stdout] 40 - impl_glam!(f64, DVec2, DVec3, DVec4, DQuat, DMat2, DMat3, DMat4);
[INFO] [stdout] 40 + impl_glam!(f64, DVec2, DVec3, DVec4, DQuat, DMat2, DMat3, Mat4);
[INFO] [stdout]    |
[INFO] [stdout] 
[INFO] [stdout] 
[INFO] [stdout] error[E0425]: cannot find type `UVec2` in this scope
[INFO] [stdout]   --> /opt/rustwide/cargo-home/registry/src/index.crates.io-1949cf8c6b5b557f/bitcode-0.6.9/src/ext/glam.rs:41:17
[INFO] [stdout]    |
[INFO] [stdout] 41 | impl_glam!(u32, UVec2, UVec3, UVec4);
[INFO] [stdout]    |                 ^^^^^
[INFO] [stdout]    |
[INFO] [stdout]   ::: /opt/rustwide/cargo-home/registry/src/index.crates.io-1949cf8c6b5b557f/glam-0.34.1/src/bool/bvec2.rs:17:1
[INFO] [stdout]    |
[INFO] [stdout] 17 | pub struct BVec2 {
[INFO] [stdout]    | ---------------- similarly named struct `BVec2` defined here
[INFO] [stdout]    |
[INFO] [stdout] help: a struct with a similar name exists
[INFO] [stdout]    |
[INFO] [stdout] 41 - impl_glam!(u32, UVec2, UVec3, UVec4);
[INFO] [stdout] 41 + impl_glam!(u32, BVec2, UVec3, UVec4);
[INFO] [stdout]    |
[INFO] [stdout] 
[INFO] [stdout] 
[INFO] [stdout] error[E0425]: cannot find type `UVec3` in this scope
[INFO] [stdout]   --> /opt/rustwide/cargo-home/registry/src/index.crates.io-1949cf8c6b5b557f/bitcode-0.6.9/src/ext/glam.rs:41:24
[INFO] [stdout]    |
[INFO] [stdout] 41 | impl_glam!(u32, UVec2, UVec3, UVec4);
[INFO] [stdout]    |                        ^^^^^
[INFO] [stdout]    |
[INFO] [stdout]   ::: /opt/rustwide/cargo-home/registry/src/index.crates.io-1949cf8c6b5b557f/glam-0.34.1/src/bool/bvec3.rs:17:1
[INFO] [stdout]    |
[INFO] [stdout] 17 | pub struct BVec3 {
[INFO] [stdout]    | ---------------- similarly named struct `BVec3` defined here
[INFO] [stdout]    |
[INFO] [stdout] help: a struct with a similar name exists
[INFO] [stdout]    |
[INFO] [stdout] 41 - impl_glam!(u32, UVec2, UVec3, UVec4);
[INFO] [stdout] 41 + impl_glam!(u32, UVec2, BVec3, UVec4);
[INFO] [stdout]    |
[INFO] [stdout] 
[INFO] [stdout] 
[INFO] [stdout] error[E0425]: cannot find type `UVec4` in this scope
[INFO] [stdout]   --> /opt/rustwide/cargo-home/registry/src/index.crates.io-1949cf8c6b5b557f/bitcode-0.6.9/src/ext/glam.rs:41:31
[INFO] [stdout]    |
[INFO] [stdout] 41 | impl_glam!(u32, UVec2, UVec3, UVec4);
[INFO] [stdout]    |                               ^^^^^
[INFO] [stdout]    |
[INFO] [stdout]   ::: /opt/rustwide/cargo-home/registry/src/index.crates.io-1949cf8c6b5b557f/glam-0.34.1/src/bool/bvec4.rs:17:1
[INFO] [stdout]    |
[INFO] [stdout] 17 | pub struct BVec4 {
[INFO] [stdout]    | ---------------- similarly named struct `BVec4` defined here
[INFO] [stdout]    |
[INFO] [stdout] help: a struct with a similar name exists
[INFO] [stdout]    |
[INFO] [stdout] 41 - impl_glam!(u32, UVec2, UVec3, UVec4);
[INFO] [stdout] 41 + impl_glam!(u32, UVec2, UVec3, BVec4);
[INFO] [stdout]    |
[INFO] [stdout] 
[INFO] [stdout] 
[INFO] [stdout] error[E0425]: cannot find type `IVec2` in this scope
[INFO] [stdout]   --> /opt/rustwide/cargo-home/registry/src/index.crates.io-1949cf8c6b5b557f/bitcode-0.6.9/src/ext/glam.rs:42:17
[INFO] [stdout]    |
[INFO] [stdout] 42 | impl_glam!(i32, IVec2, IVec3, IVec4);
[INFO] [stdout]    |                 ^^^^^
[INFO] [stdout]    |
[INFO] [stdout]   ::: /opt/rustwide/cargo-home/registry/src/index.crates.io-1949cf8c6b5b557f/glam-0.34.1/src/bool/bvec2.rs:17:1
[INFO] [stdout]    |
[INFO] [stdout] 17 | pub struct BVec2 {
[INFO] [stdout]    | ---------------- similarly named struct `BVec2` defined here
[INFO] [stdout]    |
[INFO] [stdout] help: a struct with a similar name exists
[INFO] [stdout]    |
[INFO] [stdout] 42 - impl_glam!(i32, IVec2, IVec3, IVec4);
[INFO] [stdout] 42 + impl_glam!(i32, BVec2, IVec3, IVec4);
[INFO] [stdout]    |
[INFO] [stdout] 
[INFO] [stdout] 
[INFO] [stdout] error[E0425]: cannot find type `IVec3` in this scope
[INFO] [stdout]   --> /opt/rustwide/cargo-home/registry/src/index.crates.io-1949cf8c6b5b557f/bitcode-0.6.9/src/ext/glam.rs:42:24
[INFO] [stdout]    |
[INFO] [stdout] 42 | impl_glam!(i32, IVec2, IVec3, IVec4);
[INFO] [stdout]    |                        ^^^^^
[INFO] [stdout]    |
[INFO] [stdout]   ::: /opt/rustwide/cargo-home/registry/src/index.crates.io-1949cf8c6b5b557f/glam-0.34.1/src/bool/bvec3.rs:17:1
[INFO] [stdout]    |
[INFO] [stdout] 17 | pub struct BVec3 {
[INFO] [stdout]    | ---------------- similarly named struct `BVec3` defined here
[INFO] [stdout]    |
[INFO] [stdout] help: a struct with a similar name exists
[INFO] [stdout]    |
[INFO] [stdout] 42 - impl_glam!(i32, IVec2, IVec3, IVec4);
[INFO] [stdout] 42 + impl_glam!(i32, IVec2, BVec3, IVec4);
[INFO] [stdout]    |
[INFO] [stdout] 
[INFO] [stdout] 
[INFO] [stdout] error[E0425]: cannot find type `IVec4` in this scope
[INFO] [stdout]   --> /opt/rustwide/cargo-home/registry/src/index.crates.io-1949cf8c6b5b557f/bitcode-0.6.9/src/ext/glam.rs:42:31
[INFO] [stdout]    |
[INFO] [stdout] 42 | impl_glam!(i32, IVec2, IVec3, IVec4);
[INFO] [stdout]    |                               ^^^^^
[INFO] [stdout]    |
[INFO] [stdout]   ::: /opt/rustwide/cargo-home/registry/src/index.crates.io-1949cf8c6b5b557f/glam-0.34.1/src/bool/bvec4.rs:17:1
[INFO] [stdout]    |
[INFO] [stdout] 17 | pub struct BVec4 {
[INFO] [stdout]    | ---------------- similarly named struct `BVec4` defined here
[INFO] [stdout]    |
[INFO] [stdout] help: a struct with a similar name exists
[INFO] [stdout]    |
[INFO] [stdout] 42 - impl_glam!(i32, IVec2, IVec3, IVec4);
[INFO] [stdout] 42 + impl_glam!(i32, IVec2, IVec3, BVec4);
[INFO] [stdout]    |
[INFO] [stdout] 
[INFO] [stdout] 
[INFO] [stdout] error[E0433]: cannot find type `DAffine2` in this scope
[INFO] [stdout]   --> /opt/rustwide/cargo-home/registry/src/index.crates.io-1949cf8c6b5b557f/bitcode-0.6.9/src/ext/glam.rs:14:14
[INFO] [stdout]    |
[INFO] [stdout] 14 | impl_struct!(DAffine2, from_mat2_translation, matrix2, DMat2, translation, DVec2);
[INFO] [stdout]    |              ^^^^^^^^ use of undeclared type `DAffine2`
[INFO] [stdout]    |
[INFO] [stdout] help: a struct with a similar name exists
[INFO] [stdout]    |
[INFO] [stdout] 14 - impl_struct!(DAffine2, from_mat2_translation, matrix2, DMat2, translation, DVec2);
[INFO] [stdout] 14 + impl_struct!(Affine2, from_mat2_translation, matrix2, DMat2, translation, DVec2);
[INFO] [stdout]    |
[INFO] [stdout] 
[INFO] [stdout] 
[INFO] [stdout] error[E0433]: cannot find type `DAffine3` in this scope
[INFO] [stdout]   --> /opt/rustwide/cargo-home/registry/src/index.crates.io-1949cf8c6b5b557f/bitcode-0.6.9/src/ext/glam.rs:16:14
[INFO] [stdout]    |
[INFO] [stdout] 16 | impl_struct!(DAffine3, from_mat3_translation, matrix3, DMat3, translation, DVec3);
[INFO] [stdout]    |              ^^^^^^^^ use of undeclared type `DAffine3`
[INFO] [stdout]    |
[INFO] [stdout] help: a struct with a similar name exists
[INFO] [stdout]    |
[INFO] [stdout] 16 - impl_struct!(DAffine3, from_mat3_translation, matrix3, DMat3, translation, DVec3);
[INFO] [stdout] 16 + impl_struct!(Affine3, from_mat3_translation, matrix3, DMat3, translation, DVec3);
[INFO] [stdout]    |
[INFO] [stdout] 
[INFO] [stdout] 
[INFO] [stdout] error[E0433]: cannot find type `DVec2` in this scope
[INFO] [stdout]   --> /opt/rustwide/cargo-home/registry/src/index.crates.io-1949cf8c6b5b557f/bitcode-0.6.9/src/ext/glam.rs:40:17
[INFO] [stdout]    |
[INFO] [stdout] 40 | impl_glam!(f64, DVec2, DVec3, DVec4, DQuat, DMat2, DMat3, DMat4);
[INFO] [stdout]    |                 ^^^^^ use of undeclared type `DVec2`
[INFO] [stdout]    |
[INFO] [stdout] help: a struct with a similar name exists
[INFO] [stdout]    |
[INFO] [stdout] 40 - impl_glam!(f64, DVec2, DVec3, DVec4, DQuat, DMat2, DMat3, DMat4);
[INFO] [stdout] 40 + impl_glam!(f64, BVec2, DVec3, DVec4, DQuat, DMat2, DMat3, DMat4);
[INFO] [stdout]    |
[INFO] [stdout] 
[INFO] [stdout] 
[INFO] [stdout] error[E0433]: cannot find type `DVec3` in this scope
[INFO] [stdout]   --> /opt/rustwide/cargo-home/registry/src/index.crates.io-1949cf8c6b5b557f/bitcode-0.6.9/src/ext/glam.rs:40:24
[INFO] [stdout]    |
[INFO] [stdout] 40 | impl_glam!(f64, DVec2, DVec3, DVec4, DQuat, DMat2, DMat3, DMat4);
[INFO] [stdout]    |                        ^^^^^ use of undeclared type `DVec3`
[INFO] [stdout]    |
[INFO] [stdout] help: a struct with a similar name exists
[INFO] [stdout]    |
[INFO] [stdout] 40 - impl_glam!(f64, DVec2, DVec3, DVec4, DQuat, DMat2, DMat3, DMat4);
[INFO] [stdout] 40 + impl_glam!(f64, DVec2, BVec3, DVec4, DQuat, DMat2, DMat3, DMat4);
[INFO] [stdout]    |
[INFO] [stdout] 
[INFO] [stdout] 
[INFO] [stdout] error[E0433]: cannot find type `DVec4` in this scope
[INFO] [stdout]   --> /opt/rustwide/cargo-home/registry/src/index.crates.io-1949cf8c6b5b557f/bitcode-0.6.9/src/ext/glam.rs:40:31
[INFO] [stdout]    |
[INFO] [stdout] 40 | impl_glam!(f64, DVec2, DVec3, DVec4, DQuat, DMat2, DMat3, DMat4);
[INFO] [stdout]    |                               ^^^^^ use of undeclared type `DVec4`
[INFO] [stdout]    |
[INFO] [stdout] help: a struct with a similar name exists
[INFO] [stdout]    |
[INFO] [stdout] 40 - impl_glam!(f64, DVec2, DVec3, DVec4, DQuat, DMat2, DMat3, DMat4);
[INFO] [stdout] 40 + impl_glam!(f64, DVec2, DVec3, BVec4, DQuat, DMat2, DMat3, DMat4);
[INFO] [stdout]    |
[INFO] [stdout] 
[INFO] [stdout] 
[INFO] [stdout] error[E0433]: cannot find type `DQuat` in this scope
[INFO] [stdout]   --> /opt/rustwide/cargo-home/registry/src/index.crates.io-1949cf8c6b5b557f/bitcode-0.6.9/src/ext/glam.rs:40:38
[INFO] [stdout]    |
[INFO] [stdout] 40 | impl_glam!(f64, DVec2, DVec3, DVec4, DQuat, DMat2, DMat3, DMat4);
[INFO] [stdout]    |                                      ^^^^^ use of undeclared type `DQuat`
[INFO] [stdout]    |
[INFO] [stdout] help: a struct with a similar name exists
[INFO] [stdout]    |
[INFO] [stdout] 40 - impl_glam!(f64, DVec2, DVec3, DVec4, DQuat, DMat2, DMat3, DMat4);
[INFO] [stdout] 40 + impl_glam!(f64, DVec2, DVec3, DVec4, Quat, DMat2, DMat3, DMat4);
[INFO] [stdout]    |
[INFO] [stdout] 
[INFO] [stdout] 
[INFO] [stdout] error[E0433]: cannot find type `DMat2` in this scope
[INFO] [stdout]   --> /opt/rustwide/cargo-home/registry/src/index.crates.io-1949cf8c6b5b557f/bitcode-0.6.9/src/ext/glam.rs:40:45
[INFO] [stdout]    |
[INFO] [stdout] 40 | impl_glam!(f64, DVec2, DVec3, DVec4, DQuat, DMat2, DMat3, DMat4);
[INFO] [stdout]    |                                             ^^^^^ use of undeclared type `DMat2`
[INFO] [stdout]    |
[INFO] [stdout] help: a struct with a similar name exists
[INFO] [stdout]    |
[INFO] [stdout] 40 - impl_glam!(f64, DVec2, DVec3, DVec4, DQuat, DMat2, DMat3, DMat4);
[INFO] [stdout] 40 + impl_glam!(f64, DVec2, DVec3, DVec4, DQuat, Mat2, DMat3, DMat4);
[INFO] [stdout]    |
[INFO] [stdout] 
[INFO] [stdout] 
[INFO] [stdout] error[E0433]: cannot find type `DMat3` in this scope
[INFO] [stdout]   --> /opt/rustwide/cargo-home/registry/src/index.crates.io-1949cf8c6b5b557f/bitcode-0.6.9/src/ext/glam.rs:40:52
[INFO] [stdout]    |
[INFO] [stdout] 40 | impl_glam!(f64, DVec2, DVec3, DVec4, DQuat, DMat2, DMat3, DMat4);
[INFO] [stdout]    |                                                    ^^^^^ use of undeclared type `DMat3`
[INFO] [stdout]    |
[INFO] [stdout] help: a struct with a similar name exists
[INFO] [stdout]    |
[INFO] [stdout] 40 - impl_glam!(f64, DVec2, DVec3, DVec4, DQuat, DMat2, DMat3, DMat4);
[INFO] [stdout] 40 + impl_glam!(f64, DVec2, DVec3, DVec4, DQuat, DMat2, Mat3, DMat4);
[INFO] [stdout]    |
[INFO] [stdout] 
[INFO] [stdout] 
[INFO] [stdout] error[E0433]: cannot find type `DMat4` in this scope
[INFO] [stdout]   --> /opt/rustwide/cargo-home/registry/src/index.crates.io-1949cf8c6b5b557f/bitcode-0.6.9/src/ext/glam.rs:40:59
[INFO] [stdout]    |
[INFO] [stdout] 40 | impl_glam!(f64, DVec2, DVec3, DVec4, DQuat, DMat2, DMat3, DMat4);
[INFO] [stdout]    |                                                           ^^^^^ use of undeclared type `DMat4`
[INFO] [stdout]    |
[INFO] [stdout] help: a struct with a similar name exists
[INFO] [stdout]    |
[INFO] [stdout] 40 - impl_glam!(f64, DVec2, DVec3, DVec4, DQuat, DMat2, DMat3, DMat4);
[INFO] [stdout] 40 + impl_glam!(f64, DVec2, DVec3, DVec4, DQuat, DMat2, DMat3, Mat4);
[INFO] [stdout]    |
[INFO] [stdout] 
[INFO] [stdout] 
[INFO] [stdout] error[E0433]: cannot find type `UVec2` in this scope
[INFO] [stdout]   --> /opt/rustwide/cargo-home/registry/src/index.crates.io-1949cf8c6b5b557f/bitcode-0.6.9/src/ext/glam.rs:41:17
[INFO] [stdout]    |
[INFO] [stdout] 41 | impl_glam!(u32, UVec2, UVec3, UVec4);
[INFO] [stdout]    |                 ^^^^^ use of undeclared type `UVec2`
[INFO] [stdout]    |
[INFO] [stdout] help: a struct with a similar name exists
[INFO] [stdout]    |
[INFO] [stdout] 41 - impl_glam!(u32, UVec2, UVec3, UVec4);
[INFO] [stdout] 41 + impl_glam!(u32, BVec2, UVec3, UVec4);
[INFO] [stdout]    |
[INFO] [stdout] 
[INFO] [stdout] 
[INFO] [stdout] error[E0433]: cannot find type `UVec3` in this scope
[INFO] [stdout]   --> /opt/rustwide/cargo-home/registry/src/index.crates.io-1949cf8c6b5b557f/bitcode-0.6.9/src/ext/glam.rs:41:24
[INFO] [stdout]    |
[INFO] [stdout] 41 | impl_glam!(u32, UVec2, UVec3, UVec4);
[INFO] [stdout]    |                        ^^^^^ use of undeclared type `UVec3`
[INFO] [stdout]    |
[INFO] [stdout] help: a struct with a similar name exists
[INFO] [stdout]    |
[INFO] [stdout] 41 - impl_glam!(u32, UVec2, UVec3, UVec4);
[INFO] [stdout] 41 + impl_glam!(u32, UVec2, BVec3, UVec4);
[INFO] [stdout]    |
[INFO] [stdout] 
[INFO] [stdout] 
[INFO] [stdout] error[E0433]: cannot find type `UVec4` in this scope
[INFO] [stdout]   --> /opt/rustwide/cargo-home/registry/src/index.crates.io-1949cf8c6b5b557f/bitcode-0.6.9/src/ext/glam.rs:41:31
[INFO] [stdout]    |
[INFO] [stdout] 41 | impl_glam!(u32, UVec2, UVec3, UVec4);
[INFO] [stdout]    |                               ^^^^^ use of undeclared type `UVec4`
[INFO] [stdout]    |
[INFO] [stdout] help: a struct with a similar name exists
[INFO] [stdout]    |
[INFO] [stdout] 41 - impl_glam!(u32, UVec2, UVec3, UVec4);
[INFO] [stdout] 41 + impl_glam!(u32, UVec2, UVec3, BVec4);
[INFO] [stdout]    |
[INFO] [stdout] 
[INFO] [stdout] 
[INFO] [stdout] error[E0433]: cannot find type `IVec2` in this scope
[INFO] [stdout]   --> /opt/rustwide/cargo-home/registry/src/index.crates.io-1949cf8c6b5b557f/bitcode-0.6.9/src/ext/glam.rs:42:17
[INFO] [stdout]    |
[INFO] [stdout] 42 | impl_glam!(i32, IVec2, IVec3, IVec4);
[INFO] [stdout]    |                 ^^^^^ use of undeclared type `IVec2`
[INFO] [stdout]    |
[INFO] [stdout] help: a struct with a similar name exists
[INFO] [stdout]    |
[INFO] [stdout] 42 - impl_glam!(i32, IVec2, IVec3, IVec4);
[INFO] [stdout] 42 + impl_glam!(i32, BVec2, IVec3, IVec4);
[INFO] [stdout]    |
[INFO] [stdout] 
[INFO] [stdout] 
[INFO] [stdout] error[E0433]: cannot find type `IVec3` in this scope
[INFO] [stdout]   --> /opt/rustwide/cargo-home/registry/src/index.crates.io-1949cf8c6b5b557f/bitcode-0.6.9/src/ext/glam.rs:42:24
[INFO] [stdout]    |
[INFO] [stdout] 42 | impl_glam!(i32, IVec2, IVec3, IVec4);
[INFO] [stdout]    |                        ^^^^^ use of undeclared type `IVec3`
[INFO] [stdout]    |
[INFO] [stdout] help: a struct with a similar name exists
[INFO] [stdout]    |
[INFO] [stdout] 42 - impl_glam!(i32, IVec2, IVec3, IVec4);
[INFO] [stdout] 42 + impl_glam!(i32, IVec2, BVec3, IVec4);
[INFO] [stdout]    |
[INFO] [stdout] 
[INFO] [stdout] 
[INFO] [stdout] error[E0433]: cannot find type `IVec4` in this scope
[INFO] [stdout]   --> /opt/rustwide/cargo-home/registry/src/index.crates.io-1949cf8c6b5b557f/bitcode-0.6.9/src/ext/glam.rs:42:31
[INFO] [stdout]    |
[INFO] [stdout] 42 | impl_glam!(i32, IVec2, IVec3, IVec4);
[INFO] [stdout]    |                               ^^^^^ use of undeclared type `IVec4`
[INFO] [stdout]    |
[INFO] [stdout] help: a struct with a similar name exists
[INFO] [stdout]    |
[INFO] [stdout] 42 - impl_glam!(i32, IVec2, IVec3, IVec4);
[INFO] [stdout] 42 + impl_glam!(i32, IVec2, IVec3, BVec4);
[INFO] [stdout]    |
[INFO] [stdout] 
[INFO] [stdout] 
[INFO] [stderr]    Compiling ira_drum v0.3.1
[INFO] [stdout] error[E0107]: missing generics for trait `Decode`
[INFO] [stdout]    --> /opt/rustwide/cargo-home/registry/src/index.crates.io-1949cf8c6b5b557f/ira_drum-0.3.1/src/handle.rs:54:9
[INFO] [stdout]     |
[INFO] [stdout]  54 | impl<T> Decode for Handle<T> {
[INFO] [stdout]     |         ^^^^^^ expected 1 generic argument
[INFO] [stdout]     |
[INFO] [stdout] note: trait defined here, with 1 generic parameter: `Context`
[INFO] [stdout]    --> /opt/rustwide/cargo-home/registry/src/index.crates.io-1949cf8c6b5b557f/bincode-2.0.1/src/de/mod.rs:103:11
[INFO] [stdout]     |
[INFO] [stdout] 103 | pub trait Decode<Context>: Sized {
[INFO] [stdout]     |           ^^^^^^ -------
[INFO] [stdout] help: add missing generic argument
[INFO] [stdout]     |
[INFO] [stdout]  54 | impl<T> Decode<Context> for Handle<T> {
[INFO] [stdout]     |               +++++++++
[INFO] [stdout] 
[INFO] [stdout] 
[INFO] [stdout] error[E0107]: trait takes 1 generic argument but 0 generic arguments were supplied
[INFO] [stdout]    --> /opt/rustwide/cargo-home/registry/src/index.crates.io-1949cf8c6b5b557f/ira_drum-0.3.1/src/handle.rs:62:14
[INFO] [stdout]     |
[INFO] [stdout]  62 | impl<'de, T> BorrowDecode<'de> for Handle<T> {
[INFO] [stdout]     |              ^^^^^^^^^^^^ expected 1 generic argument
[INFO] [stdout]     |
[INFO] [stdout] note: trait defined here, with 1 generic parameter: `Context`
[INFO] [stdout]    --> /opt/rustwide/cargo-home/registry/src/index.crates.io-1949cf8c6b5b557f/bincode-2.0.1/src/de/mod.rs:113:11
[INFO] [stdout]     |
[INFO] [stdout] 113 | pub trait BorrowDecode<'de, Context>: Sized {
[INFO] [stdout]     |           ^^^^^^^^^^^^      -------
[INFO] [stdout] help: add missing generic argument
[INFO] [stdout]     |
[INFO] [stdout]  62 | impl<'de, T> BorrowDecode<'de, Context> for Handle<T> {
[INFO] [stdout]     |                              +++++++++
[INFO] [stdout] 
[INFO] [stdout] 
[INFO] [stdout] Some errors have detailed explanations: E0425, E0433.
[INFO] [stdout] 
[INFO] [stdout] For more information about an error, try `rustc --explain E0425`.
[INFO] [stdout] 
[INFO] [stderr] error: could not compile `bitcode` (lib) due to 37 previous errors
[INFO] [stderr] warning: build failed, waiting for other jobs to finish...
[INFO] [stdout] For more information about this error, try `rustc --explain E0107`.
[INFO] [stdout] 
[INFO] [stderr] error: could not compile `ira_drum` (lib) due to 2 previous errors
[INFO] running `Command { std: "docker" "inspect" "41cf186b71d0714846fed4594026aa813373fd3ccbcfa3face4d42b777350fa4", kill_on_drop: false }`
[INFO] running `Command { std: "docker" "rm" "-f" "41cf186b71d0714846fed4594026aa813373fd3ccbcfa3face4d42b777350fa4", kill_on_drop: false }`
[INFO] [stdout] 41cf186b71d0714846fed4594026aa813373fd3ccbcfa3face4d42b777350fa4
