[INFO] fetching crate iota-sdk-types 1.0.0-rc.1...
[INFO] testing iota-sdk-types-1.0.0-rc.1 against 1.100.0-beta.1+cargoflags=--release for beta-release-1.100-2
[INFO] extracting crate iota-sdk-types 1.0.0-rc.1 into /workspace/builds/worker-0-tc2/source
[INFO] started tweaking crates.io crate iota-sdk-types 1.0.0-rc.1
[INFO] removed 0 missing tests
[INFO] finished tweaking crates.io crate iota-sdk-types 1.0.0-rc.1
[INFO] tweaked toml for crates.io crate iota-sdk-types 1.0.0-rc.1 written to /workspace/builds/worker-0-tc2/source/Cargo.toml
[INFO] validating manifest of crates.io crate iota-sdk-types 1.0.0-rc.1 on toolchain 1.100.0-beta.1
[INFO] running `Command { std: CARGO_HOME="/workspace/cargo-home" RUSTUP_HOME="/workspace/rustup-home" "/workspace/cargo-home/bin/cargo" "+1.100.0-beta.1" "metadata" "--manifest-path" "Cargo.toml" "--no-deps", kill_on_drop: false }`
[INFO] crate crates.io crate iota-sdk-types 1.0.0-rc.1 already has a lockfile, it will not be regenerated
[INFO] running `Command { std: CARGO_HOME="/workspace/cargo-home" RUSTUP_HOME="/workspace/rustup-home" "/workspace/cargo-home/bin/cargo" "+1.100.0-beta.1" "fetch" "--manifest-path" "Cargo.toml", kill_on_drop: false }`
[INFO] running `Command { std: "docker" "create" "-v" "/var/lib/crater-agent-workspace/builds/worker-0-tc2/source:/opt/rustwide/workdir:ro,Z" "-v" "/var/lib/crater-agent-workspace/builds/worker-0-tc2/target:/opt/rustwide/target:rw,Z" "-v" "/var/lib/crater-agent-workspace/cargo-home:/opt/rustwide/cargo-home:ro,Z" "-v" "/var/lib/crater-agent-workspace/rustup-home:/opt/rustwide/rustup-home:ro,Z" "-m" "1610612736" "--network" "none" "ghcr.io/rust-lang/crates-build-env/linux@sha256:77db811e55d90add9212f6832c23229e3de5f1c1f9905e8cb07319ea15df73ac" "sleep" "infinity", kill_on_drop: false }`
[INFO] [stdout] 34c00aa56a0baa4254268f988d7222b07470fb253871ef9266e263d9ab074603
[INFO] running `Command { std: "docker" "start" "34c00aa56a0baa4254268f988d7222b07470fb253871ef9266e263d9ab074603", kill_on_drop: false }`
[INFO] running `Command { std: "docker" "inspect" "34c00aa56a0baa4254268f988d7222b07470fb253871ef9266e263d9ab074603", kill_on_drop: false }`
[INFO] running `Command { std: "docker" "exec" "-e" "SOURCE_DIR=/opt/rustwide/workdir" "-e" "CARGO_HOME=/opt/rustwide/cargo-home" "-e" "RUSTUP_HOME=/opt/rustwide/rustup-home" "-e" "CARGO_TARGET_DIR=/opt/rustwide/target" "-w" "/opt/rustwide/workdir" "--user" "0:0" "34c00aa56a0baa4254268f988d7222b07470fb253871ef9266e263d9ab074603" "/opt/rustwide/cargo-home/bin/cargo" "+1.100.0-beta.1" "metadata" "--no-deps" "--format-version=1", kill_on_drop: false }`
[INFO] running `Command { std: "docker" "inspect" "34c00aa56a0baa4254268f988d7222b07470fb253871ef9266e263d9ab074603", kill_on_drop: false }`
[INFO] running `Command { std: "docker" "exec" "-e" "SOURCE_DIR=/opt/rustwide/workdir" "-e" "CARGO_HOME=/opt/rustwide/cargo-home" "-e" "RUSTUP_HOME=/opt/rustwide/rustup-home" "-e" "CARGO_TARGET_DIR=/opt/rustwide/target" "-e" "CARGO_INCREMENTAL=0" "-e" "RUST_BACKTRACE=full" "-e" "RUSTFLAGS=--cap-lints=warn" "-e" "RUSTDOCFLAGS=--cap-lints=warn" "-w" "/opt/rustwide/workdir" "--user" "0:0" "34c00aa56a0baa4254268f988d7222b07470fb253871ef9266e263d9ab074603" "/opt/rustwide/cargo-home/bin/cargo" "+1.100.0-beta.1" "build" "--frozen" "--message-format=json" "--release", kill_on_drop: false }`
[INFO] [stderr]    Compiling bytes v1.12.1
[INFO] [stderr]    Compiling roaring v0.11.5
[INFO] [stderr]    Compiling bs58 v0.5.1
[INFO] [stderr]    Compiling base64ct v1.8.3
[INFO] [stderr]    Compiling syn v3.0.6
[INFO] [stderr]    Compiling filetime v0.2.29
[INFO] [stderr]    Compiling strum_macros v0.28.0
[INFO] [stderr]    Compiling derive_more-impl v2.1.1
[INFO] [stderr]    Compiling iota-sdk-types v1.0.0-rc.1 (/opt/rustwide/workdir)
[INFO] [stderr]    Compiling bytestring v1.5.1
[INFO] [stderr]    Compiling strum v0.28.0
[INFO] [stderr]    Compiling thiserror-impl v2.0.21
[INFO] [stderr]    Compiling thiserror v2.0.21
[INFO] [stderr]    Compiling derive_more v2.1.1
[INFO] [stderr]     Finished `release` profile [optimized] target(s) in 16.72s
[INFO] running `Command { std: "docker" "inspect" "34c00aa56a0baa4254268f988d7222b07470fb253871ef9266e263d9ab074603", kill_on_drop: false }`
[INFO] running `Command { std: "docker" "exec" "-e" "SOURCE_DIR=/opt/rustwide/workdir" "-e" "CARGO_HOME=/opt/rustwide/cargo-home" "-e" "RUSTUP_HOME=/opt/rustwide/rustup-home" "-e" "CARGO_TARGET_DIR=/opt/rustwide/target" "-e" "CARGO_INCREMENTAL=0" "-e" "RUST_BACKTRACE=full" "-e" "RUSTFLAGS=--cap-lints=warn" "-e" "RUSTDOCFLAGS=--cap-lints=warn" "-w" "/opt/rustwide/workdir" "--user" "0:0" "34c00aa56a0baa4254268f988d7222b07470fb253871ef9266e263d9ab074603" "/opt/rustwide/cargo-home/bin/cargo" "+1.100.0-beta.1" "test" "--frozen" "--no-run" "--message-format=json" "--release", kill_on_drop: false }`
[INFO] [stderr]    Compiling serde_core v1.0.229
[INFO] [stderr]    Compiling libc v0.2.190
[INFO] [stderr]    Compiling eyre v0.6.14
[INFO] [stderr]    Compiling cpufeatures v0.3.1
[INFO] [stderr]    Compiling num-bigint v0.5.1
[INFO] [stderr]    Compiling chacha20 v0.10.2
[INFO] [stderr]    Compiling getrandom v0.4.3
[INFO] [stderr]    Compiling rand v0.10.3
[INFO] [stderr]    Compiling serde_json v1.0.151
[INFO] [stderr]    Compiling bcs v0.2.1
[INFO] [stderr]    Compiling iota-sdk-types v1.0.0-rc.1 (/opt/rustwide/workdir)
[INFO] [stdout] error[E0433]: cannot find `hash` in `iota_sdk_types`
[INFO] [stdout]   --> tests/display_coverage.rs:76:38
[INFO] [stdout]    |
[INFO] [stdout] 76 |     assert_display::<iota_sdk_types::hash::MissingSignatureError>();
[INFO] [stdout]    |                                      ^^^^ could not find `hash` in `iota_sdk_types`
[INFO] [stdout]    |
[INFO] [stdout] note: found an item that was configured out
[INFO] [stdout]   --> src/lib.rs:12:9
[INFO] [stdout]    |
[INFO] [stdout] 11 | #[cfg(feature = "hash")]
[INFO] [stdout]    |       ---------------- the item is gated behind the `hash` feature
[INFO] [stdout] 12 | pub mod hash;
[INFO] [stdout]    |         ^^^^
[INFO] [stdout] 
[INFO] [stdout] 
[INFO] [stdout] error[E0425]: cannot find type `BcsError` in crate `iota_sdk_types`
[INFO] [stdout]   --> tests/display_coverage.rs:22:38
[INFO] [stdout]    |
[INFO] [stdout] 22 |     assert_display::<iota_sdk_types::BcsError>();
[INFO] [stdout]    |                                      ^^^^^^^^ not found in `iota_sdk_types`
[INFO] [stdout]    |
[INFO] [stdout] note: found an item that was configured out
[INFO] [stdout]   --> src/lib.rs:36:20
[INFO] [stdout]    |
[INFO] [stdout] 35 | #[cfg(feature = "serde")]
[INFO] [stdout]    |       ----------------- the item is gated behind the `serde` feature
[INFO] [stdout] 36 | pub use bcs_error::BcsError;
[INFO] [stdout]    |                    ^^^^^^^^
[INFO] [stdout] 
[INFO] [stdout] 
[INFO] [stdout] error[E0425]: cannot find type `FromBase64Error` in crate `iota_sdk_types`
[INFO] [stdout]    --> tests/display_coverage.rs:55:38
[INFO] [stdout]     |
[INFO] [stdout]  55 |     assert_display::<iota_sdk_types::FromBase64Error>();
[INFO] [stdout]     |                                      ^^^^^^^^^^^^^^^ not found in `iota_sdk_types`
[INFO] [stdout]     |
[INFO] [stdout] note: found an item that was configured out
[INFO] [stdout]    --> src/lib.rs:113:21
[INFO] [stdout]     |
[INFO] [stdout] 112 | #[cfg(feature = "serde")]
[INFO] [stdout]     |       ----------------- the item is gated behind the `serde` feature
[INFO] [stdout] 113 | pub use bcs_base64::FromBase64Error;
[INFO] [stdout]     |                     ^^^^^^^^^^^^^^^
[INFO] [stdout] 
[INFO] [stdout] 
[INFO] [stdout] error[E0425]: cannot find type `SignerBitmapError` in crate `iota_sdk_types`
[INFO] [stdout]   --> tests/display_coverage.rs:71:38
[INFO] [stdout]    |
[INFO] [stdout] 71 |     assert_display::<iota_sdk_types::SignerBitmapError>();
[INFO] [stdout]    |                                      ^^^^^^^^^^^^^^^^^ not found in `iota_sdk_types`
[INFO] [stdout]    |
[INFO] [stdout] note: found an item that was configured out
[INFO] [stdout]   --> src/lib.rs:99:20
[INFO] [stdout]    |
[INFO] [stdout] 98 | #[cfg(feature = "serde")]
[INFO] [stdout]    |       ----------------- the item is gated behind the `serde` feature
[INFO] [stdout] 99 | pub use validator::SignerBitmapError;
[INFO] [stdout]    |                    ^^^^^^^^^^^^^^^^^
[INFO] [stdout] 
[INFO] [stdout] 
[INFO] [stdout] error[E0425]: cannot find type `SignatureFromBytesError` in module `iota_sdk_types::crypto`
[INFO] [stdout]    --> tests/display_coverage.rs:126:46
[INFO] [stdout]     |
[INFO] [stdout] 126 |     assert_display::<iota_sdk_types::crypto::SignatureFromBytesError>();
[INFO] [stdout]     |                                              ^^^^^^^^^^^^^^^^^^^^^^^ not found in `iota_sdk_types::crypto`
[INFO] [stdout]     |
[INFO] [stdout] note: found an item that was configured out
[INFO] [stdout]    --> src/crypto/mod.rs:59:10
[INFO] [stdout]     |
[INFO] [stdout]  56 | #[cfg(feature = "serde")]
[INFO] [stdout]     |       ----------------- the item is gated behind the `serde` feature
[INFO] [stdout] ...
[INFO] [stdout]  59 | pub enum SignatureFromBytesError {
[INFO] [stdout]     |          ^^^^^^^^^^^^^^^^^^^^^^^
[INFO] [stdout] 
[INFO] [stdout] 
[INFO] [stdout] Some errors have detailed explanations: E0425, E0433.
[INFO] [stdout] 
[INFO] [stdout] For more information about an error, try `rustc --explain E0425`.
[INFO] [stdout] 
[INFO] [stderr] error: could not compile `iota-sdk-types` (test "display_coverage") due to 5 previous errors
[INFO] [stderr] warning: build failed, waiting for other jobs to finish...
[INFO] [stdout] error[E0433]: cannot find module or crate `proptest` in this scope
[INFO] [stdout]    --> src/move_core/parse.rs:162:9
[INFO] [stdout]     |
[INFO] [stdout] 162 |     use proptest::prelude::*;
[INFO] [stdout]     |         ^^^^^^^^ use of unresolved module or unlinked crate `proptest`
[INFO] [stdout]     |
[INFO] [stdout]     = help: if you wanted to use a crate named `proptest`, use `cargo add proptest` to add it to your `Cargo.toml`
[INFO] [stdout] 
[INFO] [stdout] 
[INFO] [stdout] error[E0432]: unresolved import `test_strategy`
[INFO] [stdout]    --> src/move_core/parse.rs:163:9
[INFO] [stdout]     |
[INFO] [stdout] 163 |     use test_strategy::proptest;
[INFO] [stdout]     |         ^^^^^^^^^^^^^ use of unresolved module or unlinked crate `test_strategy`
[INFO] [stdout]     |
[INFO] [stdout]     = help: if you wanted to use a crate named `test_strategy`, use `cargo add test_strategy` to add it to your `Cargo.toml`
[INFO] [stdout] 
[INFO] [stdout] 
[INFO] [stdout] error: cannot find macro `prop_oneof` in this scope
[INFO] [stdout]    --> src/move_core/parse.rs:432:9
[INFO] [stdout]     |
[INFO] [stdout] 432 |         prop_oneof!["[a-zA-Z][a-zA-Z0-9_]{0,127}", "_[a-zA-Z0-9_]{1,127}",]
[INFO] [stdout]     |         ^^^^^^^^^^
[INFO] [stdout] 
[INFO] [stdout] 
[INFO] [stdout] error: cannot find macro `prop_oneof` in this scope
[INFO] [stdout]    --> src/move_core/parse.rs:445:20
[INFO] [stdout]     |
[INFO] [stdout] 445 |         let leaf = prop_oneof![
[INFO] [stdout]     |                    ^^^^^^^^^^
[INFO] [stdout] 
[INFO] [stdout] 
[INFO] [stdout] error: cannot find macro `prop_oneof` in this scope
[INFO] [stdout]    --> src/move_core/parse.rs:477:17
[INFO] [stdout]     |
[INFO] [stdout] 477 |                 prop_oneof![vector_strategy, struct_no_params, struct_with_params]
[INFO] [stdout]     |                 ^^^^^^^^^^
[INFO] [stdout] 
[INFO] [stdout] 
[INFO] [stdout] error: cannot find macro `prop_oneof` in this scope
[INFO] [stdout]    --> src/move_core/parse.rs:484:9
[INFO] [stdout]     |
[INFO] [stdout] 484 |         prop_oneof![Just(TypeTag::U8), Just(TypeTag::U64), Just(TypeTag::Bool)]
[INFO] [stdout]     |         ^^^^^^^^^^
[INFO] [stdout] 
[INFO] [stdout] 
[INFO] [stdout] error: cannot find attribute `strategy` in this scope
[INFO] [stdout]    --> src/move_core/parse.rs:488:29
[INFO] [stdout]     |
[INFO] [stdout] 488 |     fn type_tag_roundtrip(#[strategy(arb_type_tag())] type_tag: TypeTag) {
[INFO] [stdout]     |                             ^^^^^^^^
[INFO] [stdout] 
[INFO] [stdout] 
[INFO] [stdout] error: cannot find attribute `strategy` in this scope
[INFO] [stdout]    --> src/move_core/parse.rs:495:31
[INFO] [stdout]     |
[INFO] [stdout] 495 |     fn identifier_roundtrip(#[strategy(arb_identifier())] ident: Identifier) {
[INFO] [stdout]     |                               ^^^^^^^^
[INFO] [stdout] 
[INFO] [stdout] 
[INFO] [stdout] error: cannot find attribute `strategy` in this scope
[INFO] [stdout]    --> src/move_core/parse.rs:503:11
[INFO] [stdout]     |
[INFO] [stdout] 503 |         #[strategy(0u32..=8)] depth: u32,
[INFO] [stdout]     |           ^^^^^^^^
[INFO] [stdout] 
[INFO] [stdout] 
[INFO] [stdout] error: cannot find attribute `strategy` in this scope
[INFO] [stdout]    --> src/move_core/parse.rs:504:11
[INFO] [stdout]     |
[INFO] [stdout] 504 |         #[strategy(arb_simple_leaf())] leaf: TypeTag,
[INFO] [stdout]     |           ^^^^^^^^
[INFO] [stdout] 
[INFO] [stdout] 
[INFO] [stdout] error[E0405]: cannot find trait `Strategy` in this scope
[INFO] [stdout]    --> src/move_core/parse.rs:431:33
[INFO] [stdout]     |
[INFO] [stdout] 431 |     fn arb_identifier() -> impl Strategy<Value = Identifier> {
[INFO] [stdout]     |                                 ^^^^^^^^ not found in this scope
[INFO] [stdout] 
[INFO] [stdout] 
[INFO] [stdout] error[E0405]: cannot find trait `Strategy` in this scope
[INFO] [stdout]    --> src/move_core/parse.rs:437:38
[INFO] [stdout]     |
[INFO] [stdout] 437 |     fn arb_struct_tag_base() -> impl Strategy<Value = StructTag> {
[INFO] [stdout]     |                                      ^^^^^^^^ not found in this scope
[INFO] [stdout] 
[INFO] [stdout] 
[INFO] [stdout] error[E0405]: cannot find trait `Strategy` in this scope
[INFO] [stdout]    --> src/move_core/parse.rs:444:31
[INFO] [stdout]     |
[INFO] [stdout] 444 |     fn arb_type_tag() -> impl Strategy<Value = TypeTag> {
[INFO] [stdout]     |                               ^^^^^^^^ not found in this scope
[INFO] [stdout] 
[INFO] [stdout] 
[INFO] [stdout] error[E0405]: cannot find trait `Strategy` in this scope
[INFO] [stdout]    --> src/move_core/parse.rs:483:34
[INFO] [stdout]     |
[INFO] [stdout] 483 |     fn arb_simple_leaf() -> impl Strategy<Value = TypeTag> {
[INFO] [stdout]     |                                  ^^^^^^^^ not found in this scope
[INFO] [stdout] 
[INFO] [stdout] 
[INFO] [stdout] error[E0425]: cannot find function `any` in this scope
[INFO] [stdout]    --> src/move_core/parse.rs:438:10
[INFO] [stdout]     |
[INFO] [stdout] 438 |         (any::<Address>(), arb_identifier(), arb_identifier())
[INFO] [stdout]     |          ^^^ not found in this scope
[INFO] [stdout] 
[INFO] [stdout] 
[INFO] [stdout] error[E0425]: cannot find function `any` in this scope
[INFO] [stdout]    --> src/move_core/parse.rs:468:21
[INFO] [stdout]     |
[INFO] [stdout] 468 |                     any::<Address>(),
[INFO] [stdout]     |                     ^^^ not found in this scope
[INFO] [stdout] 
[INFO] [stdout] 
[INFO] [stdout] Some errors have detailed explanations: E0405, E0425, E0432, E0433.
[INFO] [stdout] 
[INFO] [stdout] For more information about an error, try `rustc --explain E0405`.
[INFO] [stdout] 
[INFO] [stderr] error: could not compile `iota-sdk-types` (lib test) due to 16 previous errors
[INFO] running `Command { std: "docker" "inspect" "34c00aa56a0baa4254268f988d7222b07470fb253871ef9266e263d9ab074603", kill_on_drop: false }`
[INFO] running `Command { std: "docker" "rm" "-f" "34c00aa56a0baa4254268f988d7222b07470fb253871ef9266e263d9ab074603", kill_on_drop: false }`
[INFO] [stdout] 34c00aa56a0baa4254268f988d7222b07470fb253871ef9266e263d9ab074603
