[INFO] fetching crate internal 0.1.4...
[INFO] testing internal-0.1.4 against 1.100.0-beta.1+cargoflags=--release for beta-release-1.100-2
[INFO] extracting crate internal 0.1.4 into /workspace/builds/worker-5-tc2/source
[INFO] started tweaking crates.io crate internal 0.1.4
[INFO] finished tweaking crates.io crate internal 0.1.4
[INFO] tweaked toml for crates.io crate internal 0.1.4 written to /workspace/builds/worker-5-tc2/source/Cargo.toml
[INFO] validating manifest of crates.io crate internal 0.1.4 on toolchain 1.100.0-beta.1
[INFO] running `Command { std: CARGO_HOME="/workspace/cargo-home" RUSTUP_HOME="/workspace/rustup-home" "/workspace/cargo-home/bin/cargo" "+1.100.0-beta.1" "metadata" "--manifest-path" "Cargo.toml" "--no-deps", kill_on_drop: false }`
[INFO] running `Command { std: CARGO_HOME="/workspace/cargo-home" RUSTUP_HOME="/workspace/rustup-home" "/workspace/cargo-home/bin/cargo" "+1.100.0-beta.1" "generate-lockfile" "--manifest-path" "Cargo.toml", kill_on_drop: false }`
[INFO] [stderr]     Updating crates.io index
[INFO] [stderr]      Locking 4 packages to highest compatible versions
[INFO] [stderr]       Adding syn v2.0.119 (available: v3.0.9)
[INFO] running `Command { std: CARGO_HOME="/workspace/cargo-home" RUSTUP_HOME="/workspace/rustup-home" "/workspace/cargo-home/bin/cargo" "+1.100.0-beta.1" "fetch" "--manifest-path" "Cargo.toml", kill_on_drop: false }`
[INFO] running `Command { std: "docker" "create" "-v" "/var/lib/crater-agent-workspace/builds/worker-5-tc2/source:/opt/rustwide/workdir:ro,Z" "-v" "/var/lib/crater-agent-workspace/builds/worker-5-tc2/target:/opt/rustwide/target:rw,Z" "-v" "/var/lib/crater-agent-workspace/cargo-home:/opt/rustwide/cargo-home:ro,Z" "-v" "/var/lib/crater-agent-workspace/rustup-home:/opt/rustwide/rustup-home:ro,Z" "-m" "1610612736" "--network" "none" "ghcr.io/rust-lang/crates-build-env/linux@sha256:77db811e55d90add9212f6832c23229e3de5f1c1f9905e8cb07319ea15df73ac" "sleep" "infinity", kill_on_drop: false }`
[INFO] [stdout] 76a2c9a0578879e8d19f9daaeefe3db5cfadad66f4d7e9a9726ef1ab8467ee54
[INFO] running `Command { std: "docker" "start" "76a2c9a0578879e8d19f9daaeefe3db5cfadad66f4d7e9a9726ef1ab8467ee54", kill_on_drop: false }`
[INFO] running `Command { std: "docker" "inspect" "76a2c9a0578879e8d19f9daaeefe3db5cfadad66f4d7e9a9726ef1ab8467ee54", kill_on_drop: false }`
[INFO] running `Command { std: "docker" "exec" "-e" "SOURCE_DIR=/opt/rustwide/workdir" "-e" "CARGO_HOME=/opt/rustwide/cargo-home" "-e" "RUSTUP_HOME=/opt/rustwide/rustup-home" "-e" "CARGO_TARGET_DIR=/opt/rustwide/target" "-w" "/opt/rustwide/workdir" "--user" "0:0" "76a2c9a0578879e8d19f9daaeefe3db5cfadad66f4d7e9a9726ef1ab8467ee54" "/opt/rustwide/cargo-home/bin/cargo" "+1.100.0-beta.1" "metadata" "--no-deps" "--format-version=1", kill_on_drop: false }`
[INFO] running `Command { std: "docker" "inspect" "76a2c9a0578879e8d19f9daaeefe3db5cfadad66f4d7e9a9726ef1ab8467ee54", kill_on_drop: false }`
[INFO] running `Command { std: "docker" "exec" "-e" "SOURCE_DIR=/opt/rustwide/workdir" "-e" "CARGO_HOME=/opt/rustwide/cargo-home" "-e" "RUSTUP_HOME=/opt/rustwide/rustup-home" "-e" "CARGO_TARGET_DIR=/opt/rustwide/target" "-e" "CARGO_INCREMENTAL=0" "-e" "RUST_BACKTRACE=full" "-e" "RUSTFLAGS=--cap-lints=warn" "-e" "RUSTDOCFLAGS=--cap-lints=warn" "-w" "/opt/rustwide/workdir" "--user" "0:0" "76a2c9a0578879e8d19f9daaeefe3db5cfadad66f4d7e9a9726ef1ab8467ee54" "/opt/rustwide/cargo-home/bin/cargo" "+1.100.0-beta.1" "build" "--frozen" "--message-format=json" "--release", kill_on_drop: false }`
[INFO] [stderr]    Compiling syn v2.0.119
[INFO] [stderr]    Compiling internal v0.1.4 (/opt/rustwide/workdir)
[INFO] [stderr]     Finished `release` profile [optimized] target(s) in 8.68s
[INFO] running `Command { std: "docker" "inspect" "76a2c9a0578879e8d19f9daaeefe3db5cfadad66f4d7e9a9726ef1ab8467ee54", kill_on_drop: false }`
[INFO] running `Command { std: "docker" "exec" "-e" "SOURCE_DIR=/opt/rustwide/workdir" "-e" "CARGO_HOME=/opt/rustwide/cargo-home" "-e" "RUSTUP_HOME=/opt/rustwide/rustup-home" "-e" "CARGO_TARGET_DIR=/opt/rustwide/target" "-e" "CARGO_INCREMENTAL=0" "-e" "RUST_BACKTRACE=full" "-e" "RUSTFLAGS=--cap-lints=warn" "-e" "RUSTDOCFLAGS=--cap-lints=warn" "-w" "/opt/rustwide/workdir" "--user" "0:0" "76a2c9a0578879e8d19f9daaeefe3db5cfadad66f4d7e9a9726ef1ab8467ee54" "/opt/rustwide/cargo-home/bin/cargo" "+1.100.0-beta.1" "test" "--frozen" "--no-run" "--message-format=json" "--release", kill_on_drop: false }`
[INFO] [stderr]    Compiling proc-macro2 v1.0.107
[INFO] [stderr]    Compiling unicode-ident v1.0.27
[INFO] [stderr]    Compiling quote v1.0.47
[INFO] [stderr]    Compiling internal v0.1.4 (/opt/rustwide/workdir)
[INFO] [stderr]    Compiling syn v2.0.119
[INFO] [stdout] error[E0603]: struct `Person` is private
[INFO] [stdout]   --> tests/test.rs:49:23
[INFO] [stdout]    |
[INFO] [stdout] 49 |     let person = person::Person {
[INFO] [stdout]    |                          ^^^^^^ private struct
[INFO] [stdout]    |
[INFO] [stdout] note: the struct `Person` is defined here
[INFO] [stdout]   --> tests/test.rs:25:2
[INFO] [stdout]    |
[INFO] [stdout] 25 |     struct Person {
[INFO] [stdout]    |     ^^^^^^^^^^^^^
[INFO] [stdout] 
[INFO] [stdout] 
[INFO] [stdout] error[E0603]: tuple struct constructor `PublicPerson` is private
[INFO] [stdout]   --> tests/test.rs:58:23
[INFO] [stdout]    |
[INFO] [stdout] 30 |     pub struct PublicPerson(Person);
[INFO] [stdout]    |                             ------ a constructor is private if any of the fields is private
[INFO] [stdout] ...
[INFO] [stdout] 58 |     let person = person::PublicPerson(person::Person {
[INFO] [stdout]    |                          ^^^^^^^^^^^^ private tuple struct constructor
[INFO] [stdout]    |
[INFO] [stdout] note: the tuple struct constructor `PublicPerson` is defined here
[INFO] [stdout]   --> tests/test.rs:30:2
[INFO] [stdout]    |
[INFO] [stdout] 30 |     pub struct PublicPerson(Person);
[INFO] [stdout]    |     ^^^^^^^^^^^^^^^^^^^^^^^^^^^^^^^^
[INFO] [stdout] help: consider making the field publicly accessible
[INFO] [stdout]    |
[INFO] [stdout] 30 |     pub struct PublicPerson(pub Person);
[INFO] [stdout]    |                             +++
[INFO] [stdout] 
[INFO] [stdout] 
[INFO] [stdout] error[E0603]: struct `Person` is private
[INFO] [stdout]   --> tests/test.rs:58:44
[INFO] [stdout]    |
[INFO] [stdout] 58 |     let person = person::PublicPerson(person::Person {
[INFO] [stdout]    |                                               ^^^^^^ private struct
[INFO] [stdout]    |
[INFO] [stdout] note: the struct `Person` is defined here
[INFO] [stdout]   --> tests/test.rs:25:2
[INFO] [stdout]    |
[INFO] [stdout] 25 |     struct Person {
[INFO] [stdout]    |     ^^^^^^^^^^^^^
[INFO] [stdout] 
[INFO] [stdout] 
[INFO] [stdout] error[E0603]: function `person_maker` is private
[INFO] [stdout]   --> tests/test.rs:67:23
[INFO] [stdout]    |
[INFO] [stdout] 67 |     let person = person::person_maker();
[INFO] [stdout]    |                          ^^^^^^^^^^^^ private function
[INFO] [stdout]    |
[INFO] [stdout] note: the function `person_maker` is defined here
[INFO] [stdout]   --> tests/test.rs:17:2
[INFO] [stdout]    |
[INFO] [stdout] 17 |     fn person_maker() -> Person {
[INFO] [stdout]    |     ^^^^^^^^^^^^^^^^^^^^^^^^^^^
[INFO] [stdout] 
[INFO] [stdout] 
[INFO] [stdout] warning: unused import: `internal::internal`
[INFO] [stdout]  --> tests/test.rs:6:6
[INFO] [stdout]   |
[INFO] [stdout] 6 |     use internal::internal;
[INFO] [stdout]   |         ^^^^^^^^^^^^^^^^^^
[INFO] [stdout]   |
[INFO] [stdout]   = note: `#[warn(unused_imports)]` (part of `#[warn(unused)]`) on by default
[INFO] [stdout] 
[INFO] [stdout] 
[INFO] [stdout] error[E0616]: field `ssn` of struct `Person` is private
[INFO] [stdout]   --> tests/test.rs:53:20
[INFO] [stdout]    |
[INFO] [stdout] 53 |     assert_eq!(person.ssn, default_ssn());
[INFO] [stdout]    |                       ^^^ private field
[INFO] [stdout] 
[INFO] [stdout] 
[INFO] [stdout] error[E0624]: method `ssn` is private
[INFO] [stdout]   --> tests/test.rs:62:20
[INFO] [stdout]    |
[INFO] [stdout] 41 |         fn ssn(&self) -> &'static str {
[INFO] [stdout]    |         ----------------------------- private method defined here
[INFO] [stdout] ...
[INFO] [stdout] 62 |     assert_eq!(person.ssn(), default_ssn());
[INFO] [stdout]    |                       ^^^ private method
[INFO] [stdout] 
[INFO] [stdout] 
[INFO] [stdout] error[E0616]: field `ssn` of struct `Person` is private
[INFO] [stdout]   --> tests/test.rs:68:20
[INFO] [stdout]    |
[INFO] [stdout] 68 |     assert_eq!(person.ssn, default_ssn());
[INFO] [stdout]    |                       ^^^ private field
[INFO] [stdout] 
[INFO] [stdout] 
[INFO] [stdout] Some errors have detailed explanations: E0603, E0616, E0624.
[INFO] [stdout] 
[INFO] [stdout] For more information about an error, try `rustc --explain E0603`.
[INFO] [stdout] 
[INFO] [stderr] error: could not compile `internal` (test "test") due to 7 previous errors; 1 warning emitted
[INFO] running `Command { std: "docker" "inspect" "76a2c9a0578879e8d19f9daaeefe3db5cfadad66f4d7e9a9726ef1ab8467ee54", kill_on_drop: false }`
[INFO] running `Command { std: "docker" "rm" "-f" "76a2c9a0578879e8d19f9daaeefe3db5cfadad66f4d7e9a9726ef1ab8467ee54", kill_on_drop: false }`
[INFO] [stdout] 76a2c9a0578879e8d19f9daaeefe3db5cfadad66f4d7e9a9726ef1ab8467ee54
