[INFO] fetching crate internal-russh-num-bigint 0.5.0...
[INFO] testing internal-russh-num-bigint-0.5.0 against 1.99.0-beta.8+cargoflags=--release for beta-release-1.100-2
[INFO] extracting crate internal-russh-num-bigint 0.5.0 into /workspace/builds/worker-0-tc1/source
[INFO] started tweaking crates.io crate internal-russh-num-bigint 0.5.0
[INFO] removed 0 missing tests
[INFO] finished tweaking crates.io crate internal-russh-num-bigint 0.5.0
[INFO] tweaked toml for crates.io crate internal-russh-num-bigint 0.5.0 written to /workspace/builds/worker-0-tc1/source/Cargo.toml
[INFO] validating manifest of crates.io crate internal-russh-num-bigint 0.5.0 on toolchain 1.99.0-beta.8
[INFO] running `Command { std: CARGO_HOME="/workspace/cargo-home" RUSTUP_HOME="/workspace/rustup-home" "/workspace/cargo-home/bin/cargo" "+1.99.0-beta.8" "metadata" "--manifest-path" "Cargo.toml" "--no-deps", kill_on_drop: false }`
[INFO] crate crates.io crate internal-russh-num-bigint 0.5.0 already has a lockfile, it will not be regenerated
[INFO] running `Command { std: CARGO_HOME="/workspace/cargo-home" RUSTUP_HOME="/workspace/rustup-home" "/workspace/cargo-home/bin/cargo" "+1.99.0-beta.8" "fetch" "--manifest-path" "Cargo.toml", kill_on_drop: false }`
[INFO] running `Command { std: "docker" "create" "-v" "/var/lib/crater-agent-workspace/builds/worker-0-tc1/source:/opt/rustwide/workdir:ro,Z" "-v" "/var/lib/crater-agent-workspace/builds/worker-0-tc1/target:/opt/rustwide/target:rw,Z" "-v" "/var/lib/crater-agent-workspace/cargo-home:/opt/rustwide/cargo-home:ro,Z" "-v" "/var/lib/crater-agent-workspace/rustup-home:/opt/rustwide/rustup-home:ro,Z" "-m" "1610612736" "--network" "none" "ghcr.io/rust-lang/crates-build-env/linux@sha256:77db811e55d90add9212f6832c23229e3de5f1c1f9905e8cb07319ea15df73ac" "sleep" "infinity", kill_on_drop: false }`
[INFO] [stdout] 0489cfa90ee9413b63233aa06cc582e68f7bf35e9cab88885059411aa677fd49
[INFO] running `Command { std: "docker" "start" "0489cfa90ee9413b63233aa06cc582e68f7bf35e9cab88885059411aa677fd49", kill_on_drop: false }`
[INFO] running `Command { std: "docker" "inspect" "0489cfa90ee9413b63233aa06cc582e68f7bf35e9cab88885059411aa677fd49", kill_on_drop: false }`
[INFO] running `Command { std: "docker" "exec" "-e" "SOURCE_DIR=/opt/rustwide/workdir" "-e" "CARGO_HOME=/opt/rustwide/cargo-home" "-e" "RUSTUP_HOME=/opt/rustwide/rustup-home" "-e" "CARGO_TARGET_DIR=/opt/rustwide/target" "-w" "/opt/rustwide/workdir" "--user" "0:0" "0489cfa90ee9413b63233aa06cc582e68f7bf35e9cab88885059411aa677fd49" "/opt/rustwide/cargo-home/bin/cargo" "+1.99.0-beta.8" "metadata" "--no-deps" "--format-version=1", kill_on_drop: false }`
[INFO] running `Command { std: "docker" "inspect" "0489cfa90ee9413b63233aa06cc582e68f7bf35e9cab88885059411aa677fd49", kill_on_drop: false }`
[INFO] running `Command { std: "docker" "exec" "-e" "SOURCE_DIR=/opt/rustwide/workdir" "-e" "CARGO_HOME=/opt/rustwide/cargo-home" "-e" "RUSTUP_HOME=/opt/rustwide/rustup-home" "-e" "CARGO_TARGET_DIR=/opt/rustwide/target" "-e" "CARGO_INCREMENTAL=0" "-e" "RUST_BACKTRACE=full" "-e" "RUSTFLAGS=--cap-lints=warn" "-e" "RUSTDOCFLAGS=--cap-lints=warn" "-w" "/opt/rustwide/workdir" "--user" "0:0" "0489cfa90ee9413b63233aa06cc582e68f7bf35e9cab88885059411aa677fd49" "/opt/rustwide/cargo-home/bin/cargo" "+1.99.0-beta.8" "build" "--frozen" "--message-format=json" "--release", kill_on_drop: false }`
[INFO] [stderr]    Compiling internal-russh-num-bigint v0.5.0 (/opt/rustwide/workdir)
[INFO] [stdout] warning: unnecessary `unsafe` block
[INFO] [stdout]   --> src/biguint/addition.rs:23:9
[INFO] [stdout]    |
[INFO] [stdout] 23 |         unsafe { arch::_addcarry_u64(carry, a, b, out) }
[INFO] [stdout]    |         ^^^^^^ unnecessary `unsafe` block
[INFO] [stdout]    |
[INFO] [stdout]    = note: `#[warn(unused_unsafe)]` (part of `#[warn(unused)]`) on by default
[INFO] [stdout] 
[INFO] [stdout] 
[INFO] [stdout] warning: unnecessary `unsafe` block
[INFO] [stdout]   --> src/biguint/subtraction.rs:23:9
[INFO] [stdout]    |
[INFO] [stdout] 23 |         unsafe { arch::_subborrow_u64(borrow, a, b, out) }
[INFO] [stdout]    |         ^^^^^^ unnecessary `unsafe` block
[INFO] [stdout] 
[INFO] [stdout] 
[INFO] [stderr]     Finished `release` profile [optimized] target(s) in 2.99s
[INFO] running `Command { std: "docker" "inspect" "0489cfa90ee9413b63233aa06cc582e68f7bf35e9cab88885059411aa677fd49", kill_on_drop: false }`
[INFO] running `Command { std: "docker" "exec" "-e" "SOURCE_DIR=/opt/rustwide/workdir" "-e" "CARGO_HOME=/opt/rustwide/cargo-home" "-e" "RUSTUP_HOME=/opt/rustwide/rustup-home" "-e" "CARGO_TARGET_DIR=/opt/rustwide/target" "-e" "CARGO_INCREMENTAL=0" "-e" "RUST_BACKTRACE=full" "-e" "RUSTFLAGS=--cap-lints=warn" "-e" "RUSTDOCFLAGS=--cap-lints=warn" "-w" "/opt/rustwide/workdir" "--user" "0:0" "0489cfa90ee9413b63233aa06cc582e68f7bf35e9cab88885059411aa677fd49" "/opt/rustwide/cargo-home/bin/cargo" "+1.99.0-beta.8" "test" "--frozen" "--no-run" "--message-format=json" "--release", kill_on_drop: false }`
[INFO] [stderr]    Compiling internal-russh-num-bigint v0.5.0 (/opt/rustwide/workdir)
[INFO] [stdout] warning: unnecessary `unsafe` block
[INFO] [stdout]   --> src/biguint/addition.rs:23:9
[INFO] [stdout]    |
[INFO] [stdout] 23 |         unsafe { arch::_addcarry_u64(carry, a, b, out) }
[INFO] [stdout]    |         ^^^^^^ unnecessary `unsafe` block
[INFO] [stdout]    |
[INFO] [stdout]    = note: `#[warn(unused_unsafe)]` (part of `#[warn(unused)]`) on by default
[INFO] [stdout] 
[INFO] [stdout] 
[INFO] [stdout] warning: unnecessary `unsafe` block
[INFO] [stdout]   --> src/biguint/subtraction.rs:23:9
[INFO] [stdout]    |
[INFO] [stdout] 23 |         unsafe { arch::_subborrow_u64(borrow, a, b, out) }
[INFO] [stdout]    |         ^^^^^^ unnecessary `unsafe` block
[INFO] [stdout] 
[INFO] [stdout] 
[INFO] [stdout] error[E0432]: unresolved import `num_bigint`
[INFO] [stdout]   --> tests/modpow.rs:56:9
[INFO] [stdout]    |
[INFO] [stdout] 56 |     use num_bigint::BigUint;
[INFO] [stdout]    |         ^^^^^^^^^^ use of unresolved module or unlinked crate `num_bigint`
[INFO] [stdout]    |
[INFO] [stdout]    = help: if you wanted to use a crate named `num_bigint`, use `cargo add num_bigint` to add it to your `Cargo.toml`
[INFO] [stdout] 
[INFO] [stdout] 
[INFO] [stdout] error[E0432]: unresolved import `num_bigint`
[INFO] [stdout]    --> tests/modpow.rs:112:9
[INFO] [stdout]     |
[INFO] [stdout] 112 |     use num_bigint::BigInt;
[INFO] [stdout]     |         ^^^^^^^^^^ use of unresolved module or unlinked crate `num_bigint`
[INFO] [stdout]     |
[INFO] [stdout]     = help: if you wanted to use a crate named `num_bigint`, use `cargo add num_bigint` to add it to your `Cargo.toml`
[INFO] [stdout] 
[INFO] [stdout] 
[INFO] [stdout] warning: unused import: `num_traits::Num`
[INFO] [stdout]   --> tests/modpow.rs:58:9
[INFO] [stdout]    |
[INFO] [stdout] 58 |     use num_traits::Num;
[INFO] [stdout]    |         ^^^^^^^^^^^^^^^
[INFO] [stdout]    |
[INFO] [stdout]    = note: `#[warn(unused_imports)]` (part of `#[warn(unused)]`) on by default
[INFO] [stdout] 
[INFO] [stdout] 
[INFO] [stdout] warning: unused imports: `Num` and `One`
[INFO] [stdout]    --> tests/modpow.rs:114:22
[INFO] [stdout]     |
[INFO] [stdout] 114 |     use num_traits::{Num, One, Signed};
[INFO] [stdout]     |                      ^^^  ^^^
[INFO] [stdout] 
[INFO] [stdout] 
[INFO] [stdout] error[E0432]: unresolved import `num_bigint`
[INFO] [stdout]  --> tests/fuzzed.rs:3:5
[INFO] [stdout]   |
[INFO] [stdout] 3 | use num_bigint::BigUint;
[INFO] [stdout]   |     ^^^^^^^^^^ use of unresolved module or unlinked crate `num_bigint`
[INFO] [stdout]   |
[INFO] [stdout]   = help: if you wanted to use a crate named `num_bigint`, use `cargo add num_bigint` to add it to your `Cargo.toml`
[INFO] [stdout] 
[INFO] [stdout] 
[INFO] [stdout] warning: unused import: `num_traits::Num`
[INFO] [stdout]  --> tests/fuzzed.rs:4:5
[INFO] [stdout]   |
[INFO] [stdout] 4 | use num_traits::Num;
[INFO] [stdout]   |     ^^^^^^^^^^^^^^^
[INFO] [stdout]   |
[INFO] [stdout]   = note: `#[warn(unused_imports)]` (part of `#[warn(unused)]`) on by default
[INFO] [stdout] 
[INFO] [stdout] 
[INFO] [stdout] error[E0433]: cannot find module or crate `num_bigint` in this scope
[INFO] [stdout]  --> tests/bigint_scalar.rs:2:5
[INFO] [stdout]   |
[INFO] [stdout] 2 | use num_bigint::Sign::Plus;
[INFO] [stdout]   |     ^^^^^^^^^^ use of unresolved module or unlinked crate `num_bigint`
[INFO] [stdout]   |
[INFO] [stdout]   = help: if you wanted to use a crate named `num_bigint`, use `cargo add num_bigint` to add it to your `Cargo.toml`
[INFO] [stdout] 
[INFO] [stdout] 
[INFO] [stdout] error[E0432]: unresolved import `num_bigint`
[INFO] [stdout]  --> tests/bigint_scalar.rs:1:5
[INFO] [stdout]   |
[INFO] [stdout] 1 | use num_bigint::BigInt;
[INFO] [stdout]   |     ^^^^^^^^^^ use of unresolved module or unlinked crate `num_bigint`
[INFO] [stdout]   |
[INFO] [stdout]   = help: if you wanted to use a crate named `num_bigint`, use `cargo add num_bigint` to add it to your `Cargo.toml`
[INFO] [stdout] 
[INFO] [stdout] 
[INFO] [stdout] warning: unused import: `One`
[INFO] [stdout]  --> tests/bigint_scalar.rs:3:18
[INFO] [stdout]   |
[INFO] [stdout] 3 | use num_traits::{One, Signed, ToPrimitive, Zero};
[INFO] [stdout]   |                  ^^^
[INFO] [stdout]   |
[INFO] [stdout]   = note: `#[warn(unused_imports)]` (part of `#[warn(unused)]`) on by default
[INFO] [stdout] 
[INFO] [stdout] 
[INFO] [stdout] error[E0432]: unresolved import `num_bigint`
[INFO] [stdout]  --> tests/roots.rs:2:9
[INFO] [stdout]   |
[INFO] [stdout] 2 |     use num_bigint::BigUint;
[INFO] [stdout]   |         ^^^^^^^^^^ use of unresolved module or unlinked crate `num_bigint`
[INFO] [stdout]   |
[INFO] [stdout]   = help: if you wanted to use a crate named `num_bigint`, use `cargo add num_bigint` to add it to your `Cargo.toml`
[INFO] [stdout] 
[INFO] [stdout] 
[INFO] [stdout] error[E0432]: unresolved import `num_bigint`
[INFO] [stdout]    --> tests/roots.rs:115:9
[INFO] [stdout]     |
[INFO] [stdout] 115 |     use num_bigint::BigInt;
[INFO] [stdout]     |         ^^^^^^^^^^ use of unresolved module or unlinked crate `num_bigint`
[INFO] [stdout]     |
[INFO] [stdout]     = help: if you wanted to use a crate named `num_bigint`, use `cargo add num_bigint` to add it to your `Cargo.toml`
[INFO] [stdout] 
[INFO] [stdout] 
[INFO] [stdout] For more information about this error, try `rustc --explain E0432`.
[INFO] [stdout] 
[INFO] [stdout] error[E0433]: cannot find module or crate `num_bigint` in this scope
[INFO] [stdout]  --> tests/bigint.rs:2:5
[INFO] [stdout]   |
[INFO] [stdout] 2 | use num_bigint::Sign::{Minus, NoSign, Plus};
[INFO] [stdout]   |     ^^^^^^^^^^ use of unresolved module or unlinked crate `num_bigint`
[INFO] [stdout]   |
[INFO] [stdout]   = help: if you wanted to use a crate named `num_bigint`, use `cargo add num_bigint` to add it to your `Cargo.toml`
[INFO] [stdout] 
[INFO] [stdout] 
[INFO] [stdout] error[E0432]: unresolved import `num_bigint`
[INFO] [stdout]  --> tests/bigint.rs:1:5
[INFO] [stdout]   |
[INFO] [stdout] 1 | use num_bigint::BigUint;
[INFO] [stdout]   |     ^^^^^^^^^^ use of unresolved module or unlinked crate `num_bigint`
[INFO] [stdout]   |
[INFO] [stdout]   = help: if you wanted to use a crate named `num_bigint`, use `cargo add num_bigint` to add it to your `Cargo.toml`
[INFO] [stdout] 
[INFO] [stdout] 
[INFO] [stdout] error[E0432]: unresolved import `num_bigint`
[INFO] [stdout]  --> tests/bigint.rs:3:5
[INFO] [stdout]   |
[INFO] [stdout] 3 | use num_bigint::{BigInt, ToBigInt};
[INFO] [stdout]   |     ^^^^^^^^^^ use of unresolved module or unlinked crate `num_bigint`
[INFO] [stdout]   |
[INFO] [stdout]   = help: if you wanted to use a crate named `num_bigint`, use `cargo add num_bigint` to add it to your `Cargo.toml`
[INFO] [stdout] 
[INFO] [stdout] 
[INFO] [stderr] error: could not compile `internal-russh-num-bigint` (test "fuzzed") due to 1 previous error; 1 warning emitted
[INFO] [stderr] warning: build failed, waiting for other jobs to finish...
[INFO] [stdout] error[E0433]: cannot find module or crate `num_bigint` in this scope
[INFO] [stdout]  --> tests/biguint.rs:1:5
[INFO] [stdout]   |
[INFO] [stdout] 1 | use num_bigint::Sign::Plus;
[INFO] [stdout]   |     ^^^^^^^^^^ use of unresolved module or unlinked crate `num_bigint`
[INFO] [stdout]   |
[INFO] [stdout]   = help: if you wanted to use a crate named `num_bigint`, use `cargo add num_bigint` to add it to your `Cargo.toml`
[INFO] [stdout] 
[INFO] [stdout] 
[INFO] [stdout] error[E0432]: unresolved import `num_bigint`
[INFO] [stdout]  --> tests/biguint.rs:2:5
[INFO] [stdout]   |
[INFO] [stdout] 2 | use num_bigint::{BigInt, ToBigInt};
[INFO] [stdout]   |     ^^^^^^^^^^ use of unresolved module or unlinked crate `num_bigint`
[INFO] [stdout]   |
[INFO] [stdout]   = help: if you wanted to use a crate named `num_bigint`, use `cargo add num_bigint` to add it to your `Cargo.toml`
[INFO] [stdout] 
[INFO] [stdout] 
[INFO] [stdout] error[E0432]: unresolved import `num_bigint`
[INFO] [stdout]  --> tests/biguint.rs:3:5
[INFO] [stdout]   |
[INFO] [stdout] 3 | use num_bigint::{BigUint, ToBigUint};
[INFO] [stdout]   |     ^^^^^^^^^^ use of unresolved module or unlinked crate `num_bigint`
[INFO] [stdout]   |
[INFO] [stdout]   = help: if you wanted to use a crate named `num_bigint`, use `cargo add num_bigint` to add it to your `Cargo.toml`
[INFO] [stdout] 
[INFO] [stdout] 
[INFO] [stdout] For more information about this error, try `rustc --explain E0432`.
[INFO] [stdout] 
[INFO] [stderr] error: could not compile `internal-russh-num-bigint` (test "modpow") due to 2 previous errors; 2 warnings emitted
[INFO] [stdout] For more information about this error, try `rustc --explain E0432`.
[INFO] [stdout] 
[INFO] [stdout] error[E0432]: unresolved import `num_bigint`
[INFO] [stdout]  --> tests/bigint_bitwise.rs:1:5
[INFO] [stdout]   |
[INFO] [stdout] 1 | use num_bigint::{BigInt, Sign, ToBigInt};
[INFO] [stdout]   |     ^^^^^^^^^^ use of unresolved module or unlinked crate `num_bigint`
[INFO] [stdout]   |
[INFO] [stdout]   = help: if you wanted to use a crate named `num_bigint`, use `cargo add num_bigint` to add it to your `Cargo.toml`
[INFO] [stdout] 
[INFO] [stdout] 
[INFO] [stderr] error: could not compile `internal-russh-num-bigint` (test "roots") due to 2 previous errors
[INFO] [stdout] warning: unused import: `Num`
[INFO] [stdout]   --> tests/bigint.rs:14:44
[INFO] [stdout]    |
[INFO] [stdout] 14 |     pow, Euclid, FromBytes, FromPrimitive, Num, One, Pow, Signed, ToBytes, ToPrimitive, Zero,
[INFO] [stdout]    |                                            ^^^
[INFO] [stdout]    |
[INFO] [stdout]    = note: `#[warn(unused_imports)]` (part of `#[warn(unused)]`) on by default
[INFO] [stdout] 
[INFO] [stdout] 
[INFO] [stdout] error[E0432]: unresolved import `num_bigint`
[INFO] [stdout]  --> tests/biguint_scalar.rs:1:5
[INFO] [stdout]   |
[INFO] [stdout] 1 | use num_bigint::BigUint;
[INFO] [stdout]   |     ^^^^^^^^^^ use of unresolved module or unlinked crate `num_bigint`
[INFO] [stdout]   |
[INFO] [stdout]   = help: if you wanted to use a crate named `num_bigint`, use `cargo add num_bigint` to add it to your `Cargo.toml`
[INFO] [stdout] 
[INFO] [stdout] 
[INFO] [stdout] warning: unused import: `Num`
[INFO] [stdout]   --> tests/biguint.rs:14:92
[INFO] [stdout]    |
[INFO] [stdout] 14 |     pow, CheckedAdd, CheckedDiv, CheckedMul, CheckedSub, Euclid, FromBytes, FromPrimitive, Num,
[INFO] [stdout]    |                                                                                            ^^^
[INFO] [stdout]    |
[INFO] [stdout]    = note: `#[warn(unused_imports)]` (part of `#[warn(unused)]`) on by default
[INFO] [stdout] 
[INFO] [stdout] 
[INFO] [stdout] For more information about this error, try `rustc --explain E0432`.
[INFO] [stdout] 
[INFO] [stdout] warning: unused import: `One`
[INFO] [stdout]  --> tests/biguint_scalar.rs:2:18
[INFO] [stdout]   |
[INFO] [stdout] 2 | use num_traits::{One, ToPrimitive, Zero};
[INFO] [stdout]   |                  ^^^
[INFO] [stdout]   |
[INFO] [stdout]   = note: `#[warn(unused_imports)]` (part of `#[warn(unused)]`) on by default
[INFO] [stdout] 
[INFO] [stdout] 
[INFO] [stderr] error: could not compile `internal-russh-num-bigint` (test "bigint_bitwise") due to 1 previous error
[INFO] [stdout] warning: use of deprecated constant `std::f32::MAX`: replaced by the `MAX` associated constant on `f32`
[INFO] [stdout]    --> tests/bigint.rs:386:65
[INFO] [stdout]     |
[INFO] [stdout] 386 |     check(&(BigInt::from((1u64 << 24) - 1) << (128 - 24)), f32::MAX);
[INFO] [stdout]     |                                                                 ^^^
[INFO] [stdout]     |
[INFO] [stdout]     = note: `#[warn(deprecated)]` on by default
[INFO] [stdout] 
[INFO] [stdout] 
[INFO] [stdout] warning: use of deprecated constant `std::f32::MANTISSA_DIGITS`: replaced by the `MANTISSA_DIGITS` associated constant on `f32`
[INFO] [stdout]    --> tests/bigint.rs:416:62
[INFO] [stdout]     |
[INFO] [stdout] 416 |     let weird: i128 = (1i128 << 100) + (1i128 << (100 - f32::MANTISSA_DIGITS));
[INFO] [stdout]     |                                                              ^^^^^^^^^^^^^^^
[INFO] [stdout] 
[INFO] [stdout] 
[INFO] [stdout] warning: use of deprecated constant `std::f32::MIN_POSITIVE`: replaced by the `MIN_POSITIVE` associated constant on `f32`
[INFO] [stdout]    --> tests/bigint.rs:432:31
[INFO] [stdout]     |
[INFO] [stdout] 432 |         BigInt::from_f32(f32::MIN_POSITIVE / 2.0),
[INFO] [stdout]     |                               ^^^^^^^^^^^^
[INFO] [stdout] 
[INFO] [stdout] 
[INFO] [stdout] warning: use of deprecated constant `std::f32::MIN_POSITIVE`: replaced by the `MIN_POSITIVE` associated constant on `f32`
[INFO] [stdout]    --> tests/bigint.rs:435:38
[INFO] [stdout]     |
[INFO] [stdout] 435 |     assert_eq!(BigInt::from_f32(f32::MIN_POSITIVE), Some(BigInt::zero()));
[INFO] [stdout]     |                                      ^^^^^^^^^^^^
[INFO] [stdout] 
[INFO] [stdout] 
[INFO] [stdout] warning: use of deprecated constant `std::f32::NAN`: replaced by the `NAN` associated constant on `f32`
[INFO] [stdout]    --> tests/bigint.rs:442:38
[INFO] [stdout]     |
[INFO] [stdout] 442 |     assert_eq!(BigInt::from_f32(f32::NAN), None);
[INFO] [stdout]     |                                      ^^^
[INFO] [stdout] 
[INFO] [stdout] 
[INFO] [stdout] warning: use of deprecated constant `std::f32::INFINITY`: replaced by the `INFINITY` associated constant on `f32`
[INFO] [stdout]    --> tests/bigint.rs:443:38
[INFO] [stdout]     |
[INFO] [stdout] 443 |     assert_eq!(BigInt::from_f32(f32::INFINITY), None);
[INFO] [stdout]     |                                      ^^^^^^^^
[INFO] [stdout] 
[INFO] [stdout] 
[INFO] [stdout] warning: use of deprecated constant `std::f32::NEG_INFINITY`: replaced by the `NEG_INFINITY` associated constant on `f32`
[INFO] [stdout]    --> tests/bigint.rs:444:38
[INFO] [stdout]     |
[INFO] [stdout] 444 |     assert_eq!(BigInt::from_f32(f32::NEG_INFINITY), None);
[INFO] [stdout]     |                                      ^^^^^^^^^^^^
[INFO] [stdout] 
[INFO] [stdout] 
[INFO] [stdout] warning: use of deprecated constant `std::f32::MAX`: replaced by the `MAX` associated constant on `f32`
[INFO] [stdout]    --> tests/bigint.rs:448:44
[INFO] [stdout]     |
[INFO] [stdout] 448 |     assert_eq!(big_num.to_f32(), Some(f32::MAX));
[INFO] [stdout]     |                                            ^^^
[INFO] [stdout] 
[INFO] [stdout] 
[INFO] [stdout] warning: use of deprecated constant `std::f32::INFINITY`: replaced by the `INFINITY` associated constant on `f32`
[INFO] [stdout]    --> tests/bigint.rs:449:53
[INFO] [stdout]     |
[INFO] [stdout] 449 |     assert_eq!((&big_num + 1u8).to_f32(), Some(f32::INFINITY));
[INFO] [stdout]     |                                                     ^^^^^^^^
[INFO] [stdout] 
[INFO] [stdout] 
[INFO] [stdout] warning: use of deprecated constant `std::f32::MIN`: replaced by the `MIN` associated constant on `f32`
[INFO] [stdout]    --> tests/bigint.rs:450:48
[INFO] [stdout]     |
[INFO] [stdout] 450 |     assert_eq!((-&big_num).to_f32(), Some(f32::MIN));
[INFO] [stdout]     |                                                ^^^
[INFO] [stdout] 
[INFO] [stdout] 
[INFO] [stdout] warning: use of deprecated constant `std::f32::NEG_INFINITY`: replaced by the `NEG_INFINITY` associated constant on `f32`
[INFO] [stdout]    --> tests/bigint.rs:451:56
[INFO] [stdout]     |
[INFO] [stdout] 451 |     assert_eq!(((-&big_num) - 1u8).to_f32(), Some(f32::NEG_INFINITY));
[INFO] [stdout]     |                                                        ^^^^^^^^^^^^
[INFO] [stdout] 
[INFO] [stdout] 
[INFO] [stdout] warning: use of deprecated constant `std::f32::INFINITY`: replaced by the `INFINITY` associated constant on `f32`
[INFO] [stdout]    --> tests/bigint.rs:455:19
[INFO] [stdout]     |
[INFO] [stdout] 455 |         Some(f32::INFINITY)
[INFO] [stdout]     |                   ^^^^^^^^
[INFO] [stdout] 
[INFO] [stdout] 
[INFO] [stdout] warning: use of deprecated constant `std::f32::INFINITY`: replaced by the `INFINITY` associated constant on `f32`
[INFO] [stdout]    --> tests/bigint.rs:457:61
[INFO] [stdout]     |
[INFO] [stdout] 457 |     assert_eq!((BigInt::one() << 128u8).to_f32(), Some(f32::INFINITY));
[INFO] [stdout]     |                                                             ^^^^^^^^
[INFO] [stdout] 
[INFO] [stdout] 
[INFO] [stdout] warning: use of deprecated constant `std::f32::NEG_INFINITY`: replaced by the `NEG_INFINITY` associated constant on `f32`
[INFO] [stdout]    --> tests/bigint.rs:460:19
[INFO] [stdout]     |
[INFO] [stdout] 460 |         Some(f32::NEG_INFINITY)
[INFO] [stdout]     |                   ^^^^^^^^^^^^
[INFO] [stdout] 
[INFO] [stdout] 
[INFO] [stdout] warning: use of deprecated constant `std::f32::NEG_INFINITY`: replaced by the `NEG_INFINITY` associated constant on `f32`
[INFO] [stdout]    --> tests/bigint.rs:464:19
[INFO] [stdout]     |
[INFO] [stdout] 464 |         Some(f32::NEG_INFINITY)
[INFO] [stdout]     |                   ^^^^^^^^^^^^
[INFO] [stdout] 
[INFO] [stdout] 
[INFO] [stdout] warning: use of deprecated constant `std::f64::MAX`: replaced by the `MAX` associated constant on `f64`
[INFO] [stdout]    --> tests/bigint.rs:491:66
[INFO] [stdout]     |
[INFO] [stdout] 491 |     check(&(BigInt::from((1u64 << 53) - 1) << (1024 - 53)), f64::MAX);
[INFO] [stdout]     |                                                                  ^^^
[INFO] [stdout] 
[INFO] [stdout] 
[INFO] [stdout] warning: use of deprecated constant `std::f64::MANTISSA_DIGITS`: replaced by the `MANTISSA_DIGITS` associated constant on `f64`
[INFO] [stdout]    --> tests/bigint.rs:513:62
[INFO] [stdout]     |
[INFO] [stdout] 513 |     let weird: i128 = (1i128 << 100) + (1i128 << (100 - f64::MANTISSA_DIGITS));
[INFO] [stdout]     |                                                              ^^^^^^^^^^^^^^^
[INFO] [stdout] 
[INFO] [stdout] 
[INFO] [stdout] warning: use of deprecated constant `std::f64::MIN_POSITIVE`: replaced by the `MIN_POSITIVE` associated constant on `f64`
[INFO] [stdout]    --> tests/bigint.rs:529:31
[INFO] [stdout]     |
[INFO] [stdout] 529 |         BigInt::from_f64(f64::MIN_POSITIVE / 2.0),
[INFO] [stdout]     |                               ^^^^^^^^^^^^
[INFO] [stdout] 
[INFO] [stdout] 
[INFO] [stdout] warning: use of deprecated constant `std::f64::MIN_POSITIVE`: replaced by the `MIN_POSITIVE` associated constant on `f64`
[INFO] [stdout]    --> tests/bigint.rs:532:38
[INFO] [stdout]     |
[INFO] [stdout] 532 |     assert_eq!(BigInt::from_f64(f64::MIN_POSITIVE), Some(BigInt::zero()));
[INFO] [stdout]     |                                      ^^^^^^^^^^^^
[INFO] [stdout] 
[INFO] [stdout] 
[INFO] [stdout] warning: use of deprecated constant `std::f64::NAN`: replaced by the `NAN` associated constant on `f64`
[INFO] [stdout]    --> tests/bigint.rs:539:38
[INFO] [stdout]     |
[INFO] [stdout] 539 |     assert_eq!(BigInt::from_f64(f64::NAN), None);
[INFO] [stdout]     |                                      ^^^
[INFO] [stdout] 
[INFO] [stdout] 
[INFO] [stdout] warning: use of deprecated constant `std::f64::INFINITY`: replaced by the `INFINITY` associated constant on `f64`
[INFO] [stdout]    --> tests/bigint.rs:540:38
[INFO] [stdout]     |
[INFO] [stdout] 540 |     assert_eq!(BigInt::from_f64(f64::INFINITY), None);
[INFO] [stdout]     |                                      ^^^^^^^^
[INFO] [stdout] 
[INFO] [stdout] 
[INFO] [stdout] warning: use of deprecated constant `std::f64::NEG_INFINITY`: replaced by the `NEG_INFINITY` associated constant on `f64`
[INFO] [stdout]    --> tests/bigint.rs:541:38
[INFO] [stdout]     |
[INFO] [stdout] 541 |     assert_eq!(BigInt::from_f64(f64::NEG_INFINITY), None);
[INFO] [stdout]     |                                      ^^^^^^^^^^^^
[INFO] [stdout] 
[INFO] [stdout] 
[INFO] [stdout] warning: use of deprecated constant `std::f64::MAX`: replaced by the `MAX` associated constant on `f64`
[INFO] [stdout]    --> tests/bigint.rs:545:44
[INFO] [stdout]     |
[INFO] [stdout] 545 |     assert_eq!(big_num.to_f64(), Some(f64::MAX));
[INFO] [stdout]     |                                            ^^^
[INFO] [stdout] 
[INFO] [stdout] 
[INFO] [stdout] warning: use of deprecated constant `std::f64::INFINITY`: replaced by the `INFINITY` associated constant on `f64`
[INFO] [stdout]    --> tests/bigint.rs:546:53
[INFO] [stdout]     |
[INFO] [stdout] 546 |     assert_eq!((&big_num + 1u8).to_f64(), Some(f64::INFINITY));
[INFO] [stdout]     |                                                     ^^^^^^^^
[INFO] [stdout] 
[INFO] [stdout] 
[INFO] [stdout] warning: use of deprecated constant `std::f64::MIN`: replaced by the `MIN` associated constant on `f64`
[INFO] [stdout]    --> tests/bigint.rs:547:48
[INFO] [stdout]     |
[INFO] [stdout] 547 |     assert_eq!((-&big_num).to_f64(), Some(f64::MIN));
[INFO] [stdout]     |                                                ^^^
[INFO] [stdout] 
[INFO] [stdout] 
[INFO] [stdout] warning: use of deprecated constant `std::f64::NEG_INFINITY`: replaced by the `NEG_INFINITY` associated constant on `f64`
[INFO] [stdout]    --> tests/bigint.rs:548:56
[INFO] [stdout]     |
[INFO] [stdout] 548 |     assert_eq!(((-&big_num) - 1u8).to_f64(), Some(f64::NEG_INFINITY));
[INFO] [stdout]     |                                                        ^^^^^^^^^^^^
[INFO] [stdout] 
[INFO] [stdout] 
[INFO] [stdout] warning: use of deprecated constant `std::f64::INFINITY`: replaced by the `INFINITY` associated constant on `f64`
[INFO] [stdout]    --> tests/bigint.rs:552:19
[INFO] [stdout]     |
[INFO] [stdout] 552 |         Some(f64::INFINITY)
[INFO] [stdout]     |                   ^^^^^^^^
[INFO] [stdout] 
[INFO] [stdout] 
[INFO] [stdout] warning: use of deprecated constant `std::f64::INFINITY`: replaced by the `INFINITY` associated constant on `f64`
[INFO] [stdout]    --> tests/bigint.rs:554:63
[INFO] [stdout]     |
[INFO] [stdout] 554 |     assert_eq!((BigInt::one() << 1024u16).to_f64(), Some(f64::INFINITY));
[INFO] [stdout]     |                                                               ^^^^^^^^
[INFO] [stdout] 
[INFO] [stdout] 
[INFO] [stdout] warning: use of deprecated constant `std::f64::NEG_INFINITY`: replaced by the `NEG_INFINITY` associated constant on `f64`
[INFO] [stdout]    --> tests/bigint.rs:557:19
[INFO] [stdout]     |
[INFO] [stdout] 557 |         Some(f64::NEG_INFINITY)
[INFO] [stdout]     |                   ^^^^^^^^^^^^
[INFO] [stdout] 
[INFO] [stdout] 
[INFO] [stdout] warning: use of deprecated constant `std::f64::NEG_INFINITY`: replaced by the `NEG_INFINITY` associated constant on `f64`
[INFO] [stdout]    --> tests/bigint.rs:561:19
[INFO] [stdout]     |
[INFO] [stdout] 561 |         Some(f64::NEG_INFINITY)
[INFO] [stdout]     |                   ^^^^^^^^^^^^
[INFO] [stdout] 
[INFO] [stdout] 
[INFO] [stdout] warning: use of deprecated constant `std::f32::MAX`: replaced by the `MAX` associated constant on `f32`
[INFO] [stdout]    --> tests/biguint.rs:620:66
[INFO] [stdout]     |
[INFO] [stdout] 620 |     check(&(BigUint::from((1u64 << 24) - 1) << (128 - 24)), f32::MAX);
[INFO] [stdout]     |                                                                  ^^^
[INFO] [stdout]     |
[INFO] [stdout]     = note: `#[warn(deprecated)]` on by default
[INFO] [stdout] 
[INFO] [stdout] 
[INFO] [stdout] warning: use of deprecated constant `std::f32::MANTISSA_DIGITS`: replaced by the `MANTISSA_DIGITS` associated constant on `f32`
[INFO] [stdout]    --> tests/biguint.rs:647:62
[INFO] [stdout]     |
[INFO] [stdout] 647 |     let weird: i128 = (1i128 << 100) + (1i128 << (100 - f32::MANTISSA_DIGITS));
[INFO] [stdout]     |                                                              ^^^^^^^^^^^^^^^
[INFO] [stdout] 
[INFO] [stdout] 
[INFO] [stdout] warning: use of deprecated constant `std::f32::MIN_POSITIVE`: replaced by the `MIN_POSITIVE` associated constant on `f32`
[INFO] [stdout]    --> tests/biguint.rs:659:32
[INFO] [stdout]     |
[INFO] [stdout] 659 |         BigUint::from_f32(f32::MIN_POSITIVE / 2.0),
[INFO] [stdout]     |                                ^^^^^^^^^^^^
[INFO] [stdout] 
[INFO] [stdout] 
[INFO] [stdout] warning: use of deprecated constant `std::f32::MIN_POSITIVE`: replaced by the `MIN_POSITIVE` associated constant on `f32`
[INFO] [stdout]    --> tests/biguint.rs:662:39
[INFO] [stdout]     |
[INFO] [stdout] 662 |     assert_eq!(BigUint::from_f32(f32::MIN_POSITIVE), Some(BigUint::zero()));
[INFO] [stdout]     |                                       ^^^^^^^^^^^^
[INFO] [stdout] 
[INFO] [stdout] 
[INFO] [stdout] warning: use of deprecated constant `std::f32::NAN`: replaced by the `NAN` associated constant on `f32`
[INFO] [stdout]    --> tests/biguint.rs:672:39
[INFO] [stdout]     |
[INFO] [stdout] 672 |     assert_eq!(BigUint::from_f32(f32::NAN), None);
[INFO] [stdout]     |                                       ^^^
[INFO] [stdout] 
[INFO] [stdout] 
[INFO] [stdout] warning: use of deprecated constant `std::f32::INFINITY`: replaced by the `INFINITY` associated constant on `f32`
[INFO] [stdout]    --> tests/biguint.rs:673:39
[INFO] [stdout]     |
[INFO] [stdout] 673 |     assert_eq!(BigUint::from_f32(f32::INFINITY), None);
[INFO] [stdout]     |                                       ^^^^^^^^
[INFO] [stdout] 
[INFO] [stdout] 
[INFO] [stdout] warning: use of deprecated constant `std::f32::NEG_INFINITY`: replaced by the `NEG_INFINITY` associated constant on `f32`
[INFO] [stdout]    --> tests/biguint.rs:674:39
[INFO] [stdout]     |
[INFO] [stdout] 674 |     assert_eq!(BigUint::from_f32(f32::NEG_INFINITY), None);
[INFO] [stdout]     |                                       ^^^^^^^^^^^^
[INFO] [stdout] 
[INFO] [stdout] 
[INFO] [stdout] warning: use of deprecated constant `std::f32::MIN`: replaced by the `MIN` associated constant on `f32`
[INFO] [stdout]    --> tests/biguint.rs:675:39
[INFO] [stdout]     |
[INFO] [stdout] 675 |     assert_eq!(BigUint::from_f32(f32::MIN), None);
[INFO] [stdout]     |                                       ^^^
[INFO] [stdout] 
[INFO] [stdout] 
[INFO] [stdout] warning: use of deprecated constant `std::f32::MAX`: replaced by the `MAX` associated constant on `f32`
[INFO] [stdout]    --> tests/biguint.rs:679:44
[INFO] [stdout]     |
[INFO] [stdout] 679 |     assert_eq!(big_num.to_f32(), Some(f32::MAX));
[INFO] [stdout]     |                                            ^^^
[INFO] [stdout] 
[INFO] [stdout] 
[INFO] [stdout] warning: use of deprecated constant `std::f32::INFINITY`: replaced by the `INFINITY` associated constant on `f32`
[INFO] [stdout]    --> tests/biguint.rs:680:52
[INFO] [stdout]     |
[INFO] [stdout] 680 |     assert_eq!((big_num + 1u8).to_f32(), Some(f32::INFINITY));
[INFO] [stdout]     |                                                    ^^^^^^^^
[INFO] [stdout] 
[INFO] [stdout] 
[INFO] [stdout] warning: use of deprecated constant `std::f32::INFINITY`: replaced by the `INFINITY` associated constant on `f32`
[INFO] [stdout]    --> tests/biguint.rs:684:19
[INFO] [stdout]     |
[INFO] [stdout] 684 |         Some(f32::INFINITY)
[INFO] [stdout]     |                   ^^^^^^^^
[INFO] [stdout] 
[INFO] [stdout] 
[INFO] [stdout] warning: use of deprecated constant `std::f32::INFINITY`: replaced by the `INFINITY` associated constant on `f32`
[INFO] [stdout]    --> tests/biguint.rs:686:62
[INFO] [stdout]     |
[INFO] [stdout] 686 |     assert_eq!((BigUint::one() << 128u8).to_f32(), Some(f32::INFINITY));
[INFO] [stdout]     |                                                              ^^^^^^^^
[INFO] [stdout] 
[INFO] [stdout] 
[INFO] [stdout] warning: use of deprecated constant `std::f64::MAX`: replaced by the `MAX` associated constant on `f64`
[INFO] [stdout]    --> tests/biguint.rs:708:67
[INFO] [stdout]     |
[INFO] [stdout] 708 |     check(&(BigUint::from((1u64 << 53) - 1) << (1024 - 53)), f64::MAX);
[INFO] [stdout]     |                                                                   ^^^
[INFO] [stdout] 
[INFO] [stdout] 
[INFO] [stdout] warning: use of deprecated constant `std::f64::MANTISSA_DIGITS`: replaced by the `MANTISSA_DIGITS` associated constant on `f64`
[INFO] [stdout]    --> tests/biguint.rs:730:62
[INFO] [stdout]     |
[INFO] [stdout] 730 |     let weird: i128 = (1i128 << 100) + (1i128 << (100 - f64::MANTISSA_DIGITS));
[INFO] [stdout]     |                                                              ^^^^^^^^^^^^^^^
[INFO] [stdout] 
[INFO] [stdout] 
[INFO] [stdout] warning: use of deprecated constant `std::f64::MIN_POSITIVE`: replaced by the `MIN_POSITIVE` associated constant on `f64`
[INFO] [stdout]    --> tests/biguint.rs:742:32
[INFO] [stdout]     |
[INFO] [stdout] 742 |         BigUint::from_f64(f64::MIN_POSITIVE / 2.0),
[INFO] [stdout]     |                                ^^^^^^^^^^^^
[INFO] [stdout] 
[INFO] [stdout] 
[INFO] [stdout] warning: use of deprecated constant `std::f64::MIN_POSITIVE`: replaced by the `MIN_POSITIVE` associated constant on `f64`
[INFO] [stdout]    --> tests/biguint.rs:745:39
[INFO] [stdout]     |
[INFO] [stdout] 745 |     assert_eq!(BigUint::from_f64(f64::MIN_POSITIVE), Some(BigUint::zero()));
[INFO] [stdout]     |                                       ^^^^^^^^^^^^
[INFO] [stdout] 
[INFO] [stdout] 
[INFO] [stdout] warning: use of deprecated constant `std::f64::NAN`: replaced by the `NAN` associated constant on `f64`
[INFO] [stdout]    --> tests/biguint.rs:755:39
[INFO] [stdout]     |
[INFO] [stdout] 755 |     assert_eq!(BigUint::from_f64(f64::NAN), None);
[INFO] [stdout]     |                                       ^^^
[INFO] [stdout] 
[INFO] [stdout] 
[INFO] [stdout] warning: use of deprecated constant `std::f64::INFINITY`: replaced by the `INFINITY` associated constant on `f64`
[INFO] [stdout]    --> tests/biguint.rs:756:39
[INFO] [stdout]     |
[INFO] [stdout] 756 |     assert_eq!(BigUint::from_f64(f64::INFINITY), None);
[INFO] [stdout]     |                                       ^^^^^^^^
[INFO] [stdout] 
[INFO] [stdout] 
[INFO] [stdout] warning: use of deprecated constant `std::f64::NEG_INFINITY`: replaced by the `NEG_INFINITY` associated constant on `f64`
[INFO] [stdout]    --> tests/biguint.rs:757:39
[INFO] [stdout]     |
[INFO] [stdout] 757 |     assert_eq!(BigUint::from_f64(f64::NEG_INFINITY), None);
[INFO] [stdout]     |                                       ^^^^^^^^^^^^
[INFO] [stdout] 
[INFO] [stdout] 
[INFO] [stdout] warning: use of deprecated constant `std::f64::MIN`: replaced by the `MIN` associated constant on `f64`
[INFO] [stdout]    --> tests/biguint.rs:758:39
[INFO] [stdout]     |
[INFO] [stdout] 758 |     assert_eq!(BigUint::from_f64(f64::MIN), None);
[INFO] [stdout]     |                                       ^^^
[INFO] [stdout] 
[INFO] [stdout] 
[INFO] [stdout] warning: use of deprecated constant `std::f64::MAX`: replaced by the `MAX` associated constant on `f64`
[INFO] [stdout]    --> tests/biguint.rs:762:44
[INFO] [stdout]     |
[INFO] [stdout] 762 |     assert_eq!(big_num.to_f64(), Some(f64::MAX));
[INFO] [stdout]     |                                            ^^^
[INFO] [stdout] 
[INFO] [stdout] 
[INFO] [stdout] warning: use of deprecated constant `std::f64::INFINITY`: replaced by the `INFINITY` associated constant on `f64`
[INFO] [stdout]    --> tests/biguint.rs:763:52
[INFO] [stdout]     |
[INFO] [stdout] 763 |     assert_eq!((big_num + 1u8).to_f64(), Some(f64::INFINITY));
[INFO] [stdout]     |                                                    ^^^^^^^^
[INFO] [stdout] 
[INFO] [stdout] 
[INFO] [stdout] warning: use of deprecated constant `std::f64::INFINITY`: replaced by the `INFINITY` associated constant on `f64`
[INFO] [stdout]    --> tests/biguint.rs:767:19
[INFO] [stdout]     |
[INFO] [stdout] 767 |         Some(f64::INFINITY)
[INFO] [stdout]     |                   ^^^^^^^^
[INFO] [stdout] 
[INFO] [stdout] 
[INFO] [stdout] warning: use of deprecated constant `std::f64::INFINITY`: replaced by the `INFINITY` associated constant on `f64`
[INFO] [stdout]    --> tests/biguint.rs:769:64
[INFO] [stdout]     |
[INFO] [stdout] 769 |     assert_eq!((BigUint::one() << 1024u16).to_f64(), Some(f64::INFINITY));
[INFO] [stdout]     |                                                                ^^^^^^^^
[INFO] [stdout] 
[INFO] [stdout] 
[INFO] [stdout] error[E0599]: no method named `to_biguint` found for type `i64` in the current scope
[INFO] [stdout]    --> tests/biguint.rs:516:20
[INFO] [stdout]     |
[INFO] [stdout] 516 |     check(i64::MAX.to_biguint().unwrap(), i64::MAX);
[INFO] [stdout]     |                    ^^^^^^^^^^
[INFO] [stdout]     |
[INFO] [stdout]    ::: src/biguint.rs:519:8
[INFO] [stdout]     |
[INFO] [stdout] 519 |     fn to_biguint(&self) -> Option<BigUint>;
[INFO] [stdout]     |        ---------- the method is available for `i64` here
[INFO] [stdout]     |
[INFO] [stdout]     = help: items from traits can only be used if the trait is in scope
[INFO] [stdout] help: trait `ToBigUint` which provides `to_biguint` is implemented but not in scope; perhaps you want to import it
[INFO] [stdout]     |
[INFO] [stdout]   1 + use internal_russh_num_bigint::ToBigUint;
[INFO] [stdout]     |
[INFO] [stdout] help: there is a method `to_bigint` with a similar name
[INFO] [stdout]     |
[INFO] [stdout] 516 -     check(i64::MAX.to_biguint().unwrap(), i64::MAX);
[INFO] [stdout] 516 +     check(i64::MAX.to_bigint().unwrap(), i64::MAX);
[INFO] [stdout]     |
[INFO] [stdout] 
[INFO] [stdout] 
[INFO] [stdout] error[E0599]: no method named `to_bigint` found for type `i64` in the current scope
[INFO] [stdout]    --> tests/bigint.rs:259:20
[INFO] [stdout]     |
[INFO] [stdout] 259 |     check(i64::MIN.to_bigint().unwrap(), i64::MIN);
[INFO] [stdout]     |                    ^^^^^^^^^
[INFO] [stdout]     |
[INFO] [stdout]    ::: src/bigint.rs:562:8
[INFO] [stdout]     |
[INFO] [stdout] 562 |     fn to_bigint(&self) -> Option<BigInt>;
[INFO] [stdout]     |        --------- the method is available for `i64` here
[INFO] [stdout]     |
[INFO] [stdout]     = help: items from traits can only be used if the trait is in scope
[INFO] [stdout] help: trait `ToBigInt` which provides `to_bigint` is implemented but not in scope; perhaps you want to import it
[INFO] [stdout]     |
[INFO] [stdout]   1 + use internal_russh_num_bigint::ToBigInt;
[INFO] [stdout]     |
[INFO] [stdout] help: there is a method `to_biguint` with a similar name
[INFO] [stdout]     |
[INFO] [stdout] 259 |     check(i64::MIN.to_biguint().unwrap(), i64::MIN);
[INFO] [stdout]     |                          +
[INFO] [stdout] 
[INFO] [stdout] 
[INFO] [stdout] error[E0599]: no method named `to_bigint` found for type `i64` in the current scope
[INFO] [stdout]    --> tests/bigint.rs:260:20
[INFO] [stdout]     |
[INFO] [stdout] 260 |     check(i64::MAX.to_bigint().unwrap(), i64::MAX);
[INFO] [stdout]     |                    ^^^^^^^^^
[INFO] [stdout]     |
[INFO] [stdout]    ::: src/bigint.rs:562:8
[INFO] [stdout]     |
[INFO] [stdout] 562 |     fn to_bigint(&self) -> Option<BigInt>;
[INFO] [stdout]     |        --------- the method is available for `i64` here
[INFO] [stdout]     |
[INFO] [stdout]     = help: items from traits can only be used if the trait is in scope
[INFO] [stdout] help: trait `ToBigInt` which provides `to_bigint` is implemented but not in scope; perhaps you want to import it
[INFO] [stdout]     |
[INFO] [stdout]   1 + use internal_russh_num_bigint::ToBigInt;
[INFO] [stdout]     |
[INFO] [stdout] help: there is a method `to_biguint` with a similar name
[INFO] [stdout]     |
[INFO] [stdout] 260 |     check(i64::MAX.to_biguint().unwrap(), i64::MAX);
[INFO] [stdout]     |                          +
[INFO] [stdout] 
[INFO] [stdout] 
[INFO] [stdout] error[E0599]: no method named `to_biguint` found for type `i64` in the current scope
[INFO] [stdout]    --> tests/biguint.rs:524:25
[INFO] [stdout]     |
[INFO] [stdout] 524 |     assert_eq!(i64::MIN.to_biguint(), None);
[INFO] [stdout]     |                         ^^^^^^^^^^
[INFO] [stdout]     |
[INFO] [stdout]    ::: src/biguint.rs:519:8
[INFO] [stdout]     |
[INFO] [stdout] 519 |     fn to_biguint(&self) -> Option<BigUint>;
[INFO] [stdout]     |        ---------- the method is available for `i64` here
[INFO] [stdout]     |
[INFO] [stdout]     = help: items from traits can only be used if the trait is in scope
[INFO] [stdout] help: trait `ToBigUint` which provides `to_biguint` is implemented but not in scope; perhaps you want to import it
[INFO] [stdout]     |
[INFO] [stdout]   1 + use internal_russh_num_bigint::ToBigUint;
[INFO] [stdout]     |
[INFO] [stdout] help: there is a method `to_bigint` with a similar name
[INFO] [stdout]     |
[INFO] [stdout] 524 -     assert_eq!(i64::MIN.to_biguint(), None);
[INFO] [stdout] 524 +     assert_eq!(i64::MIN.to_bigint(), None);
[INFO] [stdout]     |
[INFO] [stdout] 
[INFO] [stdout] 
[INFO] [stdout] error[E0599]: no method named `to_bigint` found for type `u64` in the current scope
[INFO] [stdout]    --> tests/bigint.rs:262:38
[INFO] [stdout]     |
[INFO] [stdout] 262 |     assert_eq!((i64::MAX as u64 + 1).to_bigint().unwrap().to_i64(), None);
[INFO] [stdout]     |                                      ^^^^^^^^^
[INFO] [stdout]     |
[INFO] [stdout]    ::: src/bigint.rs:562:8
[INFO] [stdout]     |
[INFO] [stdout] 562 |     fn to_bigint(&self) -> Option<BigInt>;
[INFO] [stdout]     |        --------- the method is available for `u64` here
[INFO] [stdout]     |
[INFO] [stdout]     = help: items from traits can only be used if the trait is in scope
[INFO] [stdout] help: trait `ToBigInt` which provides `to_bigint` is implemented but not in scope; perhaps you want to import it
[INFO] [stdout]     |
[INFO] [stdout]   1 + use internal_russh_num_bigint::ToBigInt;
[INFO] [stdout]     |
[INFO] [stdout] help: there is a method `to_biguint` with a similar name
[INFO] [stdout]     |
[INFO] [stdout] 262 |     assert_eq!((i64::MAX as u64 + 1).to_biguint().unwrap().to_i64(), None);
[INFO] [stdout]     |                                            +
[INFO] [stdout] 
[INFO] [stdout] 
[INFO] [stdout] error[E0599]: no method named `to_bigint` found for type `i128` in the current scope
[INFO] [stdout]    --> tests/bigint.rs:290:21
[INFO] [stdout]     |
[INFO] [stdout] 290 |     check(i128::MIN.to_bigint().unwrap(), i128::MIN);
[INFO] [stdout]     |                     ^^^^^^^^^
[INFO] [stdout]     |
[INFO] [stdout]    ::: src/bigint.rs:562:8
[INFO] [stdout]     |
[INFO] [stdout] 562 |     fn to_bigint(&self) -> Option<BigInt>;
[INFO] [stdout]     |        --------- the method is available for `i128` here
[INFO] [stdout]     |
[INFO] [stdout]     = help: items from traits can only be used if the trait is in scope
[INFO] [stdout] help: trait `ToBigInt` which provides `to_bigint` is implemented but not in scope; perhaps you want to import it
[INFO] [stdout]     |
[INFO] [stdout]   1 + use internal_russh_num_bigint::ToBigInt;
[INFO] [stdout]     |
[INFO] [stdout] help: there is a method `to_biguint` with a similar name
[INFO] [stdout]     |
[INFO] [stdout] 290 |     check(i128::MIN.to_biguint().unwrap(), i128::MIN);
[INFO] [stdout]     |                           +
[INFO] [stdout] 
[INFO] [stdout] 
[INFO] [stdout] error[E0599]: no method named `to_biguint` found for type `i128` in the current scope
[INFO] [stdout]    --> tests/biguint.rs:540:21
[INFO] [stdout]     |
[INFO] [stdout] 540 |     check(i128::MAX.to_biguint().unwrap(), i128::MAX);
[INFO] [stdout]     |                     ^^^^^^^^^^
[INFO] [stdout]     |
[INFO] [stdout]    ::: src/biguint.rs:519:8
[INFO] [stdout]     |
[INFO] [stdout] 519 |     fn to_biguint(&self) -> Option<BigUint>;
[INFO] [stdout]     |        ---------- the method is available for `i128` here
[INFO] [stdout]     |
[INFO] [stdout]     = help: items from traits can only be used if the trait is in scope
[INFO] [stdout] help: trait `ToBigUint` which provides `to_biguint` is implemented but not in scope; perhaps you want to import it
[INFO] [stdout]     |
[INFO] [stdout]   1 + use internal_russh_num_bigint::ToBigUint;
[INFO] [stdout]     |
[INFO] [stdout] help: there is a method `to_bigint` with a similar name
[INFO] [stdout]     |
[INFO] [stdout] 540 -     check(i128::MAX.to_biguint().unwrap(), i128::MAX);
[INFO] [stdout] 540 +     check(i128::MAX.to_bigint().unwrap(), i128::MAX);
[INFO] [stdout]     |
[INFO] [stdout] 
[INFO] [stdout] 
[INFO] [stdout] error[E0599]: no method named `to_bigint` found for type `i128` in the current scope
[INFO] [stdout]    --> tests/bigint.rs:291:21
[INFO] [stdout]     |
[INFO] [stdout] 291 |     check(i128::MAX.to_bigint().unwrap(), i128::MAX);
[INFO] [stdout]     |                     ^^^^^^^^^
[INFO] [stdout]     |
[INFO] [stdout]    ::: src/bigint.rs:562:8
[INFO] [stdout]     |
[INFO] [stdout] 562 |     fn to_bigint(&self) -> Option<BigInt>;
[INFO] [stdout]     |        --------- the method is available for `i128` here
[INFO] [stdout]     |
[INFO] [stdout]     = help: items from traits can only be used if the trait is in scope
[INFO] [stdout] help: trait `ToBigInt` which provides `to_bigint` is implemented but not in scope; perhaps you want to import it
[INFO] [stdout]     |
[INFO] [stdout]   1 + use internal_russh_num_bigint::ToBigInt;
[INFO] [stdout]     |
[INFO] [stdout] help: there is a method `to_biguint` with a similar name
[INFO] [stdout]     |
[INFO] [stdout] 291 |     check(i128::MAX.to_biguint().unwrap(), i128::MAX);
[INFO] [stdout]     |                           +
[INFO] [stdout] 
[INFO] [stdout] 
[INFO] [stdout] error[E0599]: no method named `to_biguint` found for type `i128` in the current scope
[INFO] [stdout]    --> tests/biguint.rs:548:26
[INFO] [stdout]     |
[INFO] [stdout] 548 |     assert_eq!(i128::MIN.to_biguint(), None);
[INFO] [stdout]     |                          ^^^^^^^^^^
[INFO] [stdout]     |
[INFO] [stdout]    ::: src/biguint.rs:519:8
[INFO] [stdout]     |
[INFO] [stdout] 519 |     fn to_biguint(&self) -> Option<BigUint>;
[INFO] [stdout]     |        ---------- the method is available for `i128` here
[INFO] [stdout]     |
[INFO] [stdout]     = help: items from traits can only be used if the trait is in scope
[INFO] [stdout] help: trait `ToBigUint` which provides `to_biguint` is implemented but not in scope; perhaps you want to import it
[INFO] [stdout]     |
[INFO] [stdout]   1 + use internal_russh_num_bigint::ToBigUint;
[INFO] [stdout]     |
[INFO] [stdout] help: there is a method `to_bigint` with a similar name
[INFO] [stdout]     |
[INFO] [stdout] 548 -     assert_eq!(i128::MIN.to_biguint(), None);
[INFO] [stdout] 548 +     assert_eq!(i128::MIN.to_bigint(), None);
[INFO] [stdout]     |
[INFO] [stdout] 
[INFO] [stdout] 
[INFO] [stdout] error[E0599]: no method named `to_biguint` found for type `u64` in the current scope
[INFO] [stdout]    --> tests/biguint.rs:565:20
[INFO] [stdout]     |
[INFO] [stdout] 565 |     check(u64::MIN.to_biguint().unwrap(), u64::MIN);
[INFO] [stdout]     |                    ^^^^^^^^^^
[INFO] [stdout]     |
[INFO] [stdout]    ::: src/biguint.rs:519:8
[INFO] [stdout]     |
[INFO] [stdout] 519 |     fn to_biguint(&self) -> Option<BigUint>;
[INFO] [stdout]     |        ---------- the method is available for `u64` here
[INFO] [stdout]     |
[INFO] [stdout]     = help: items from traits can only be used if the trait is in scope
[INFO] [stdout] help: trait `ToBigUint` which provides `to_biguint` is implemented but not in scope; perhaps you want to import it
[INFO] [stdout]     |
[INFO] [stdout]   1 + use internal_russh_num_bigint::ToBigUint;
[INFO] [stdout]     |
[INFO] [stdout] help: there is a method `to_bigint` with a similar name
[INFO] [stdout]     |
[INFO] [stdout] 565 -     check(u64::MIN.to_biguint().unwrap(), u64::MIN);
[INFO] [stdout] 565 +     check(u64::MIN.to_bigint().unwrap(), u64::MIN);
[INFO] [stdout]     |
[INFO] [stdout] 
[INFO] [stdout] 
[INFO] [stdout] error[E0599]: no method named `to_bigint` found for type `u128` in the current scope
[INFO] [stdout]    --> tests/bigint.rs:293:40
[INFO] [stdout]     |
[INFO] [stdout] 293 |     assert_eq!((i128::MAX as u128 + 1).to_bigint().unwrap().to_i128(), None);
[INFO] [stdout]     |                                        ^^^^^^^^^
[INFO] [stdout]     |
[INFO] [stdout]    ::: src/bigint.rs:562:8
[INFO] [stdout]     |
[INFO] [stdout] 562 |     fn to_bigint(&self) -> Option<BigInt>;
[INFO] [stdout]     |        --------- the method is available for `u128` here
[INFO] [stdout]     |
[INFO] [stdout]     = help: items from traits can only be used if the trait is in scope
[INFO] [stdout] help: trait `ToBigInt` which provides `to_bigint` is implemented but not in scope; perhaps you want to import it
[INFO] [stdout]     |
[INFO] [stdout]   1 + use internal_russh_num_bigint::ToBigInt;
[INFO] [stdout]     |
[INFO] [stdout] help: there is a method `to_biguint` with a similar name
[INFO] [stdout]     |
[INFO] [stdout] 293 |     assert_eq!((i128::MAX as u128 + 1).to_biguint().unwrap().to_i128(), None);
[INFO] [stdout]     |                                              +
[INFO] [stdout] 
[INFO] [stdout] 
[INFO] [stdout] error[E0599]: no method named `to_biguint` found for type `u64` in the current scope
[INFO] [stdout]    --> tests/biguint.rs:566:20
[INFO] [stdout]     |
[INFO] [stdout] 566 |     check(u64::MAX.to_biguint().unwrap(), u64::MAX);
[INFO] [stdout]     |                    ^^^^^^^^^^
[INFO] [stdout]     |
[INFO] [stdout]    ::: src/biguint.rs:519:8
[INFO] [stdout]     |
[INFO] [stdout] 519 |     fn to_biguint(&self) -> Option<BigUint>;
[INFO] [stdout]     |        ---------- the method is available for `u64` here
[INFO] [stdout]     |
[INFO] [stdout]     = help: items from traits can only be used if the trait is in scope
[INFO] [stdout] help: trait `ToBigUint` which provides `to_biguint` is implemented but not in scope; perhaps you want to import it
[INFO] [stdout]     |
[INFO] [stdout]   1 + use internal_russh_num_bigint::ToBigUint;
[INFO] [stdout]     |
[INFO] [stdout] help: there is a method `to_bigint` with a similar name
[INFO] [stdout]     |
[INFO] [stdout] 566 -     check(u64::MAX.to_biguint().unwrap(), u64::MAX);
[INFO] [stdout] 566 +     check(u64::MAX.to_bigint().unwrap(), u64::MAX);
[INFO] [stdout]     |
[INFO] [stdout] 
[INFO] [stdout] 
[INFO] [stdout] error[E0599]: no method named `to_biguint` found for type `u128` in the current scope
[INFO] [stdout]    --> tests/biguint.rs:588:21
[INFO] [stdout]     |
[INFO] [stdout] 588 |     check(u128::MIN.to_biguint().unwrap(), u128::MIN);
[INFO] [stdout]     |                     ^^^^^^^^^^
[INFO] [stdout]     |
[INFO] [stdout]    ::: src/biguint.rs:519:8
[INFO] [stdout]     |
[INFO] [stdout] 519 |     fn to_biguint(&self) -> Option<BigUint>;
[INFO] [stdout]     |        ---------- the method is available for `u128` here
[INFO] [stdout]     |
[INFO] [stdout]     = help: items from traits can only be used if the trait is in scope
[INFO] [stdout] help: trait `ToBigUint` which provides `to_biguint` is implemented but not in scope; perhaps you want to import it
[INFO] [stdout]     |
[INFO] [stdout]   1 + use internal_russh_num_bigint::ToBigUint;
[INFO] [stdout]     |
[INFO] [stdout] help: there is a method `to_bigint` with a similar name
[INFO] [stdout]     |
[INFO] [stdout] 588 -     check(u128::MIN.to_biguint().unwrap(), u128::MIN);
[INFO] [stdout] 588 +     check(u128::MIN.to_bigint().unwrap(), u128::MIN);
[INFO] [stdout]     |
[INFO] [stdout] 
[INFO] [stdout] 
[INFO] [stdout] error[E0599]: no method named `to_bigint` found for type `u64` in the current scope
[INFO] [stdout]    --> tests/bigint.rs:321:20
[INFO] [stdout]     |
[INFO] [stdout] 321 |     check(u64::MIN.to_bigint().unwrap(), u64::MIN);
[INFO] [stdout]     |                    ^^^^^^^^^
[INFO] [stdout]     |
[INFO] [stdout]    ::: src/bigint.rs:562:8
[INFO] [stdout]     |
[INFO] [stdout] 562 |     fn to_bigint(&self) -> Option<BigInt>;
[INFO] [stdout]     |        --------- the method is available for `u64` here
[INFO] [stdout]     |
[INFO] [stdout]     = help: items from traits can only be used if the trait is in scope
[INFO] [stdout] help: trait `ToBigInt` which provides `to_bigint` is implemented but not in scope; perhaps you want to import it
[INFO] [stdout]     |
[INFO] [stdout]   1 + use internal_russh_num_bigint::ToBigInt;
[INFO] [stdout]     |
[INFO] [stdout] help: there is a method `to_biguint` with a similar name
[INFO] [stdout]     |
[INFO] [stdout] 321 |     check(u64::MIN.to_biguint().unwrap(), u64::MIN);
[INFO] [stdout]     |                          +
[INFO] [stdout] 
[INFO] [stdout] 
[INFO] [stdout] error[E0599]: no method named `to_biguint` found for type `u128` in the current scope
[INFO] [stdout]    --> tests/biguint.rs:589:21
[INFO] [stdout]     |
[INFO] [stdout] 589 |     check(u128::MAX.to_biguint().unwrap(), u128::MAX);
[INFO] [stdout]     |                     ^^^^^^^^^^
[INFO] [stdout]     |
[INFO] [stdout]    ::: src/biguint.rs:519:8
[INFO] [stdout]     |
[INFO] [stdout] 519 |     fn to_biguint(&self) -> Option<BigUint>;
[INFO] [stdout]     |        ---------- the method is available for `u128` here
[INFO] [stdout]     |
[INFO] [stdout]     = help: items from traits can only be used if the trait is in scope
[INFO] [stdout] help: trait `ToBigUint` which provides `to_biguint` is implemented but not in scope; perhaps you want to import it
[INFO] [stdout]     |
[INFO] [stdout]   1 + use internal_russh_num_bigint::ToBigUint;
[INFO] [stdout]     |
[INFO] [stdout] help: there is a method `to_bigint` with a similar name
[INFO] [stdout]     |
[INFO] [stdout] 589 -     check(u128::MAX.to_biguint().unwrap(), u128::MAX);
[INFO] [stdout] 589 +     check(u128::MAX.to_bigint().unwrap(), u128::MAX);
[INFO] [stdout]     |
[INFO] [stdout] 
[INFO] [stdout] 
[INFO] [stdout] error[E0599]: no method named `to_bigint` found for type `u64` in the current scope
[INFO] [stdout]    --> tests/bigint.rs:322:20
[INFO] [stdout]     |
[INFO] [stdout] 322 |     check(u64::MAX.to_bigint().unwrap(), u64::MAX);
[INFO] [stdout]     |                    ^^^^^^^^^
[INFO] [stdout]     |
[INFO] [stdout]    ::: src/bigint.rs:562:8
[INFO] [stdout]     |
[INFO] [stdout] 562 |     fn to_bigint(&self) -> Option<BigInt>;
[INFO] [stdout]     |        --------- the method is available for `u64` here
[INFO] [stdout]     |
[INFO] [stdout]     = help: items from traits can only be used if the trait is in scope
[INFO] [stdout] help: trait `ToBigInt` which provides `to_bigint` is implemented but not in scope; perhaps you want to import it
[INFO] [stdout]     |
[INFO] [stdout]   1 + use internal_russh_num_bigint::ToBigInt;
[INFO] [stdout]     |
[INFO] [stdout] help: there is a method `to_biguint` with a similar name
[INFO] [stdout]     |
[INFO] [stdout] 322 |     check(u64::MAX.to_biguint().unwrap(), u64::MAX);
[INFO] [stdout]     |                          +
[INFO] [stdout] 
[INFO] [stdout] 
[INFO] [stdout] error[E0599]: no method named `to_bigint` found for type `u128` in the current scope
[INFO] [stdout]    --> tests/bigint.rs:347:21
[INFO] [stdout]     |
[INFO] [stdout] 347 |     check(u128::MIN.to_bigint().unwrap(), u128::MIN);
[INFO] [stdout]     |                     ^^^^^^^^^
[INFO] [stdout]     |
[INFO] [stdout]    ::: src/bigint.rs:562:8
[INFO] [stdout]     |
[INFO] [stdout] 562 |     fn to_bigint(&self) -> Option<BigInt>;
[INFO] [stdout]     |        --------- the method is available for `u128` here
[INFO] [stdout]     |
[INFO] [stdout]     = help: items from traits can only be used if the trait is in scope
[INFO] [stdout] help: trait `ToBigInt` which provides `to_bigint` is implemented but not in scope; perhaps you want to import it
[INFO] [stdout]     |
[INFO] [stdout]   1 + use internal_russh_num_bigint::ToBigInt;
[INFO] [stdout]     |
[INFO] [stdout] help: there is a method `to_biguint` with a similar name
[INFO] [stdout]     |
[INFO] [stdout] 347 |     check(u128::MIN.to_biguint().unwrap(), u128::MIN);
[INFO] [stdout]     |                           +
[INFO] [stdout] 
[INFO] [stdout] 
[INFO] [stdout] error[E0599]: no method named `to_bigint` found for type `u128` in the current scope
[INFO] [stdout]    --> tests/bigint.rs:348:21
[INFO] [stdout]     |
[INFO] [stdout] 348 |     check(u128::MAX.to_bigint().unwrap(), u128::MAX);
[INFO] [stdout]     |                     ^^^^^^^^^
[INFO] [stdout]     |
[INFO] [stdout]    ::: src/bigint.rs:562:8
[INFO] [stdout]     |
[INFO] [stdout] 562 |     fn to_bigint(&self) -> Option<BigInt>;
[INFO] [stdout]     |        --------- the method is available for `u128` here
[INFO] [stdout]     |
[INFO] [stdout]     = help: items from traits can only be used if the trait is in scope
[INFO] [stdout] help: trait `ToBigInt` which provides `to_bigint` is implemented but not in scope; perhaps you want to import it
[INFO] [stdout]     |
[INFO] [stdout]   1 + use internal_russh_num_bigint::ToBigInt;
[INFO] [stdout]     |
[INFO] [stdout] help: there is a method `to_biguint` with a similar name
[INFO] [stdout]     |
[INFO] [stdout] 348 |     check(u128::MAX.to_biguint().unwrap(), u128::MAX);
[INFO] [stdout]     |                           +
[INFO] [stdout] 
[INFO] [stdout] 
[INFO] [stdout] error[E0689]: can't call method `to_bigint` on ambiguous numeric type `{integer}`
[INFO] [stdout]     --> tests/bigint.rs:1343:26
[INFO] [stdout]      |
[INFO] [stdout] 1343 |     let result = data[0].to_bigint().unwrap()
[INFO] [stdout]      |                          ^^^^^^^^^
[INFO] [stdout] 
[INFO] [stdout] 
[INFO] [stdout] error[E0689]: can't call method `to_bigint` on ambiguous numeric type `{integer}`
[INFO] [stdout]     --> tests/bigint.rs:1344:19
[INFO] [stdout]      |
[INFO] [stdout] 1344 |         * data[1].to_bigint().unwrap()
[INFO] [stdout]      |                   ^^^^^^^^^
[INFO] [stdout] 
[INFO] [stdout] 
[INFO] [stdout] error[E0689]: can't call method `to_bigint` on ambiguous numeric type `{integer}`
[INFO] [stdout]     --> tests/bigint.rs:1345:19
[INFO] [stdout]      |
[INFO] [stdout] 1345 |         * data[2].to_bigint().unwrap()
[INFO] [stdout]      |                   ^^^^^^^^^
[INFO] [stdout] 
[INFO] [stdout] 
[INFO] [stdout] error[E0689]: can't call method `to_bigint` on ambiguous numeric type `{integer}`
[INFO] [stdout]     --> tests/bigint.rs:1346:19
[INFO] [stdout]      |
[INFO] [stdout] 1346 |         * data[3].to_bigint().unwrap()
[INFO] [stdout]      |                   ^^^^^^^^^
[INFO] [stdout] 
[INFO] [stdout] 
[INFO] [stdout] error[E0689]: can't call method `to_bigint` on ambiguous numeric type `{integer}`
[INFO] [stdout]     --> tests/bigint.rs:1347:19
[INFO] [stdout]      |
[INFO] [stdout] 1347 |         * data[4].to_bigint().unwrap();
[INFO] [stdout]      |                   ^^^^^^^^^
[INFO] [stdout] 
[INFO] [stdout] 
[INFO] [stdout] error[E0599]: no method named `to_biguint` found for type `u32` in the current scope
[INFO] [stdout]     --> tests/biguint.rs:1825:26
[INFO] [stdout]      |
[INFO] [stdout] 1825 |     let result = data[0].to_biguint().unwrap()
[INFO] [stdout]      |                          ^^^^^^^^^^
[INFO] [stdout]      |
[INFO] [stdout]     ::: src/biguint.rs:519:8
[INFO] [stdout]      |
[INFO] [stdout]  519 |     fn to_biguint(&self) -> Option<BigUint>;
[INFO] [stdout]      |        ---------- the method is available for `u32` here
[INFO] [stdout]      |
[INFO] [stdout]      = help: items from traits can only be used if the trait is in scope
[INFO] [stdout] help: trait `ToBigUint` which provides `to_biguint` is implemented but not in scope; perhaps you want to import it
[INFO] [stdout]      |
[INFO] [stdout]    1 + use internal_russh_num_bigint::ToBigUint;
[INFO] [stdout]      |
[INFO] [stdout] help: there is a method `to_bigint` with a similar name
[INFO] [stdout]      |
[INFO] [stdout] 1825 -     let result = data[0].to_biguint().unwrap()
[INFO] [stdout] 1825 +     let result = data[0].to_bigint().unwrap()
[INFO] [stdout]      |
[INFO] [stdout] 
[INFO] [stdout] 
[INFO] [stdout] Some errors have detailed explanations: E0432, E0433, E0599, E0689.
[INFO] [stdout] 
[INFO] [stdout] For more information about an error, try `rustc --explain E0432`.
[INFO] [stdout] 
[INFO] [stdout] error[E0599]: no method named `to_biguint` found for type `u32` in the current scope
[INFO] [stdout]     --> tests/biguint.rs:1826:19
[INFO] [stdout]      |
[INFO] [stdout] 1826 |         * data[1].to_biguint().unwrap()
[INFO] [stdout]      |                   ^^^^^^^^^^
[INFO] [stdout]      |
[INFO] [stdout]     ::: src/biguint.rs:519:8
[INFO] [stdout]      |
[INFO] [stdout]  519 |     fn to_biguint(&self) -> Option<BigUint>;
[INFO] [stdout]      |        ---------- the method is available for `u32` here
[INFO] [stdout]      |
[INFO] [stdout]      = help: items from traits can only be used if the trait is in scope
[INFO] [stdout] help: trait `ToBigUint` which provides `to_biguint` is implemented but not in scope; perhaps you want to import it
[INFO] [stdout]      |
[INFO] [stdout]    1 + use internal_russh_num_bigint::ToBigUint;
[INFO] [stdout]      |
[INFO] [stdout] help: there is a method `to_bigint` with a similar name
[INFO] [stdout]      |
[INFO] [stdout] 1826 -         * data[1].to_biguint().unwrap()
[INFO] [stdout] 1826 +         * data[1].to_bigint().unwrap()
[INFO] [stdout]      |
[INFO] [stdout] 
[INFO] [stdout] 
[INFO] [stdout] error[E0599]: no method named `to_biguint` found for type `u32` in the current scope
[INFO] [stdout]     --> tests/biguint.rs:1827:19
[INFO] [stdout]      |
[INFO] [stdout] 1827 |         * data[2].to_biguint().unwrap()
[INFO] [stdout]      |                   ^^^^^^^^^^
[INFO] [stdout]      |
[INFO] [stdout]     ::: src/biguint.rs:519:8
[INFO] [stdout]      |
[INFO] [stdout]  519 |     fn to_biguint(&self) -> Option<BigUint>;
[INFO] [stdout]      |        ---------- the method is available for `u32` here
[INFO] [stdout]      |
[INFO] [stdout]      = help: items from traits can only be used if the trait is in scope
[INFO] [stdout] help: trait `ToBigUint` which provides `to_biguint` is implemented but not in scope; perhaps you want to import it
[INFO] [stdout]      |
[INFO] [stdout]    1 + use internal_russh_num_bigint::ToBigUint;
[INFO] [stdout]      |
[INFO] [stdout] help: there is a method `to_bigint` with a similar name
[INFO] [stdout]      |
[INFO] [stdout] 1827 -         * data[2].to_biguint().unwrap()
[INFO] [stdout] 1827 +         * data[2].to_bigint().unwrap()
[INFO] [stdout]      |
[INFO] [stdout] 
[INFO] [stdout] 
[INFO] [stdout] For more information about this error, try `rustc --explain E0432`.
[INFO] [stdout] 
[INFO] [stderr] error: could not compile `internal-russh-num-bigint` (test "bigint") due to 18 previous errors; 31 warnings emitted
[INFO] [stdout] error[E0599]: no method named `to_biguint` found for type `u32` in the current scope
[INFO] [stdout]     --> tests/biguint.rs:1828:19
[INFO] [stdout]      |
[INFO] [stdout] 1828 |         * data[3].to_biguint().unwrap()
[INFO] [stdout]      |                   ^^^^^^^^^^
[INFO] [stdout]      |
[INFO] [stdout]     ::: src/biguint.rs:519:8
[INFO] [stdout]      |
[INFO] [stdout]  519 |     fn to_biguint(&self) -> Option<BigUint>;
[INFO] [stdout]      |        ---------- the method is available for `u32` here
[INFO] [stdout]      |
[INFO] [stdout]      = help: items from traits can only be used if the trait is in scope
[INFO] [stdout] help: trait `ToBigUint` which provides `to_biguint` is implemented but not in scope; perhaps you want to import it
[INFO] [stdout]      |
[INFO] [stdout]    1 + use internal_russh_num_bigint::ToBigUint;
[INFO] [stdout]      |
[INFO] [stdout] help: there is a method `to_bigint` with a similar name
[INFO] [stdout]      |
[INFO] [stdout] 1828 -         * data[3].to_biguint().unwrap()
[INFO] [stdout] 1828 +         * data[3].to_bigint().unwrap()
[INFO] [stdout]      |
[INFO] [stdout] 
[INFO] [stdout] 
[INFO] [stdout] error[E0599]: no method named `to_biguint` found for type `u32` in the current scope
[INFO] [stdout]     --> tests/biguint.rs:1829:19
[INFO] [stdout]      |
[INFO] [stdout] 1829 |         * data[4].to_biguint().unwrap();
[INFO] [stdout]      |                   ^^^^^^^^^^
[INFO] [stdout]      |
[INFO] [stdout]     ::: src/biguint.rs:519:8
[INFO] [stdout]      |
[INFO] [stdout]  519 |     fn to_biguint(&self) -> Option<BigUint>;
[INFO] [stdout]      |        ---------- the method is available for `u32` here
[INFO] [stdout]      |
[INFO] [stdout]      = help: items from traits can only be used if the trait is in scope
[INFO] [stdout] help: trait `ToBigUint` which provides `to_biguint` is implemented but not in scope; perhaps you want to import it
[INFO] [stdout]      |
[INFO] [stdout]    1 + use internal_russh_num_bigint::ToBigUint;
[INFO] [stdout]      |
[INFO] [stdout] help: there is a method `to_bigint` with a similar name
[INFO] [stdout]      |
[INFO] [stdout] 1829 -         * data[4].to_biguint().unwrap();
[INFO] [stdout] 1829 +         * data[4].to_bigint().unwrap();
[INFO] [stdout]      |
[INFO] [stdout] 
[INFO] [stdout] 
[INFO] [stderr] error: could not compile `internal-russh-num-bigint` (test "biguint_scalar") due to 1 previous error; 1 warning emitted
[INFO] [stdout] Some errors have detailed explanations: E0432, E0433, E0599.
[INFO] [stdout] 
[INFO] [stdout] For more information about an error, try `rustc --explain E0432`.
[INFO] [stdout] 
[INFO] [stderr] error: could not compile `internal-russh-num-bigint` (test "biguint") due to 16 previous errors; 25 warnings emitted
[INFO] [stdout] warning: unnecessary `unsafe` block
[INFO] [stdout]   --> src/biguint/addition.rs:23:9
[INFO] [stdout]    |
[INFO] [stdout] 23 |         unsafe { arch::_addcarry_u64(carry, a, b, out) }
[INFO] [stdout]    |         ^^^^^^ unnecessary `unsafe` block
[INFO] [stdout]    |
[INFO] [stdout]    = note: `#[warn(unused_unsafe)]` (part of `#[warn(unused)]`) on by default
[INFO] [stdout] 
[INFO] [stdout] 
[INFO] [stdout] warning: unnecessary `unsafe` block
[INFO] [stdout]   --> src/biguint/subtraction.rs:23:9
[INFO] [stdout]    |
[INFO] [stdout] 23 |         unsafe { arch::_subborrow_u64(borrow, a, b, out) }
[INFO] [stdout]    |         ^^^^^^ unnecessary `unsafe` block
[INFO] [stdout] 
[INFO] [stdout] 
[INFO] [stdout] Some errors have detailed explanations: E0432, E0433.
[INFO] [stdout] 
[INFO] [stdout] For more information about an error, try `rustc --explain E0432`.
[INFO] [stdout] 
[INFO] [stderr] error: could not compile `internal-russh-num-bigint` (test "bigint_scalar") due to 2 previous errors; 1 warning emitted
[INFO] running `Command { std: "docker" "inspect" "0489cfa90ee9413b63233aa06cc582e68f7bf35e9cab88885059411aa677fd49", kill_on_drop: false }`
[INFO] running `Command { std: "docker" "rm" "-f" "0489cfa90ee9413b63233aa06cc582e68f7bf35e9cab88885059411aa677fd49", kill_on_drop: false }`
[INFO] [stdout] 0489cfa90ee9413b63233aa06cc582e68f7bf35e9cab88885059411aa677fd49
