[INFO] fetching crate interceptor 0.17.2...
[INFO] testing interceptor-0.17.2 against 1.100.0-beta.1+cargoflags=--release for beta-release-1.100-2
[INFO] extracting crate interceptor 0.17.2 into /workspace/builds/worker-1-tc2/source
[INFO] started tweaking crates.io crate interceptor 0.17.2
[INFO] finished tweaking crates.io crate interceptor 0.17.2
[INFO] tweaked toml for crates.io crate interceptor 0.17.2 written to /workspace/builds/worker-1-tc2/source/Cargo.toml
[INFO] validating manifest of crates.io crate interceptor 0.17.2 on toolchain 1.100.0-beta.1
[INFO] running `Command { std: CARGO_HOME="/workspace/cargo-home" RUSTUP_HOME="/workspace/rustup-home" "/workspace/cargo-home/bin/cargo" "+1.100.0-beta.1" "metadata" "--manifest-path" "Cargo.toml" "--no-deps", kill_on_drop: false }`
[INFO] crate crates.io crate interceptor 0.17.2 already has a lockfile, it will not be regenerated
[INFO] running `Command { std: CARGO_HOME="/workspace/cargo-home" RUSTUP_HOME="/workspace/rustup-home" "/workspace/cargo-home/bin/cargo" "+1.100.0-beta.1" "fetch" "--manifest-path" "Cargo.toml", kill_on_drop: false }`
[INFO] running `Command { std: "docker" "create" "-v" "/var/lib/crater-agent-workspace/builds/worker-1-tc2/source:/opt/rustwide/workdir:ro,Z" "-v" "/var/lib/crater-agent-workspace/builds/worker-1-tc2/target:/opt/rustwide/target:rw,Z" "-v" "/var/lib/crater-agent-workspace/cargo-home:/opt/rustwide/cargo-home:ro,Z" "-v" "/var/lib/crater-agent-workspace/rustup-home:/opt/rustwide/rustup-home:ro,Z" "-m" "1610612736" "--network" "none" "ghcr.io/rust-lang/crates-build-env/linux@sha256:77db811e55d90add9212f6832c23229e3de5f1c1f9905e8cb07319ea15df73ac" "sleep" "infinity", kill_on_drop: false }`
[INFO] [stdout] f13158d87a491786ea48ece1242105ad58f963bbe728ea858fc7a7cff9702c33
[INFO] running `Command { std: "docker" "start" "f13158d87a491786ea48ece1242105ad58f963bbe728ea858fc7a7cff9702c33", kill_on_drop: false }`
[INFO] running `Command { std: "docker" "inspect" "f13158d87a491786ea48ece1242105ad58f963bbe728ea858fc7a7cff9702c33", kill_on_drop: false }`
[INFO] running `Command { std: "docker" "exec" "-e" "SOURCE_DIR=/opt/rustwide/workdir" "-e" "CARGO_HOME=/opt/rustwide/cargo-home" "-e" "RUSTUP_HOME=/opt/rustwide/rustup-home" "-e" "CARGO_TARGET_DIR=/opt/rustwide/target" "-w" "/opt/rustwide/workdir" "--user" "0:0" "f13158d87a491786ea48ece1242105ad58f963bbe728ea858fc7a7cff9702c33" "/opt/rustwide/cargo-home/bin/cargo" "+1.100.0-beta.1" "metadata" "--no-deps" "--format-version=1", kill_on_drop: false }`
[INFO] running `Command { std: "docker" "inspect" "f13158d87a491786ea48ece1242105ad58f963bbe728ea858fc7a7cff9702c33", kill_on_drop: false }`
[INFO] running `Command { std: "docker" "exec" "-e" "SOURCE_DIR=/opt/rustwide/workdir" "-e" "CARGO_HOME=/opt/rustwide/cargo-home" "-e" "RUSTUP_HOME=/opt/rustwide/rustup-home" "-e" "CARGO_TARGET_DIR=/opt/rustwide/target" "-e" "CARGO_INCREMENTAL=0" "-e" "RUST_BACKTRACE=full" "-e" "RUSTFLAGS=--cap-lints=warn" "-e" "RUSTDOCFLAGS=--cap-lints=warn" "-w" "/opt/rustwide/workdir" "--user" "0:0" "f13158d87a491786ea48ece1242105ad58f963bbe728ea858fc7a7cff9702c33" "/opt/rustwide/cargo-home/bin/cargo" "+1.100.0-beta.1" "build" "--frozen" "--message-format=json" "--release", kill_on_drop: false }`
[INFO] [stderr]    Compiling libc v0.2.176
[INFO] [stderr]    Compiling cfg-if v1.0.3
[INFO] [stderr]    Compiling proc-macro2 v1.0.101
[INFO] [stderr]    Compiling unicode-ident v1.0.19
[INFO] [stderr]    Compiling quote v1.0.41
[INFO] [stderr]    Compiling getrandom v0.3.3
[INFO] [stderr]    Compiling zerocopy v0.8.27
[INFO] [stderr]    Compiling subtle v2.6.1
[INFO] [stderr]    Compiling memoffset v0.7.1
[INFO] [stderr]    Compiling generic-array v0.14.7
[INFO] [stderr]    Compiling bytes v1.10.1
[INFO] [stderr]    Compiling portable-atomic v1.11.1
[INFO] [stderr]    Compiling waitgroup v0.1.2
[INFO] [stderr]    Compiling inout v0.1.4
[INFO] [stderr]    Compiling block-buffer v0.10.4
[INFO] [stderr]    Compiling syn v2.0.106
[INFO] [stderr]    Compiling getrandom v0.2.16
[INFO] [stderr]    Compiling parking_lot_core v0.9.11
[INFO] [stderr]    Compiling mio v1.0.4
[INFO] [stderr]    Compiling socket2 v0.6.0
[INFO] [stderr]    Compiling nix v0.26.4
[INFO] [stderr]    Compiling rand_core v0.6.4
[INFO] [stderr]    Compiling rand_core v0.9.3
[INFO] [stderr]    Compiling parking_lot v0.12.4
[INFO] [stderr]    Compiling crypto-common v0.1.6
[INFO] [stderr]    Compiling cipher v0.4.4
[INFO] [stderr]    Compiling universal-hash v0.5.1
[INFO] [stderr]    Compiling digest v0.10.7
[INFO] [stderr]    Compiling aead v0.5.2
[INFO] [stderr]    Compiling polyval v0.6.2
[INFO] [stderr]    Compiling ghash v0.5.1
[INFO] [stderr]    Compiling sha1 v0.10.6
[INFO] [stderr]    Compiling hmac v0.12.1
[INFO] [stderr]    Compiling ctr v0.9.2
[INFO] [stderr]    Compiling aes v0.8.4
[INFO] [stderr]    Compiling aes-gcm v0.10.3
[INFO] [stderr]    Compiling ppv-lite86 v0.2.21
[INFO] [stderr]    Compiling rand_chacha v0.9.0
[INFO] [stderr]    Compiling rand v0.9.2
[INFO] [stderr]    Compiling thiserror-impl v1.0.69
[INFO] [stderr]    Compiling tokio-macros v2.5.0
[INFO] [stderr]    Compiling async-trait v0.1.89
[INFO] [stderr]    Compiling serde_derive v1.0.228
[INFO] [stderr]    Compiling futures-macro v0.3.31
[INFO] [stderr]    Compiling tokio v1.47.1
[INFO] [stderr]    Compiling futures-util v0.3.31
[INFO] [stderr]    Compiling thiserror v1.0.69
[INFO] [stderr]    Compiling serde v1.0.228
[INFO] [stderr]    Compiling futures-executor v0.3.31
[INFO] [stderr]    Compiling futures v0.3.31
[INFO] [stderr]    Compiling webrtc-util v0.17.2
[INFO] [stderr]    Compiling rtcp v0.17.2
[INFO] [stderr]    Compiling rtp v0.17.2
[INFO] [stderr]    Compiling webrtc-srtp v0.17.2
[INFO] [stderr]    Compiling interceptor v0.17.2 (/opt/rustwide/workdir)
[INFO] [stderr]     Finished `release` profile [optimized] target(s) in 43.09s
[INFO] running `Command { std: "docker" "inspect" "f13158d87a491786ea48ece1242105ad58f963bbe728ea858fc7a7cff9702c33", kill_on_drop: false }`
[INFO] running `Command { std: "docker" "exec" "-e" "SOURCE_DIR=/opt/rustwide/workdir" "-e" "CARGO_HOME=/opt/rustwide/cargo-home" "-e" "RUSTUP_HOME=/opt/rustwide/rustup-home" "-e" "CARGO_TARGET_DIR=/opt/rustwide/target" "-e" "CARGO_INCREMENTAL=0" "-e" "RUST_BACKTRACE=full" "-e" "RUSTFLAGS=--cap-lints=warn" "-e" "RUSTDOCFLAGS=--cap-lints=warn" "-w" "/opt/rustwide/workdir" "--user" "0:0" "f13158d87a491786ea48ece1242105ad58f963bbe728ea858fc7a7cff9702c33" "/opt/rustwide/cargo-home/bin/cargo" "+1.100.0-beta.1" "test" "--frozen" "--no-run" "--message-format=json" "--release", kill_on_drop: false }`
[INFO] [stderr]    Compiling chrono v0.4.42
[INFO] [stderr]    Compiling interceptor v0.17.2 (/opt/rustwide/workdir)
[INFO] [stdout] error[E0425]: cannot find function `advance` in module `tokio::time`
[INFO] [stdout]    --> src/report/receiver/receiver_test.rs:678:18
[INFO] [stdout]     |
[INFO] [stdout] 678 |     tokio::time::advance(Duration::from_millis(60)).await;
[INFO] [stdout]     |                  ^^^^^^^ not found in `tokio::time`
[INFO] [stdout]     |
[INFO] [stdout] note: found an item that was configured out
[INFO] [stdout]    --> /opt/rustwide/cargo-home/registry/src/index.crates.io-1949cf8c6b5b557f/tokio-1.47.1/src/time/mod.rs:90:21
[INFO] [stdout]     |
[INFO] [stdout]  90 |     pub use clock::{advance, pause, resume};
[INFO] [stdout]     |                     ^^^^^^^
[INFO] [stdout]     |
[INFO] [stdout]    ::: /opt/rustwide/cargo-home/registry/src/index.crates.io-1949cf8c6b5b557f/tokio-1.47.1/src/macros/cfg.rs:532:19
[INFO] [stdout]     |
[INFO] [stdout] 532 |             #[cfg(feature = "test-util")]
[INFO] [stdout]     |                   --------------------- the item is gated behind the `test-util` feature
[INFO] [stdout] 
[INFO] [stdout] 
[INFO] [stdout] error[E0425]: cannot find function `advance` in module `tokio::time`
[INFO] [stdout]    --> src/twcc/receiver/receiver_test.rs:124:22
[INFO] [stdout]     |
[INFO] [stdout] 124 |         tokio::time::advance(Duration::from_millis(*d)).await;
[INFO] [stdout]     |                      ^^^^^^^ not found in `tokio::time`
[INFO] [stdout]     |
[INFO] [stdout] note: found an item that was configured out
[INFO] [stdout]    --> /opt/rustwide/cargo-home/registry/src/index.crates.io-1949cf8c6b5b557f/tokio-1.47.1/src/time/mod.rs:90:21
[INFO] [stdout]     |
[INFO] [stdout]  90 |     pub use clock::{advance, pause, resume};
[INFO] [stdout]     |                     ^^^^^^^
[INFO] [stdout]     |
[INFO] [stdout]    ::: /opt/rustwide/cargo-home/registry/src/index.crates.io-1949cf8c6b5b557f/tokio-1.47.1/src/macros/cfg.rs:532:19
[INFO] [stdout]     |
[INFO] [stdout] 532 |             #[cfg(feature = "test-util")]
[INFO] [stdout]     |                   --------------------- the item is gated behind the `test-util` feature
[INFO] [stdout] 
[INFO] [stdout] 
[INFO] [stdout] error[E0425]: cannot find function `advance` in module `tokio::time`
[INFO] [stdout]    --> src/twcc/receiver/receiver_test.rs:145:18
[INFO] [stdout]     |
[INFO] [stdout] 145 |     tokio::time::advance(Duration::from_millis(2001)).await;
[INFO] [stdout]     |                  ^^^^^^^ not found in `tokio::time`
[INFO] [stdout]     |
[INFO] [stdout] note: found an item that was configured out
[INFO] [stdout]    --> /opt/rustwide/cargo-home/registry/src/index.crates.io-1949cf8c6b5b557f/tokio-1.47.1/src/time/mod.rs:90:21
[INFO] [stdout]     |
[INFO] [stdout]  90 |     pub use clock::{advance, pause, resume};
[INFO] [stdout]     |                     ^^^^^^^
[INFO] [stdout]     |
[INFO] [stdout]    ::: /opt/rustwide/cargo-home/registry/src/index.crates.io-1949cf8c6b5b557f/tokio-1.47.1/src/macros/cfg.rs:532:19
[INFO] [stdout]     |
[INFO] [stdout] 532 |             #[cfg(feature = "test-util")]
[INFO] [stdout]     |                   --------------------- the item is gated behind the `test-util` feature
[INFO] [stdout] 
[INFO] [stdout] 
[INFO] [stdout] error[E0425]: cannot find function `advance` in module `tokio::time`
[INFO] [stdout]    --> src/twcc/receiver/receiver_test.rs:205:22
[INFO] [stdout]     |
[INFO] [stdout] 205 |         tokio::time::advance(Duration::from_millis(*d)).await;
[INFO] [stdout]     |                      ^^^^^^^ not found in `tokio::time`
[INFO] [stdout]     |
[INFO] [stdout] note: found an item that was configured out
[INFO] [stdout]    --> /opt/rustwide/cargo-home/registry/src/index.crates.io-1949cf8c6b5b557f/tokio-1.47.1/src/time/mod.rs:90:21
[INFO] [stdout]     |
[INFO] [stdout]  90 |     pub use clock::{advance, pause, resume};
[INFO] [stdout]     |                     ^^^^^^^
[INFO] [stdout]     |
[INFO] [stdout]    ::: /opt/rustwide/cargo-home/registry/src/index.crates.io-1949cf8c6b5b557f/tokio-1.47.1/src/macros/cfg.rs:532:19
[INFO] [stdout]     |
[INFO] [stdout] 532 |             #[cfg(feature = "test-util")]
[INFO] [stdout]     |                   --------------------- the item is gated behind the `test-util` feature
[INFO] [stdout] 
[INFO] [stdout] 
[INFO] [stdout] error[E0425]: cannot find function `advance` in module `tokio::time`
[INFO] [stdout]    --> src/twcc/receiver/receiver_test.rs:224:18
[INFO] [stdout]     |
[INFO] [stdout] 224 |     tokio::time::advance(Duration::from_millis(2001)).await;
[INFO] [stdout]     |                  ^^^^^^^ not found in `tokio::time`
[INFO] [stdout]     |
[INFO] [stdout] note: found an item that was configured out
[INFO] [stdout]    --> /opt/rustwide/cargo-home/registry/src/index.crates.io-1949cf8c6b5b557f/tokio-1.47.1/src/time/mod.rs:90:21
[INFO] [stdout]     |
[INFO] [stdout]  90 |     pub use clock::{advance, pause, resume};
[INFO] [stdout]     |                     ^^^^^^^
[INFO] [stdout]     |
[INFO] [stdout]    ::: /opt/rustwide/cargo-home/registry/src/index.crates.io-1949cf8c6b5b557f/tokio-1.47.1/src/macros/cfg.rs:532:19
[INFO] [stdout]     |
[INFO] [stdout] 532 |             #[cfg(feature = "test-util")]
[INFO] [stdout]     |                   --------------------- the item is gated behind the `test-util` feature
[INFO] [stdout] 
[INFO] [stdout] 
[INFO] [stdout] error[E0599]: no method named `start_paused` found for struct `tokio::runtime::Builder` in the current scope
[INFO] [stdout]    --> src/report/receiver/receiver_test.rs:706:5
[INFO] [stdout]     |
[INFO] [stdout] 706 |     Ok(())
[INFO] [stdout]     |     ^^ private field, not a method
[INFO] [stdout] 
[INFO] [stdout] 
[INFO] [stdout] error[E0599]: no method named `start_paused` found for struct `tokio::runtime::Builder` in the current scope
[INFO] [stdout]    --> src/twcc/receiver/receiver_test.rs:172:5
[INFO] [stdout]     |
[INFO] [stdout] 172 |     Ok(())
[INFO] [stdout]     |     ^^ private field, not a method
[INFO] [stdout] 
[INFO] [stdout] 
[INFO] [stdout] error[E0599]: no method named `start_paused` found for struct `tokio::runtime::Builder` in the current scope
[INFO] [stdout]    --> src/twcc/receiver/receiver_test.rs:279:5
[INFO] [stdout]     |
[INFO] [stdout] 279 |     Ok(())
[INFO] [stdout]     |     ^^ private field, not a method
[INFO] [stdout] 
[INFO] [stdout] 
[INFO] [stdout] Some errors have detailed explanations: E0425, E0599.
[INFO] [stdout] 
[INFO] [stdout] For more information about an error, try `rustc --explain E0425`.
[INFO] [stdout] 
[INFO] [stderr] error: could not compile `interceptor` (lib test) due to 8 previous errors
[INFO] running `Command { std: "docker" "inspect" "f13158d87a491786ea48ece1242105ad58f963bbe728ea858fc7a7cff9702c33", kill_on_drop: false }`
[INFO] running `Command { std: "docker" "rm" "-f" "f13158d87a491786ea48ece1242105ad58f963bbe728ea858fc7a7cff9702c33", kill_on_drop: false }`
[INFO] [stdout] f13158d87a491786ea48ece1242105ad58f963bbe728ea858fc7a7cff9702c33
