[INFO] fetching crate inquire-reorder 0.7.6...
[INFO] testing inquire-reorder-0.7.6 against 1.99.0-beta.8+cargoflags=--release for beta-release-1.100-2
[INFO] extracting crate inquire-reorder 0.7.6 into /workspace/builds/worker-2-tc1/source
[INFO] started tweaking crates.io crate inquire-reorder 0.7.6
[INFO] removed 0 missing examples
[INFO] finished tweaking crates.io crate inquire-reorder 0.7.6
[INFO] tweaked toml for crates.io crate inquire-reorder 0.7.6 written to /workspace/builds/worker-2-tc1/source/Cargo.toml
[INFO] validating manifest of crates.io crate inquire-reorder 0.7.6 on toolchain 1.99.0-beta.8
[INFO] running `Command { std: CARGO_HOME="/workspace/cargo-home" RUSTUP_HOME="/workspace/rustup-home" "/workspace/cargo-home/bin/cargo" "+1.99.0-beta.8" "metadata" "--manifest-path" "Cargo.toml" "--no-deps", kill_on_drop: false }`
[INFO] crate crates.io crate inquire-reorder 0.7.6 already has a lockfile, it will not be regenerated
[INFO] running `Command { std: CARGO_HOME="/workspace/cargo-home" RUSTUP_HOME="/workspace/rustup-home" "/workspace/cargo-home/bin/cargo" "+1.99.0-beta.8" "fetch" "--manifest-path" "Cargo.toml", kill_on_drop: false }`
[INFO] [stderr]  Downloading crates ...
[INFO] [stderr]   Downloaded redox_termios v0.1.3
[INFO] [stderr]   Downloaded fastrand v2.2.0
[INFO] [stderr]   Downloaded libredox v0.0.2
[INFO] [stderr]   Downloaded termion v2.0.3
[INFO] [stderr]   Downloaded redox_syscall v0.5.7
[INFO] [stderr]   Downloaded crossterm v0.25.0
[INFO] [stderr]   Downloaded wasm-bindgen-shared v0.2.95
[INFO] [stderr]   Downloaded wasm-bindgen-macro v0.2.95
[INFO] [stderr]   Downloaded wasm-bindgen-macro-support v0.2.95
[INFO] [stderr]   Downloaded wasm-bindgen v0.2.95
[INFO] [stderr]   Downloaded wasm-bindgen-backend v0.2.95
[INFO] [stderr]   Downloaded js-sys v0.3.72
[INFO] [stderr]   Downloaded cc v1.2.1
[INFO] [stderr]   Downloaded libc v0.2.162
[INFO] running `Command { std: "docker" "create" "-v" "/var/lib/crater-agent-workspace/builds/worker-2-tc1/source:/opt/rustwide/workdir:ro,Z" "-v" "/var/lib/crater-agent-workspace/builds/worker-2-tc1/target:/opt/rustwide/target:rw,Z" "-v" "/var/lib/crater-agent-workspace/cargo-home:/opt/rustwide/cargo-home:ro,Z" "-v" "/var/lib/crater-agent-workspace/rustup-home:/opt/rustwide/rustup-home:ro,Z" "-m" "1610612736" "--network" "none" "ghcr.io/rust-lang/crates-build-env/linux@sha256:77db811e55d90add9212f6832c23229e3de5f1c1f9905e8cb07319ea15df73ac" "sleep" "infinity", kill_on_drop: false }`
[INFO] [stdout] 48672c0705bdc2d6d23df4d696a4771653c6428bd6c09eb139f32863de367cde
[INFO] running `Command { std: "docker" "start" "48672c0705bdc2d6d23df4d696a4771653c6428bd6c09eb139f32863de367cde", kill_on_drop: false }`
[INFO] running `Command { std: "docker" "inspect" "48672c0705bdc2d6d23df4d696a4771653c6428bd6c09eb139f32863de367cde", kill_on_drop: false }`
[INFO] running `Command { std: "docker" "exec" "-e" "SOURCE_DIR=/opt/rustwide/workdir" "-e" "CARGO_HOME=/opt/rustwide/cargo-home" "-e" "RUSTUP_HOME=/opt/rustwide/rustup-home" "-e" "CARGO_TARGET_DIR=/opt/rustwide/target" "-w" "/opt/rustwide/workdir" "--user" "0:0" "48672c0705bdc2d6d23df4d696a4771653c6428bd6c09eb139f32863de367cde" "/opt/rustwide/cargo-home/bin/cargo" "+1.99.0-beta.8" "metadata" "--no-deps" "--format-version=1", kill_on_drop: false }`
[INFO] running `Command { std: "docker" "inspect" "48672c0705bdc2d6d23df4d696a4771653c6428bd6c09eb139f32863de367cde", kill_on_drop: false }`
[INFO] running `Command { std: "docker" "exec" "-e" "SOURCE_DIR=/opt/rustwide/workdir" "-e" "CARGO_HOME=/opt/rustwide/cargo-home" "-e" "RUSTUP_HOME=/opt/rustwide/rustup-home" "-e" "CARGO_TARGET_DIR=/opt/rustwide/target" "-e" "CARGO_INCREMENTAL=0" "-e" "RUST_BACKTRACE=full" "-e" "RUSTFLAGS=--cap-lints=warn" "-e" "RUSTDOCFLAGS=--cap-lints=warn" "-w" "/opt/rustwide/workdir" "--user" "0:0" "48672c0705bdc2d6d23df4d696a4771653c6428bd6c09eb139f32863de367cde" "/opt/rustwide/cargo-home/bin/cargo" "+1.99.0-beta.8" "build" "--frozen" "--message-format=json" "--release", kill_on_drop: false }`
[INFO] [stderr]    Compiling libc v0.2.162
[INFO] [stderr]    Compiling signal-hook v0.3.17
[INFO] [stderr]    Compiling smallvec v1.13.2
[INFO] [stderr]    Compiling once_cell v1.20.2
[INFO] [stderr]    Compiling dyn-clone v1.0.17
[INFO] [stderr]    Compiling bitflags v2.6.0
[INFO] [stderr]    Compiling lock_api v0.4.12
[INFO] [stderr]    Compiling parking_lot_core v0.9.10
[INFO] [stderr]    Compiling thread_local v1.1.8
[INFO] [stderr]    Compiling fuzzy-matcher v0.3.7
[INFO] [stderr]    Compiling signal-hook-registry v1.4.2
[INFO] [stderr]    Compiling mio v0.8.11
[INFO] [stderr]    Compiling parking_lot v0.12.3
[INFO] [stderr]    Compiling signal-hook-mio v0.2.4
[INFO] [stderr]    Compiling crossterm v0.25.0
[INFO] [stderr]    Compiling inquire-reorder v0.7.6 (/opt/rustwide/workdir)
[INFO] [stderr]     Finished `release` profile [optimized] target(s) in 11.22s
[INFO] running `Command { std: "docker" "inspect" "48672c0705bdc2d6d23df4d696a4771653c6428bd6c09eb139f32863de367cde", kill_on_drop: false }`
[INFO] running `Command { std: "docker" "exec" "-e" "SOURCE_DIR=/opt/rustwide/workdir" "-e" "CARGO_HOME=/opt/rustwide/cargo-home" "-e" "RUSTUP_HOME=/opt/rustwide/rustup-home" "-e" "CARGO_TARGET_DIR=/opt/rustwide/target" "-e" "CARGO_INCREMENTAL=0" "-e" "RUST_BACKTRACE=full" "-e" "RUSTFLAGS=--cap-lints=warn" "-e" "RUSTDOCFLAGS=--cap-lints=warn" "-w" "/opt/rustwide/workdir" "--user" "0:0" "48672c0705bdc2d6d23df4d696a4771653c6428bd6c09eb139f32863de367cde" "/opt/rustwide/cargo-home/bin/cargo" "+1.99.0-beta.8" "test" "--frozen" "--no-run" "--message-format=json" "--release", kill_on_drop: false }`
[INFO] [stderr]    Compiling proc-macro2 v1.0.89
[INFO] [stderr]    Compiling semver v1.0.23
[INFO] [stderr]    Compiling memchr v2.7.4
[INFO] [stderr]    Compiling pin-project-lite v0.2.15
[INFO] [stderr]    Compiling num-traits v0.2.19
[INFO] [stderr]    Compiling glob v0.3.1
[INFO] [stderr]    Compiling relative-path v1.9.3
[INFO] [stderr]    Compiling iana-time-zone v0.1.61
[INFO] [stderr]    Compiling futures-timer v3.0.3
[INFO] [stderr]    Compiling rustc_version v0.4.1
[INFO] [stderr]    Compiling aho-corasick v1.1.3
[INFO] [stderr]    Compiling rstest_macros v0.18.2
[INFO] [stderr]    Compiling quote v1.0.37
[INFO] [stderr]    Compiling syn v2.0.87
[INFO] [stderr]    Compiling chrono v0.4.38
[INFO] [stderr]    Compiling regex-automata v0.4.9
[INFO] [stderr]    Compiling regex v1.11.1
[INFO] [stderr]    Compiling futures-macro v0.3.31
[INFO] [stderr]    Compiling futures-util v0.3.31
[INFO] [stderr]    Compiling futures-executor v0.3.31
[INFO] [stderr]    Compiling futures v0.3.31
[INFO] [stderr]    Compiling rstest v0.18.2
[INFO] [stderr]    Compiling inquire-reorder v0.7.6 (/opt/rustwide/workdir)
[INFO] [stdout] error[E0433]: cannot find module or crate `inquire` in this scope
[INFO] [stdout]  --> examples/enum_select_raw.rs:3:5
[INFO] [stdout]   |
[INFO] [stdout] 3 | use inquire::{error::InquireResult, Select};
[INFO] [stdout]   |     ^^^^^^^ use of unresolved module or unlinked crate `inquire`
[INFO] [stdout]   |
[INFO] [stdout]   = help: if you wanted to use a crate named `inquire`, use `cargo add inquire` to add it to your `Cargo.toml`
[INFO] [stdout] 
[INFO] [stdout] 
[INFO] [stdout] error[E0433]: cannot find module or crate `inquire` in this scope
[INFO] [stdout]  --> examples/custom_type.rs:1:5
[INFO] [stdout]   |
[INFO] [stdout] 1 | use inquire::{validator::Validation, CustomType};
[INFO] [stdout]   |     ^^^^^^^ use of unresolved module or unlinked crate `inquire`
[INFO] [stdout]   |
[INFO] [stdout]   = help: if you wanted to use a crate named `inquire`, use `cargo add inquire` to add it to your `Cargo.toml`
[INFO] [stdout] 
[INFO] [stdout] 
[INFO] [stdout] error[E0433]: cannot find module or crate `inquire` in this scope
[INFO] [stdout]  --> examples/text_options.rs:1:5
[INFO] [stdout]   |
[INFO] [stdout] 1 | use inquire::{error::CustomUserError, length, required, ui::RenderConfig, Text};
[INFO] [stdout]   |     ^^^^^^^ use of unresolved module or unlinked crate `inquire`
[INFO] [stdout]   |
[INFO] [stdout]   = help: if you wanted to use a crate named `inquire`, use `cargo add inquire` to add it to your `Cargo.toml`
[INFO] [stdout] 
[INFO] [stdout] 
[INFO] [stderr] error: could not compile `inquire-reorder` (example "password_simple") due to 1 previous error
[INFO] [stdout] error[E0432]: unresolved import `inquire`
[INFO] [stdout]  --> examples/text_options.rs:1:5
[INFO] [stdout]   |
[INFO] [stdout] 1 | use inquire::{error::CustomUserError, length, required, ui::RenderConfig, Text};
[INFO] [stdout]   |     ^^^^^^^ use of unresolved module or unlinked crate `inquire`
[INFO] [stdout]   |
[INFO] [stdout]   = help: if you wanted to use a crate named `inquire`, use `cargo add inquire` to add it to your `Cargo.toml`
[INFO] [stdout] 
[INFO] [stdout] 
[INFO] [stderr] warning: build failed, waiting for other jobs to finish...
[INFO] [stdout] error[E0432]: unresolved import `inquire`
[INFO] [stdout]  --> examples/password_simple.rs:1:5
[INFO] [stdout]   |
[INFO] [stdout] 1 | use inquire::{Password, PasswordDisplayMode};
[INFO] [stdout]   |     ^^^^^^^ use of unresolved module or unlinked crate `inquire`
[INFO] [stdout]   |
[INFO] [stdout]   = help: if you wanted to use a crate named `inquire`, use `cargo add inquire` to add it to your `Cargo.toml`
[INFO] [stdout] 
[INFO] [stdout] 
[INFO] [stderr] error: could not compile `inquire-reorder` (example "text_options") due to 2 previous errors
[INFO] [stdout] For more information about this error, try `rustc --explain E0432`.
[INFO] [stdout] 
[INFO] [stdout] Some errors have detailed explanations: E0432, E0433.
[INFO] [stdout] 
[INFO] [stdout] For more information about an error, try `rustc --explain E0432`.
[INFO] [stdout] 
[INFO] [stdout] error[E0432]: unresolved import `inquire`
[INFO] [stdout]  --> examples/custom_type.rs:1:5
[INFO] [stdout]   |
[INFO] [stdout] 1 | use inquire::{validator::Validation, CustomType};
[INFO] [stdout]   |     ^^^^^^^ use of unresolved module or unlinked crate `inquire`
[INFO] [stdout]   |
[INFO] [stdout]   = help: if you wanted to use a crate named `inquire`, use `cargo add inquire` to add it to your `Cargo.toml`
[INFO] [stdout] 
[INFO] [stdout] 
[INFO] [stdout] error[E0432]: unresolved import `inquire`
[INFO] [stdout]  --> examples/password_no_confirmation.rs:1:5
[INFO] [stdout]   |
[INFO] [stdout] 1 | use inquire::Password;
[INFO] [stdout]   |     ^^^^^^^ use of unresolved module or unlinked crate `inquire`
[INFO] [stdout]   |
[INFO] [stdout]   = help: if you wanted to use a crate named `inquire`, use `cargo add inquire` to add it to your `Cargo.toml`
[INFO] [stdout] 
[INFO] [stdout] 
[INFO] [stdout] error[E0432]: unresolved import `inquire`
[INFO] [stdout]  --> examples/enum_select_raw.rs:3:5
[INFO] [stdout]   |
[INFO] [stdout] 3 | use inquire::{error::InquireResult, Select};
[INFO] [stdout]   |     ^^^^^^^ use of unresolved module or unlinked crate `inquire`
[INFO] [stdout]   |
[INFO] [stdout]   = help: if you wanted to use a crate named `inquire`, use `cargo add inquire` to add it to your `Cargo.toml`
[INFO] [stdout] 
[INFO] [stdout] 
[INFO] [stdout] For more information about this error, try `rustc --explain E0432`.
[INFO] [stdout] 
[INFO] [stdout] Some errors have detailed explanations: E0432, E0433.
[INFO] [stdout] 
[INFO] [stdout] For more information about an error, try `rustc --explain E0432`.
[INFO] [stdout] 
[INFO] [stdout] error[E0432]: unresolved import `inquire`
[INFO] [stdout]  --> examples/text_simple.rs:1:5
[INFO] [stdout]   |
[INFO] [stdout] 1 | use inquire::Text;
[INFO] [stdout]   |     ^^^^^^^ use of unresolved module or unlinked crate `inquire`
[INFO] [stdout]   |
[INFO] [stdout]   = help: if you wanted to use a crate named `inquire`, use `cargo add inquire` to add it to your `Cargo.toml`
[INFO] [stdout] 
[INFO] [stdout] 
[INFO] [stderr] error: could not compile `inquire-reorder` (example "password_no_confirmation") due to 1 previous error
[INFO] [stderr] error: could not compile `inquire-reorder` (example "custom_type") due to 2 previous errors
[INFO] [stdout] For more information about this error, try `rustc --explain E0432`.
[INFO] [stdout] 
[INFO] [stdout] Some errors have detailed explanations: E0432, E0433.
[INFO] [stdout] 
[INFO] [stdout] For more information about an error, try `rustc --explain E0432`.
[INFO] [stdout] 
[INFO] [stderr] error: could not compile `inquire-reorder` (example "text_simple") due to 1 previous error
[INFO] [stdout] error[E0433]: cannot find module or crate `inquire` in this scope
[INFO] [stdout]  --> examples/confirm.rs:1:5
[INFO] [stdout]   |
[INFO] [stdout] 1 | use inquire::{ui::RenderConfig, Confirm};
[INFO] [stdout]   |     ^^^^^^^ use of unresolved module or unlinked crate `inquire`
[INFO] [stdout]   |
[INFO] [stdout]   = help: if you wanted to use a crate named `inquire`, use `cargo add inquire` to add it to your `Cargo.toml`
[INFO] [stdout] 
[INFO] [stdout] 
[INFO] [stderr] error: could not compile `inquire-reorder` (example "enum_select_raw") due to 2 previous errors
[INFO] [stdout] error[E0433]: cannot find module or crate `inquire` in this scope
[INFO] [stdout]  --> examples/complex_autocompletion.rs:5:5
[INFO] [stdout]   |
[INFO] [stdout] 5 | use inquire::{
[INFO] [stdout]   |     ^^^^^^^ use of unresolved module or unlinked crate `inquire`
[INFO] [stdout]   |
[INFO] [stdout]   = help: if you wanted to use a crate named `inquire`, use `cargo add inquire` to add it to your `Cargo.toml`
[INFO] [stdout] 
[INFO] [stdout] 
[INFO] [stdout] error[E0433]: cannot find module or crate `inquire` in this scope
[INFO] [stdout]  --> examples/multiselect.rs:1:5
[INFO] [stdout]   |
[INFO] [stdout] 1 | use inquire::{
[INFO] [stdout]   |     ^^^^^^^ use of unresolved module or unlinked crate `inquire`
[INFO] [stdout]   |
[INFO] [stdout]   = help: if you wanted to use a crate named `inquire`, use `cargo add inquire` to add it to your `Cargo.toml`
[INFO] [stdout] 
[INFO] [stdout] 
[INFO] [stdout] error[E0432]: unresolved import `inquire`
[INFO] [stdout]  --> examples/confirm.rs:1:5
[INFO] [stdout]   |
[INFO] [stdout] 1 | use inquire::{ui::RenderConfig, Confirm};
[INFO] [stdout]   |     ^^^^^^^ use of unresolved module or unlinked crate `inquire`
[INFO] [stdout]   |
[INFO] [stdout]   = help: if you wanted to use a crate named `inquire`, use `cargo add inquire` to add it to your `Cargo.toml`
[INFO] [stdout] 
[INFO] [stdout] 
[INFO] [stdout] error[E0432]: unresolved import `inquire`
[INFO] [stdout]  --> examples/select.rs:1:5
[INFO] [stdout]   |
[INFO] [stdout] 1 | use inquire::Select;
[INFO] [stdout]   |     ^^^^^^^ use of unresolved module or unlinked crate `inquire`
[INFO] [stdout]   |
[INFO] [stdout]   = help: if you wanted to use a crate named `inquire`, use `cargo add inquire` to add it to your `Cargo.toml`
[INFO] [stdout] 
[INFO] [stdout] 
[INFO] [stdout] error[E0432]: unresolved import `inquire`
[INFO] [stdout]  --> examples/confirm_simple.rs:1:5
[INFO] [stdout]   |
[INFO] [stdout] 1 | use inquire::Confirm;
[INFO] [stdout]   |     ^^^^^^^ use of unresolved module or unlinked crate `inquire`
[INFO] [stdout]   |
[INFO] [stdout]   = help: if you wanted to use a crate named `inquire`, use `cargo add inquire` to add it to your `Cargo.toml`
[INFO] [stdout] 
[INFO] [stdout] 
[INFO] [stdout] For more information about this error, try `rustc --explain E0432`.
[INFO] [stdout] 
[INFO] [stdout] Some errors have detailed explanations: E0432, E0433.
[INFO] [stdout] 
[INFO] [stdout] For more information about an error, try `rustc --explain E0432`.
[INFO] [stdout] 
[INFO] [stdout] error[E0432]: unresolved import `inquire`
[INFO] [stdout]  --> examples/password_full_featured.rs:1:5
[INFO] [stdout]   |
[INFO] [stdout] 1 | use inquire::{min_length, Password, PasswordDisplayMode};
[INFO] [stdout]   |     ^^^^^^^ use of unresolved module or unlinked crate `inquire`
[INFO] [stdout]   |
[INFO] [stdout]   = help: if you wanted to use a crate named `inquire`, use `cargo add inquire` to add it to your `Cargo.toml`
[INFO] [stdout] 
[INFO] [stdout] 
[INFO] [stdout] error[E0432]: unresolved import `inquire`
[INFO] [stdout]  --> examples/multiselect.rs:1:5
[INFO] [stdout]   |
[INFO] [stdout] 1 | use inquire::{
[INFO] [stdout]   |     ^^^^^^^ use of unresolved module or unlinked crate `inquire`
[INFO] [stdout]   |
[INFO] [stdout]   = help: if you wanted to use a crate named `inquire`, use `cargo add inquire` to add it to your `Cargo.toml`
[INFO] [stdout] 
[INFO] [stdout] 
[INFO] [stderr] error: could not compile `inquire-reorder` (example "confirm") due to 2 previous errors
[INFO] [stderr] error: could not compile `inquire-reorder` (example "confirm_simple") due to 1 previous error
[INFO] [stdout] For more information about this error, try `rustc --explain E0432`.
[INFO] [stdout] 
[INFO] [stdout] error[E0432]: unresolved import `inquire`
[INFO] [stdout]  --> examples/complex_autocompletion.rs:5:5
[INFO] [stdout]   |
[INFO] [stdout] 5 | use inquire::{
[INFO] [stdout]   |     ^^^^^^^ use of unresolved module or unlinked crate `inquire`
[INFO] [stdout]   |
[INFO] [stdout]   = help: if you wanted to use a crate named `inquire`, use `cargo add inquire` to add it to your `Cargo.toml`
[INFO] [stdout] 
[INFO] [stdout] 
[INFO] [stderr] error: could not compile `inquire-reorder` (example "password_full_featured") due to 1 previous error
[INFO] [stdout] For more information about this error, try `rustc --explain E0432`.
[INFO] [stdout] 
[INFO] [stderr] error: could not compile `inquire-reorder` (example "select") due to 1 previous error
[INFO] [stdout] Some errors have detailed explanations: E0432, E0433.
[INFO] [stdout] 
[INFO] [stdout] For more information about an error, try `rustc --explain E0432`.
[INFO] [stdout] 
[INFO] [stderr] error: could not compile `inquire-reorder` (example "complex_autocompletion") due to 2 previous errors
[INFO] [stdout] Some errors have detailed explanations: E0432, E0433.
[INFO] [stdout] 
[INFO] [stdout] For more information about an error, try `rustc --explain E0432`.
[INFO] [stdout] 
[INFO] [stderr] error: could not compile `inquire-reorder` (example "multiselect") due to 2 previous errors
[INFO] [stdout] warning: field `input` is never read
[INFO] [stdout]  --> src/terminal/test.rs:9:9
[INFO] [stdout]   |
[INFO] [stdout] 7 | pub struct MockTerminal {
[INFO] [stdout]   |            ------------ field in this struct
[INFO] [stdout] 8 |     pub size: TerminalSize,
[INFO] [stdout] 9 |     pub input: VecDeque<Key>,
[INFO] [stdout]   |         ^^^^^
[INFO] [stdout]   |
[INFO] [stdout]   = note: `#[warn(dead_code)]` (part of `#[warn(unused)]`) on by default
[INFO] [stdout] 
[INFO] [stdout] 
[INFO] [stdout] warning: variant `Calendar` is never constructed
[INFO] [stdout]    --> src/ui/backend.rs:798:9
[INFO] [stdout]     |
[INFO] [stdout] 790 |     pub enum Token {
[INFO] [stdout]     |              ----- variant in this enum
[INFO] [stdout] ...
[INFO] [stdout] 798 |         Calendar {
[INFO] [stdout]     |         ^^^^^^^^
[INFO] [stdout]     |
[INFO] [stdout]     = note: `Token` has derived impls for the traits `Clone` and `Debug`, but these are intentionally ignored during dead code analysis
[INFO] [stdout] 
[INFO] [stdout] 
[INFO] running `Command { std: "docker" "inspect" "48672c0705bdc2d6d23df4d696a4771653c6428bd6c09eb139f32863de367cde", kill_on_drop: false }`
[INFO] running `Command { std: "docker" "rm" "-f" "48672c0705bdc2d6d23df4d696a4771653c6428bd6c09eb139f32863de367cde", kill_on_drop: false }`
[INFO] [stdout] 48672c0705bdc2d6d23df4d696a4771653c6428bd6c09eb139f32863de367cde
