[INFO] fetching crate inq-lang 0.2.0-rc.1...
[INFO] testing inq-lang-0.2.0-rc.1 against 1.99.0-beta.8+cargoflags=--release for beta-release-1.100-2
[INFO] extracting crate inq-lang 0.2.0-rc.1 into /workspace/builds/worker-0-tc1/source
[INFO] started tweaking crates.io crate inq-lang 0.2.0-rc.1
[INFO] removed 0 missing tests
[INFO] finished tweaking crates.io crate inq-lang 0.2.0-rc.1
[INFO] tweaked toml for crates.io crate inq-lang 0.2.0-rc.1 written to /workspace/builds/worker-0-tc1/source/Cargo.toml
[INFO] validating manifest of crates.io crate inq-lang 0.2.0-rc.1 on toolchain 1.99.0-beta.8
[INFO] running `Command { std: CARGO_HOME="/workspace/cargo-home" RUSTUP_HOME="/workspace/rustup-home" "/workspace/cargo-home/bin/cargo" "+1.99.0-beta.8" "metadata" "--manifest-path" "Cargo.toml" "--no-deps", kill_on_drop: false }`
[INFO] crate crates.io crate inq-lang 0.2.0-rc.1 already has a lockfile, it will not be regenerated
[INFO] running `Command { std: CARGO_HOME="/workspace/cargo-home" RUSTUP_HOME="/workspace/rustup-home" "/workspace/cargo-home/bin/cargo" "+1.99.0-beta.8" "fetch" "--manifest-path" "Cargo.toml", kill_on_drop: false }`
[INFO] [stderr]  Downloading crates ...
[INFO] [stderr]   Downloaded plist v1.10.1
[INFO] running `Command { std: "docker" "create" "-v" "/var/lib/crater-agent-workspace/builds/worker-0-tc1/source:/opt/rustwide/workdir:ro,Z" "-v" "/var/lib/crater-agent-workspace/builds/worker-0-tc1/target:/opt/rustwide/target:rw,Z" "-v" "/var/lib/crater-agent-workspace/cargo-home:/opt/rustwide/cargo-home:ro,Z" "-v" "/var/lib/crater-agent-workspace/rustup-home:/opt/rustwide/rustup-home:ro,Z" "-m" "1610612736" "--network" "none" "ghcr.io/rust-lang/crates-build-env/linux@sha256:77db811e55d90add9212f6832c23229e3de5f1c1f9905e8cb07319ea15df73ac" "sleep" "infinity", kill_on_drop: false }`
[INFO] [stdout] 9f7ac7a63b6e3b93af351e4cf5182cca0055aebe90b9c6f6f0611526faa0f20f
[INFO] running `Command { std: "docker" "start" "9f7ac7a63b6e3b93af351e4cf5182cca0055aebe90b9c6f6f0611526faa0f20f", kill_on_drop: false }`
[INFO] running `Command { std: "docker" "inspect" "9f7ac7a63b6e3b93af351e4cf5182cca0055aebe90b9c6f6f0611526faa0f20f", kill_on_drop: false }`
[INFO] running `Command { std: "docker" "exec" "-e" "SOURCE_DIR=/opt/rustwide/workdir" "-e" "CARGO_HOME=/opt/rustwide/cargo-home" "-e" "RUSTUP_HOME=/opt/rustwide/rustup-home" "-e" "CARGO_TARGET_DIR=/opt/rustwide/target" "-w" "/opt/rustwide/workdir" "--user" "0:0" "9f7ac7a63b6e3b93af351e4cf5182cca0055aebe90b9c6f6f0611526faa0f20f" "/opt/rustwide/cargo-home/bin/cargo" "+1.99.0-beta.8" "metadata" "--no-deps" "--format-version=1", kill_on_drop: false }`
[INFO] running `Command { std: "docker" "inspect" "9f7ac7a63b6e3b93af351e4cf5182cca0055aebe90b9c6f6f0611526faa0f20f", kill_on_drop: false }`
[INFO] running `Command { std: "docker" "exec" "-e" "SOURCE_DIR=/opt/rustwide/workdir" "-e" "CARGO_HOME=/opt/rustwide/cargo-home" "-e" "RUSTUP_HOME=/opt/rustwide/rustup-home" "-e" "CARGO_TARGET_DIR=/opt/rustwide/target" "-e" "CARGO_INCREMENTAL=0" "-e" "RUST_BACKTRACE=full" "-e" "RUSTFLAGS=--cap-lints=warn" "-e" "RUSTDOCFLAGS=--cap-lints=warn" "-w" "/opt/rustwide/workdir" "--user" "0:0" "9f7ac7a63b6e3b93af351e4cf5182cca0055aebe90b9c6f6f0611526faa0f20f" "/opt/rustwide/cargo-home/bin/cargo" "+1.99.0-beta.8" "build" "--frozen" "--message-format=json" "--release", kill_on_drop: false }`
[INFO] [stderr]    Compiling syn v3.0.6
[INFO] [stderr]    Compiling stable_deref_trait v1.2.1
[INFO] [stderr]    Compiling syn v2.0.119
[INFO] [stderr]    Compiling crc32fast v1.5.2
[INFO] [stderr]    Compiling libc v0.2.190
[INFO] [stderr]    Compiling onig_sys v69.9.3
[INFO] [stderr]    Compiling deranged v0.5.8
[INFO] [stderr]    Compiling siphasher v1.0.4
[INFO] [stderr]    Compiling rustix v1.1.5
[INFO] [stderr]    Compiling addr2line v0.25.1
[INFO] [stderr]    Compiling icu_segmenter_data v2.3.0
[INFO] [stderr]    Compiling miniz_oxide v0.8.9
[INFO] [stderr]    Compiling quick-xml v0.42.0
[INFO] [stderr]    Compiling fastrand v2.5.0
[INFO] [stderr]    Compiling serde_json v1.0.151
[INFO] [stderr]    Compiling yaml-rust v0.4.5
[INFO] [stderr]    Compiling is_ci v1.2.0
[INFO] [stderr]    Compiling phf_shared v0.14.0
[INFO] [stderr]    Compiling supports-color v3.0.2
[INFO] [stderr]    Compiling flate2 v1.1.10
[INFO] [stderr]    Compiling supports-unicode v3.0.0
[INFO] [stderr]    Compiling owo-colors v4.4.0
[INFO] [stderr]    Compiling supports-hyperlinks v3.2.0
[INFO] [stderr]    Compiling phf_generator v0.14.0
[INFO] [stderr]    Compiling unicode-width v0.1.14
[INFO] [stderr]    Compiling terminal_size v0.4.4
[INFO] [stderr]    Compiling time v0.3.55
[INFO] [stderr]    Compiling backtrace v0.3.76
[INFO] [stderr]    Compiling synstructure v0.14.0
[INFO] [stderr]    Compiling backtrace-ext v0.2.1
[INFO] [stderr]    Compiling zerovec-derive v0.11.6
[INFO] [stderr]    Compiling displaydoc v0.2.7
[INFO] [stderr]    Compiling serde_derive v1.0.229
[INFO] [stderr]    Compiling thiserror-impl v2.0.21
[INFO] [stderr]    Compiling zerofrom-derive v0.1.8
[INFO] [stderr]    Compiling yoke-derive v0.8.4
[INFO] [stderr]    Compiling zerotrie v0.2.5
[INFO] [stderr]    Compiling thiserror v2.0.21
[INFO] [stderr]    Compiling zerofrom v0.1.8
[INFO] [stderr]    Compiling yoke v0.8.3
[INFO] [stderr]    Compiling zerovec v0.11.8
[INFO] [stderr]    Compiling miette-derive v7.6.0
[INFO] [stderr]    Compiling derive_more-impl v2.1.1
[INFO] [stderr]    Compiling phf_macros v0.14.0
[INFO] [stderr]    Compiling phf v0.14.0
[INFO] [stderr]    Compiling tinystr v0.8.4
[INFO] [stderr]    Compiling potential_utf v0.1.6
[INFO] [stderr]    Compiling icu_collections v2.3.0
[INFO] [stderr]    Compiling icu_locale_core v2.3.0
[INFO] [stderr]    Compiling serde v1.0.229
[INFO] [stderr]    Compiling icu_provider v2.3.1
[INFO] [stderr]    Compiling icu_locale_fallback v2.3.0
[INFO] [stderr]    Compiling plist v1.10.1
[INFO] [stderr]    Compiling bincode v1.3.3
[INFO] [stderr]    Compiling icu_segmenter v2.3.0
[INFO] [stderr]    Compiling textwrap v0.16.4
[INFO] [stderr]    Compiling derive_more v2.1.1
[INFO] [stderr]    Compiling onig v6.5.3
[INFO] [stderr]    Compiling syntect v5.3.0
[INFO] [stderr]    Compiling miette v7.6.0
[INFO] [stderr]    Compiling inq-lang v0.2.0-rc.1 (/opt/rustwide/workdir)
[INFO] [stderr]     Finished `release` profile [optimized] target(s) in 55.41s
[INFO] running `Command { std: "docker" "inspect" "9f7ac7a63b6e3b93af351e4cf5182cca0055aebe90b9c6f6f0611526faa0f20f", kill_on_drop: false }`
[INFO] running `Command { std: "docker" "exec" "-e" "SOURCE_DIR=/opt/rustwide/workdir" "-e" "CARGO_HOME=/opt/rustwide/cargo-home" "-e" "RUSTUP_HOME=/opt/rustwide/rustup-home" "-e" "CARGO_TARGET_DIR=/opt/rustwide/target" "-e" "CARGO_INCREMENTAL=0" "-e" "RUST_BACKTRACE=full" "-e" "RUSTFLAGS=--cap-lints=warn" "-e" "RUSTDOCFLAGS=--cap-lints=warn" "-w" "/opt/rustwide/workdir" "--user" "0:0" "9f7ac7a63b6e3b93af351e4cf5182cca0055aebe90b9c6f6f0611526faa0f20f" "/opt/rustwide/cargo-home/bin/cargo" "+1.99.0-beta.8" "test" "--frozen" "--no-run" "--message-format=json" "--release", kill_on_drop: false }`
[INFO] [stderr]    Compiling inq-lang v0.2.0-rc.1 (/opt/rustwide/workdir)
[INFO] [stdout] error[E0432]: unresolved import `inq_lang::eval_expr`
[INFO] [stdout]   --> tests/functions.rs:11:5
[INFO] [stdout]    |
[INFO] [stdout] 11 |     eval_expr,
[INFO] [stdout]    |     ^^^^^^^^^ no `eval_expr` in the root
[INFO] [stdout] 
[INFO] [stdout] 
[INFO] [stdout] error[E0432]: unresolved imports `inq_lang::assert_error`, `inq_lang::assert_value`, `inq_lang::eval_expr`
[INFO] [stdout]  --> tests/array.rs:4:22
[INFO] [stdout]   |
[INFO] [stdout] 4 |     IStr, StringExt, assert_error, assert_value,
[INFO] [stdout]   |                      ^^^^^^^^^^^^  ^^^^^^^^^^^^ no `assert_value` in the root
[INFO] [stdout]   |                      |
[INFO] [stdout]   |                      no `assert_error` in the root
[INFO] [stdout] ...
[INFO] [stdout] 9 |     eval_expr,
[INFO] [stdout]   |     ^^^^^^^^^ no `eval_expr` in the root
[INFO] [stdout] 
[INFO] [stdout] 
[INFO] [stdout] warning: unused import: `std::assert_matches`
[INFO] [stdout]  --> tests/array.rs:1:5
[INFO] [stdout]   |
[INFO] [stdout] 1 | use std::assert_matches;
[INFO] [stdout]   |     ^^^^^^^^^^^^^^^^^^^
[INFO] [stdout]   |
[INFO] [stdout]   = note: `#[warn(unused_imports)]` (part of `#[warn(unused)]`) on by default
[INFO] [stdout] 
[INFO] [stdout] 
[INFO] [stdout] warning: unused imports: `Null` and `StringExt`
[INFO] [stdout]  --> tests/array.rs:4:11
[INFO] [stdout]   |
[INFO] [stdout] 4 |     IStr, StringExt, assert_error, assert_value,
[INFO] [stdout]   |           ^^^^^^^^^
[INFO] [stdout] ...
[INFO] [stdout] 7 |         value::native::{Array, Null},
[INFO] [stdout]   |                                ^^^^
[INFO] [stdout] 
[INFO] [stdout] 
[INFO] [stdout] error[E0432]: unresolved imports `inq_lang::assert_value`, `inq_lang::eval_expr`
[INFO] [stdout]  --> tests/float.rs:2:5
[INFO] [stdout]   |
[INFO] [stdout] 2 |     assert_value,
[INFO] [stdout]   |     ^^^^^^^^^^^^ no `assert_value` in the root
[INFO] [stdout] ...
[INFO] [stdout] 7 |     eval_expr,
[INFO] [stdout]   |     ^^^^^^^^^ no `eval_expr` in the root
[INFO] [stdout] 
[INFO] [stdout] 
[INFO] [stdout] warning: unused import: `Int`
[INFO] [stdout]  --> tests/float.rs:5:32
[INFO] [stdout]   |
[INFO] [stdout] 5 |         value::native::{Float, Int},
[INFO] [stdout]   |                                ^^^
[INFO] [stdout]   |
[INFO] [stdout]   = note: `#[warn(unused_imports)]` (part of `#[warn(unused)]`) on by default
[INFO] [stdout] 
[INFO] [stdout] 
[INFO] [stdout] For more information about this error, try `rustc --explain E0432`.
[INFO] [stdout] 
[INFO] [stdout] For more information about this error, try `rustc --explain E0432`.
[INFO] [stdout] 
[INFO] [stdout] error[E0432]: unresolved import `inq_lang::assert_value`
[INFO] [stdout]  --> tests/bool.rs:1:16
[INFO] [stdout]   |
[INFO] [stdout] 1 | use inq_lang::{assert_value, eval::Engine};
[INFO] [stdout]   |                ^^^^^^^^^^^^ no `assert_value` in the root
[INFO] [stdout] 
[INFO] [stdout] 
[INFO] [stderr] error: could not compile `inq-lang` (test "array") due to 1 previous error; 2 warnings emitted
[INFO] [stderr] warning: build failed, waiting for other jobs to finish...
[INFO] [stderr] error: could not compile `inq-lang` (test "float") due to 1 previous error; 1 warning emitted
[INFO] [stderr] error: could not compile `inq-lang` (test "functions") due to 1 previous error
[INFO] [stdout] For more information about this error, try `rustc --explain E0432`.
[INFO] [stdout] 
[INFO] [stdout] error[E0432]: unresolved imports `inq_lang::assert_value`, `inq_lang::eval_expr`
[INFO] [stdout]  --> tests/string.rs:2:22
[INFO] [stdout]   |
[INFO] [stdout] 2 |     IStr, StringExt, assert_value,
[INFO] [stdout]   |                      ^^^^^^^^^^^^ no `assert_value` in the root
[INFO] [stdout] 3 |     eval::{Engine, value::native::Array},
[INFO] [stdout] 4 |     eval_expr,
[INFO] [stdout]   |     ^^^^^^^^^ no `eval_expr` in the root
[INFO] [stdout] 
[INFO] [stdout] 
[INFO] [stdout] error[E0432]: unresolved import `inq_lang::eval_expr`
[INFO] [stdout]  --> tests/assign.rs:3:5
[INFO] [stdout]   |
[INFO] [stdout] 3 |     eval_expr,
[INFO] [stdout]   |     ^^^^^^^^^ no `eval_expr` in the root
[INFO] [stdout] 
[INFO] [stdout] 
[INFO] [stdout] error[E0432]: unresolved imports `inq_lang::assert_value`, `inq_lang::eval_expr`
[INFO] [stdout]  --> tests/int.rs:2:5
[INFO] [stdout]   |
[INFO] [stdout] 2 |     assert_value,
[INFO] [stdout]   |     ^^^^^^^^^^^^ no `assert_value` in the root
[INFO] [stdout] 3 |     eval::{Engine, value::native::Int},
[INFO] [stdout] 4 |     eval_expr,
[INFO] [stdout]   |     ^^^^^^^^^ no `eval_expr` in the root
[INFO] [stdout] 
[INFO] [stdout] 
[INFO] [stdout] error[E0432]: unresolved imports `inq_lang::assert_error`, `inq_lang::assert_value`, `inq_lang::eval_expr`
[INFO] [stdout]   --> tests/object.rs:4:16
[INFO] [stdout]    |
[INFO] [stdout]  4 |     StringExt, assert_error, assert_value,
[INFO] [stdout]    |                ^^^^^^^^^^^^  ^^^^^^^^^^^^ no `assert_value` in the root
[INFO] [stdout]    |                |
[INFO] [stdout]    |                no `assert_error` in the root
[INFO] [stdout] ...
[INFO] [stdout] 12 |     eval_expr,
[INFO] [stdout]    |     ^^^^^^^^^ no `eval_expr` in the root
[INFO] [stdout] 
[INFO] [stdout] 
[INFO] [stdout] warning: unused import: `std::assert_matches`
[INFO] [stdout]  --> tests/object.rs:1:5
[INFO] [stdout]   |
[INFO] [stdout] 1 | use std::assert_matches;
[INFO] [stdout]   |     ^^^^^^^^^^^^^^^^^^^
[INFO] [stdout]   |
[INFO] [stdout]   = note: `#[warn(unused_imports)]` (part of `#[warn(unused)]`) on by default
[INFO] [stdout] 
[INFO] [stdout] 
[INFO] [stdout] warning: unused imports: `Array`, `Null`, and `ValueRef`
[INFO] [stdout]  --> tests/object.rs:8:13
[INFO] [stdout]   |
[INFO] [stdout] 8 |             ValueRef,
[INFO] [stdout]   |             ^^^^^^^^
[INFO] [stdout] 9 |             native::{Array, Null, Object},
[INFO] [stdout]   |                      ^^^^^  ^^^^
[INFO] [stdout] 
[INFO] [stdout] 
[INFO] [stdout] warning: unused import: `value::native::Int`
[INFO] [stdout]  --> tests/int.rs:3:20
[INFO] [stdout]   |
[INFO] [stdout] 3 |     eval::{Engine, value::native::Int},
[INFO] [stdout]   |                    ^^^^^^^^^^^^^^^^^^
[INFO] [stdout]   |
[INFO] [stdout]   = note: `#[warn(unused_imports)]` (part of `#[warn(unused)]`) on by default
[INFO] [stdout] 
[INFO] [stdout] 
[INFO] [stdout] For more information about this error, try `rustc --explain E0432`.
[INFO] [stdout] 
[INFO] [stderr] error: could not compile `inq-lang` (test "bool") due to 1 previous error
[INFO] [stdout] For more information about this error, try `rustc --explain E0432`.
[INFO] [stdout] 
[INFO] [stdout] For more information about this error, try `rustc --explain E0432`.
[INFO] [stdout] 
[INFO] [stdout] For more information about this error, try `rustc --explain E0432`.
[INFO] [stdout] 
[INFO] [stdout] For more information about this error, try `rustc --explain E0432`.
[INFO] [stdout] 
[INFO] [stderr] error: could not compile `inq-lang` (test "string") due to 1 previous error
[INFO] [stderr] error: could not compile `inq-lang` (test "assign") due to 1 previous error
[INFO] [stderr] error: could not compile `inq-lang` (test "object") due to 1 previous error; 2 warnings emitted
[INFO] [stderr] error: could not compile `inq-lang` (test "int") due to 1 previous error; 1 warning emitted
[INFO] running `Command { std: "docker" "inspect" "9f7ac7a63b6e3b93af351e4cf5182cca0055aebe90b9c6f6f0611526faa0f20f", kill_on_drop: false }`
[INFO] running `Command { std: "docker" "rm" "-f" "9f7ac7a63b6e3b93af351e4cf5182cca0055aebe90b9c6f6f0611526faa0f20f", kill_on_drop: false }`
[INFO] [stdout] 9f7ac7a63b6e3b93af351e4cf5182cca0055aebe90b9c6f6f0611526faa0f20f
