[INFO] fetching crate ink-lsp-server 0.4.2...
[INFO] testing ink-lsp-server-0.4.2 against 1.100.0-beta.1+cargoflags=--release for beta-release-1.100-2
[INFO] extracting crate ink-lsp-server 0.4.2 into /workspace/builds/worker-2-tc2/source
[INFO] started tweaking crates.io crate ink-lsp-server 0.4.2
[INFO] removed 0 missing tests
[INFO] finished tweaking crates.io crate ink-lsp-server 0.4.2
[INFO] tweaked toml for crates.io crate ink-lsp-server 0.4.2 written to /workspace/builds/worker-2-tc2/source/Cargo.toml
[INFO] validating manifest of crates.io crate ink-lsp-server 0.4.2 on toolchain 1.100.0-beta.1
[INFO] running `Command { std: CARGO_HOME="/workspace/cargo-home" RUSTUP_HOME="/workspace/rustup-home" "/workspace/cargo-home/bin/cargo" "+1.100.0-beta.1" "metadata" "--manifest-path" "Cargo.toml" "--no-deps", kill_on_drop: false }`
[INFO] crate crates.io crate ink-lsp-server 0.4.2 already has a lockfile, it will not be regenerated
[INFO] running `Command { std: CARGO_HOME="/workspace/cargo-home" RUSTUP_HOME="/workspace/rustup-home" "/workspace/cargo-home/bin/cargo" "+1.100.0-beta.1" "fetch" "--manifest-path" "Cargo.toml", kill_on_drop: false }`
[INFO] [stderr] warning: `package.homepage` is redundant with `package.repository`
[INFO] [stderr]   --> Cargo.toml:67:12
[INFO] [stderr]    |
[INFO] [stderr] 67 | homepage = "https://github.com/ink-analyzer/ink-analyzer"
[INFO] [stderr]    |            ^^^^^^^^^^^^^^^^^^^^^^^^^^^^^^^^^^^^^^^^^^^^^^
[INFO] [stderr] ...
[INFO] [stderr] 72 | repository = "https://github.com/ink-analyzer/ink-analyzer"
[INFO] [stderr]    |              ----------------------------------------------
[INFO] [stderr]    |
[INFO] [stderr]    = note: `cargo::redundant_homepage` is set to `warn` by default
[INFO] [stderr] help: consider removing `package.homepage`
[INFO] [stderr] warning: `ink-lsp-server` (manifest) generated 1 warning
[INFO] running `Command { std: "docker" "create" "-v" "/var/lib/crater-agent-workspace/builds/worker-2-tc2/source:/opt/rustwide/workdir:ro,Z" "-v" "/var/lib/crater-agent-workspace/builds/worker-2-tc2/target:/opt/rustwide/target:rw,Z" "-v" "/var/lib/crater-agent-workspace/cargo-home:/opt/rustwide/cargo-home:ro,Z" "-v" "/var/lib/crater-agent-workspace/rustup-home:/opt/rustwide/rustup-home:ro,Z" "-m" "1610612736" "--network" "none" "ghcr.io/rust-lang/crates-build-env/linux@sha256:77db811e55d90add9212f6832c23229e3de5f1c1f9905e8cb07319ea15df73ac" "sleep" "infinity", kill_on_drop: false }`
[INFO] [stdout] 5215d83b4a1ff40ff1cfc511ba8e17d0d607613b5adabfe40d7df13844acdab5
[INFO] running `Command { std: "docker" "start" "5215d83b4a1ff40ff1cfc511ba8e17d0d607613b5adabfe40d7df13844acdab5", kill_on_drop: false }`
[INFO] running `Command { std: "docker" "inspect" "5215d83b4a1ff40ff1cfc511ba8e17d0d607613b5adabfe40d7df13844acdab5", kill_on_drop: false }`
[INFO] running `Command { std: "docker" "exec" "-e" "SOURCE_DIR=/opt/rustwide/workdir" "-e" "CARGO_HOME=/opt/rustwide/cargo-home" "-e" "RUSTUP_HOME=/opt/rustwide/rustup-home" "-e" "CARGO_TARGET_DIR=/opt/rustwide/target" "-w" "/opt/rustwide/workdir" "--user" "0:0" "5215d83b4a1ff40ff1cfc511ba8e17d0d607613b5adabfe40d7df13844acdab5" "/opt/rustwide/cargo-home/bin/cargo" "+1.100.0-beta.1" "metadata" "--no-deps" "--format-version=1", kill_on_drop: false }`
[INFO] running `Command { std: "docker" "inspect" "5215d83b4a1ff40ff1cfc511ba8e17d0d607613b5adabfe40d7df13844acdab5", kill_on_drop: false }`
[INFO] running `Command { std: "docker" "exec" "-e" "SOURCE_DIR=/opt/rustwide/workdir" "-e" "CARGO_HOME=/opt/rustwide/cargo-home" "-e" "RUSTUP_HOME=/opt/rustwide/rustup-home" "-e" "CARGO_TARGET_DIR=/opt/rustwide/target" "-e" "CARGO_INCREMENTAL=0" "-e" "RUST_BACKTRACE=full" "-e" "RUSTFLAGS=--cap-lints=warn" "-e" "RUSTDOCFLAGS=--cap-lints=warn" "-w" "/opt/rustwide/workdir" "--user" "0:0" "5215d83b4a1ff40ff1cfc511ba8e17d0d607613b5adabfe40d7df13844acdab5" "/opt/rustwide/cargo-home/bin/cargo" "+1.100.0-beta.1" "build" "--frozen" "--message-format=json" "--release", kill_on_drop: false }`
[INFO] [stderr] warning: `package.homepage` is redundant with `package.repository`
[INFO] [stderr]   --> Cargo.toml:67:12
[INFO] [stderr]    |
[INFO] [stderr] 67 | homepage = "https://github.com/ink-analyzer/ink-analyzer"
[INFO] [stderr]    |            ^^^^^^^^^^^^^^^^^^^^^^^^^^^^^^^^^^^^^^^^^^^^^^
[INFO] [stderr] ...
[INFO] [stderr] 72 | repository = "https://github.com/ink-analyzer/ink-analyzer"
[INFO] [stderr]    |              ----------------------------------------------
[INFO] [stderr]    |
[INFO] [stderr]    = note: `cargo::redundant_homepage` is set to `warn` by default
[INFO] [stderr] help: consider removing `package.homepage`
[INFO] [stderr] warning: `ink-lsp-server` (manifest) generated 1 warning
[INFO] [stderr]    Compiling unicode-ident v1.0.12
[INFO] [stderr]    Compiling stable_deref_trait v1.2.1
[INFO] [stderr]    Compiling serde v1.0.228
[INFO] [stderr]    Compiling memchr v2.7.6
[INFO] [stderr]    Compiling typenum v1.17.0
[INFO] [stderr]    Compiling crossbeam-utils v0.8.19
[INFO] [stderr]    Compiling writeable v0.6.1
[INFO] [stderr]    Compiling litemap v0.8.0
[INFO] [stderr]    Compiling equivalent v1.0.1
[INFO] [stderr]    Compiling tracing-core v0.1.34
[INFO] [stderr]    Compiling memoffset v0.9.0
[INFO] [stderr]    Compiling libc v0.2.150
[INFO] [stderr]    Compiling icu_normalizer_data v2.0.0
[INFO] [stderr]    Compiling either v1.9.0
[INFO] [stderr]    Compiling icu_properties_data v2.0.1
[INFO] [stderr]    Compiling text-size v1.1.1
[INFO] [stderr]    Compiling proc-macro2 v1.0.101
[INFO] [stderr]    Compiling indexmap v2.12.0
[INFO] [stderr]    Compiling unicode-xid v0.2.4
[INFO] [stderr]    Compiling unicode-properties v0.1.0
[INFO] [stderr]    Compiling itertools v0.12.1
[INFO] [stderr]    Compiling jod-thread v0.1.2
[INFO] [stderr]    Compiling drop_bomb v0.1.5
[INFO] [stderr]    Compiling countme v3.0.1
[INFO] [stderr]    Compiling hashbrown v0.14.3
[INFO] [stderr]    Compiling subtle v2.5.0
[INFO] [stderr]    Compiling smallvec v1.15.1
[INFO] [stderr]    Compiling ra_ap_edition v0.0.269
[INFO] [stderr]    Compiling rustc-hash v1.1.0
[INFO] [stderr]    Compiling utf8parse v0.2.2
[INFO] [stderr]    Compiling itoa v1.0.9
[INFO] [stderr]    Compiling smol_str v0.3.2
[INFO] [stderr]    Compiling anstyle v1.0.13
[INFO] [stderr]    Compiling colorchoice v1.0.0
[INFO] [stderr]    Compiling anstyle-parse v0.2.1
[INFO] [stderr]    Compiling cov-mark v2.0.0-pre.1
[INFO] [stderr]    Compiling anstyle-query v1.0.0
[INFO] [stderr]    Compiling regex-syntax v0.8.8
[INFO] [stderr]    Compiling triomphe v0.1.15
[INFO] [stderr]    Compiling rustc-hash v2.1.1
[INFO] [stderr]    Compiling ryu v1.0.15
[INFO] [stderr]    Compiling is_terminal_polyfill v1.70.2
[INFO] [stderr]    Compiling itertools v0.14.0
[INFO] [stderr]    Compiling toml_write v0.1.2
[INFO] [stderr]    Compiling anstream v0.6.21
[INFO] [stderr]    Compiling percent-encoding v2.3.2
[INFO] [stderr]    Compiling quote v1.0.41
[INFO] [stderr]    Compiling ra-ap-rustc_lexer v0.98.0
[INFO] [stderr]    Compiling generic-array v0.14.7
[INFO] [stderr]    Compiling aho-corasick v1.1.1
[INFO] [stderr]    Compiling serde_json v1.0.145
[INFO] [stderr]    Compiling strsim v0.11.1
[INFO] [stderr]    Compiling syn v2.0.107
[INFO] [stderr]    Compiling winnow v0.7.13
[INFO] [stderr]    Compiling crossbeam-channel v0.5.15
[INFO] [stderr]    Compiling rowan v0.15.15
[INFO] [stderr]    Compiling clap_lex v0.7.6
[INFO] [stderr]    Compiling anyhow v1.0.100
[INFO] [stderr]    Compiling fluent-uri v0.1.4
[INFO] [stderr]    Compiling clap_builder v4.5.50
[INFO] [stderr]    Compiling form_urlencoded v1.2.2
[INFO] [stderr]    Compiling log v0.4.28
[INFO] [stderr]    Compiling line-index v0.1.2
[INFO] [stderr]    Compiling block-buffer v0.10.4
[INFO] [stderr]    Compiling crypto-common v0.1.6
[INFO] [stderr]    Compiling digest v0.10.7
[INFO] [stderr]    Compiling blake2 v0.10.6
[INFO] [stderr]    Compiling regex-automata v0.4.13
[INFO] [stderr]    Compiling synstructure v0.13.2
[INFO] [stderr]    Compiling darling_core v0.20.11
[INFO] [stderr]    Compiling zerovec-derive v0.11.1
[INFO] [stderr]    Compiling serde_derive v1.0.228
[INFO] [stderr]    Compiling displaydoc v0.2.5
[INFO] [stderr]    Compiling tracing-attributes v0.1.30
[INFO] [stderr]    Compiling serde_repr v0.1.16
[INFO] [stderr]    Compiling clap_derive v4.5.49
[INFO] [stderr]    Compiling zerofrom-derive v0.1.6
[INFO] [stderr]    Compiling yoke-derive v0.8.0
[INFO] [stderr]    Compiling tracing v0.1.41
[INFO] [stderr]    Compiling zerofrom v0.1.6
[INFO] [stderr]    Compiling ra_ap_stdx v0.0.269
[INFO] [stderr]    Compiling ra_ap_parser v0.0.269
[INFO] [stderr]    Compiling yoke v0.8.0
[INFO] [stderr]    Compiling zerotrie v0.2.2
[INFO] [stderr]    Compiling zerovec v0.11.4
[INFO] [stderr]    Compiling regex v1.12.2
[INFO] [stderr]    Compiling ra_ap_syntax v0.0.269
[INFO] [stderr]    Compiling clap v4.5.50
[INFO] [stderr]    Compiling tinystr v0.8.1
[INFO] [stderr]    Compiling potential_utf v0.1.3
[INFO] [stderr]    Compiling icu_collections v2.0.0
[INFO] [stderr]    Compiling darling_macro v0.20.11
[INFO] [stderr]    Compiling icu_locale_core v2.0.0
[INFO] [stderr]    Compiling darling v0.20.11
[INFO] [stderr]    Compiling ink-analyzer-macro v0.7.3
[INFO] [stderr]    Compiling icu_provider v2.0.0
[INFO] [stderr]    Compiling icu_properties v2.0.1
[INFO] [stderr]    Compiling icu_normalizer v2.0.0
[INFO] [stderr]    Compiling serde_spanned v0.6.9
[INFO] [stderr]    Compiling toml_datetime v0.6.11
[INFO] [stderr]    Compiling impl-serde v0.5.0
[INFO] [stderr]    Compiling lsp-types v0.97.0
[INFO] [stderr]    Compiling lsp-server v0.7.9
[INFO] [stderr]    Compiling toml_edit v0.22.27
[INFO] [stderr]    Compiling idna_adapter v1.2.1
[INFO] [stderr]    Compiling idna v1.1.0
[INFO] [stderr]    Compiling ink-analyzer-ir v0.16.1
[INFO] [stderr]    Compiling url v2.5.7
[INFO] [stderr]    Compiling ink-analyzer v0.11.2
[INFO] [stderr]    Compiling toml v0.8.23
[INFO] [stderr]    Compiling ink-lsp-server v0.4.2 (/opt/rustwide/workdir)
[INFO] [stderr]     Finished `release` profile [optimized] target(s) in 1m 54s
[INFO] running `Command { std: "docker" "inspect" "5215d83b4a1ff40ff1cfc511ba8e17d0d607613b5adabfe40d7df13844acdab5", kill_on_drop: false }`
[INFO] running `Command { std: "docker" "exec" "-e" "SOURCE_DIR=/opt/rustwide/workdir" "-e" "CARGO_HOME=/opt/rustwide/cargo-home" "-e" "RUSTUP_HOME=/opt/rustwide/rustup-home" "-e" "CARGO_TARGET_DIR=/opt/rustwide/target" "-e" "CARGO_INCREMENTAL=0" "-e" "RUST_BACKTRACE=full" "-e" "RUSTFLAGS=--cap-lints=warn" "-e" "RUSTDOCFLAGS=--cap-lints=warn" "-w" "/opt/rustwide/workdir" "--user" "0:0" "5215d83b4a1ff40ff1cfc511ba8e17d0d607613b5adabfe40d7df13844acdab5" "/opt/rustwide/cargo-home/bin/cargo" "+1.100.0-beta.1" "test" "--frozen" "--no-run" "--message-format=json" "--release", kill_on_drop: false }`
[INFO] [stderr] warning: `package.homepage` is redundant with `package.repository`
[INFO] [stderr]   --> Cargo.toml:67:12
[INFO] [stderr]    |
[INFO] [stderr] 67 | homepage = "https://github.com/ink-analyzer/ink-analyzer"
[INFO] [stderr]    |            ^^^^^^^^^^^^^^^^^^^^^^^^^^^^^^^^^^^^^^^^^^^^^^
[INFO] [stderr] ...
[INFO] [stderr] 72 | repository = "https://github.com/ink-analyzer/ink-analyzer"
[INFO] [stderr]    |              ----------------------------------------------
[INFO] [stderr]    |
[INFO] [stderr]    = note: `cargo::redundant_homepage` is set to `warn` by default
[INFO] [stderr] help: consider removing `package.homepage`
[INFO] [stderr] warning: `ink-lsp-server` (manifest) generated 1 warning
[INFO] [stderr]    Compiling proc-macro2 v1.0.101
[INFO] [stderr]    Compiling unicode-ident v1.0.12
[INFO] [stderr]    Compiling quote v1.0.41
[INFO] [stderr]    Compiling ink-lsp-server v0.4.2 (/opt/rustwide/workdir)
[INFO] [stdout] error[E0432]: unresolved import `test_utils`
[INFO] [stdout]  --> tests/hover.rs:6:5
[INFO] [stdout]   |
[INFO] [stdout] 6 | use test_utils::{TestCaseParams, TestCaseResults};
[INFO] [stdout]   |     ^^^^^^^^^^ use of unresolved module or unlinked crate `test_utils`
[INFO] [stdout]   |
[INFO] [stdout]   = help: if you wanted to use a crate named `test_utils`, use `cargo add test_utils` to add it to your `Cargo.toml`
[INFO] [stdout] 
[INFO] [stdout] 
[INFO] [stdout] error[E0432]: unresolved import `test_utils`
[INFO] [stdout]  --> tests/diagnostics.rs:5:5
[INFO] [stdout]   |
[INFO] [stdout] 5 | use test_utils::TestCaseResults;
[INFO] [stdout]   |     ^^^^^^^^^^ use of unresolved module or unlinked crate `test_utils`
[INFO] [stdout]   |
[INFO] [stdout]   = help: if you wanted to use a crate named `test_utils`, use `cargo add test_utils` to add it to your `Cargo.toml`
[INFO] [stdout] 
[INFO] [stdout] 
[INFO] [stdout] error[E0432]: unresolved import `test_utils`
[INFO] [stdout]  --> tests/inlay_hints.rs:6:5
[INFO] [stdout]   |
[INFO] [stdout] 6 | use test_utils::{TestCaseParams, TestCaseResults};
[INFO] [stdout]   |     ^^^^^^^^^^ use of unresolved module or unlinked crate `test_utils`
[INFO] [stdout]   |
[INFO] [stdout]   = help: if you wanted to use a crate named `test_utils`, use `cargo add test_utils` to add it to your `Cargo.toml`
[INFO] [stdout] 
[INFO] [stdout] 
[INFO] [stdout] error[E0433]: cannot find module or crate `test_utils` in this scope
[INFO] [stdout]   --> tests/hover.rs:23:23
[INFO] [stdout]    |
[INFO] [stdout] 23 |     for test_group in test_utils::fixtures::hover_fixtures() {
[INFO] [stdout]    |                       ^^^^^^^^^^ use of unresolved module or unlinked crate `test_utils`
[INFO] [stdout]    |
[INFO] [stdout]    = help: if you wanted to use a crate named `test_utils`, use `cargo add test_utils` to add it to your `Cargo.toml`
[INFO] [stdout] 
[INFO] [stdout] 
[INFO] [stdout] error[E0433]: cannot find module or crate `test_utils` in this scope
[INFO] [stdout]   --> tests/diagnostics.rs:21:23
[INFO] [stdout]    |
[INFO] [stdout] 21 |     for test_group in test_utils::fixtures::diagnostics_fixtures() {
[INFO] [stdout]    |                       ^^^^^^^^^^ use of unresolved module or unlinked crate `test_utils`
[INFO] [stdout]    |
[INFO] [stdout]    = help: if you wanted to use a crate named `test_utils`, use `cargo add test_utils` to add it to your `Cargo.toml`
[INFO] [stdout] 
[INFO] [stdout] 
[INFO] [stdout] error[E0432]: unresolved import `test_utils`
[INFO] [stdout]  --> tests/actions.rs:6:5
[INFO] [stdout]   |
[INFO] [stdout] 6 | use test_utils::{
[INFO] [stdout]   |     ^^^^^^^^^^ use of unresolved module or unlinked crate `test_utils`
[INFO] [stdout]   |
[INFO] [stdout]   = help: if you wanted to use a crate named `test_utils`, use `cargo add test_utils` to add it to your `Cargo.toml`
[INFO] [stdout] 
[INFO] [stdout] 
[INFO] [stdout] error[E0432]: unresolved import `test_utils`
[INFO] [stdout]  --> tests/signature_help.rs:6:5
[INFO] [stdout]   |
[INFO] [stdout] 6 | use test_utils::{TestCaseParams, TestCaseResults};
[INFO] [stdout]   |     ^^^^^^^^^^ use of unresolved module or unlinked crate `test_utils`
[INFO] [stdout]   |
[INFO] [stdout]   = help: if you wanted to use a crate named `test_utils`, use `cargo add test_utils` to add it to your `Cargo.toml`
[INFO] [stdout] 
[INFO] [stdout] 
[INFO] [stdout] error[E0432]: unresolved import `test_utils`
[INFO] [stdout]  --> tests/completions.rs:6:5
[INFO] [stdout]   |
[INFO] [stdout] 6 | use test_utils::{TestCaseParams, TestCaseResults};
[INFO] [stdout]   |     ^^^^^^^^^^ use of unresolved module or unlinked crate `test_utils`
[INFO] [stdout]   |
[INFO] [stdout]   = help: if you wanted to use a crate named `test_utils`, use `cargo add test_utils` to add it to your `Cargo.toml`
[INFO] [stdout] 
[INFO] [stdout] 
[INFO] [stdout] error[E0432]: unresolved import `test_utils`
[INFO] [stdout]   --> src/dispatch/actions.rs:48:9
[INFO] [stdout]    |
[INFO] [stdout] 48 |     use test_utils::simple_client_config;
[INFO] [stdout]    |         ^^^^^^^^^^
[INFO] [stdout]    |
[INFO] [stdout]    = note: `use` statements changed in Rust 2018; read more at <https://doc.rust-lang.org/edition-guide/rust-2018/module-system/path-clarity.html>
[INFO] [stdout] help: a similar path exists
[INFO] [stdout]    |
[INFO] [stdout] 48 |     use crate::test_utils::simple_client_config;
[INFO] [stdout]    |         +++++++
[INFO] [stdout] 
[INFO] [stdout] 
[INFO] [stdout] error[E0432]: unresolved import `test_utils`
[INFO] [stdout]    --> src/dispatch/handlers/request.rs:338:9
[INFO] [stdout]     |
[INFO] [stdout] 338 |     use test_utils::simple_client_config;
[INFO] [stdout]     |         ^^^^^^^^^^
[INFO] [stdout]     |
[INFO] [stdout]     = note: `use` statements changed in Rust 2018; read more at <https://doc.rust-lang.org/edition-guide/rust-2018/module-system/path-clarity.html>
[INFO] [stdout] help: a similar path exists
[INFO] [stdout]     |
[INFO] [stdout] 338 |     use crate::test_utils::simple_client_config;
[INFO] [stdout]     |         +++++++
[INFO] [stdout] 
[INFO] [stdout] 
[INFO] [stdout] error[E0432]: unresolved import `test_utils`
[INFO] [stdout]    --> src/dispatch/routers/request.rs:113:9
[INFO] [stdout]     |
[INFO] [stdout] 113 |     use test_utils::simple_client_config;
[INFO] [stdout]     |         ^^^^^^^^^^
[INFO] [stdout]     |
[INFO] [stdout]     = note: `use` statements changed in Rust 2018; read more at <https://doc.rust-lang.org/edition-guide/rust-2018/module-system/path-clarity.html>
[INFO] [stdout] help: a similar path exists
[INFO] [stdout]     |
[INFO] [stdout] 113 |     use crate::test_utils::simple_client_config;
[INFO] [stdout]     |         +++++++
[INFO] [stdout] 
[INFO] [stdout] 
[INFO] [stdout] error[E0432]: unresolved import `test_utils`
[INFO] [stdout]    --> src/dispatch.rs:569:9
[INFO] [stdout]     |
[INFO] [stdout] 569 |     use test_utils::simple_client_config;
[INFO] [stdout]     |         ^^^^^^^^^^
[INFO] [stdout]     |
[INFO] [stdout]     = note: `use` statements changed in Rust 2018; read more at <https://doc.rust-lang.org/edition-guide/rust-2018/module-system/path-clarity.html>
[INFO] [stdout] help: a similar path exists
[INFO] [stdout]     |
[INFO] [stdout] 569 |     use crate::test_utils::simple_client_config;
[INFO] [stdout]     |         +++++++
[INFO] [stdout] 
[INFO] [stdout] 
[INFO] [stdout] error[E0433]: cannot find module or crate `test_utils` in this scope
[INFO] [stdout]   --> tests/utils/mod.rs:12:31
[INFO] [stdout]    |
[INFO] [stdout] 12 |     let client_capabilities = test_utils::simple_client_config();
[INFO] [stdout]    |                               ^^^^^^^^^^ use of unresolved module or unlinked crate `test_utils`
[INFO] [stdout]    |
[INFO] [stdout]    = help: if you wanted to use a crate named `test_utils`, use `cargo add test_utils` to add it to your `Cargo.toml`
[INFO] [stdout] 
[INFO] [stdout] 
[INFO] [stdout] error[E0433]: cannot find module or crate `test_utils` in this scope
[INFO] [stdout]   --> tests/utils/mod.rs:12:31
[INFO] [stdout]    |
[INFO] [stdout] 12 |     let client_capabilities = test_utils::simple_client_config();
[INFO] [stdout]    |                               ^^^^^^^^^^ use of unresolved module or unlinked crate `test_utils`
[INFO] [stdout]    |
[INFO] [stdout]    = help: if you wanted to use a crate named `test_utils`, use `cargo add test_utils` to add it to your `Cargo.toml`
[INFO] [stdout] 
[INFO] [stdout] 
[INFO] [stdout] error[E0433]: cannot find module or crate `test_utils` in this scope
[INFO] [stdout]   --> tests/diagnostics.rs:23:29
[INFO] [stdout]    |
[INFO] [stdout] 23 |         let original_code = test_utils::read_source_code(test_group.source);
[INFO] [stdout]    |                             ^^^^^^^^^^ use of unresolved module or unlinked crate `test_utils`
[INFO] [stdout]    |
[INFO] [stdout]    = help: if you wanted to use a crate named `test_utils`, use `cargo add test_utils` to add it to your `Cargo.toml`
[INFO] [stdout] 
[INFO] [stdout] 
[INFO] [stdout] error[E0433]: cannot find module or crate `test_utils` in this scope
[INFO] [stdout]   --> tests/diagnostics.rs:26:19
[INFO] [stdout]    |
[INFO] [stdout] 26 |         let uri = test_utils::source_uri(test_group.source);
[INFO] [stdout]    |                   ^^^^^^^^^^ use of unresolved module or unlinked crate `test_utils`
[INFO] [stdout]    |
[INFO] [stdout]    = help: if you wanted to use a crate named `test_utils`, use `cargo add test_utils` to add it to your `Cargo.toml`
[INFO] [stdout] 
[INFO] [stdout] 
[INFO] [stdout] error[E0433]: cannot find module or crate `test_utils` in this scope
[INFO] [stdout]   --> tests/diagnostics.rs:35:17
[INFO] [stdout]    |
[INFO] [stdout] 35 |                 test_utils::apply_test_modifications(&mut test_code, &modifications);
[INFO] [stdout]    |                 ^^^^^^^^^^ use of unresolved module or unlinked crate `test_utils`
[INFO] [stdout]    |
[INFO] [stdout]    = help: if you wanted to use a crate named `test_utils`, use `cargo add test_utils` to add it to your `Cargo.toml`
[INFO] [stdout] 
[INFO] [stdout] 
[INFO] [stdout] error[E0433]: cannot find module or crate `test_utils` in this scope
[INFO] [stdout]   --> tests/diagnostics.rs:42:13
[INFO] [stdout]    |
[INFO] [stdout] 42 |             test_utils::versioned_document_sync_notification(
[INFO] [stdout]    |             ^^^^^^^^^^ use of unresolved module or unlinked crate `test_utils`
[INFO] [stdout]    |
[INFO] [stdout]    = help: if you wanted to use a crate named `test_utils`, use `cargo add test_utils` to add it to your `Cargo.toml`
[INFO] [stdout] 
[INFO] [stdout] 
[INFO] [stdout] Some errors have detailed explanations: E0432, E0433.
[INFO] [stdout] 
[INFO] [stderr] error: could not compile `ink-lsp-server` (test "diagnostics") due to 7 previous errors
[INFO] [stdout] For more information about an error, try `rustc --explain E0432`.
[INFO] [stdout] 
[INFO] [stderr] warning: build failed, waiting for other jobs to finish...
[INFO] [stdout] error[E0433]: cannot find module or crate `test_utils` in this scope
[INFO] [stdout]   --> tests/utils/mod.rs:12:31
[INFO] [stdout]    |
[INFO] [stdout] 12 |     let client_capabilities = test_utils::simple_client_config();
[INFO] [stdout]    |                               ^^^^^^^^^^ use of unresolved module or unlinked crate `test_utils`
[INFO] [stdout]    |
[INFO] [stdout]    = help: if you wanted to use a crate named `test_utils`, use `cargo add test_utils` to add it to your `Cargo.toml`
[INFO] [stdout] 
[INFO] [stdout] 
[INFO] [stdout] error[E0433]: cannot find module or crate `test_utils` in this scope
[INFO] [stdout]   --> tests/hover.rs:25:29
[INFO] [stdout]    |
[INFO] [stdout] 25 |         let original_code = test_utils::read_source_code(test_group.source);
[INFO] [stdout]    |                             ^^^^^^^^^^ use of unresolved module or unlinked crate `test_utils`
[INFO] [stdout]    |
[INFO] [stdout]    = help: if you wanted to use a crate named `test_utils`, use `cargo add test_utils` to add it to your `Cargo.toml`
[INFO] [stdout] 
[INFO] [stdout] 
[INFO] [stdout] error[E0433]: cannot find module or crate `test_utils` in this scope
[INFO] [stdout]   --> tests/hover.rs:28:19
[INFO] [stdout]    |
[INFO] [stdout] 28 |         let uri = test_utils::source_uri(test_group.source);
[INFO] [stdout]    |                   ^^^^^^^^^^ use of unresolved module or unlinked crate `test_utils`
[INFO] [stdout]    |
[INFO] [stdout]    = help: if you wanted to use a crate named `test_utils`, use `cargo add test_utils` to add it to your `Cargo.toml`
[INFO] [stdout] 
[INFO] [stdout] 
[INFO] [stdout] error[E0433]: cannot find module or crate `test_utils` in this scope
[INFO] [stdout]   --> tests/hover.rs:37:17
[INFO] [stdout]    |
[INFO] [stdout] 37 |                 test_utils::apply_test_modifications(&mut test_code, &modifications);
[INFO] [stdout]    |                 ^^^^^^^^^^ use of unresolved module or unlinked crate `test_utils`
[INFO] [stdout]    |
[INFO] [stdout]    = help: if you wanted to use a crate named `test_utils`, use `cargo add test_utils` to add it to your `Cargo.toml`
[INFO] [stdout] 
[INFO] [stdout] 
[INFO] [stdout] error[E0433]: cannot find module or crate `test_utils` in this scope
[INFO] [stdout]   --> tests/hover.rs:51:21
[INFO] [stdout]    |
[INFO] [stdout] 51 |                     test_utils::parse_offset_at(&test_code, range_start_pat).unwrap() as u32,
[INFO] [stdout]    |                     ^^^^^^^^^^ use of unresolved module or unlinked crate `test_utils`
[INFO] [stdout]    |
[INFO] [stdout]    = help: if you wanted to use a crate named `test_utils`, use `cargo add test_utils` to add it to your `Cargo.toml`
[INFO] [stdout] 
[INFO] [stdout] 
[INFO] [stdout] error[E0433]: cannot find module or crate `test_utils` in this scope
[INFO] [stdout]   --> tests/hover.rs:54:21
[INFO] [stdout]    |
[INFO] [stdout] 54 |                     test_utils::parse_offset_at(&test_code, range_end_pat).unwrap() as u32,
[INFO] [stdout]    |                     ^^^^^^^^^^ use of unresolved module or unlinked crate `test_utils`
[INFO] [stdout]    |
[INFO] [stdout]    = help: if you wanted to use a crate named `test_utils`, use `cargo add test_utils` to add it to your `Cargo.toml`
[INFO] [stdout] 
[INFO] [stdout] 
[INFO] [stdout] error[E0433]: cannot find module or crate `test_utils` in this scope
[INFO] [stdout]   --> tests/hover.rs:66:13
[INFO] [stdout]    |
[INFO] [stdout] 66 |             test_utils::versioned_document_sync_notification(
[INFO] [stdout]    |             ^^^^^^^^^^ use of unresolved module or unlinked crate `test_utils`
[INFO] [stdout]    |
[INFO] [stdout]    = help: if you wanted to use a crate named `test_utils`, use `cargo add test_utils` to add it to your `Cargo.toml`
[INFO] [stdout] 
[INFO] [stdout] 
[INFO] [stdout] error[E0433]: cannot find module or crate `test_utils` in this scope
[INFO] [stdout]   --> tests/signature_help.rs:23:23
[INFO] [stdout]    |
[INFO] [stdout] 23 |     for test_group in test_utils::fixtures::signature_help_fixtures() {
[INFO] [stdout]    |                       ^^^^^^^^^^ use of unresolved module or unlinked crate `test_utils`
[INFO] [stdout]    |
[INFO] [stdout]    = help: if you wanted to use a crate named `test_utils`, use `cargo add test_utils` to add it to your `Cargo.toml`
[INFO] [stdout] 
[INFO] [stdout] 
[INFO] [stdout] error[E0433]: cannot find module or crate `test_utils` in this scope
[INFO] [stdout]    --> tests/hover.rs:135:33
[INFO] [stdout]     |
[INFO] [stdout] 135 | ...                   test_utils::parse_offset_at(
[INFO] [stdout]     |                       ^^^^^^^^^^ use of unresolved module or unlinked crate `test_utils`
[INFO] [stdout]     |
[INFO] [stdout]     = help: if you wanted to use a crate named `test_utils`, use `cargo add test_utils` to add it to your `Cargo.toml`
[INFO] [stdout] 
[INFO] [stdout] 
[INFO] [stdout] error[E0433]: cannot find module or crate `test_utils` in this scope
[INFO] [stdout]    --> tests/hover.rs:142:33
[INFO] [stdout]     |
[INFO] [stdout] 142 | ...                   test_utils::parse_offset_at(
[INFO] [stdout]     |                       ^^^^^^^^^^ use of unresolved module or unlinked crate `test_utils`
[INFO] [stdout]     |
[INFO] [stdout]     = help: if you wanted to use a crate named `test_utils`, use `cargo add test_utils` to add it to your `Cargo.toml`
[INFO] [stdout] 
[INFO] [stdout] 
[INFO] [stdout] error[E0433]: cannot find module or crate `test_utils` in this scope
[INFO] [stdout]   --> tests/inlay_hints.rs:23:23
[INFO] [stdout]    |
[INFO] [stdout] 23 |     for test_group in test_utils::fixtures::inlay_hints_fixtures() {
[INFO] [stdout]    |                       ^^^^^^^^^^ use of unresolved module or unlinked crate `test_utils`
[INFO] [stdout]    |
[INFO] [stdout]    = help: if you wanted to use a crate named `test_utils`, use `cargo add test_utils` to add it to your `Cargo.toml`
[INFO] [stdout] 
[INFO] [stdout] 
[INFO] [stderr] error: could not compile `ink-lsp-server` (test "hover") due to 11 previous errors
[INFO] [stdout] Some errors have detailed explanations: E0432, E0433.
[INFO] [stdout] 
[INFO] [stdout] For more information about an error, try `rustc --explain E0432`.
[INFO] [stdout] 
[INFO] [stdout] error[E0433]: cannot find module or crate `test_utils` in this scope
[INFO] [stdout]   --> tests/actions.rs:23:20
[INFO] [stdout]    |
[INFO] [stdout] 23 |     verify_actions(test_utils::fixtures::actions_fixtures().into_iter(), false);
[INFO] [stdout]    |                    ^^^^^^^^^^ use of unresolved module or unlinked crate `test_utils`
[INFO] [stdout]    |
[INFO] [stdout]    = help: if you wanted to use a crate named `test_utils`, use `cargo add test_utils` to add it to your `Cargo.toml`
[INFO] [stdout] 
[INFO] [stdout] 
[INFO] [stdout] error[E0433]: cannot find module or crate `test_utils` in this scope
[INFO] [stdout]   --> tests/completions.rs:23:23
[INFO] [stdout]    |
[INFO] [stdout] 23 |     for test_group in test_utils::fixtures::completions_fixtures() {
[INFO] [stdout]    |                       ^^^^^^^^^^ use of unresolved module or unlinked crate `test_utils`
[INFO] [stdout]    |
[INFO] [stdout]    = help: if you wanted to use a crate named `test_utils`, use `cargo add test_utils` to add it to your `Cargo.toml`
[INFO] [stdout] 
[INFO] [stdout] 
[INFO] [stdout] For more information about this error, try `rustc --explain E0433`.
[INFO] [stdout] 
[INFO] [stderr] error: could not compile `ink-lsp-server` (test "commands") due to 1 previous error
[INFO] [stdout] error[E0433]: cannot find module or crate `test_utils` in this scope
[INFO] [stdout]   --> tests/actions.rs:31:22
[INFO] [stdout]    |
[INFO] [stdout] 31 |     let quickfixes = test_utils::fixtures::diagnostics_fixtures()
[INFO] [stdout]    |                      ^^^^^^^^^^ use of unresolved module or unlinked crate `test_utils`
[INFO] [stdout]    |
[INFO] [stdout]    = help: if you wanted to use a crate named `test_utils`, use `cargo add test_utils` to add it to your `Cargo.toml`
[INFO] [stdout] 
[INFO] [stdout] 
[INFO] [stdout] error[E0433]: cannot find module or crate `test_utils` in this scope
[INFO] [stdout]   --> tests/utils/mod.rs:12:31
[INFO] [stdout]    |
[INFO] [stdout] 12 |     let client_capabilities = test_utils::simple_client_config();
[INFO] [stdout]    |                               ^^^^^^^^^^ use of unresolved module or unlinked crate `test_utils`
[INFO] [stdout]    |
[INFO] [stdout]    = help: if you wanted to use a crate named `test_utils`, use `cargo add test_utils` to add it to your `Cargo.toml`
[INFO] [stdout] 
[INFO] [stdout] 
[INFO] [stdout] error[E0433]: cannot find module or crate `test_utils` in this scope
[INFO] [stdout]   --> tests/inlay_hints.rs:25:29
[INFO] [stdout]    |
[INFO] [stdout] 25 |         let original_code = test_utils::read_source_code(test_group.source);
[INFO] [stdout]    |                             ^^^^^^^^^^ use of unresolved module or unlinked crate `test_utils`
[INFO] [stdout]    |
[INFO] [stdout]    = help: if you wanted to use a crate named `test_utils`, use `cargo add test_utils` to add it to your `Cargo.toml`
[INFO] [stdout] 
[INFO] [stdout] 
[INFO] [stdout] error[E0433]: cannot find module or crate `test_utils` in this scope
[INFO] [stdout]   --> tests/inlay_hints.rs:28:19
[INFO] [stdout]    |
[INFO] [stdout] 28 |         let uri = test_utils::source_uri(test_group.source);
[INFO] [stdout]    |                   ^^^^^^^^^^ use of unresolved module or unlinked crate `test_utils`
[INFO] [stdout]    |
[INFO] [stdout]    = help: if you wanted to use a crate named `test_utils`, use `cargo add test_utils` to add it to your `Cargo.toml`
[INFO] [stdout] 
[INFO] [stdout] 
[INFO] [stdout] error[E0433]: cannot find module or crate `test_utils` in this scope
[INFO] [stdout]   --> tests/inlay_hints.rs:37:17
[INFO] [stdout]    |
[INFO] [stdout] 37 |                 test_utils::apply_test_modifications(&mut test_code, &modifications);
[INFO] [stdout]    |                 ^^^^^^^^^^ use of unresolved module or unlinked crate `test_utils`
[INFO] [stdout]    |
[INFO] [stdout]    = help: if you wanted to use a crate named `test_utils`, use `cargo add test_utils` to add it to your `Cargo.toml`
[INFO] [stdout] 
[INFO] [stdout] 
[INFO] [stdout] error[E0433]: cannot find module or crate `test_utils` in this scope
[INFO] [stdout]   --> tests/inlay_hints.rs:50:21
[INFO] [stdout]    |
[INFO] [stdout] 50 |                     test_utils::parse_offset_at(&test_code, range_start_pat).unwrap() as u32,
[INFO] [stdout]    |                     ^^^^^^^^^^ use of unresolved module or unlinked crate `test_utils`
[INFO] [stdout]    |
[INFO] [stdout]    = help: if you wanted to use a crate named `test_utils`, use `cargo add test_utils` to add it to your `Cargo.toml`
[INFO] [stdout] 
[INFO] [stdout] 
[INFO] [stdout] error[E0433]: cannot find module or crate `test_utils` in this scope
[INFO] [stdout]   --> tests/inlay_hints.rs:53:21
[INFO] [stdout]    |
[INFO] [stdout] 53 |                     test_utils::parse_offset_at(&test_code, range_end_pat).unwrap() as u32,
[INFO] [stdout]    |                     ^^^^^^^^^^ use of unresolved module or unlinked crate `test_utils`
[INFO] [stdout]    |
[INFO] [stdout]    = help: if you wanted to use a crate named `test_utils`, use `cargo add test_utils` to add it to your `Cargo.toml`
[INFO] [stdout] 
[INFO] [stdout] 
[INFO] [stdout] error[E0433]: cannot find module or crate `test_utils` in this scope
[INFO] [stdout]   --> tests/inlay_hints.rs:65:13
[INFO] [stdout]    |
[INFO] [stdout] 65 |             test_utils::versioned_document_sync_notification(
[INFO] [stdout]    |             ^^^^^^^^^^ use of unresolved module or unlinked crate `test_utils`
[INFO] [stdout]    |
[INFO] [stdout]    = help: if you wanted to use a crate named `test_utils`, use `cargo add test_utils` to add it to your `Cargo.toml`
[INFO] [stdout] 
[INFO] [stdout] 
[INFO] [stdout] error[E0433]: cannot find module or crate `test_utils` in this scope
[INFO] [stdout]   --> tests/utils/mod.rs:12:31
[INFO] [stdout]    |
[INFO] [stdout] 12 |     let client_capabilities = test_utils::simple_client_config();
[INFO] [stdout]    |                               ^^^^^^^^^^ use of unresolved module or unlinked crate `test_utils`
[INFO] [stdout]    |
[INFO] [stdout]    = help: if you wanted to use a crate named `test_utils`, use `cargo add test_utils` to add it to your `Cargo.toml`
[INFO] [stdout] 
[INFO] [stdout] 
[INFO] [stdout] error[E0433]: cannot find module or crate `test_utils` in this scope
[INFO] [stdout]   --> tests/completions.rs:25:29
[INFO] [stdout]    |
[INFO] [stdout] 25 |         let original_code = test_utils::read_source_code(test_group.source);
[INFO] [stdout]    |                             ^^^^^^^^^^ use of unresolved module or unlinked crate `test_utils`
[INFO] [stdout]    |
[INFO] [stdout]    = help: if you wanted to use a crate named `test_utils`, use `cargo add test_utils` to add it to your `Cargo.toml`
[INFO] [stdout] 
[INFO] [stdout] 
[INFO] [stdout] error[E0433]: cannot find module or crate `test_utils` in this scope
[INFO] [stdout]    --> tests/inlay_hints.rs:126:33
[INFO] [stdout]     |
[INFO] [stdout] 126 | ...                   test_utils::parse_offset_at(&test_code, result.pos_pat).unwrap()
[INFO] [stdout]     |                       ^^^^^^^^^^ use of unresolved module or unlinked crate `test_utils`
[INFO] [stdout]     |
[INFO] [stdout]     = help: if you wanted to use a crate named `test_utils`, use `cargo add test_utils` to add it to your `Cargo.toml`
[INFO] [stdout] 
[INFO] [stdout] 
[INFO] [stdout] error[E0433]: cannot find module or crate `test_utils` in this scope
[INFO] [stdout]   --> tests/completions.rs:28:19
[INFO] [stdout]    |
[INFO] [stdout] 28 |         let uri = test_utils::source_uri(test_group.source);
[INFO] [stdout]    |                   ^^^^^^^^^^ use of unresolved module or unlinked crate `test_utils`
[INFO] [stdout]    |
[INFO] [stdout]    = help: if you wanted to use a crate named `test_utils`, use `cargo add test_utils` to add it to your `Cargo.toml`
[INFO] [stdout] 
[INFO] [stdout] 
[INFO] [stdout] error[E0433]: cannot find module or crate `test_utils` in this scope
[INFO] [stdout]   --> tests/completions.rs:37:17
[INFO] [stdout]    |
[INFO] [stdout] 37 |                 test_utils::apply_test_modifications(&mut test_code, &modifications);
[INFO] [stdout]    |                 ^^^^^^^^^^ use of unresolved module or unlinked crate `test_utils`
[INFO] [stdout]    |
[INFO] [stdout]    = help: if you wanted to use a crate named `test_utils`, use `cargo add test_utils` to add it to your `Cargo.toml`
[INFO] [stdout] 
[INFO] [stdout] 
[INFO] [stdout] error[E0433]: cannot find module or crate `test_utils` in this scope
[INFO] [stdout]   --> tests/completions.rs:51:17
[INFO] [stdout]    |
[INFO] [stdout] 51 |                 test_utils::parse_offset_at(&test_code, offset_pat).unwrap() as u32,
[INFO] [stdout]    |                 ^^^^^^^^^^ use of unresolved module or unlinked crate `test_utils`
[INFO] [stdout]    |
[INFO] [stdout]    = help: if you wanted to use a crate named `test_utils`, use `cargo add test_utils` to add it to your `Cargo.toml`
[INFO] [stdout] 
[INFO] [stdout] 
[INFO] [stdout] error[E0433]: cannot find module or crate `test_utils` in this scope
[INFO] [stdout]   --> tests/completions.rs:62:13
[INFO] [stdout]    |
[INFO] [stdout] 62 |             test_utils::versioned_document_sync_notification(
[INFO] [stdout]    |             ^^^^^^^^^^ use of unresolved module or unlinked crate `test_utils`
[INFO] [stdout]    |
[INFO] [stdout]    = help: if you wanted to use a crate named `test_utils`, use `cargo add test_utils` to add it to your `Cargo.toml`
[INFO] [stdout] 
[INFO] [stdout] 
[INFO] [stdout] error[E0433]: cannot find module or crate `test_utils` in this scope
[INFO] [stdout]   --> tests/utils/mod.rs:12:31
[INFO] [stdout]    |
[INFO] [stdout] 12 |     let client_capabilities = test_utils::simple_client_config();
[INFO] [stdout]    |                               ^^^^^^^^^^ use of unresolved module or unlinked crate `test_utils`
[INFO] [stdout]    |
[INFO] [stdout]    = help: if you wanted to use a crate named `test_utils`, use `cargo add test_utils` to add it to your `Cargo.toml`
[INFO] [stdout] 
[INFO] [stdout] 
[INFO] [stdout] Some errors have detailed explanations: E0432, E0433.
[INFO] [stdout] 
[INFO] [stdout] For more information about an error, try `rustc --explain E0432`.
[INFO] [stdout] 
[INFO] [stdout] error[E0433]: cannot find module or crate `test_utils` in this scope
[INFO] [stdout]    --> tests/completions.rs:129:33
[INFO] [stdout]     |
[INFO] [stdout] 129 | ...                   test_utils::remove_whitespace(edit.new_text.clone()),
[INFO] [stdout]     |                       ^^^^^^^^^^ use of unresolved module or unlinked crate `test_utils`
[INFO] [stdout]     |
[INFO] [stdout]     = help: if you wanted to use a crate named `test_utils`, use `cargo add test_utils` to add it to your `Cargo.toml`
[INFO] [stdout] 
[INFO] [stdout] 
[INFO] [stdout] error[E0433]: cannot find module or crate `test_utils` in this scope
[INFO] [stdout]    --> tests/completions.rs:136:29
[INFO] [stdout]     |
[INFO] [stdout] 136 | ...                   test_utils::remove_whitespace(result.text.to_owned()),
[INFO] [stdout]     |                       ^^^^^^^^^^ use of unresolved module or unlinked crate `test_utils`
[INFO] [stdout]     |
[INFO] [stdout]     = help: if you wanted to use a crate named `test_utils`, use `cargo add test_utils` to add it to your `Cargo.toml`
[INFO] [stdout] 
[INFO] [stdout] 
[INFO] [stdout] error[E0433]: cannot find module or crate `test_utils` in this scope
[INFO] [stdout]    --> tests/completions.rs:140:41
[INFO] [stdout]     |
[INFO] [stdout] 140 | ...                   test_utils::parse_offset_at(&test_code, result.start_pat)
[INFO] [stdout]     |                       ^^^^^^^^^^ use of unresolved module or unlinked crate `test_utils`
[INFO] [stdout]     |
[INFO] [stdout]     = help: if you wanted to use a crate named `test_utils`, use `cargo add test_utils` to add it to your `Cargo.toml`
[INFO] [stdout] 
[INFO] [stdout] 
[INFO] [stdout] error[E0433]: cannot find module or crate `test_utils` in this scope
[INFO] [stdout]    --> tests/completions.rs:145:41
[INFO] [stdout]     |
[INFO] [stdout] 145 | ...                   test_utils::parse_offset_at(&test_code, result.end_pat)
[INFO] [stdout]     |                       ^^^^^^^^^^ use of unresolved module or unlinked crate `test_utils`
[INFO] [stdout]     |
[INFO] [stdout]     = help: if you wanted to use a crate named `test_utils`, use `cargo add test_utils` to add it to your `Cargo.toml`
[INFO] [stdout] 
[INFO] [stdout] 
[INFO] [stderr] error: could not compile `ink-lsp-server` (test "inlay_hints") due to 10 previous errors
[INFO] [stdout] Some errors have detailed explanations: E0432, E0433.
[INFO] [stdout] 
[INFO] [stdout] For more information about an error, try `rustc --explain E0432`.
[INFO] [stdout] 
[INFO] [stdout] error[E0433]: cannot find module or crate `test_utils` in this scope
[INFO] [stdout]   --> tests/signature_help.rs:25:29
[INFO] [stdout]    |
[INFO] [stdout] 25 |         let original_code = test_utils::read_source_code(test_group.source);
[INFO] [stdout]    |                             ^^^^^^^^^^ use of unresolved module or unlinked crate `test_utils`
[INFO] [stdout]    |
[INFO] [stdout]    = help: if you wanted to use a crate named `test_utils`, use `cargo add test_utils` to add it to your `Cargo.toml`
[INFO] [stdout] 
[INFO] [stdout] 
[INFO] [stdout] error[E0433]: cannot find module or crate `test_utils` in this scope
[INFO] [stdout]   --> tests/signature_help.rs:28:19
[INFO] [stdout]    |
[INFO] [stdout] 28 |         let uri = test_utils::source_uri(test_group.source);
[INFO] [stdout]    |                   ^^^^^^^^^^ use of unresolved module or unlinked crate `test_utils`
[INFO] [stdout]    |
[INFO] [stdout]    = help: if you wanted to use a crate named `test_utils`, use `cargo add test_utils` to add it to your `Cargo.toml`
[INFO] [stdout] 
[INFO] [stdout] 
[INFO] [stdout] error[E0433]: cannot find module or crate `test_utils` in this scope
[INFO] [stdout]   --> tests/signature_help.rs:37:17
[INFO] [stdout]    |
[INFO] [stdout] 37 |                 test_utils::apply_test_modifications(&mut test_code, &modifications);
[INFO] [stdout]    |                 ^^^^^^^^^^ use of unresolved module or unlinked crate `test_utils`
[INFO] [stdout]    |
[INFO] [stdout]    = help: if you wanted to use a crate named `test_utils`, use `cargo add test_utils` to add it to your `Cargo.toml`
[INFO] [stdout] 
[INFO] [stdout] 
[INFO] [stdout] error[E0433]: cannot find module or crate `test_utils` in this scope
[INFO] [stdout]   --> tests/signature_help.rs:51:17
[INFO] [stdout]    |
[INFO] [stdout] 51 |                 test_utils::parse_offset_at(&test_code, offset_pat).unwrap() as u32,
[INFO] [stdout]    |                 ^^^^^^^^^^ use of unresolved module or unlinked crate `test_utils`
[INFO] [stdout]    |
[INFO] [stdout]    = help: if you wanted to use a crate named `test_utils`, use `cargo add test_utils` to add it to your `Cargo.toml`
[INFO] [stdout] 
[INFO] [stdout] 
[INFO] [stdout] error[E0433]: cannot find module or crate `test_utils` in this scope
[INFO] [stdout]   --> tests/signature_help.rs:62:13
[INFO] [stdout]    |
[INFO] [stdout] 62 |             test_utils::versioned_document_sync_notification(
[INFO] [stdout]    |             ^^^^^^^^^^ use of unresolved module or unlinked crate `test_utils`
[INFO] [stdout]    |
[INFO] [stdout]    = help: if you wanted to use a crate named `test_utils`, use `cargo add test_utils` to add it to your `Cargo.toml`
[INFO] [stdout] 
[INFO] [stdout] 
[INFO] [stderr] error: could not compile `ink-lsp-server` (test "completions") due to 12 previous errors
[INFO] [stdout] error[E0433]: cannot find module or crate `test_utils` in this scope
[INFO] [stdout]   --> tests/utils/mod.rs:12:31
[INFO] [stdout]    |
[INFO] [stdout] 12 |     let client_capabilities = test_utils::simple_client_config();
[INFO] [stdout]    |                               ^^^^^^^^^^ use of unresolved module or unlinked crate `test_utils`
[INFO] [stdout]    |
[INFO] [stdout]    = help: if you wanted to use a crate named `test_utils`, use `cargo add test_utils` to add it to your `Cargo.toml`
[INFO] [stdout] 
[INFO] [stdout] 
[INFO] [stdout] error[E0433]: cannot find module or crate `test_utils` in this scope
[INFO] [stdout]    --> tests/signature_help.rs:127:62
[INFO] [stdout]     |
[INFO] [stdout] 127 | ...                   let end_offset = test_utils::parse_offset_at(
[INFO] [stdout]     |                                        ^^^^^^^^^^ use of unresolved module or unlinked crate `test_utils`
[INFO] [stdout]     |
[INFO] [stdout]     = help: if you wanted to use a crate named `test_utils`, use `cargo add test_utils` to add it to your `Cargo.toml`
[INFO] [stdout] 
[INFO] [stdout] 
[INFO] [stdout] error[E0433]: cannot find module or crate `test_utils` in this scope
[INFO] [stdout]   --> tests/actions.rs:60:29
[INFO] [stdout]    |
[INFO] [stdout] 60 |         let original_code = test_utils::read_source_code(test_group.source);
[INFO] [stdout]    |                             ^^^^^^^^^^ use of unresolved module or unlinked crate `test_utils`
[INFO] [stdout]    |
[INFO] [stdout]    = help: if you wanted to use a crate named `test_utils`, use `cargo add test_utils` to add it to your `Cargo.toml`
[INFO] [stdout] 
[INFO] [stdout] 
[INFO] [stdout] error[E0433]: cannot find module or crate `test_utils` in this scope
[INFO] [stdout]   --> tests/actions.rs:63:19
[INFO] [stdout]    |
[INFO] [stdout] 63 |         let uri = test_utils::source_uri(test_group.source);
[INFO] [stdout]    |                   ^^^^^^^^^^ use of unresolved module or unlinked crate `test_utils`
[INFO] [stdout]    |
[INFO] [stdout]    = help: if you wanted to use a crate named `test_utils`, use `cargo add test_utils` to add it to your `Cargo.toml`
[INFO] [stdout] 
[INFO] [stdout] 
[INFO] [stdout] error[E0433]: cannot find module or crate `test_utils` in this scope
[INFO] [stdout]   --> tests/actions.rs:72:17
[INFO] [stdout]    |
[INFO] [stdout] 72 |                 test_utils::apply_test_modifications(&mut test_code, &modifications);
[INFO] [stdout]    |                 ^^^^^^^^^^ use of unresolved module or unlinked crate `test_utils`
[INFO] [stdout]    |
[INFO] [stdout]    = help: if you wanted to use a crate named `test_utils`, use `cargo add test_utils` to add it to your `Cargo.toml`
[INFO] [stdout] 
[INFO] [stdout] 
[INFO] [stdout] error[E0433]: cannot find module or crate `test_utils` in this scope
[INFO] [stdout]   --> tests/actions.rs:86:17
[INFO] [stdout]    |
[INFO] [stdout] 86 |                 test_utils::parse_offset_at(&test_code, offset_pat).unwrap() as u32,
[INFO] [stdout]    |                 ^^^^^^^^^^ use of unresolved module or unlinked crate `test_utils`
[INFO] [stdout]    |
[INFO] [stdout]    = help: if you wanted to use a crate named `test_utils`, use `cargo add test_utils` to add it to your `Cargo.toml`
[INFO] [stdout] 
[INFO] [stdout] 
[INFO] [stdout] error[E0433]: cannot find module or crate `test_utils` in this scope
[INFO] [stdout]   --> tests/actions.rs:97:13
[INFO] [stdout]    |
[INFO] [stdout] 97 |             test_utils::versioned_document_sync_notification(
[INFO] [stdout]    |             ^^^^^^^^^^ use of unresolved module or unlinked crate `test_utils`
[INFO] [stdout]    |
[INFO] [stdout]    = help: if you wanted to use a crate named `test_utils`, use `cargo add test_utils` to add it to your `Cargo.toml`
[INFO] [stdout] 
[INFO] [stdout] 
[INFO] [stdout] error[E0433]: cannot find module or crate `test_utils` in this scope
[INFO] [stdout]    --> src/dispatch/handlers/request.rs:565:42
[INFO] [stdout]     |
[INFO] [stdout] 565 |                         let end_offset = test_utils::parse_offset_at(signature_label, Some(label))
[INFO] [stdout]     |                                          ^^^^^^^^^^ use of unresolved module or unlinked crate `test_utils`
[INFO] [stdout]     |
[INFO] [stdout]     = help: if you wanted to use a crate named `test_utils`, use `cargo add test_utils` to add it to your `Cargo.toml`
[INFO] [stdout] 
[INFO] [stdout] 
[INFO] [stdout] error[E0433]: cannot find module or crate `test_utils` in this scope
[INFO] [stdout]    --> tests/signature_help.rs:151:41
[INFO] [stdout]     |
[INFO] [stdout] 151 | ...                   test_utils::parse_offset_at(
[INFO] [stdout]     |                       ^^^^^^^^^^ use of unresolved module or unlinked crate `test_utils`
[INFO] [stdout]     |
[INFO] [stdout]     = help: if you wanted to use a crate named `test_utils`, use `cargo add test_utils` to add it to your `Cargo.toml`
[INFO] [stdout] 
[INFO] [stdout] 
[INFO] [stdout] error[E0433]: cannot find module or crate `test_utils` in this scope
[INFO] [stdout]    --> tests/signature_help.rs:156:41
[INFO] [stdout]     |
[INFO] [stdout] 156 | ...                   test_utils::parse_offset_at(
[INFO] [stdout]     |                       ^^^^^^^^^^ use of unresolved module or unlinked crate `test_utils`
[INFO] [stdout]     |
[INFO] [stdout]     = help: if you wanted to use a crate named `test_utils`, use `cargo add test_utils` to add it to your `Cargo.toml`
[INFO] [stdout] 
[INFO] [stdout] 
[INFO] [stdout] Some errors have detailed explanations: E0432, E0433.
[INFO] [stdout] 
[INFO] [stdout] For more information about an error, try `rustc --explain E0432`.
[INFO] [stdout] 
[INFO] [stdout] error[E0433]: cannot find module or crate `test_utils` in this scope
[INFO] [stdout]    --> tests/actions.rs:196:49
[INFO] [stdout]     |
[INFO] [stdout] 196 | ...                   test_utils::parse_offset_at(
[INFO] [stdout]     |                       ^^^^^^^^^^ use of unresolved module or unlinked crate `test_utils`
[INFO] [stdout]     |
[INFO] [stdout]     = help: if you wanted to use a crate named `test_utils`, use `cargo add test_utils` to add it to your `Cargo.toml`
[INFO] [stdout] 
[INFO] [stdout] 
[INFO] [stdout] error[E0433]: cannot find module or crate `test_utils` in this scope
[INFO] [stdout]    --> tests/actions.rs:204:49
[INFO] [stdout]     |
[INFO] [stdout] 204 | ...                   test_utils::parse_offset_at(
[INFO] [stdout]     |                       ^^^^^^^^^^ use of unresolved module or unlinked crate `test_utils`
[INFO] [stdout]     |
[INFO] [stdout]     = help: if you wanted to use a crate named `test_utils`, use `cargo add test_utils` to add it to your `Cargo.toml`
[INFO] [stdout] 
[INFO] [stdout] 
[INFO] [stderr] error: could not compile `ink-lsp-server` (test "signature_help") due to 11 previous errors
[INFO] [stdout] Some errors have detailed explanations: E0432, E0433.
[INFO] [stdout] 
[INFO] [stdout] For more information about an error, try `rustc --explain E0432`.
[INFO] [stdout] 
[INFO] [stderr] error: could not compile `ink-lsp-server` (test "actions") due to 11 previous errors
[INFO] [stdout] Some errors have detailed explanations: E0432, E0433.
[INFO] [stdout] 
[INFO] [stdout] For more information about an error, try `rustc --explain E0432`.
[INFO] [stdout] 
[INFO] [stderr] error: could not compile `ink-lsp-server` (lib test) due to 5 previous errors
[INFO] running `Command { std: "docker" "inspect" "5215d83b4a1ff40ff1cfc511ba8e17d0d607613b5adabfe40d7df13844acdab5", kill_on_drop: false }`
[INFO] running `Command { std: "docker" "rm" "-f" "5215d83b4a1ff40ff1cfc511ba8e17d0d607613b5adabfe40d7df13844acdab5", kill_on_drop: false }`
[INFO] [stdout] 5215d83b4a1ff40ff1cfc511ba8e17d0d607613b5adabfe40d7df13844acdab5
