[INFO] fetching crate init4-from-env-derive 0.2.0...
[INFO] testing init4-from-env-derive-0.2.0 against 1.100.0-beta.1+cargoflags=--release for beta-release-1.100-2
[INFO] extracting crate init4-from-env-derive 0.2.0 into /workspace/builds/worker-2-tc2/source
[INFO] started tweaking crates.io crate init4-from-env-derive 0.2.0
[INFO] removed 0 missing tests
[INFO] finished tweaking crates.io crate init4-from-env-derive 0.2.0
[INFO] tweaked toml for crates.io crate init4-from-env-derive 0.2.0 written to /workspace/builds/worker-2-tc2/source/Cargo.toml
[INFO] validating manifest of crates.io crate init4-from-env-derive 0.2.0 on toolchain 1.100.0-beta.1
[INFO] running `Command { std: CARGO_HOME="/workspace/cargo-home" RUSTUP_HOME="/workspace/rustup-home" "/workspace/cargo-home/bin/cargo" "+1.100.0-beta.1" "metadata" "--manifest-path" "Cargo.toml" "--no-deps", kill_on_drop: false }`
[INFO] crate crates.io crate init4-from-env-derive 0.2.0 already has a lockfile, it will not be regenerated
[INFO] running `Command { std: CARGO_HOME="/workspace/cargo-home" RUSTUP_HOME="/workspace/rustup-home" "/workspace/cargo-home/bin/cargo" "+1.100.0-beta.1" "fetch" "--manifest-path" "Cargo.toml", kill_on_drop: false }`
[INFO] [stderr] warning: `package.homepage` is redundant with `package.repository`
[INFO] [stderr]   --> Cargo.toml:28:12
[INFO] [stderr]    |
[INFO] [stderr] 28 | homepage = "https://github.com/init4tech/bin-base"
[INFO] [stderr]    |            ^^^^^^^^^^^^^^^^^^^^^^^^^^^^^^^^^^^^^^^
[INFO] [stderr] ...
[INFO] [stderr] 32 | repository = "https://github.com/init4tech/bin-base"
[INFO] [stderr]    |              ---------------------------------------
[INFO] [stderr]    |
[INFO] [stderr]    = note: `cargo::redundant_homepage` is set to `warn` by default
[INFO] [stderr] help: consider removing `package.homepage`
[INFO] [stderr] warning: `init4-from-env-derive` (manifest) generated 1 warning
[INFO] running `Command { std: "docker" "create" "-v" "/var/lib/crater-agent-workspace/builds/worker-2-tc2/source:/opt/rustwide/workdir:ro,Z" "-v" "/var/lib/crater-agent-workspace/builds/worker-2-tc2/target:/opt/rustwide/target:rw,Z" "-v" "/var/lib/crater-agent-workspace/cargo-home:/opt/rustwide/cargo-home:ro,Z" "-v" "/var/lib/crater-agent-workspace/rustup-home:/opt/rustwide/rustup-home:ro,Z" "-m" "1610612736" "--network" "none" "ghcr.io/rust-lang/crates-build-env/linux@sha256:77db811e55d90add9212f6832c23229e3de5f1c1f9905e8cb07319ea15df73ac" "sleep" "infinity", kill_on_drop: false }`
[INFO] [stdout] 3410b8d813897a590b12de5a1d8ddbfd4dcad046d9ae3faa29e9779627efd86f
[INFO] running `Command { std: "docker" "start" "3410b8d813897a590b12de5a1d8ddbfd4dcad046d9ae3faa29e9779627efd86f", kill_on_drop: false }`
[INFO] running `Command { std: "docker" "inspect" "3410b8d813897a590b12de5a1d8ddbfd4dcad046d9ae3faa29e9779627efd86f", kill_on_drop: false }`
[INFO] running `Command { std: "docker" "exec" "-e" "SOURCE_DIR=/opt/rustwide/workdir" "-e" "CARGO_HOME=/opt/rustwide/cargo-home" "-e" "RUSTUP_HOME=/opt/rustwide/rustup-home" "-e" "CARGO_TARGET_DIR=/opt/rustwide/target" "-w" "/opt/rustwide/workdir" "--user" "0:0" "3410b8d813897a590b12de5a1d8ddbfd4dcad046d9ae3faa29e9779627efd86f" "/opt/rustwide/cargo-home/bin/cargo" "+1.100.0-beta.1" "metadata" "--no-deps" "--format-version=1", kill_on_drop: false }`
[INFO] running `Command { std: "docker" "inspect" "3410b8d813897a590b12de5a1d8ddbfd4dcad046d9ae3faa29e9779627efd86f", kill_on_drop: false }`
[INFO] running `Command { std: "docker" "exec" "-e" "SOURCE_DIR=/opt/rustwide/workdir" "-e" "CARGO_HOME=/opt/rustwide/cargo-home" "-e" "RUSTUP_HOME=/opt/rustwide/rustup-home" "-e" "CARGO_TARGET_DIR=/opt/rustwide/target" "-e" "CARGO_INCREMENTAL=0" "-e" "RUST_BACKTRACE=full" "-e" "RUSTFLAGS=--cap-lints=warn" "-e" "RUSTDOCFLAGS=--cap-lints=warn" "-w" "/opt/rustwide/workdir" "--user" "0:0" "3410b8d813897a590b12de5a1d8ddbfd4dcad046d9ae3faa29e9779627efd86f" "/opt/rustwide/cargo-home/bin/cargo" "+1.100.0-beta.1" "build" "--frozen" "--message-format=json" "--release", kill_on_drop: false }`
[INFO] [stderr] warning: `package.homepage` is redundant with `package.repository`
[INFO] [stderr]   --> Cargo.toml:28:12
[INFO] [stderr]    |
[INFO] [stderr] 28 | homepage = "https://github.com/init4tech/bin-base"
[INFO] [stderr]    |            ^^^^^^^^^^^^^^^^^^^^^^^^^^^^^^^^^^^^^^^
[INFO] [stderr] ...
[INFO] [stderr] 32 | repository = "https://github.com/init4tech/bin-base"
[INFO] [stderr]    |              ---------------------------------------
[INFO] [stderr]    |
[INFO] [stderr]    = note: `cargo::redundant_homepage` is set to `warn` by default
[INFO] [stderr] help: consider removing `package.homepage`
[INFO] [stderr] warning: `init4-from-env-derive` (manifest) generated 1 warning
[INFO] [stderr]    Compiling quote v1.0.43
[INFO] [stderr]    Compiling syn v2.0.114
[INFO] [stderr]    Compiling init4-from-env-derive v0.2.0 (/opt/rustwide/workdir)
[INFO] [stderr]     Finished `release` profile [optimized] target(s) in 6.40s
[INFO] running `Command { std: "docker" "inspect" "3410b8d813897a590b12de5a1d8ddbfd4dcad046d9ae3faa29e9779627efd86f", kill_on_drop: false }`
[INFO] running `Command { std: "docker" "exec" "-e" "SOURCE_DIR=/opt/rustwide/workdir" "-e" "CARGO_HOME=/opt/rustwide/cargo-home" "-e" "RUSTUP_HOME=/opt/rustwide/rustup-home" "-e" "CARGO_TARGET_DIR=/opt/rustwide/target" "-e" "CARGO_INCREMENTAL=0" "-e" "RUST_BACKTRACE=full" "-e" "RUSTFLAGS=--cap-lints=warn" "-e" "RUSTDOCFLAGS=--cap-lints=warn" "-w" "/opt/rustwide/workdir" "--user" "0:0" "3410b8d813897a590b12de5a1d8ddbfd4dcad046d9ae3faa29e9779627efd86f" "/opt/rustwide/cargo-home/bin/cargo" "+1.100.0-beta.1" "test" "--frozen" "--no-run" "--message-format=json" "--release", kill_on_drop: false }`
[INFO] [stderr] warning: `package.homepage` is redundant with `package.repository`
[INFO] [stderr]   --> Cargo.toml:28:12
[INFO] [stderr]    |
[INFO] [stderr] 28 | homepage = "https://github.com/init4tech/bin-base"
[INFO] [stderr]    |            ^^^^^^^^^^^^^^^^^^^^^^^^^^^^^^^^^^^^^^^
[INFO] [stderr] ...
[INFO] [stderr] 32 | repository = "https://github.com/init4tech/bin-base"
[INFO] [stderr]    |              ---------------------------------------
[INFO] [stderr]    |
[INFO] [stderr]    = note: `cargo::redundant_homepage` is set to `warn` by default
[INFO] [stderr] help: consider removing `package.homepage`
[INFO] [stderr] warning: `init4-from-env-derive` (manifest) generated 1 warning
[INFO] [stderr]    Compiling quote v1.0.43
[INFO] [stderr]    Compiling init4-from-env-derive v0.2.0 (/opt/rustwide/workdir)
[INFO] [stderr]    Compiling syn v2.0.114
[INFO] [stdout] error[E0433]: cannot find module or crate `init4_bin_base` in this scope
[INFO] [stdout]   --> tests/macro.rs:63:9
[INFO] [stdout]    |
[INFO] [stdout] 63 |     use init4_bin_base::utils::from_env::{EnvItemInfo, FromEnv};
[INFO] [stdout]    |         ^^^^^^^^^^^^^^ use of unresolved module or unlinked crate `init4_bin_base`
[INFO] [stdout]    |
[INFO] [stdout]    = help: if you wanted to use a crate named `init4_bin_base`, use `cargo add init4_bin_base` to add it to your `Cargo.toml`
[INFO] [stdout] 
[INFO] [stdout] 
[INFO] [stdout] error[E0433]: cannot find `init4_bin_base` in the list of imported crates
[INFO] [stdout]  --> tests/macro.rs:5:17
[INFO] [stdout]   |
[INFO] [stdout] 5 | #[derive(Debug, FromEnv)]
[INFO] [stdout]   |                 ^^^^^^^ could not find `init4_bin_base` in the list of imported crates
[INFO] [stdout]   |
[INFO] [stdout]   = note: this error originates in the derive macro `FromEnv` (in Nightly builds, run with -Z macro-backtrace for more info)
[INFO] [stdout] 
[INFO] [stdout] 
[INFO] [stdout] error[E0433]: cannot find `init4_bin_base` in the list of imported crates
[INFO] [stdout]   --> tests/macro.rs:14:10
[INFO] [stdout]    |
[INFO] [stdout] 14 | #[derive(FromEnv, Debug)]
[INFO] [stdout]    |          ^^^^^^^ could not find `init4_bin_base` in the list of imported crates
[INFO] [stdout]    |
[INFO] [stdout]    = note: this error originates in the derive macro `FromEnv` (in Nightly builds, run with -Z macro-backtrace for more info)
[INFO] [stdout] 
[INFO] [stdout] 
[INFO] [stdout] error[E0433]: cannot find `init4_bin_base` in the list of imported crates
[INFO] [stdout]   --> tests/macro.rs:44:17
[INFO] [stdout]    |
[INFO] [stdout] 44 | #[derive(Debug, FromEnv)]
[INFO] [stdout]    |                 ^^^^^^^ could not find `init4_bin_base` in the list of imported crates
[INFO] [stdout]    |
[INFO] [stdout]    = note: this error originates in the derive macro `FromEnv` (in Nightly builds, run with -Z macro-backtrace for more info)
[INFO] [stdout] 
[INFO] [stdout] 
[INFO] [stdout] For more information about this error, try `rustc --explain E0433`.
[INFO] [stdout] 
[INFO] [stderr] error: could not compile `init4-from-env-derive` (test "macro") due to 4 previous errors
[INFO] running `Command { std: "docker" "inspect" "3410b8d813897a590b12de5a1d8ddbfd4dcad046d9ae3faa29e9779627efd86f", kill_on_drop: false }`
[INFO] running `Command { std: "docker" "rm" "-f" "3410b8d813897a590b12de5a1d8ddbfd4dcad046d9ae3faa29e9779627efd86f", kill_on_drop: false }`
[INFO] [stdout] 3410b8d813897a590b12de5a1d8ddbfd4dcad046d9ae3faa29e9779627efd86f
