[INFO] fetching crate incin 0.1.0...
[INFO] testing incin-0.1.0 against 1.99.0-beta.8+cargoflags=--release for beta-release-1.100-2
[INFO] extracting crate incin 0.1.0 into /workspace/builds/worker-5-tc1/source
[INFO] started tweaking crates.io crate incin 0.1.0
[INFO] removed 0 missing examples
[INFO] removed 0 missing tests
[INFO] finished tweaking crates.io crate incin 0.1.0
[INFO] tweaked toml for crates.io crate incin 0.1.0 written to /workspace/builds/worker-5-tc1/source/Cargo.toml
[INFO] validating manifest of crates.io crate incin 0.1.0 on toolchain 1.99.0-beta.8
[INFO] running `Command { std: CARGO_HOME="/workspace/cargo-home" RUSTUP_HOME="/workspace/rustup-home" "/workspace/cargo-home/bin/cargo" "+1.99.0-beta.8" "metadata" "--manifest-path" "Cargo.toml" "--no-deps", kill_on_drop: false }`
[INFO] crate crates.io crate incin 0.1.0 already has a lockfile, it will not be regenerated
[INFO] running `Command { std: CARGO_HOME="/workspace/cargo-home" RUSTUP_HOME="/workspace/rustup-home" "/workspace/cargo-home/bin/cargo" "+1.99.0-beta.8" "fetch" "--manifest-path" "Cargo.toml", kill_on_drop: false }`
[INFO] [stderr]     Updating crates.io index
[INFO] [stderr]  Downloading crates ...
[INFO] [stderr]   Downloaded incin-macros v0.1.0
[INFO] [stderr]   Downloaded incin-telemetry v0.1.0
[INFO] [stderr]   Downloaded ggml-quants v0.1.0
[INFO] [stderr]   Downloaded digit-layout v0.3.1
[INFO] [stderr]   Downloaded incin-diagnostics v0.1.0
[INFO] [stderr]   Downloaded incin-data v0.1.0
[INFO] [stderr]   Downloaded hf-hub v0.5.0
[INFO] [stderr]   Downloaded interprocess v2.4.3
[INFO] [stderr]   Downloaded incin-core v0.1.0
[INFO] [stderr]   Downloaded indicatif v0.18.6
[INFO] [stderr]   Downloaded wgpu v22.1.0
[INFO] [stderr]   Downloaded wgpu-types v22.0.0
[INFO] [stderr]   Downloaded incin-backends v0.1.0
[INFO] [stderr]   Downloaded wgpu-hal v22.0.0
[INFO] [stderr]   Downloaded bit-vec v0.7.0
[INFO] [stderr]   Downloaded naga v22.1.0
[INFO] [stderr]   Downloaded bit-set v0.6.0
[INFO] [stderr]   Downloaded gpu-allocator v0.26.0
[INFO] [stderr]   Downloaded d3d12 v22.0.0
[INFO] [stderr]   Downloaded wgpu-core v22.1.0
[INFO] [stderr]   Downloaded candle-nn v0.9.2
[INFO] [stderr]   Downloaded gemm v0.19.0
[INFO] [stderr]   Downloaded gemm-common v0.19.0
[INFO] [stderr]   Downloaded gemm-f64 v0.19.0
[INFO] [stderr]   Downloaded zip v7.2.0
[INFO] [stderr]   Downloaded gemm-c64 v0.19.0
[INFO] [stderr]   Downloaded candle-core v0.9.2
[INFO] [stderr]   Downloaded cudarc v0.19.9
[INFO] [stderr]   Downloaded dyn-stack v0.13.2
[INFO] [stderr]   Downloaded dyn-stack-macros v0.1.3
[INFO] [stderr]   Downloaded gemm-f32 v0.19.0
[INFO] [stderr]   Downloaded gemm-f16 v0.19.0
[INFO] [stderr]   Downloaded gemm-c32 v0.19.0
[INFO] [stderr]   Downloaded float8 v0.6.1
[INFO] running `Command { std: "docker" "create" "-v" "/var/lib/crater-agent-workspace/builds/worker-5-tc1/source:/opt/rustwide/workdir:ro,Z" "-v" "/var/lib/crater-agent-workspace/builds/worker-5-tc1/target:/opt/rustwide/target:rw,Z" "-v" "/var/lib/crater-agent-workspace/cargo-home:/opt/rustwide/cargo-home:ro,Z" "-v" "/var/lib/crater-agent-workspace/rustup-home:/opt/rustwide/rustup-home:ro,Z" "-m" "1610612736" "--network" "none" "ghcr.io/rust-lang/crates-build-env/linux@sha256:77db811e55d90add9212f6832c23229e3de5f1c1f9905e8cb07319ea15df73ac" "sleep" "infinity", kill_on_drop: false }`
[INFO] [stdout] cb70f9174a760f113b9d27af71b87f10382ceb7c3bcb48cc1db511622ba0d240
[INFO] running `Command { std: "docker" "start" "cb70f9174a760f113b9d27af71b87f10382ceb7c3bcb48cc1db511622ba0d240", kill_on_drop: false }`
[INFO] running `Command { std: "docker" "inspect" "cb70f9174a760f113b9d27af71b87f10382ceb7c3bcb48cc1db511622ba0d240", kill_on_drop: false }`
[INFO] running `Command { std: "docker" "exec" "-e" "SOURCE_DIR=/opt/rustwide/workdir" "-e" "CARGO_HOME=/opt/rustwide/cargo-home" "-e" "RUSTUP_HOME=/opt/rustwide/rustup-home" "-e" "CARGO_TARGET_DIR=/opt/rustwide/target" "-w" "/opt/rustwide/workdir" "--user" "0:0" "cb70f9174a760f113b9d27af71b87f10382ceb7c3bcb48cc1db511622ba0d240" "/opt/rustwide/cargo-home/bin/cargo" "+1.99.0-beta.8" "metadata" "--no-deps" "--format-version=1", kill_on_drop: false }`
[INFO] running `Command { std: "docker" "inspect" "cb70f9174a760f113b9d27af71b87f10382ceb7c3bcb48cc1db511622ba0d240", kill_on_drop: false }`
[INFO] running `Command { std: "docker" "exec" "-e" "SOURCE_DIR=/opt/rustwide/workdir" "-e" "CARGO_HOME=/opt/rustwide/cargo-home" "-e" "RUSTUP_HOME=/opt/rustwide/rustup-home" "-e" "CARGO_TARGET_DIR=/opt/rustwide/target" "-e" "CARGO_INCREMENTAL=0" "-e" "RUST_BACKTRACE=full" "-e" "RUSTFLAGS=--cap-lints=warn" "-e" "RUSTDOCFLAGS=--cap-lints=warn" "-w" "/opt/rustwide/workdir" "--user" "0:0" "cb70f9174a760f113b9d27af71b87f10382ceb7c3bcb48cc1db511622ba0d240" "/opt/rustwide/cargo-home/bin/cargo" "+1.99.0-beta.8" "build" "--frozen" "--message-format=json" "--release", kill_on_drop: false }`
[INFO] [stderr]    Compiling cc v1.4.3
[INFO] [stderr]    Compiling either v1.17.0
[INFO] [stderr]    Compiling zerocopy v0.8.56
[INFO] [stderr]    Compiling syn v3.0.3
[INFO] [stderr]    Compiling getrandom v0.4.3
[INFO] [stderr]    Compiling thiserror v2.0.20
[INFO] [stderr]    Compiling zerocopy-derive v0.8.56
[INFO] [stderr]    Compiling heapless v0.7.17
[INFO] [stderr]    Compiling serde v1.0.229
[INFO] [stderr]    Compiling serde_json v1.0.151
[INFO] [stderr]    Compiling allocator-api2 v0.2.21
[INFO] [stderr]    Compiling zeroize v1.9.0
[INFO] [stderr]    Compiling foldhash v0.2.0
[INFO] [stderr]    Compiling getrandom v0.2.17
[INFO] [stderr]    Compiling bytes v1.12.1
[INFO] [stderr]    Compiling httparse v1.10.1
[INFO] [stderr]    Compiling anyhow v1.0.104
[INFO] [stderr]    Compiling rustls-pki-types v1.15.1
[INFO] [stderr]    Compiling itertools v0.14.0
[INFO] [stderr]    Compiling tempfile v3.27.0
[INFO] [stderr]    Compiling hashbrown v0.16.1
[INFO] [stderr]    Compiling num-traits v0.2.19
[INFO] [stderr]    Compiling chacha20 v0.10.1
[INFO] [stderr]    Compiling rustls v0.23.43
[INFO] [stderr]    Compiling http v1.5.0
[INFO] [stderr]    Compiling rayon v1.12.0
[INFO] [stderr]    Compiling base64 v0.23.1
[INFO] [stderr]    Compiling rand v0.10.2
[INFO] [stderr]    Compiling spin v0.12.2
[INFO] [stderr]    Compiling webpki-roots v1.0.9
[INFO] [stderr]    Compiling ureq-proto v0.6.1
[INFO] [stderr]    Compiling utf8-zero v0.8.1
[INFO] [stderr]    Compiling fs2 v0.4.3
[INFO] [stderr]    Compiling incin-diagnostics v0.1.0
[INFO] [stderr]    Compiling ring v0.17.14
[INFO] [stderr]    Compiling rand_distr v0.6.0
[INFO] [stderr]    Compiling serde_derive v1.0.229
[INFO] [stderr]    Compiling bytemuck_derive v1.12.0
[INFO] [stderr]    Compiling thiserror-impl v2.0.20
[INFO] [stderr]    Compiling prost-derive v0.14.4
[INFO] [stderr]    Compiling cobs v0.3.0
[INFO] [stderr]    Compiling bytemuck v1.25.2
[INFO] [stderr]    Compiling prost v0.14.4
[INFO] [stderr]    Compiling safetensors v0.8.0
[INFO] [stderr]    Compiling incin-macros v0.1.0
[INFO] [stderr]    Compiling half v2.7.1
[INFO] [stderr]    Compiling digit-layout v0.3.1
[INFO] [stderr]    Compiling ggml-quants v0.1.0
[INFO] [stderr]    Compiling postcard v1.1.3
[INFO] [stderr]    Compiling incin-core v0.1.0
[INFO] [stderr]    Compiling rustls-webpki v0.103.14
[INFO] [stderr]    Compiling ureq v3.4.0
[INFO] [stderr]    Compiling incin-data v0.1.0
[INFO] [stderr]    Compiling incin-backends v0.1.0
[INFO] [stderr]    Compiling incin v0.1.0 (/opt/rustwide/workdir)
[INFO] [stderr]     Finished `release` profile [optimized] target(s) in 1m 35s
[INFO] running `Command { std: "docker" "inspect" "cb70f9174a760f113b9d27af71b87f10382ceb7c3bcb48cc1db511622ba0d240", kill_on_drop: false }`
[INFO] running `Command { std: "docker" "exec" "-e" "SOURCE_DIR=/opt/rustwide/workdir" "-e" "CARGO_HOME=/opt/rustwide/cargo-home" "-e" "RUSTUP_HOME=/opt/rustwide/rustup-home" "-e" "CARGO_TARGET_DIR=/opt/rustwide/target" "-e" "CARGO_INCREMENTAL=0" "-e" "RUST_BACKTRACE=full" "-e" "RUSTFLAGS=--cap-lints=warn" "-e" "RUSTDOCFLAGS=--cap-lints=warn" "-w" "/opt/rustwide/workdir" "--user" "0:0" "cb70f9174a760f113b9d27af71b87f10382ceb7c3bcb48cc1db511622ba0d240" "/opt/rustwide/cargo-home/bin/cargo" "+1.99.0-beta.8" "test" "--frozen" "--no-run" "--message-format=json" "--release", kill_on_drop: false }`
[INFO] [stderr]    Compiling either v1.17.0
[INFO] [stderr]    Compiling num-traits v0.2.19
[INFO] [stderr]    Compiling alloca v0.4.0
[INFO] [stderr]    Compiling clap_builder v4.6.6
[INFO] [stderr]    Compiling ciborium-ll v0.2.2
[INFO] [stderr]    Compiling regex-automata v0.4.18
[INFO] [stderr]    Compiling tinytemplate v1.2.1
[INFO] [stderr]    Compiling page_size v0.6.0
[INFO] [stderr]    Compiling ahash v0.8.12
[INFO] [stderr]    Compiling toml v1.1.4+spec-1.1.0
[INFO] [stderr]    Compiling hashbrown v0.14.5
[INFO] [stderr]    Compiling rayon v1.12.0
[INFO] [stderr]    Compiling itertools v0.13.0
[INFO] [stderr]    Compiling ciborium v0.2.2
[INFO] [stderr]    Compiling rand_distr v0.6.0
[INFO] [stderr]    Compiling trybuild v1.0.120
[INFO] [stderr]    Compiling criterion-plot v0.8.2
[INFO] [stderr]    Compiling clap v4.6.6
[INFO] [stderr]    Compiling regex v1.13.1
[INFO] [stderr]    Compiling ggml-quants v0.1.0
[INFO] [stderr]    Compiling criterion v0.8.2
[INFO] [stderr]    Compiling incin-core v0.1.0
[INFO] [stderr]    Compiling incin-data v0.1.0
[INFO] [stderr]    Compiling incin-backends v0.1.0
[INFO] [stderr]    Compiling incin v0.1.0 (/opt/rustwide/workdir)
[INFO] [stdout] error[E0432]: unresolved import `incin::experimental::training`
[INFO] [stdout]    --> tests/loss_scaling_integration.rs:2:26
[INFO] [stdout]     |
[INFO] [stdout]   2 | use incin::experimental::training::Trainer;
[INFO] [stdout]     |                          ^^^^^^^^ could not find `training` in `experimental`
[INFO] [stdout]     |
[INFO] [stdout] note: found an item that was configured out
[INFO] [stdout]    --> src/lib.rs:380:13
[INFO] [stdout]     |
[INFO] [stdout] 378 |     #[cfg(feature = "train")]
[INFO] [stdout]     |           ----------------- the item is gated behind the `train` feature
[INFO] [stdout] 379 |     /// Preview training planner and trainer.
[INFO] [stdout] 380 |     pub mod training {
[INFO] [stdout]     |             ^^^^^^^^
[INFO] [stdout] 
[INFO] [stdout] 
[INFO] [stdout] error[E0432]: unresolved import `incin::backend_authoring`
[INFO] [stdout]    --> tests/macro_tests.rs:5:12
[INFO] [stdout]     |
[INFO] [stdout]   5 | use incin::backend_authoring::{Backend, VariableBackend};
[INFO] [stdout]     |            ^^^^^^^^^^^^^^^^^ could not find `backend_authoring` in `incin`
[INFO] [stdout]     |
[INFO] [stdout] note: found an item that was configured out
[INFO] [stdout]    --> src/lib.rs:400:9
[INFO] [stdout]     |
[INFO] [stdout] 398 | #[cfg(feature = "backend-authoring")]
[INFO] [stdout]     |       ----------------------------- the item is gated behind the `backend-authoring` feature
[INFO] [stdout] 399 | /// Contracts and extension traits for backend authors.
[INFO] [stdout] 400 | pub mod backend_authoring {
[INFO] [stdout]     |         ^^^^^^^^^^^^^^^^^
[INFO] [stdout] 
[INFO] [stdout] 
[INFO] [stdout] For more information about this error, try `rustc --explain E0432`.
[INFO] [stdout] 
[INFO] [stderr] error: could not compile `incin` (test "loss_scaling_integration") due to 1 previous error
[INFO] [stderr] warning: build failed, waiting for other jobs to finish...
[INFO] [stdout] For more information about this error, try `rustc --explain E0432`.
[INFO] [stdout] 
[INFO] [stderr] error: could not compile `incin` (test "macro_tests") due to 1 previous error
[INFO] [stdout] error[E0432]: unresolved import `incin::backend_authoring`
[INFO] [stdout]    --> tests/transformer_block.rs:5:12
[INFO] [stdout]     |
[INFO] [stdout]   5 | use incin::backend_authoring::HostInterop;
[INFO] [stdout]     |            ^^^^^^^^^^^^^^^^^ could not find `backend_authoring` in `incin`
[INFO] [stdout]     |
[INFO] [stdout] note: found an item that was configured out
[INFO] [stdout]    --> src/lib.rs:400:9
[INFO] [stdout]     |
[INFO] [stdout] 398 | #[cfg(feature = "backend-authoring")]
[INFO] [stdout]     |       ----------------------------- the item is gated behind the `backend-authoring` feature
[INFO] [stdout] 399 | /// Contracts and extension traits for backend authors.
[INFO] [stdout] 400 | pub mod backend_authoring {
[INFO] [stdout]     |         ^^^^^^^^^^^^^^^^^
[INFO] [stdout] 
[INFO] [stdout] 
[INFO] [stdout] error[E0599]: no associated function or constant named `to_bytes` found for struct `CpuBackendImpl<D>` in the current scope
[INFO] [stdout]   --> tests/transformer_block.rs:88:29
[INFO] [stdout]    |
[INFO] [stdout] 88 |     let output_bytes = Cpu::to_bytes::<f32>(output.inner())?;
[INFO] [stdout]    |                             ^^^^^^^^ associated function or constant not found in `CpuBackendImpl`
[INFO] [stdout]    |
[INFO] [stdout] note: if you're trying to build a new `CpuBackendImpl`, consider using `CpuBackendImpl::<D>::new` which returns `CpuBackendImpl<_>`
[INFO] [stdout]   --> /opt/rustwide/cargo-home/registry/src/index.crates.io-1949cf8c6b5b557f/incin-backends-0.1.0/src/cpu/mod.rs:72:5
[INFO] [stdout]    |
[INFO] [stdout] 72 |     pub const fn new() -> Self {
[INFO] [stdout]    |     ^^^^^^^^^^^^^^^^^^^^^^^^^^
[INFO] [stdout]    = help: items from traits can only be used if the trait is in scope
[INFO] [stdout] help: there is an associated function `from_bytes` with a similar name
[INFO] [stdout]   --> /opt/rustwide/cargo-home/registry/src/index.crates.io-1949cf8c6b5b557f/incin-core-0.1.0/src/tensor/backend/capability.rs:67:5
[INFO] [stdout]    |
[INFO] [stdout] 67 | /     fn from_bytes<K: DType>(
[INFO] [stdout] 68 | |         bytes: &[u8],
[INFO] [stdout] 69 | |         shape: &[usize],
[INFO] [stdout] 70 | |         dtype: DTypeDescriptor,
[INFO] [stdout] 71 | |         device: &DeviceId,
[INFO] [stdout] 72 | |     ) -> Result<Self::Storage<K>>;
[INFO] [stdout]    | |__________________________________^
[INFO] [stdout] help: trait `HostInterop` which provides `to_bytes` is implemented but not in scope; perhaps you want to import it
[INFO] [stdout]    |
[INFO] [stdout]  4 + use incin_core::tensor::backend::capability::HostInterop;
[INFO] [stdout]    |
[INFO] [stdout] 
[INFO] [stdout] 
[INFO] [stdout] error[E0599]: no associated function or constant named `to_bytes` found for struct `CpuBackendImpl<D>` in the current scope
[INFO] [stdout]    --> tests/transformer_block.rs:105:30
[INFO] [stdout]     |
[INFO] [stdout] 105 |             let bytes = Cpu::to_bytes::<f32>(gradient.inner())?;
[INFO] [stdout]     |                              ^^^^^^^^ associated function or constant not found in `CpuBackendImpl`
[INFO] [stdout] ...
[INFO] [stdout] 116 |     assert_parameter_gradient!("query.weight", model.query.weight);
[INFO] [stdout]     |     -------------------------------------------------------------- in this macro invocation
[INFO] [stdout]     |
[INFO] [stdout] note: if you're trying to build a new `CpuBackendImpl`, consider using `CpuBackendImpl::<D>::new` which returns `CpuBackendImpl<_>`
[INFO] [stdout]    --> /opt/rustwide/cargo-home/registry/src/index.crates.io-1949cf8c6b5b557f/incin-backends-0.1.0/src/cpu/mod.rs:72:5
[INFO] [stdout]     |
[INFO] [stdout]  72 |     pub const fn new() -> Self {
[INFO] [stdout]     |     ^^^^^^^^^^^^^^^^^^^^^^^^^^
[INFO] [stdout]     = help: items from traits can only be used if the trait is in scope
[INFO] [stdout]     = note: this error originates in the macro `assert_parameter_gradient` (in Nightly builds, run with -Z macro-backtrace for more info)
[INFO] [stdout] help: trait `HostInterop` which provides `to_bytes` is implemented but not in scope; perhaps you want to import it
[INFO] [stdout]     |
[INFO] [stdout]   4 + use incin_core::tensor::backend::capability::HostInterop;
[INFO] [stdout]     |
[INFO] [stdout] 
[INFO] [stdout] 
[INFO] [stdout] error[E0599]: no associated function or constant named `to_bytes` found for struct `CpuBackendImpl<D>` in the current scope
[INFO] [stdout]    --> tests/transformer_block.rs:105:30
[INFO] [stdout]     |
[INFO] [stdout] 105 |             let bytes = Cpu::to_bytes::<f32>(gradient.inner())?;
[INFO] [stdout]     |                              ^^^^^^^^ associated function or constant not found in `CpuBackendImpl`
[INFO] [stdout] ...
[INFO] [stdout] 117 |     assert_parameter_gradient!("query.bias", model.query.bias.as_ref().unwrap());
[INFO] [stdout]     |     ---------------------------------------------------------------------------- in this macro invocation
[INFO] [stdout]     |
[INFO] [stdout] note: if you're trying to build a new `CpuBackendImpl`, consider using `CpuBackendImpl::<D>::new` which returns `CpuBackendImpl<_>`
[INFO] [stdout]    --> /opt/rustwide/cargo-home/registry/src/index.crates.io-1949cf8c6b5b557f/incin-backends-0.1.0/src/cpu/mod.rs:72:5
[INFO] [stdout]     |
[INFO] [stdout]  72 |     pub const fn new() -> Self {
[INFO] [stdout]     |     ^^^^^^^^^^^^^^^^^^^^^^^^^^
[INFO] [stdout]     = help: items from traits can only be used if the trait is in scope
[INFO] [stdout]     = note: this error originates in the macro `assert_parameter_gradient` (in Nightly builds, run with -Z macro-backtrace for more info)
[INFO] [stdout] help: trait `HostInterop` which provides `to_bytes` is implemented but not in scope; perhaps you want to import it
[INFO] [stdout]     |
[INFO] [stdout]   4 + use incin_core::tensor::backend::capability::HostInterop;
[INFO] [stdout]     |
[INFO] [stdout] 
[INFO] [stdout] 
[INFO] [stdout] error[E0599]: no associated function or constant named `to_bytes` found for struct `CpuBackendImpl<D>` in the current scope
[INFO] [stdout]    --> tests/transformer_block.rs:105:30
[INFO] [stdout]     |
[INFO] [stdout] 105 |             let bytes = Cpu::to_bytes::<f32>(gradient.inner())?;
[INFO] [stdout]     |                              ^^^^^^^^ associated function or constant not found in `CpuBackendImpl`
[INFO] [stdout] ...
[INFO] [stdout] 118 |     assert_parameter_gradient!("key.weight", model.key.weight);
[INFO] [stdout]     |     ---------------------------------------------------------- in this macro invocation
[INFO] [stdout]     |
[INFO] [stdout] note: if you're trying to build a new `CpuBackendImpl`, consider using `CpuBackendImpl::<D>::new` which returns `CpuBackendImpl<_>`
[INFO] [stdout]    --> /opt/rustwide/cargo-home/registry/src/index.crates.io-1949cf8c6b5b557f/incin-backends-0.1.0/src/cpu/mod.rs:72:5
[INFO] [stdout]     |
[INFO] [stdout]  72 |     pub const fn new() -> Self {
[INFO] [stdout]     |     ^^^^^^^^^^^^^^^^^^^^^^^^^^
[INFO] [stdout]     = help: items from traits can only be used if the trait is in scope
[INFO] [stdout]     = note: this error originates in the macro `assert_parameter_gradient` (in Nightly builds, run with -Z macro-backtrace for more info)
[INFO] [stdout] help: trait `HostInterop` which provides `to_bytes` is implemented but not in scope; perhaps you want to import it
[INFO] [stdout]     |
[INFO] [stdout]   4 + use incin_core::tensor::backend::capability::HostInterop;
[INFO] [stdout]     |
[INFO] [stdout] 
[INFO] [stdout] 
[INFO] [stdout] error[E0599]: no associated function or constant named `to_bytes` found for struct `CpuBackendImpl<D>` in the current scope
[INFO] [stdout]    --> tests/transformer_block.rs:105:30
[INFO] [stdout]     |
[INFO] [stdout] 105 |             let bytes = Cpu::to_bytes::<f32>(gradient.inner())?;
[INFO] [stdout]     |                              ^^^^^^^^ associated function or constant not found in `CpuBackendImpl`
[INFO] [stdout] ...
[INFO] [stdout] 119 |     assert_parameter_gradient!("key.bias", model.key.bias.as_ref().unwrap());
[INFO] [stdout]     |     ------------------------------------------------------------------------ in this macro invocation
[INFO] [stdout]     |
[INFO] [stdout] note: if you're trying to build a new `CpuBackendImpl`, consider using `CpuBackendImpl::<D>::new` which returns `CpuBackendImpl<_>`
[INFO] [stdout]    --> /opt/rustwide/cargo-home/registry/src/index.crates.io-1949cf8c6b5b557f/incin-backends-0.1.0/src/cpu/mod.rs:72:5
[INFO] [stdout]     |
[INFO] [stdout]  72 |     pub const fn new() -> Self {
[INFO] [stdout]     |     ^^^^^^^^^^^^^^^^^^^^^^^^^^
[INFO] [stdout]     = help: items from traits can only be used if the trait is in scope
[INFO] [stdout]     = note: this error originates in the macro `assert_parameter_gradient` (in Nightly builds, run with -Z macro-backtrace for more info)
[INFO] [stdout] help: trait `HostInterop` which provides `to_bytes` is implemented but not in scope; perhaps you want to import it
[INFO] [stdout]     |
[INFO] [stdout]   4 + use incin_core::tensor::backend::capability::HostInterop;
[INFO] [stdout]     |
[INFO] [stdout] 
[INFO] [stdout] 
[INFO] [stdout] error[E0599]: no associated function or constant named `to_bytes` found for struct `CpuBackendImpl<D>` in the current scope
[INFO] [stdout]    --> tests/transformer_block.rs:105:30
[INFO] [stdout]     |
[INFO] [stdout] 105 |             let bytes = Cpu::to_bytes::<f32>(gradient.inner())?;
[INFO] [stdout]     |                              ^^^^^^^^ associated function or constant not found in `CpuBackendImpl`
[INFO] [stdout] ...
[INFO] [stdout] 120 |     assert_parameter_gradient!("value.weight", model.value.weight);
[INFO] [stdout]     |     -------------------------------------------------------------- in this macro invocation
[INFO] [stdout]     |
[INFO] [stdout] note: if you're trying to build a new `CpuBackendImpl`, consider using `CpuBackendImpl::<D>::new` which returns `CpuBackendImpl<_>`
[INFO] [stdout]    --> /opt/rustwide/cargo-home/registry/src/index.crates.io-1949cf8c6b5b557f/incin-backends-0.1.0/src/cpu/mod.rs:72:5
[INFO] [stdout]     |
[INFO] [stdout]  72 |     pub const fn new() -> Self {
[INFO] [stdout]     |     ^^^^^^^^^^^^^^^^^^^^^^^^^^
[INFO] [stdout]     = help: items from traits can only be used if the trait is in scope
[INFO] [stdout]     = note: this error originates in the macro `assert_parameter_gradient` (in Nightly builds, run with -Z macro-backtrace for more info)
[INFO] [stdout] help: trait `HostInterop` which provides `to_bytes` is implemented but not in scope; perhaps you want to import it
[INFO] [stdout]     |
[INFO] [stdout]   4 + use incin_core::tensor::backend::capability::HostInterop;
[INFO] [stdout]     |
[INFO] [stdout] 
[INFO] [stdout] 
[INFO] [stdout] error[E0599]: no associated function or constant named `to_bytes` found for struct `CpuBackendImpl<D>` in the current scope
[INFO] [stdout]    --> tests/transformer_block.rs:105:30
[INFO] [stdout]     |
[INFO] [stdout] 105 |             let bytes = Cpu::to_bytes::<f32>(gradient.inner())?;
[INFO] [stdout]     |                              ^^^^^^^^ associated function or constant not found in `CpuBackendImpl`
[INFO] [stdout] ...
[INFO] [stdout] 121 |     assert_parameter_gradient!("value.bias", model.value.bias.as_ref().unwrap());
[INFO] [stdout]     |     ---------------------------------------------------------------------------- in this macro invocation
[INFO] [stdout]     |
[INFO] [stdout] note: if you're trying to build a new `CpuBackendImpl`, consider using `CpuBackendImpl::<D>::new` which returns `CpuBackendImpl<_>`
[INFO] [stdout]    --> /opt/rustwide/cargo-home/registry/src/index.crates.io-1949cf8c6b5b557f/incin-backends-0.1.0/src/cpu/mod.rs:72:5
[INFO] [stdout]     |
[INFO] [stdout]  72 |     pub const fn new() -> Self {
[INFO] [stdout]     |     ^^^^^^^^^^^^^^^^^^^^^^^^^^
[INFO] [stdout]     = help: items from traits can only be used if the trait is in scope
[INFO] [stdout]     = note: this error originates in the macro `assert_parameter_gradient` (in Nightly builds, run with -Z macro-backtrace for more info)
[INFO] [stdout] help: trait `HostInterop` which provides `to_bytes` is implemented but not in scope; perhaps you want to import it
[INFO] [stdout]     |
[INFO] [stdout]   4 + use incin_core::tensor::backend::capability::HostInterop;
[INFO] [stdout]     |
[INFO] [stdout] 
[INFO] [stdout] 
[INFO] [stdout] error[E0599]: no associated function or constant named `to_bytes` found for struct `CpuBackendImpl<D>` in the current scope
[INFO] [stdout]    --> tests/transformer_block.rs:105:30
[INFO] [stdout]     |
[INFO] [stdout] 105 |             let bytes = Cpu::to_bytes::<f32>(gradient.inner())?;
[INFO] [stdout]     |                              ^^^^^^^^ associated function or constant not found in `CpuBackendImpl`
[INFO] [stdout] ...
[INFO] [stdout] 122 |     assert_parameter_gradient!("projection.weight", model.projection.weight);
[INFO] [stdout]     |     ------------------------------------------------------------------------ in this macro invocation
[INFO] [stdout]     |
[INFO] [stdout] note: if you're trying to build a new `CpuBackendImpl`, consider using `CpuBackendImpl::<D>::new` which returns `CpuBackendImpl<_>`
[INFO] [stdout]    --> /opt/rustwide/cargo-home/registry/src/index.crates.io-1949cf8c6b5b557f/incin-backends-0.1.0/src/cpu/mod.rs:72:5
[INFO] [stdout]     |
[INFO] [stdout]  72 |     pub const fn new() -> Self {
[INFO] [stdout]     |     ^^^^^^^^^^^^^^^^^^^^^^^^^^
[INFO] [stdout]     = help: items from traits can only be used if the trait is in scope
[INFO] [stdout]     = note: this error originates in the macro `assert_parameter_gradient` (in Nightly builds, run with -Z macro-backtrace for more info)
[INFO] [stdout] help: trait `HostInterop` which provides `to_bytes` is implemented but not in scope; perhaps you want to import it
[INFO] [stdout]     |
[INFO] [stdout]   4 + use incin_core::tensor::backend::capability::HostInterop;
[INFO] [stdout]     |
[INFO] [stdout] 
[INFO] [stdout] 
[INFO] [stdout] error[E0599]: no associated function or constant named `to_bytes` found for struct `CpuBackendImpl<D>` in the current scope
[INFO] [stdout]    --> tests/transformer_block.rs:105:30
[INFO] [stdout]     |
[INFO] [stdout] 105 |             let bytes = Cpu::to_bytes::<f32>(gradient.inner())?;
[INFO] [stdout]     |                              ^^^^^^^^ associated function or constant not found in `CpuBackendImpl`
[INFO] [stdout] ...
[INFO] [stdout] 123 |     assert_parameter_gradient!("projection.bias", model.projection.bias.as_ref().unwrap());
[INFO] [stdout]     |     -------------------------------------------------------------------------------------- in this macro invocation
[INFO] [stdout]     |
[INFO] [stdout] note: if you're trying to build a new `CpuBackendImpl`, consider using `CpuBackendImpl::<D>::new` which returns `CpuBackendImpl<_>`
[INFO] [stdout]    --> /opt/rustwide/cargo-home/registry/src/index.crates.io-1949cf8c6b5b557f/incin-backends-0.1.0/src/cpu/mod.rs:72:5
[INFO] [stdout]     |
[INFO] [stdout]  72 |     pub const fn new() -> Self {
[INFO] [stdout]     |     ^^^^^^^^^^^^^^^^^^^^^^^^^^
[INFO] [stdout]     = help: items from traits can only be used if the trait is in scope
[INFO] [stdout]     = note: this error originates in the macro `assert_parameter_gradient` (in Nightly builds, run with -Z macro-backtrace for more info)
[INFO] [stdout] help: trait `HostInterop` which provides `to_bytes` is implemented but not in scope; perhaps you want to import it
[INFO] [stdout]     |
[INFO] [stdout]   4 + use incin_core::tensor::backend::capability::HostInterop;
[INFO] [stdout]     |
[INFO] [stdout] 
[INFO] [stdout] 
[INFO] [stdout] error[E0599]: no associated function or constant named `to_bytes` found for struct `CpuBackendImpl<D>` in the current scope
[INFO] [stdout]    --> tests/transformer_block.rs:105:30
[INFO] [stdout]     |
[INFO] [stdout] 105 |             let bytes = Cpu::to_bytes::<f32>(gradient.inner())?;
[INFO] [stdout]     |                              ^^^^^^^^ associated function or constant not found in `CpuBackendImpl`
[INFO] [stdout] ...
[INFO] [stdout] 124 |     assert_parameter_gradient!("feed_forward_in.weight", model.feed_forward_in.weight);
[INFO] [stdout]     |     ---------------------------------------------------------------------------------- in this macro invocation
[INFO] [stdout]     |
[INFO] [stdout] note: if you're trying to build a new `CpuBackendImpl`, consider using `CpuBackendImpl::<D>::new` which returns `CpuBackendImpl<_>`
[INFO] [stdout]    --> /opt/rustwide/cargo-home/registry/src/index.crates.io-1949cf8c6b5b557f/incin-backends-0.1.0/src/cpu/mod.rs:72:5
[INFO] [stdout]     |
[INFO] [stdout]  72 |     pub const fn new() -> Self {
[INFO] [stdout]     |     ^^^^^^^^^^^^^^^^^^^^^^^^^^
[INFO] [stdout]     = help: items from traits can only be used if the trait is in scope
[INFO] [stdout]     = note: this error originates in the macro `assert_parameter_gradient` (in Nightly builds, run with -Z macro-backtrace for more info)
[INFO] [stdout] help: trait `HostInterop` which provides `to_bytes` is implemented but not in scope; perhaps you want to import it
[INFO] [stdout]     |
[INFO] [stdout]   4 + use incin_core::tensor::backend::capability::HostInterop;
[INFO] [stdout]     |
[INFO] [stdout] 
[INFO] [stdout] 
[INFO] [stdout] error[E0599]: no associated function or constant named `to_bytes` found for struct `CpuBackendImpl<D>` in the current scope
[INFO] [stdout]    --> tests/transformer_block.rs:105:30
[INFO] [stdout]     |
[INFO] [stdout] 105 |               let bytes = Cpu::to_bytes::<f32>(gradient.inner())?;
[INFO] [stdout]     |                                ^^^^^^^^ associated function or constant not found in `CpuBackendImpl`
[INFO] [stdout] ...
[INFO] [stdout] 125 | /     assert_parameter_gradient!(
[INFO] [stdout] 126 | |         "feed_forward_in.bias",
[INFO] [stdout] 127 | |         model.feed_forward_in.bias.as_ref().unwrap()
[INFO] [stdout] 128 | |     );
[INFO] [stdout]     | |_____- in this macro invocation
[INFO] [stdout]     |
[INFO] [stdout] note: if you're trying to build a new `CpuBackendImpl`, consider using `CpuBackendImpl::<D>::new` which returns `CpuBackendImpl<_>`
[INFO] [stdout]    --> /opt/rustwide/cargo-home/registry/src/index.crates.io-1949cf8c6b5b557f/incin-backends-0.1.0/src/cpu/mod.rs:72:5
[INFO] [stdout]     |
[INFO] [stdout]  72 |     pub const fn new() -> Self {
[INFO] [stdout]     |     ^^^^^^^^^^^^^^^^^^^^^^^^^^
[INFO] [stdout]     = help: items from traits can only be used if the trait is in scope
[INFO] [stdout]     = note: this error originates in the macro `assert_parameter_gradient` (in Nightly builds, run with -Z macro-backtrace for more info)
[INFO] [stdout] help: trait `HostInterop` which provides `to_bytes` is implemented but not in scope; perhaps you want to import it
[INFO] [stdout]     |
[INFO] [stdout]   4 + use incin_core::tensor::backend::capability::HostInterop;
[INFO] [stdout]     |
[INFO] [stdout] 
[INFO] [stdout] 
[INFO] [stdout] error[E0599]: no associated function or constant named `to_bytes` found for struct `CpuBackendImpl<D>` in the current scope
[INFO] [stdout]    --> tests/transformer_block.rs:105:30
[INFO] [stdout]     |
[INFO] [stdout] 105 |             let bytes = Cpu::to_bytes::<f32>(gradient.inner())?;
[INFO] [stdout]     |                              ^^^^^^^^ associated function or constant not found in `CpuBackendImpl`
[INFO] [stdout] ...
[INFO] [stdout] 129 |     assert_parameter_gradient!("feed_forward_out.weight", model.feed_forward_out.weight);
[INFO] [stdout]     |     ------------------------------------------------------------------------------------ in this macro invocation
[INFO] [stdout]     |
[INFO] [stdout] note: if you're trying to build a new `CpuBackendImpl`, consider using `CpuBackendImpl::<D>::new` which returns `CpuBackendImpl<_>`
[INFO] [stdout]    --> /opt/rustwide/cargo-home/registry/src/index.crates.io-1949cf8c6b5b557f/incin-backends-0.1.0/src/cpu/mod.rs:72:5
[INFO] [stdout]     |
[INFO] [stdout]  72 |     pub const fn new() -> Self {
[INFO] [stdout]     |     ^^^^^^^^^^^^^^^^^^^^^^^^^^
[INFO] [stdout]     = help: items from traits can only be used if the trait is in scope
[INFO] [stdout]     = note: this error originates in the macro `assert_parameter_gradient` (in Nightly builds, run with -Z macro-backtrace for more info)
[INFO] [stdout] help: trait `HostInterop` which provides `to_bytes` is implemented but not in scope; perhaps you want to import it
[INFO] [stdout]     |
[INFO] [stdout]   4 + use incin_core::tensor::backend::capability::HostInterop;
[INFO] [stdout]     |
[INFO] [stdout] 
[INFO] [stdout] 
[INFO] [stdout] error[E0599]: no associated function or constant named `to_bytes` found for struct `CpuBackendImpl<D>` in the current scope
[INFO] [stdout]    --> tests/transformer_block.rs:105:30
[INFO] [stdout]     |
[INFO] [stdout] 105 |               let bytes = Cpu::to_bytes::<f32>(gradient.inner())?;
[INFO] [stdout]     |                                ^^^^^^^^ associated function or constant not found in `CpuBackendImpl`
[INFO] [stdout] ...
[INFO] [stdout] 130 | /     assert_parameter_gradient!(
[INFO] [stdout] 131 | |         "feed_forward_out.bias",
[INFO] [stdout] 132 | |         model.feed_forward_out.bias.as_ref().unwrap()
[INFO] [stdout] 133 | |     );
[INFO] [stdout]     | |_____- in this macro invocation
[INFO] [stdout]     |
[INFO] [stdout] note: if you're trying to build a new `CpuBackendImpl`, consider using `CpuBackendImpl::<D>::new` which returns `CpuBackendImpl<_>`
[INFO] [stdout]    --> /opt/rustwide/cargo-home/registry/src/index.crates.io-1949cf8c6b5b557f/incin-backends-0.1.0/src/cpu/mod.rs:72:5
[INFO] [stdout]     |
[INFO] [stdout]  72 |     pub const fn new() -> Self {
[INFO] [stdout]     |     ^^^^^^^^^^^^^^^^^^^^^^^^^^
[INFO] [stdout]     = help: items from traits can only be used if the trait is in scope
[INFO] [stdout]     = note: this error originates in the macro `assert_parameter_gradient` (in Nightly builds, run with -Z macro-backtrace for more info)
[INFO] [stdout] help: trait `HostInterop` which provides `to_bytes` is implemented but not in scope; perhaps you want to import it
[INFO] [stdout]     |
[INFO] [stdout]   4 + use incin_core::tensor::backend::capability::HostInterop;
[INFO] [stdout]     |
[INFO] [stdout] 
[INFO] [stdout] 
[INFO] [stdout] error[E0599]: no associated function or constant named `to_bytes` found for struct `CpuBackendImpl<D>` in the current scope
[INFO] [stdout]    --> tests/transformer_block.rs:151:14
[INFO] [stdout]     |
[INFO] [stdout] 151 |         Cpu::to_bytes::<f32>(expected.inner())?,
[INFO] [stdout]     |              ^^^^^^^^ associated function or constant not found in `CpuBackendImpl`
[INFO] [stdout]     |
[INFO] [stdout] note: if you're trying to build a new `CpuBackendImpl`, consider using `CpuBackendImpl::<D>::new` which returns `CpuBackendImpl<_>`
[INFO] [stdout]    --> /opt/rustwide/cargo-home/registry/src/index.crates.io-1949cf8c6b5b557f/incin-backends-0.1.0/src/cpu/mod.rs:72:5
[INFO] [stdout]     |
[INFO] [stdout]  72 |     pub const fn new() -> Self {
[INFO] [stdout]     |     ^^^^^^^^^^^^^^^^^^^^^^^^^^
[INFO] [stdout]     = help: items from traits can only be used if the trait is in scope
[INFO] [stdout] help: there is an associated function `from_bytes` with a similar name
[INFO] [stdout]    --> /opt/rustwide/cargo-home/registry/src/index.crates.io-1949cf8c6b5b557f/incin-core-0.1.0/src/tensor/backend/capability.rs:67:5
[INFO] [stdout]     |
[INFO] [stdout]  67 | /     fn from_bytes<K: DType>(
[INFO] [stdout]  68 | |         bytes: &[u8],
[INFO] [stdout]  69 | |         shape: &[usize],
[INFO] [stdout]  70 | |         dtype: DTypeDescriptor,
[INFO] [stdout]  71 | |         device: &DeviceId,
[INFO] [stdout]  72 | |     ) -> Result<Self::Storage<K>>;
[INFO] [stdout]     | |__________________________________^
[INFO] [stdout] help: trait `HostInterop` which provides `to_bytes` is implemented but not in scope; perhaps you want to import it
[INFO] [stdout]     |
[INFO] [stdout]   4 + use incin_core::tensor::backend::capability::HostInterop;
[INFO] [stdout]     |
[INFO] [stdout] 
[INFO] [stdout] 
[INFO] [stdout] error[E0599]: no associated function or constant named `to_bytes` found for struct `CpuBackendImpl<D>` in the current scope
[INFO] [stdout]    --> tests/transformer_block.rs:152:14
[INFO] [stdout]     |
[INFO] [stdout] 152 |         Cpu::to_bytes::<f32>(actual.inner())?
[INFO] [stdout]     |              ^^^^^^^^ associated function or constant not found in `CpuBackendImpl`
[INFO] [stdout]     |
[INFO] [stdout] note: if you're trying to build a new `CpuBackendImpl`, consider using `CpuBackendImpl::<D>::new` which returns `CpuBackendImpl<_>`
[INFO] [stdout]    --> /opt/rustwide/cargo-home/registry/src/index.crates.io-1949cf8c6b5b557f/incin-backends-0.1.0/src/cpu/mod.rs:72:5
[INFO] [stdout]     |
[INFO] [stdout]  72 |     pub const fn new() -> Self {
[INFO] [stdout]     |     ^^^^^^^^^^^^^^^^^^^^^^^^^^
[INFO] [stdout]     = help: items from traits can only be used if the trait is in scope
[INFO] [stdout] help: there is an associated function `from_bytes` with a similar name
[INFO] [stdout]    --> /opt/rustwide/cargo-home/registry/src/index.crates.io-1949cf8c6b5b557f/incin-core-0.1.0/src/tensor/backend/capability.rs:67:5
[INFO] [stdout]     |
[INFO] [stdout]  67 | /     fn from_bytes<K: DType>(
[INFO] [stdout]  68 | |         bytes: &[u8],
[INFO] [stdout]  69 | |         shape: &[usize],
[INFO] [stdout]  70 | |         dtype: DTypeDescriptor,
[INFO] [stdout]  71 | |         device: &DeviceId,
[INFO] [stdout]  72 | |     ) -> Result<Self::Storage<K>>;
[INFO] [stdout]     | |__________________________________^
[INFO] [stdout] help: trait `HostInterop` which provides `to_bytes` is implemented but not in scope; perhaps you want to import it
[INFO] [stdout]     |
[INFO] [stdout]   4 + use incin_core::tensor::backend::capability::HostInterop;
[INFO] [stdout]     |
[INFO] [stdout] 
[INFO] [stdout] 
[INFO] [stdout] Some errors have detailed explanations: E0432, E0599.
[INFO] [stdout] 
[INFO] [stdout] For more information about an error, try `rustc --explain E0432`.
[INFO] [stdout] 
[INFO] [stderr] error: could not compile `incin` (test "transformer_block") due to 16 previous errors
[INFO] running `Command { std: "docker" "inspect" "cb70f9174a760f113b9d27af71b87f10382ceb7c3bcb48cc1db511622ba0d240", kill_on_drop: false }`
[INFO] running `Command { std: "docker" "rm" "-f" "cb70f9174a760f113b9d27af71b87f10382ceb7c3bcb48cc1db511622ba0d240", kill_on_drop: false }`
[INFO] [stdout] cb70f9174a760f113b9d27af71b87f10382ceb7c3bcb48cc1db511622ba0d240
