[INFO] fetching crate imu-sensors 0.1.5...
[INFO] testing imu-sensors-0.1.5 against 1.99.0-beta.8+cargoflags=--release for beta-release-1.100-2
[INFO] extracting crate imu-sensors 0.1.5 into /workspace/builds/worker-7-tc1/source
[INFO] removed /workspace/builds/worker-7-tc1/source/.cargo/config.toml
[INFO] removed /workspace/builds/worker-7-tc1/source/rust-toolchain.toml
[INFO] started tweaking crates.io crate imu-sensors 0.1.5
[INFO] finished tweaking crates.io crate imu-sensors 0.1.5
[INFO] tweaked toml for crates.io crate imu-sensors 0.1.5 written to /workspace/builds/worker-7-tc1/source/Cargo.toml
[INFO] validating manifest of crates.io crate imu-sensors 0.1.5 on toolchain 1.99.0-beta.8
[INFO] running `Command { std: CARGO_HOME="/workspace/cargo-home" RUSTUP_HOME="/workspace/rustup-home" "/workspace/cargo-home/bin/cargo" "+1.99.0-beta.8" "metadata" "--manifest-path" "Cargo.toml" "--no-deps", kill_on_drop: false }`
[INFO] crate crates.io crate imu-sensors 0.1.5 already has a lockfile, it will not be regenerated
[INFO] running `Command { std: CARGO_HOME="/workspace/cargo-home" RUSTUP_HOME="/workspace/rustup-home" "/workspace/cargo-home/bin/cargo" "+1.99.0-beta.8" "fetch" "--manifest-path" "Cargo.toml", kill_on_drop: false }`
[INFO] [stderr]     Updating crates.io index
[INFO] [stderr]  Downloading crates ...
[INFO] [stderr]   Downloaded panic-probe v1.0.0
[INFO] [stderr]   Downloaded embedded-storage v0.3.2
[INFO] [stderr]   Downloaded sequential-storage v8.0.2
[INFO] [stderr]   Downloaded embedded-storage-async v0.4.2
[INFO] [stderr]   Downloaded esp-println v0.18.0
[INFO] [stderr]   Downloaded defmt-rtt v1.3.0
[INFO] [stderr]   Downloaded vqm v0.1.17
[INFO] [stderr]   Downloaded embassy-time-queue-utils v0.3.2
[INFO] [stderr]   Downloaded esp-sync v0.3.0
[INFO] [stderr]   Downloaded embassy-sync v0.8.0
[INFO] [stderr]   Downloaded esp-metadata-generated v0.5.3
[INFO] running `Command { std: "docker" "create" "-v" "/var/lib/crater-agent-workspace/builds/worker-7-tc1/source:/opt/rustwide/workdir:ro,Z" "-v" "/var/lib/crater-agent-workspace/builds/worker-7-tc1/target:/opt/rustwide/target:rw,Z" "-v" "/var/lib/crater-agent-workspace/cargo-home:/opt/rustwide/cargo-home:ro,Z" "-v" "/var/lib/crater-agent-workspace/rustup-home:/opt/rustwide/rustup-home:ro,Z" "-m" "1610612736" "--network" "none" "ghcr.io/rust-lang/crates-build-env/linux@sha256:77db811e55d90add9212f6832c23229e3de5f1c1f9905e8cb07319ea15df73ac" "sleep" "infinity", kill_on_drop: false }`
[INFO] [stdout] 289b0263091f121daaa28e4138548497755fc3e1c327df45d6e14d6db3a3da8c
[INFO] running `Command { std: "docker" "start" "289b0263091f121daaa28e4138548497755fc3e1c327df45d6e14d6db3a3da8c", kill_on_drop: false }`
[INFO] running `Command { std: "docker" "inspect" "289b0263091f121daaa28e4138548497755fc3e1c327df45d6e14d6db3a3da8c", kill_on_drop: false }`
[INFO] running `Command { std: "docker" "exec" "-e" "SOURCE_DIR=/opt/rustwide/workdir" "-e" "CARGO_HOME=/opt/rustwide/cargo-home" "-e" "RUSTUP_HOME=/opt/rustwide/rustup-home" "-e" "CARGO_TARGET_DIR=/opt/rustwide/target" "-w" "/opt/rustwide/workdir" "--user" "0:0" "289b0263091f121daaa28e4138548497755fc3e1c327df45d6e14d6db3a3da8c" "/opt/rustwide/cargo-home/bin/cargo" "+1.99.0-beta.8" "metadata" "--no-deps" "--format-version=1", kill_on_drop: false }`
[INFO] running `Command { std: "docker" "inspect" "289b0263091f121daaa28e4138548497755fc3e1c327df45d6e14d6db3a3da8c", kill_on_drop: false }`
[INFO] running `Command { std: "docker" "exec" "-e" "SOURCE_DIR=/opt/rustwide/workdir" "-e" "CARGO_HOME=/opt/rustwide/cargo-home" "-e" "RUSTUP_HOME=/opt/rustwide/rustup-home" "-e" "CARGO_TARGET_DIR=/opt/rustwide/target" "-e" "CARGO_INCREMENTAL=0" "-e" "RUST_BACKTRACE=full" "-e" "RUSTFLAGS=--cap-lints=warn" "-e" "RUSTDOCFLAGS=--cap-lints=warn" "-w" "/opt/rustwide/workdir" "--user" "0:0" "289b0263091f121daaa28e4138548497755fc3e1c327df45d6e14d6db3a3da8c" "/opt/rustwide/cargo-home/bin/cargo" "+1.99.0-beta.8" "build" "--frozen" "--message-format=json" "--release", kill_on_drop: false }`
[INFO] [stderr]    Compiling embassy-time-queue-utils v0.3.2
[INFO] [stderr]    Compiling embassy-time-driver v0.2.2
[INFO] [stderr]    Compiling embedded-hal-async v1.0.0
[INFO] [stderr]    Compiling embassy-executor-timer-queue v0.1.0
[INFO] [stderr]    Compiling futures-core v0.3.34
[INFO] [stderr]    Compiling vqm v0.1.17
[INFO] [stderr]    Compiling heapless v0.9.3
[INFO] [stderr]    Compiling embassy-time v0.5.1
[INFO] [stderr]    Compiling imu-sensors v0.1.5 (/opt/rustwide/workdir)
[INFO] [stderr]     Finished `release` profile [optimized] target(s) in 2.52s
[INFO] running `Command { std: "docker" "inspect" "289b0263091f121daaa28e4138548497755fc3e1c327df45d6e14d6db3a3da8c", kill_on_drop: false }`
[INFO] running `Command { std: "docker" "exec" "-e" "SOURCE_DIR=/opt/rustwide/workdir" "-e" "CARGO_HOME=/opt/rustwide/cargo-home" "-e" "RUSTUP_HOME=/opt/rustwide/rustup-home" "-e" "CARGO_TARGET_DIR=/opt/rustwide/target" "-e" "CARGO_INCREMENTAL=0" "-e" "RUST_BACKTRACE=full" "-e" "RUSTFLAGS=--cap-lints=warn" "-e" "RUSTDOCFLAGS=--cap-lints=warn" "-w" "/opt/rustwide/workdir" "--user" "0:0" "289b0263091f121daaa28e4138548497755fc3e1c327df45d6e14d6db3a3da8c" "/opt/rustwide/cargo-home/bin/cargo" "+1.99.0-beta.8" "test" "--frozen" "--no-run" "--message-format=json" "--release", kill_on_drop: false }`
[INFO] [stderr]    Compiling pollster v1.0.1
[INFO] [stderr]    Compiling imu-sensors v0.1.5 (/opt/rustwide/workdir)
[INFO] [stdout] error: linking with `cc` failed: exit status: 1
[INFO] [stdout]   |
[INFO] [stdout]   = note:  "cc" "-m64" "/opt/rustwide/target/release/deps/rustcWHGWQW/symbols.o" "<4 object files omitted>" "-Wl,--as-needed" "-Wl,-Bstatic" "/opt/rustwide/target/release/deps/libpollster-fff0d16f68f29e70.rlib" "<sysroot>/lib/rustlib/x86_64-unknown-linux-gnu/lib/{libtest-*,libgetopts-*,librustc_std_workspace_std-*,libstd-*,libpanic_unwind-*,libobject-*,libmemchr-*,libaddr2line-*,libgimli-*,libcfg_if-*,librustc_demangle-*,libstd_detect-*,libhashbrown-*,librustc_std_workspace_alloc-*,libminiz_oxide-*,libadler2-*,libunwind-*,liblibc-*,librustc_std_workspace_core-*,liballoc-*}.rlib" "/opt/rustwide/target/release/deps/{libembassy_time-8fbda01acd6ee76e,libembedded_hal-57890e751fcd266c,libvoid-58d61b18b44b0b6c,libnb-c55d99e3e7c9fbd8,libnb-226f7ba4cc4c327f,libembedded_hal_async-2cc5579bf46c67ae,libembedded_hal-daa72772ba7638a3,libembassy_time_driver-b8908ffa80ef9106,libfutures_core-c685f5ca29ef2d68,libcfg_if-aebc73b2fc35ea49,libvqm-d8997e0dfaa876db,libnum_traits-edc15f9ab50e8470}.rlib" "<sysroot>/lib/rustlib/x86_64-unknown-linux-gnu/lib/{libcore-*,libcompiler_builtins-*}.rlib" "-Wl,-Bdynamic" "-lgcc_s" "-lutil" "-lrt" "-lpthread" "-lm" "-ldl" "-lc" "-L" "/opt/rustwide/target/release/deps/rustcWHGWQW/raw-dylibs" "-B<sysroot>/lib/rustlib/x86_64-unknown-linux-gnu/bin/gcc-ld" "-fuse-ld=lld" "-Wl,--eh-frame-hdr" "-Wl,-z,noexecstack" "-L" "<sysroot>/lib/rustlib/x86_64-unknown-linux-gnu/lib" "-o" "/opt/rustwide/target/release/deps/imu_sensors-963f4635aa980de9" "-Wl,--gc-sections" "-pie" "-Wl,-z,relro,-z,now" "-Wl,-O1" "-Wl,--strip-debug" "-nodefaultlibs"
[INFO] [stdout]   = note: some arguments are omitted. use `--verbose` to show all linker arguments
[INFO] [stdout]   = note: rust-lld: error: undefined symbol: _embassy_time_now
[INFO] [stdout]           >>> referenced by embassy_time.43329704345103e1-cgu.0
[INFO] [stdout]           >>>               embassy_time-8fbda01acd6ee76e.embassy_time.43329704345103e1-cgu.0.rcgu.o:(<embassy_time::timer::Timer>::after) in archive /opt/rustwide/target/release/deps/libembassy_time-8fbda01acd6ee76e.rlib
[INFO] [stdout]           >>> referenced by embassy_time.43329704345103e1-cgu.0
[INFO] [stdout]           >>>               embassy_time-8fbda01acd6ee76e.embassy_time.43329704345103e1-cgu.0.rcgu.o:(<embassy_time::timer::Timer as core::future::future::Future>::poll) in archive /opt/rustwide/target/release/deps/libembassy_time-8fbda01acd6ee76e.rlib
[INFO] [stdout]           
[INFO] [stdout]           rust-lld: error: undefined symbol: _embassy_time_schedule_wake
[INFO] [stdout]           >>> referenced by embassy_time.43329704345103e1-cgu.0
[INFO] [stdout]           >>>               embassy_time-8fbda01acd6ee76e.embassy_time.43329704345103e1-cgu.0.rcgu.o:(<embassy_time::timer::Timer as core::future::future::Future>::poll) in archive /opt/rustwide/target/release/deps/libembassy_time-8fbda01acd6ee76e.rlib
[INFO] [stdout]           collect2: error: ld returned 1 exit status
[INFO] [stdout]           
[INFO] [stdout] 
[INFO] [stdout] 
[INFO] [stderr] error: could not compile `imu-sensors` (lib test) due to 1 previous error
[INFO] running `Command { std: "docker" "inspect" "289b0263091f121daaa28e4138548497755fc3e1c327df45d6e14d6db3a3da8c", kill_on_drop: false }`
[INFO] running `Command { std: "docker" "rm" "-f" "289b0263091f121daaa28e4138548497755fc3e1c327df45d6e14d6db3a3da8c", kill_on_drop: false }`
[INFO] [stdout] 289b0263091f121daaa28e4138548497755fc3e1c327df45d6e14d6db3a3da8c
