[INFO] fetching crate impeller-renderer 0.1.0...
[INFO] testing impeller-renderer-0.1.0 against 1.99.0-beta.8+cargoflags=--release for beta-release-1.100-2
[INFO] extracting crate impeller-renderer 0.1.0 into /workspace/builds/worker-5-tc1/source
[INFO] started tweaking crates.io crate impeller-renderer 0.1.0
[INFO] removed 0 missing tests
[INFO] finished tweaking crates.io crate impeller-renderer 0.1.0
[INFO] tweaked toml for crates.io crate impeller-renderer 0.1.0 written to /workspace/builds/worker-5-tc1/source/Cargo.toml
[INFO] validating manifest of crates.io crate impeller-renderer 0.1.0 on toolchain 1.99.0-beta.8
[INFO] running `Command { std: CARGO_HOME="/workspace/cargo-home" RUSTUP_HOME="/workspace/rustup-home" "/workspace/cargo-home/bin/cargo" "+1.99.0-beta.8" "metadata" "--manifest-path" "Cargo.toml" "--no-deps", kill_on_drop: false }`
[INFO] crate crates.io crate impeller-renderer 0.1.0 already has a lockfile, it will not be regenerated
[INFO] running `Command { std: CARGO_HOME="/workspace/cargo-home" RUSTUP_HOME="/workspace/rustup-home" "/workspace/cargo-home/bin/cargo" "+1.99.0-beta.8" "fetch" "--manifest-path" "Cargo.toml", kill_on_drop: false }`
[INFO] [stderr]     Updating crates.io index
[INFO] [stderr]  Downloading crates ...
[INFO] [stderr]   Downloaded impeller-hal v0.1.0
[INFO] [stderr]   Downloaded impeller-geometry v0.1.0
[INFO] [stderr]   Downloaded lyon_tessellation v1.0.21
[INFO] [stderr]   Downloaded glam v0.27.0
[INFO] running `Command { std: "docker" "create" "-v" "/var/lib/crater-agent-workspace/builds/worker-5-tc1/source:/opt/rustwide/workdir:ro,Z" "-v" "/var/lib/crater-agent-workspace/builds/worker-5-tc1/target:/opt/rustwide/target:rw,Z" "-v" "/var/lib/crater-agent-workspace/cargo-home:/opt/rustwide/cargo-home:ro,Z" "-v" "/var/lib/crater-agent-workspace/rustup-home:/opt/rustwide/rustup-home:ro,Z" "-m" "1610612736" "--network" "none" "ghcr.io/rust-lang/crates-build-env/linux@sha256:77db811e55d90add9212f6832c23229e3de5f1c1f9905e8cb07319ea15df73ac" "sleep" "infinity", kill_on_drop: false }`
[INFO] [stdout] 77b5d6884c28ef18590b32029a2535c9d3d76862d55e83857681d8484473e8e9
[INFO] running `Command { std: "docker" "start" "77b5d6884c28ef18590b32029a2535c9d3d76862d55e83857681d8484473e8e9", kill_on_drop: false }`
[INFO] running `Command { std: "docker" "inspect" "77b5d6884c28ef18590b32029a2535c9d3d76862d55e83857681d8484473e8e9", kill_on_drop: false }`
[INFO] running `Command { std: "docker" "exec" "-e" "SOURCE_DIR=/opt/rustwide/workdir" "-e" "CARGO_HOME=/opt/rustwide/cargo-home" "-e" "RUSTUP_HOME=/opt/rustwide/rustup-home" "-e" "CARGO_TARGET_DIR=/opt/rustwide/target" "-w" "/opt/rustwide/workdir" "--user" "0:0" "77b5d6884c28ef18590b32029a2535c9d3d76862d55e83857681d8484473e8e9" "/opt/rustwide/cargo-home/bin/cargo" "+1.99.0-beta.8" "metadata" "--no-deps" "--format-version=1", kill_on_drop: false }`
[INFO] running `Command { std: "docker" "inspect" "77b5d6884c28ef18590b32029a2535c9d3d76862d55e83857681d8484473e8e9", kill_on_drop: false }`
[INFO] running `Command { std: "docker" "exec" "-e" "SOURCE_DIR=/opt/rustwide/workdir" "-e" "CARGO_HOME=/opt/rustwide/cargo-home" "-e" "RUSTUP_HOME=/opt/rustwide/rustup-home" "-e" "CARGO_TARGET_DIR=/opt/rustwide/target" "-e" "CARGO_INCREMENTAL=0" "-e" "RUST_BACKTRACE=full" "-e" "RUSTFLAGS=--cap-lints=warn" "-e" "RUSTDOCFLAGS=--cap-lints=warn" "-w" "/opt/rustwide/workdir" "--user" "0:0" "77b5d6884c28ef18590b32029a2535c9d3d76862d55e83857681d8484473e8e9" "/opt/rustwide/cargo-home/bin/cargo" "+1.99.0-beta.8" "build" "--frozen" "--message-format=json" "--release", kill_on_drop: false }`
[INFO] [stderr]    Compiling num-traits v0.2.19
[INFO] [stderr]    Compiling arrayvec v0.7.8
[INFO] [stderr]    Compiling float_next_after v1.0.0
[INFO] [stderr]    Compiling glam v0.27.0
[INFO] [stderr]    Compiling syn v2.0.119
[INFO] [stderr]    Compiling euclid v0.22.14
[INFO] [stderr]    Compiling lyon_geom v1.0.19
[INFO] [stderr]    Compiling lyon_path v1.0.19
[INFO] [stderr]    Compiling thiserror-impl v1.0.69
[INFO] [stderr]    Compiling lyon_tessellation v1.0.21
[INFO] [stderr]    Compiling thiserror v1.0.69
[INFO] [stderr]    Compiling impeller-geometry v0.1.0
[INFO] [stderr]    Compiling impeller-hal v0.1.0
[INFO] [stderr]    Compiling impeller-renderer v0.1.0 (/opt/rustwide/workdir)
[INFO] [stderr]     Finished `release` profile [optimized] target(s) in 8.90s
[INFO] running `Command { std: "docker" "inspect" "77b5d6884c28ef18590b32029a2535c9d3d76862d55e83857681d8484473e8e9", kill_on_drop: false }`
[INFO] running `Command { std: "docker" "exec" "-e" "SOURCE_DIR=/opt/rustwide/workdir" "-e" "CARGO_HOME=/opt/rustwide/cargo-home" "-e" "RUSTUP_HOME=/opt/rustwide/rustup-home" "-e" "CARGO_TARGET_DIR=/opt/rustwide/target" "-e" "CARGO_INCREMENTAL=0" "-e" "RUST_BACKTRACE=full" "-e" "RUSTFLAGS=--cap-lints=warn" "-e" "RUSTDOCFLAGS=--cap-lints=warn" "-w" "/opt/rustwide/workdir" "--user" "0:0" "77b5d6884c28ef18590b32029a2535c9d3d76862d55e83857681d8484473e8e9" "/opt/rustwide/cargo-home/bin/cargo" "+1.99.0-beta.8" "test" "--frozen" "--no-run" "--message-format=json" "--release", kill_on_drop: false }`
[INFO] [stderr]    Compiling impeller-renderer v0.1.0 (/opt/rustwide/workdir)
[INFO] [stdout] error[E0432]: unresolved import `impeller_hal_vulkan`
[INFO] [stdout]   --> tests/end_to_end.rs:14:5
[INFO] [stdout]    |
[INFO] [stdout] 14 | use impeller_hal_vulkan::{ContextConfig, DevicePreference, VulkanContext};
[INFO] [stdout]    |     ^^^^^^^^^^^^^^^^^^^ use of unresolved module or unlinked crate `impeller_hal_vulkan`
[INFO] [stdout]    |
[INFO] [stdout]    = help: if you wanted to use a crate named `impeller_hal_vulkan`, use `cargo add impeller_hal_vulkan` to add it to your `Cargo.toml`
[INFO] [stdout] 
[INFO] [stdout] 
[INFO] [stdout] error[E0433]: cannot find module or crate `impeller_hal_vulkan` in this scope
[INFO] [stdout]    --> tests/end_to_end.rs:124:35
[INFO] [stdout]     |
[INFO] [stdout] 124 |         .filter(|m| m.severity == impeller_hal_vulkan::ValidationSeverity::Error)
[INFO] [stdout]     |                                   ^^^^^^^^^^^^^^^^^^^ use of unresolved module or unlinked crate `impeller_hal_vulkan`
[INFO] [stdout]     |
[INFO] [stdout]     = help: if you wanted to use a crate named `impeller_hal_vulkan`, use `cargo add impeller_hal_vulkan` to add it to your `Cargo.toml`
[INFO] [stdout] 
[INFO] [stdout] 
[INFO] [stdout] error[E0432]: unresolved import `impeller_hal_vulkan`
[INFO] [stdout]   --> tests/through_the_trait.rs:15:5
[INFO] [stdout]    |
[INFO] [stdout] 15 | use impeller_hal_vulkan::{VulkanContext, VulkanHal};
[INFO] [stdout]    |     ^^^^^^^^^^^^^^^^^^^ use of unresolved module or unlinked crate `impeller_hal_vulkan`
[INFO] [stdout]    |
[INFO] [stdout]    = help: if you wanted to use a crate named `impeller_hal_vulkan`, use `cargo add impeller_hal_vulkan` to add it to your `Cargo.toml`
[INFO] [stdout] 
[INFO] [stdout] 
[INFO] [stdout] error[E0433]: cannot find module or crate `impeller_hal_vulkan` in this scope
[INFO] [stdout]   --> tests/through_the_trait.rs:85:11
[INFO] [stdout]    |
[INFO] [stdout] 85 |     match impeller_hal_vulkan::Validated::new(impeller_hal_vulkan::DevicePreference::Auto) {
[INFO] [stdout]    |           ^^^^^^^^^^^^^^^^^^^ use of unresolved module or unlinked crate `impeller_hal_vulkan`
[INFO] [stdout]    |
[INFO] [stdout]    = help: if you wanted to use a crate named `impeller_hal_vulkan`, use `cargo add impeller_hal_vulkan` to add it to your `Cargo.toml`
[INFO] [stdout] 
[INFO] [stdout] 
[INFO] [stdout] Some errors have detailed explanations: E0432, E0433.
[INFO] [stdout] 
[INFO] [stdout] For more information about an error, try `rustc --explain E0432`.
[INFO] [stdout] 
[INFO] [stderr] error: could not compile `impeller-renderer` (test "end_to_end") due to 2 previous errors
[INFO] [stderr] warning: build failed, waiting for other jobs to finish...
[INFO] [stdout] error[E0433]: cannot find module or crate `impeller_hal_vulkan` in this scope
[INFO] [stdout]   --> tests/through_the_trait.rs:85:47
[INFO] [stdout]    |
[INFO] [stdout] 85 |     match impeller_hal_vulkan::Validated::new(impeller_hal_vulkan::DevicePreference::Auto) {
[INFO] [stdout]    |                                               ^^^^^^^^^^^^^^^^^^^ use of unresolved module or unlinked crate `impeller_hal_vulkan`
[INFO] [stdout]    |
[INFO] [stdout]    = help: if you wanted to use a crate named `impeller_hal_vulkan`, use `cargo add impeller_hal_vulkan` to add it to your `Cargo.toml`
[INFO] [stdout] 
[INFO] [stdout] 
[INFO] [stdout] error[E0433]: cannot find module or crate `impeller_hal_vulkan` in this scope
[INFO] [stdout]   --> tests/through_the_trait.rs:84:24
[INFO] [stdout]    |
[INFO] [stdout] 84 | fn context() -> Option<impeller_hal_vulkan::Validated> {
[INFO] [stdout]    |                        ^^^^^^^^^^^^^^^^^^^ use of unresolved module or unlinked crate `impeller_hal_vulkan`
[INFO] [stdout]    |
[INFO] [stdout]    = help: if you wanted to use a crate named `impeller_hal_vulkan`, use `cargo add impeller_hal_vulkan` to add it to your `Cargo.toml`
[INFO] [stdout] 
[INFO] [stdout] 
[INFO] [stdout] Some errors have detailed explanations: E0432, E0433.
[INFO] [stdout] 
[INFO] [stdout] For more information about an error, try `rustc --explain E0432`.
[INFO] [stdout] 
[INFO] [stderr] error: could not compile `impeller-renderer` (test "through_the_trait") due to 4 previous errors
[INFO] running `Command { std: "docker" "inspect" "77b5d6884c28ef18590b32029a2535c9d3d76862d55e83857681d8484473e8e9", kill_on_drop: false }`
[INFO] running `Command { std: "docker" "rm" "-f" "77b5d6884c28ef18590b32029a2535c9d3d76862d55e83857681d8484473e8e9", kill_on_drop: false }`
[INFO] [stdout] 77b5d6884c28ef18590b32029a2535c9d3d76862d55e83857681d8484473e8e9
