[INFO] fetching crate impeller-present 0.1.0...
[INFO] testing impeller-present-0.1.0 against 1.100.0-beta.1+cargoflags=--release for beta-release-1.100-2
[INFO] extracting crate impeller-present 0.1.0 into /workspace/builds/worker-1-tc2/source
[INFO] started tweaking crates.io crate impeller-present 0.1.0
[INFO] removed 0 missing tests
[INFO] finished tweaking crates.io crate impeller-present 0.1.0
[INFO] tweaked toml for crates.io crate impeller-present 0.1.0 written to /workspace/builds/worker-1-tc2/source/Cargo.toml
[INFO] validating manifest of crates.io crate impeller-present 0.1.0 on toolchain 1.100.0-beta.1
[INFO] running `Command { std: CARGO_HOME="/workspace/cargo-home" RUSTUP_HOME="/workspace/rustup-home" "/workspace/cargo-home/bin/cargo" "+1.100.0-beta.1" "metadata" "--manifest-path" "Cargo.toml" "--no-deps", kill_on_drop: false }`
[INFO] crate crates.io crate impeller-present 0.1.0 already has a lockfile, it will not be regenerated
[INFO] running `Command { std: CARGO_HOME="/workspace/cargo-home" RUSTUP_HOME="/workspace/rustup-home" "/workspace/cargo-home/bin/cargo" "+1.100.0-beta.1" "fetch" "--manifest-path" "Cargo.toml", kill_on_drop: false }`
[INFO] [stderr] warning: `package.homepage` is redundant with `package.repository`
[INFO] [stderr]   --> Cargo.toml:32:12
[INFO] [stderr]    |
[INFO] [stderr] 32 | homepage = "https://github.com/jwinarske/impeller-rs"
[INFO] [stderr]    |            ^^^^^^^^^^^^^^^^^^^^^^^^^^^^^^^^^^^^^^^^^^
[INFO] [stderr] ...
[INFO] [stderr] 38 | repository = "https://github.com/jwinarske/impeller-rs"
[INFO] [stderr]    |              ------------------------------------------
[INFO] [stderr]    |
[INFO] [stderr]    = note: `cargo::redundant_homepage` is set to `warn` by default
[INFO] [stderr] help: consider removing `package.homepage`
[INFO] [stderr] warning: `impeller-present` (manifest) generated 1 warning
[INFO] running `Command { std: "docker" "create" "-v" "/var/lib/crater-agent-workspace/builds/worker-1-tc2/source:/opt/rustwide/workdir:ro,Z" "-v" "/var/lib/crater-agent-workspace/builds/worker-1-tc2/target:/opt/rustwide/target:rw,Z" "-v" "/var/lib/crater-agent-workspace/cargo-home:/opt/rustwide/cargo-home:ro,Z" "-v" "/var/lib/crater-agent-workspace/rustup-home:/opt/rustwide/rustup-home:ro,Z" "-m" "1610612736" "--network" "none" "ghcr.io/rust-lang/crates-build-env/linux@sha256:77db811e55d90add9212f6832c23229e3de5f1c1f9905e8cb07319ea15df73ac" "sleep" "infinity", kill_on_drop: false }`
[INFO] [stdout] 4b24c8edf96368c1bfa5544487433f26c7d5ced3801f482353123986266e06ca
[INFO] running `Command { std: "docker" "start" "4b24c8edf96368c1bfa5544487433f26c7d5ced3801f482353123986266e06ca", kill_on_drop: false }`
[INFO] running `Command { std: "docker" "inspect" "4b24c8edf96368c1bfa5544487433f26c7d5ced3801f482353123986266e06ca", kill_on_drop: false }`
[INFO] running `Command { std: "docker" "exec" "-e" "SOURCE_DIR=/opt/rustwide/workdir" "-e" "CARGO_HOME=/opt/rustwide/cargo-home" "-e" "RUSTUP_HOME=/opt/rustwide/rustup-home" "-e" "CARGO_TARGET_DIR=/opt/rustwide/target" "-w" "/opt/rustwide/workdir" "--user" "0:0" "4b24c8edf96368c1bfa5544487433f26c7d5ced3801f482353123986266e06ca" "/opt/rustwide/cargo-home/bin/cargo" "+1.100.0-beta.1" "metadata" "--no-deps" "--format-version=1", kill_on_drop: false }`
[INFO] running `Command { std: "docker" "inspect" "4b24c8edf96368c1bfa5544487433f26c7d5ced3801f482353123986266e06ca", kill_on_drop: false }`
[INFO] running `Command { std: "docker" "exec" "-e" "SOURCE_DIR=/opt/rustwide/workdir" "-e" "CARGO_HOME=/opt/rustwide/cargo-home" "-e" "RUSTUP_HOME=/opt/rustwide/rustup-home" "-e" "CARGO_TARGET_DIR=/opt/rustwide/target" "-e" "CARGO_INCREMENTAL=0" "-e" "RUST_BACKTRACE=full" "-e" "RUSTFLAGS=--cap-lints=warn" "-e" "RUSTDOCFLAGS=--cap-lints=warn" "-w" "/opt/rustwide/workdir" "--user" "0:0" "4b24c8edf96368c1bfa5544487433f26c7d5ced3801f482353123986266e06ca" "/opt/rustwide/cargo-home/bin/cargo" "+1.100.0-beta.1" "build" "--frozen" "--message-format=json" "--release", kill_on_drop: false }`
[INFO] [stderr] warning: `package.homepage` is redundant with `package.repository`
[INFO] [stderr]   --> Cargo.toml:32:12
[INFO] [stderr]    |
[INFO] [stderr] 32 | homepage = "https://github.com/jwinarske/impeller-rs"
[INFO] [stderr]    |            ^^^^^^^^^^^^^^^^^^^^^^^^^^^^^^^^^^^^^^^^^^
[INFO] [stderr] ...
[INFO] [stderr] 38 | repository = "https://github.com/jwinarske/impeller-rs"
[INFO] [stderr]    |              ------------------------------------------
[INFO] [stderr]    |
[INFO] [stderr]    = note: `cargo::redundant_homepage` is set to `warn` by default
[INFO] [stderr] help: consider removing `package.homepage`
[INFO] [stderr] warning: `impeller-present` (manifest) generated 1 warning
[INFO] [stderr]    Compiling syn v2.0.119
[INFO] [stderr]    Compiling log v0.4.33
[INFO] [stderr]    Compiling thiserror-impl v1.0.69
[INFO] [stderr]    Compiling thiserror v1.0.69
[INFO] [stderr]    Compiling impeller-hal v0.1.0
[INFO] [stderr]    Compiling impeller-present v0.1.0 (/opt/rustwide/workdir)
[INFO] [stderr]     Finished `release` profile [optimized] target(s) in 5.86s
[INFO] running `Command { std: "docker" "inspect" "4b24c8edf96368c1bfa5544487433f26c7d5ced3801f482353123986266e06ca", kill_on_drop: false }`
[INFO] running `Command { std: "docker" "exec" "-e" "SOURCE_DIR=/opt/rustwide/workdir" "-e" "CARGO_HOME=/opt/rustwide/cargo-home" "-e" "RUSTUP_HOME=/opt/rustwide/rustup-home" "-e" "CARGO_TARGET_DIR=/opt/rustwide/target" "-e" "CARGO_INCREMENTAL=0" "-e" "RUST_BACKTRACE=full" "-e" "RUSTFLAGS=--cap-lints=warn" "-e" "RUSTDOCFLAGS=--cap-lints=warn" "-w" "/opt/rustwide/workdir" "--user" "0:0" "4b24c8edf96368c1bfa5544487433f26c7d5ced3801f482353123986266e06ca" "/opt/rustwide/cargo-home/bin/cargo" "+1.100.0-beta.1" "test" "--frozen" "--no-run" "--message-format=json" "--release", kill_on_drop: false }`
[INFO] [stderr] warning: `package.homepage` is redundant with `package.repository`
[INFO] [stderr]   --> Cargo.toml:32:12
[INFO] [stderr]    |
[INFO] [stderr] 32 | homepage = "https://github.com/jwinarske/impeller-rs"
[INFO] [stderr]    |            ^^^^^^^^^^^^^^^^^^^^^^^^^^^^^^^^^^^^^^^^^^
[INFO] [stderr] ...
[INFO] [stderr] 38 | repository = "https://github.com/jwinarske/impeller-rs"
[INFO] [stderr]    |              ------------------------------------------
[INFO] [stderr]    |
[INFO] [stderr]    = note: `cargo::redundant_homepage` is set to `warn` by default
[INFO] [stderr] help: consider removing `package.homepage`
[INFO] [stderr] warning: `impeller-present` (manifest) generated 1 warning
[INFO] [stderr]    Compiling impeller-present v0.1.0 (/opt/rustwide/workdir)
[INFO] [stdout] error[E0432]: unresolved import `impeller_hal_vulkan`
[INFO] [stdout]   --> tests/frame_loop.rs:10:5
[INFO] [stdout]    |
[INFO] [stdout] 10 | use impeller_hal_vulkan::{ContextConfig, DevicePreference, VulkanContext, VulkanHal};
[INFO] [stdout]    |     ^^^^^^^^^^^^^^^^^^^ use of unresolved module or unlinked crate `impeller_hal_vulkan`
[INFO] [stdout]    |
[INFO] [stdout]    = help: if you wanted to use a crate named `impeller_hal_vulkan`, use `cargo add impeller_hal_vulkan` to add it to your `Cargo.toml`
[INFO] [stdout] 
[INFO] [stdout] 
[INFO] [stdout] error[E0432]: unresolved import `impeller_testkit`
[INFO] [stdout]   --> tests/frame_loop.rs:12:5
[INFO] [stdout]    |
[INFO] [stdout] 12 | use impeller_testkit::{corpus, render_scene, Scene};
[INFO] [stdout]    |     ^^^^^^^^^^^^^^^^ use of unresolved module or unlinked crate `impeller_testkit`
[INFO] [stdout]    |
[INFO] [stdout] help: there is a crate or module with a similar name
[INFO] [stdout]    |
[INFO] [stdout] 12 - use impeller_testkit::{corpus, render_scene, Scene};
[INFO] [stdout] 12 + use impeller_present::{corpus, render_scene, Scene};
[INFO] [stdout]    |
[INFO] [stdout] 
[INFO] [stdout] 
[INFO] [stdout] error[E0432]: unresolved import `impeller_testkit`
[INFO] [stdout]   --> tests/frame_loop.rs:58:9
[INFO] [stdout]    |
[INFO] [stdout] 58 |     use impeller_testkit::record_scene;
[INFO] [stdout]    |         ^^^^^^^^^^^^^^^^ use of unresolved module or unlinked crate `impeller_testkit`
[INFO] [stdout]    |
[INFO] [stdout] help: there is a crate or module with a similar name
[INFO] [stdout]    |
[INFO] [stdout] 58 -     use impeller_testkit::record_scene;
[INFO] [stdout] 58 +     use impeller_present::record_scene;
[INFO] [stdout]    |
[INFO] [stdout] 
[INFO] [stdout] 
[INFO] [stdout] error[E0433]: cannot find module or crate `impeller_hal_vulkan` in this scope
[INFO] [stdout]   --> tests/frame_loop.rs:44:35
[INFO] [stdout]    |
[INFO] [stdout] 44 |         .filter(|m| m.severity == impeller_hal_vulkan::ValidationSeverity::Error)
[INFO] [stdout]    |                                   ^^^^^^^^^^^^^^^^^^^ use of unresolved module or unlinked crate `impeller_hal_vulkan`
[INFO] [stdout]    |
[INFO] [stdout]    = help: if you wanted to use a crate named `impeller_hal_vulkan`, use `cargo add impeller_hal_vulkan` to add it to your `Cargo.toml`
[INFO] [stdout] 
[INFO] [stdout] 
[INFO] [stdout] error[E0433]: cannot find module or crate `impeller_testkit` in this scope
[INFO] [stdout]   --> tests/frame_loop.rs:76:20
[INFO] [stdout]    |
[INFO] [stdout] 76 |     let fixtures = impeller_testkit::Fixtures::<H>::prepare(ctx, scene).expect("fixtures");
[INFO] [stdout]    |                    ^^^^^^^^^^^^^^^^ use of unresolved module or unlinked crate `impeller_testkit`
[INFO] [stdout]    |
[INFO] [stdout] help: there is a crate or module with a similar name
[INFO] [stdout]    |
[INFO] [stdout] 76 -     let fixtures = impeller_testkit::Fixtures::<H>::prepare(ctx, scene).expect("fixtures");
[INFO] [stdout] 76 +     let fixtures = impeller_present::Fixtures::<H>::prepare(ctx, scene).expect("fixtures");
[INFO] [stdout]    |
[INFO] [stdout] 
[INFO] [stdout] 
[INFO] [stdout] error[E0433]: cannot find module or crate `impeller_core` in this scope
[INFO] [stdout]   --> tests/frame_loop.rs:78:5
[INFO] [stdout]    |
[INFO] [stdout] 78 |     impeller_core::execute::<H>(ctx, image, &recording, &fixtures.bound()).expect("submit");
[INFO] [stdout]    |     ^^^^^^^^^^^^^ use of unresolved module or unlinked crate `impeller_core`
[INFO] [stdout]    |
[INFO] [stdout] help: there is a crate or module with a similar name
[INFO] [stdout]    |
[INFO] [stdout] 78 -     impeller_core::execute::<H>(ctx, image, &recording, &fixtures.bound()).expect("submit");
[INFO] [stdout] 78 +     impeller_hal::execute::<H>(ctx, image, &recording, &fixtures.bound()).expect("submit");
[INFO] [stdout]    |
[INFO] [stdout] 
[INFO] [stdout] 
[INFO] [stdout] Some errors have detailed explanations: E0432, E0433.
[INFO] [stdout] 
[INFO] [stdout] For more information about an error, try `rustc --explain E0432`.
[INFO] [stdout] 
[INFO] [stderr] error: could not compile `impeller-present` (test "frame_loop") due to 6 previous errors
[INFO] [stderr] warning: build failed, waiting for other jobs to finish...
[INFO] running `Command { std: "docker" "inspect" "4b24c8edf96368c1bfa5544487433f26c7d5ced3801f482353123986266e06ca", kill_on_drop: false }`
[INFO] running `Command { std: "docker" "rm" "-f" "4b24c8edf96368c1bfa5544487433f26c7d5ced3801f482353123986266e06ca", kill_on_drop: false }`
[INFO] [stdout] 4b24c8edf96368c1bfa5544487433f26c7d5ced3801f482353123986266e06ca
