[INFO] fetching crate imgui-sdl3-support 0.13.0...
[INFO] testing imgui-sdl3-support-0.13.0 against 1.99.0-beta.8+cargoflags=--release for beta-release-1.100-2
[INFO] extracting crate imgui-sdl3-support 0.13.0 into /workspace/builds/worker-3-tc1/source
[INFO] started tweaking crates.io crate imgui-sdl3-support 0.13.0
[INFO] removed 0 missing examples
[INFO] finished tweaking crates.io crate imgui-sdl3-support 0.13.0
[INFO] tweaked toml for crates.io crate imgui-sdl3-support 0.13.0 written to /workspace/builds/worker-3-tc1/source/Cargo.toml
[INFO] validating manifest of crates.io crate imgui-sdl3-support 0.13.0 on toolchain 1.99.0-beta.8
[INFO] running `Command { std: CARGO_HOME="/workspace/cargo-home" RUSTUP_HOME="/workspace/rustup-home" "/workspace/cargo-home/bin/cargo" "+1.99.0-beta.8" "metadata" "--manifest-path" "Cargo.toml" "--no-deps", kill_on_drop: false }`
[INFO] crate crates.io crate imgui-sdl3-support 0.13.0 already has a lockfile, it will not be regenerated
[INFO] running `Command { std: CARGO_HOME="/workspace/cargo-home" RUSTUP_HOME="/workspace/rustup-home" "/workspace/cargo-home/bin/cargo" "+1.99.0-beta.8" "fetch" "--manifest-path" "Cargo.toml", kill_on_drop: false }`
[INFO] [stderr]     Updating crates.io index
[INFO] [stderr]  Downloading crates ...
[INFO] [stderr]   Downloaded chlorine v1.0.13
[INFO] [stderr]   Downloaded imgui v0.12.0
[INFO] [stderr]   Downloaded cc v1.2.25
[INFO] [stderr]   Downloaded glow v0.14.2
[INFO] [stderr]   Downloaded sdl3-sys v0.5.1+SDL3-3.2.14
[INFO] [stderr]   Downloaded imgui-glow-renderer v0.13.0
[INFO] [stderr]   Downloaded sdl3 v0.14.27
[INFO] [stderr]   Downloaded imgui-sys v0.12.0
[INFO] running `Command { std: "docker" "create" "-v" "/var/lib/crater-agent-workspace/builds/worker-3-tc1/source:/opt/rustwide/workdir:ro,Z" "-v" "/var/lib/crater-agent-workspace/builds/worker-3-tc1/target:/opt/rustwide/target:rw,Z" "-v" "/var/lib/crater-agent-workspace/cargo-home:/opt/rustwide/cargo-home:ro,Z" "-v" "/var/lib/crater-agent-workspace/rustup-home:/opt/rustwide/rustup-home:ro,Z" "-m" "1610612736" "--network" "none" "ghcr.io/rust-lang/crates-build-env/linux@sha256:77db811e55d90add9212f6832c23229e3de5f1c1f9905e8cb07319ea15df73ac" "sleep" "infinity", kill_on_drop: false }`
[INFO] [stdout] cb6171b4884278227b7a0be43aa989c97bc9e2b7a094a59205c9cd51a2ebcb35
[INFO] running `Command { std: "docker" "start" "cb6171b4884278227b7a0be43aa989c97bc9e2b7a094a59205c9cd51a2ebcb35", kill_on_drop: false }`
[INFO] running `Command { std: "docker" "inspect" "cb6171b4884278227b7a0be43aa989c97bc9e2b7a094a59205c9cd51a2ebcb35", kill_on_drop: false }`
[INFO] running `Command { std: "docker" "exec" "-e" "SOURCE_DIR=/opt/rustwide/workdir" "-e" "CARGO_HOME=/opt/rustwide/cargo-home" "-e" "RUSTUP_HOME=/opt/rustwide/rustup-home" "-e" "CARGO_TARGET_DIR=/opt/rustwide/target" "-w" "/opt/rustwide/workdir" "--user" "0:0" "cb6171b4884278227b7a0be43aa989c97bc9e2b7a094a59205c9cd51a2ebcb35" "/opt/rustwide/cargo-home/bin/cargo" "+1.99.0-beta.8" "metadata" "--no-deps" "--format-version=1", kill_on_drop: false }`
[INFO] running `Command { std: "docker" "inspect" "cb6171b4884278227b7a0be43aa989c97bc9e2b7a094a59205c9cd51a2ebcb35", kill_on_drop: false }`
[INFO] running `Command { std: "docker" "exec" "-e" "SOURCE_DIR=/opt/rustwide/workdir" "-e" "CARGO_HOME=/opt/rustwide/cargo-home" "-e" "RUSTUP_HOME=/opt/rustwide/rustup-home" "-e" "CARGO_TARGET_DIR=/opt/rustwide/target" "-e" "CARGO_INCREMENTAL=0" "-e" "RUST_BACKTRACE=full" "-e" "RUSTFLAGS=--cap-lints=warn" "-e" "RUSTDOCFLAGS=--cap-lints=warn" "-w" "/opt/rustwide/workdir" "--user" "0:0" "cb6171b4884278227b7a0be43aa989c97bc9e2b7a094a59205c9cd51a2ebcb35" "/opt/rustwide/cargo-home/bin/cargo" "+1.99.0-beta.8" "build" "--frozen" "--message-format=json" "--release", kill_on_drop: false }`
[INFO] [stderr]    Compiling libc v0.2.172
[INFO] [stderr]    Compiling cc v1.2.25
[INFO] [stderr]    Compiling sdl3-sys v0.5.1+SDL3-3.2.14
[INFO] [stderr]    Compiling parking_lot_core v0.9.11
[INFO] [stderr]    Compiling smallvec v1.15.0
[INFO] [stderr]    Compiling chlorine v1.0.13
[INFO] [stderr]    Compiling mint v0.5.9
[INFO] [stderr]    Compiling sdl3 v0.14.27
[INFO] [stderr]    Compiling bitflags v2.9.1
[INFO] [stderr]    Compiling lock_api v0.4.13
[INFO] [stderr]    Compiling imgui-sys v0.12.0
[INFO] [stderr]    Compiling parking_lot v0.12.4
[INFO] [stderr]    Compiling imgui v0.12.0
[INFO] [stderr]    Compiling imgui-sdl3-support v0.13.0 (/opt/rustwide/workdir)
[INFO] [stderr]     Finished `release` profile [optimized] target(s) in 43.80s
[INFO] running `Command { std: "docker" "inspect" "cb6171b4884278227b7a0be43aa989c97bc9e2b7a094a59205c9cd51a2ebcb35", kill_on_drop: false }`
[INFO] running `Command { std: "docker" "exec" "-e" "SOURCE_DIR=/opt/rustwide/workdir" "-e" "CARGO_HOME=/opt/rustwide/cargo-home" "-e" "RUSTUP_HOME=/opt/rustwide/rustup-home" "-e" "CARGO_TARGET_DIR=/opt/rustwide/target" "-e" "CARGO_INCREMENTAL=0" "-e" "RUST_BACKTRACE=full" "-e" "RUSTFLAGS=--cap-lints=warn" "-e" "RUSTDOCFLAGS=--cap-lints=warn" "-w" "/opt/rustwide/workdir" "--user" "0:0" "cb6171b4884278227b7a0be43aa989c97bc9e2b7a094a59205c9cd51a2ebcb35" "/opt/rustwide/cargo-home/bin/cargo" "+1.99.0-beta.8" "test" "--frozen" "--no-run" "--message-format=json" "--release", kill_on_drop: false }`
[INFO] [stderr]    Compiling memoffset v0.9.1
[INFO] [stderr]    Compiling glow v0.14.2
[INFO] [stderr]    Compiling imgui-glow-renderer v0.13.0
[INFO] [stderr]    Compiling imgui-sdl3-support v0.13.0 (/opt/rustwide/workdir)
[INFO] [stdout] error: linking with `cc` failed: exit status: 1
[INFO] [stdout]   |
[INFO] [stdout]   = note:  "cc" "-m64" "/opt/rustwide/target/release/deps/rustcJVWC6p/symbols.o" "<2 object files omitted>" "-Wl,--as-needed" "-Wl,-Bstatic" "<sysroot>/lib/rustlib/x86_64-unknown-linux-gnu/lib/{libtest-*,libgetopts-*,librustc_std_workspace_std-*}.rlib" "/opt/rustwide/target/release/deps/{libsdl3-9c83625984806a6d,libsdl3_sys-76e5534384a78fda,liblazy_static-fdd6af0286056ca3,libbitflags-ab580676e1e4d295,libimgui-691e1022a2d1d7ee,libbitflags-68973b8086863992,libparking_lot-fc76c9cb2c9aaa1c,libparking_lot_core-e1d04995a34c8607,liblibc-497dc2e61057816d,libsmallvec-4f4b2a9463863cae,liblock_api-043d413bbbc3477b,libscopeguard-5f9373ec660020b4,libimgui_sys-fe282552582cf586,libmint-d5d3e90a0691226d,libcfg_if-193575a6b29a3ab9,libchlorine-0ec8b9213809f614}.rlib" "<sysroot>/lib/rustlib/x86_64-unknown-linux-gnu/lib/{libstd-*,libpanic_unwind-*,libobject-*,libmemchr-*,libaddr2line-*,libgimli-*,libcfg_if-*,librustc_demangle-*,libstd_detect-*,libhashbrown-*,librustc_std_workspace_alloc-*,libminiz_oxide-*,libadler2-*,libunwind-*,liblibc-*,librustc_std_workspace_core-*,liballoc-*,libcore-*,libcompiler_builtins-*}.rlib" "-Wl,-Bdynamic" "-lSDL3" "-lstdc++" "-lgcc_s" "-lutil" "-lrt" "-lpthread" "-lm" "-ldl" "-lc" "-L" "/opt/rustwide/target/release/deps/rustcJVWC6p/raw-dylibs" "-B<sysroot>/lib/rustlib/x86_64-unknown-linux-gnu/bin/gcc-ld" "-fuse-ld=lld" "-Wl,--eh-frame-hdr" "-Wl,-z,noexecstack" "-L" "/opt/rustwide/target/release/build/imgui-sys-1fae743edd0f41f3/out" "-L" "/usr/local/lib" "-L" "<sysroot>/lib/rustlib/x86_64-unknown-linux-gnu/lib" "-o" "/opt/rustwide/target/release/deps/imgui_sdl3_support-cc5e91197f8882c9" "-Wl,--gc-sections" "-pie" "-Wl,-z,relro,-z,now" "-Wl,-O1" "-Wl,--strip-debug" "-nodefaultlibs"
[INFO] [stdout]   = note: some arguments are omitted. use `--verbose` to show all linker arguments
[INFO] [stdout]   = note: rust-lld: error: unable to find library -lSDL3
[INFO] [stdout]           collect2: error: ld returned 1 exit status
[INFO] [stdout]           
[INFO] [stdout] 
[INFO] [stdout] 
[INFO] [stderr] error: could not compile `imgui-sdl3-support` (lib test) due to 1 previous error
[INFO] [stderr] warning: build failed, waiting for other jobs to finish...
[INFO] [stdout] error: linking with `cc` failed: exit status: 1
[INFO] [stdout]   |
[INFO] [stdout]   = note:  "cc" "-m64" "/opt/rustwide/target/release/examples/rustctixK4u/symbols.o" "<3 object files omitted>" "-Wl,--as-needed" "-Wl,-Bstatic" "/opt/rustwide/target/release/deps/{libimgui_sdl3_support-2aa0c00f6e86b855,libsdl3-9c83625984806a6d,libsdl3_sys-76e5534384a78fda,liblazy_static-fdd6af0286056ca3,libbitflags-ab580676e1e4d295,libimgui_glow_renderer-f2112739b4622bd2,libmemoffset-c1b2ccb86758d7c5,libglow-30280dd35fbc59cc,libimgui-691e1022a2d1d7ee,libbitflags-68973b8086863992,libparking_lot-fc76c9cb2c9aaa1c,libparking_lot_core-e1d04995a34c8607,liblibc-497dc2e61057816d,libsmallvec-4f4b2a9463863cae,liblock_api-043d413bbbc3477b,libscopeguard-5f9373ec660020b4,libimgui_sys-fe282552582cf586,libmint-d5d3e90a0691226d,libcfg_if-193575a6b29a3ab9,libchlorine-0ec8b9213809f614}.rlib" "<sysroot>/lib/rustlib/x86_64-unknown-linux-gnu/lib/{libstd-*,libpanic_unwind-*,libobject-*,libmemchr-*,libaddr2line-*,libgimli-*,libcfg_if-*,librustc_demangle-*,libstd_detect-*,libhashbrown-*,librustc_std_workspace_alloc-*,libminiz_oxide-*,libadler2-*,libunwind-*,liblibc-*,librustc_std_workspace_core-*,liballoc-*,libcore-*,libcompiler_builtins-*}.rlib" "-Wl,-Bdynamic" "-lSDL3" "-lstdc++" "-lgcc_s" "-lutil" "-lrt" "-lpthread" "-lm" "-ldl" "-lc" "-L" "/opt/rustwide/target/release/examples/rustctixK4u/raw-dylibs" "-B<sysroot>/lib/rustlib/x86_64-unknown-linux-gnu/bin/gcc-ld" "-fuse-ld=lld" "-Wl,--eh-frame-hdr" "-Wl,-z,noexecstack" "-L" "/opt/rustwide/target/release/build/imgui-sys-1fae743edd0f41f3/out" "-L" "/usr/local/lib" "-L" "<sysroot>/lib/rustlib/x86_64-unknown-linux-gnu/lib" "-o" "/opt/rustwide/target/release/examples/sdl3_01_basic-0e5c51f4e4b9cc47" "-Wl,--gc-sections" "-pie" "-Wl,-z,relro,-z,now" "-Wl,-O1" "-Wl,--strip-debug" "-nodefaultlibs"
[INFO] [stdout]   = note: some arguments are omitted. use `--verbose` to show all linker arguments
[INFO] [stdout]   = note: rust-lld: error: unable to find library -lSDL3
[INFO] [stdout]           collect2: error: ld returned 1 exit status
[INFO] [stdout]           
[INFO] [stdout] 
[INFO] [stdout] 
[INFO] [stderr] error: could not compile `imgui-sdl3-support` (example "sdl3_01_basic") due to 1 previous error
[INFO] running `Command { std: "docker" "inspect" "cb6171b4884278227b7a0be43aa989c97bc9e2b7a094a59205c9cd51a2ebcb35", kill_on_drop: false }`
[INFO] running `Command { std: "docker" "rm" "-f" "cb6171b4884278227b7a0be43aa989c97bc9e2b7a094a59205c9cd51a2ebcb35", kill_on_drop: false }`
[INFO] [stdout] cb6171b4884278227b7a0be43aa989c97bc9e2b7a094a59205c9cd51a2ebcb35
