[INFO] fetching crate image_dds__patch 0.5.1...
[INFO] testing image_dds__patch-0.5.1 against 1.99.0-beta.8+cargoflags=--release for beta-release-1.100-2
[INFO] extracting crate image_dds__patch 0.5.1 into /workspace/builds/worker-2-tc1/source
[INFO] started tweaking crates.io crate image_dds__patch 0.5.1
[INFO] removed 0 missing examples
[INFO] finished tweaking crates.io crate image_dds__patch 0.5.1
[INFO] tweaked toml for crates.io crate image_dds__patch 0.5.1 written to /workspace/builds/worker-2-tc1/source/Cargo.toml
[INFO] validating manifest of crates.io crate image_dds__patch 0.5.1 on toolchain 1.99.0-beta.8
[INFO] running `Command { std: CARGO_HOME="/workspace/cargo-home" RUSTUP_HOME="/workspace/rustup-home" "/workspace/cargo-home/bin/cargo" "+1.99.0-beta.8" "metadata" "--manifest-path" "Cargo.toml" "--no-deps", kill_on_drop: false }`
[INFO] crate crates.io crate image_dds__patch 0.5.1 already has a lockfile, it will not be regenerated
[INFO] running `Command { std: CARGO_HOME="/workspace/cargo-home" RUSTUP_HOME="/workspace/rustup-home" "/workspace/cargo-home/bin/cargo" "+1.99.0-beta.8" "fetch" "--manifest-path" "Cargo.toml", kill_on_drop: false }`
[INFO] [stderr]     Updating crates.io index
[INFO] [stderr]  Downloading crates ...
[INFO] [stderr]   Downloaded strum v0.26.2
[INFO] [stderr]   Downloaded ispc_rt v2.0.1
[INFO] [stderr]   Downloaded ddsfile v0.5.2
[INFO] [stderr]   Downloaded enum-primitive-derive v0.2.2
[INFO] [stderr]   Downloaded exr v1.72.0
[INFO] [stderr]   Downloaded anstyle v1.0.7
[INFO] [stderr]   Downloaded clap_lex v0.7.1
[INFO] [stderr]   Downloaded bcdec_rs v0.1.1
[INFO] [stderr]   Downloaded derive_arbitrary v1.3.2
[INFO] [stderr]   Downloaded arbitrary v1.3.2
[INFO] [stderr]   Downloaded clap v4.5.7
[INFO] [stderr]   Downloaded clap_builder v4.5.7
[INFO] [stderr]   Downloaded image v0.25.1
[INFO] [stderr]   Downloaded intel_tex_2 v0.4.0
[INFO] running `Command { std: "docker" "create" "-v" "/var/lib/crater-agent-workspace/builds/worker-2-tc1/source:/opt/rustwide/workdir:ro,Z" "-v" "/var/lib/crater-agent-workspace/builds/worker-2-tc1/target:/opt/rustwide/target:rw,Z" "-v" "/var/lib/crater-agent-workspace/cargo-home:/opt/rustwide/cargo-home:ro,Z" "-v" "/var/lib/crater-agent-workspace/rustup-home:/opt/rustwide/rustup-home:ro,Z" "-m" "1610612736" "--network" "none" "ghcr.io/rust-lang/crates-build-env/linux@sha256:77db811e55d90add9212f6832c23229e3de5f1c1f9905e8cb07319ea15df73ac" "sleep" "infinity", kill_on_drop: false }`
[INFO] [stdout] 34308dee5f1db3208eb5bf9b9eabb82fac2b77d991d8fa93d147510ec3aa4eed
[INFO] running `Command { std: "docker" "start" "34308dee5f1db3208eb5bf9b9eabb82fac2b77d991d8fa93d147510ec3aa4eed", kill_on_drop: false }`
[INFO] running `Command { std: "docker" "inspect" "34308dee5f1db3208eb5bf9b9eabb82fac2b77d991d8fa93d147510ec3aa4eed", kill_on_drop: false }`
[INFO] running `Command { std: "docker" "exec" "-e" "SOURCE_DIR=/opt/rustwide/workdir" "-e" "CARGO_HOME=/opt/rustwide/cargo-home" "-e" "RUSTUP_HOME=/opt/rustwide/rustup-home" "-e" "CARGO_TARGET_DIR=/opt/rustwide/target" "-w" "/opt/rustwide/workdir" "--user" "0:0" "34308dee5f1db3208eb5bf9b9eabb82fac2b77d991d8fa93d147510ec3aa4eed" "/opt/rustwide/cargo-home/bin/cargo" "+1.99.0-beta.8" "metadata" "--no-deps" "--format-version=1", kill_on_drop: false }`
[INFO] running `Command { std: "docker" "inspect" "34308dee5f1db3208eb5bf9b9eabb82fac2b77d991d8fa93d147510ec3aa4eed", kill_on_drop: false }`
[INFO] running `Command { std: "docker" "exec" "-e" "SOURCE_DIR=/opt/rustwide/workdir" "-e" "CARGO_HOME=/opt/rustwide/cargo-home" "-e" "RUSTUP_HOME=/opt/rustwide/rustup-home" "-e" "CARGO_TARGET_DIR=/opt/rustwide/target" "-e" "CARGO_INCREMENTAL=0" "-e" "RUST_BACKTRACE=full" "-e" "RUSTFLAGS=--cap-lints=warn" "-e" "RUSTDOCFLAGS=--cap-lints=warn" "-w" "/opt/rustwide/workdir" "--user" "0:0" "34308dee5f1db3208eb5bf9b9eabb82fac2b77d991d8fa93d147510ec3aa4eed" "/opt/rustwide/cargo-home/bin/cargo" "+1.99.0-beta.8" "build" "--frozen" "--message-format=json" "--release", kill_on_drop: false }`
[INFO] [stderr]    Compiling proc-macro2 v1.0.85
[INFO] [stderr]    Compiling libc v0.2.155
[INFO] [stderr]    Compiling autocfg v1.3.0
[INFO] [stderr]    Compiling rustversion v1.0.17
[INFO] [stderr]    Compiling thiserror v1.0.61
[INFO] [stderr]    Compiling bitflags v2.5.0
[INFO] [stderr]    Compiling bcdec_rs v0.1.1
[INFO] [stderr]    Compiling num-traits v0.2.19
[INFO] [stderr]    Compiling num_cpus v1.16.0
[INFO] [stderr]    Compiling ispc_rt v2.0.1
[INFO] [stderr]    Compiling quote v1.0.36
[INFO] [stderr]    Compiling syn v2.0.66
[INFO] [stderr]    Compiling syn v1.0.109
[INFO] [stderr]    Compiling intel_tex_2 v0.4.0
[INFO] [stderr]    Compiling enum-primitive-derive v0.2.2
[INFO] [stderr]    Compiling ddsfile v0.5.2
[INFO] [stderr]    Compiling bytemuck_derive v1.7.0
[INFO] [stderr]    Compiling thiserror-impl v1.0.61
[INFO] [stderr]    Compiling strum_macros v0.26.4
[INFO] [stderr]    Compiling bytemuck v1.16.0
[INFO] [stderr]    Compiling image v0.25.1
[INFO] [stderr]    Compiling half v2.4.1
[INFO] [stderr]    Compiling strum v0.26.2
[INFO] [stderr]    Compiling image_dds__patch v0.5.1 (/opt/rustwide/workdir)
[INFO] [stdout] warning: crate `image_dds__patch` should have a snake case name
[INFO] [stdout]   |
[INFO] [stdout]   = help: convert the identifier to snake case: `image_dds_patch`
[INFO] [stdout]   = note: `#[warn(non_snake_case)]` (part of `#[warn(nonstandard_style)]`) on by default
[INFO] [stdout] 
[INFO] [stdout] 
[INFO] [stdout] warning: hiding a lifetime that's elided elsewhere is confusing
[INFO] [stdout]    --> src/encode.rs:356:11
[INFO] [stdout]     |
[INFO] [stdout] 356 |     data: &[T],
[INFO] [stdout]     |           ^^^^ the lifetime is elided here
[INFO] [stdout] 357 | ) -> Cow<[T]>
[INFO] [stdout]     |      ^^^^^^^^ the same lifetime is hidden here
[INFO] [stdout]     |
[INFO] [stdout]     = help: the same lifetime is referred to in inconsistent ways, making the signature confusing
[INFO] [stdout]     = note: `#[warn(mismatched_lifetime_syntaxes)]` on by default
[INFO] [stdout] help: use `'_` for type paths
[INFO] [stdout]     |
[INFO] [stdout] 357 | ) -> Cow<'_, [T]>
[INFO] [stdout]     |          +++
[INFO] [stdout] 
[INFO] [stdout] 
[INFO] [stderr]     Finished `release` profile [optimized] target(s) in 17.23s
[INFO] running `Command { std: "docker" "inspect" "34308dee5f1db3208eb5bf9b9eabb82fac2b77d991d8fa93d147510ec3aa4eed", kill_on_drop: false }`
[INFO] running `Command { std: "docker" "exec" "-e" "SOURCE_DIR=/opt/rustwide/workdir" "-e" "CARGO_HOME=/opt/rustwide/cargo-home" "-e" "RUSTUP_HOME=/opt/rustwide/rustup-home" "-e" "CARGO_TARGET_DIR=/opt/rustwide/target" "-e" "CARGO_INCREMENTAL=0" "-e" "RUST_BACKTRACE=full" "-e" "RUSTFLAGS=--cap-lints=warn" "-e" "RUSTDOCFLAGS=--cap-lints=warn" "-w" "/opt/rustwide/workdir" "--user" "0:0" "34308dee5f1db3208eb5bf9b9eabb82fac2b77d991d8fa93d147510ec3aa4eed" "/opt/rustwide/cargo-home/bin/cargo" "+1.99.0-beta.8" "test" "--frozen" "--no-run" "--message-format=json" "--release", kill_on_drop: false }`
[INFO] [stderr]    Compiling crossbeam-utils v0.8.20
[INFO] [stderr]    Compiling rayon-core v1.12.1
[INFO] [stderr]    Compiling lock_api v0.4.12
[INFO] [stderr]    Compiling serde v1.0.203
[INFO] [stderr]    Compiling either v1.12.0
[INFO] [stderr]    Compiling serde_json v1.0.117
[INFO] [stderr]    Compiling miniz_oxide v0.7.3
[INFO] [stderr]    Compiling zune-inflate v0.2.54
[INFO] [stderr]    Compiling serde_derive v1.0.203
[INFO] [stderr]    Compiling lebe v0.5.2
[INFO] [stderr]    Compiling smallvec v1.13.2
[INFO] [stderr]    Compiling clap_lex v0.7.1
[INFO] [stderr]    Compiling anstyle v1.0.7
[INFO] [stderr]    Compiling bit_field v0.10.2
[INFO] [stderr]    Compiling plotters-backend v0.3.6
[INFO] [stderr]    Compiling regex-syntax v0.8.4
[INFO] [stderr]    Compiling ciborium-ll v0.2.2
[INFO] [stderr]    Compiling is-terminal v0.4.12
[INFO] [stderr]    Compiling oorandom v11.1.3
[INFO] [stderr]    Compiling once_cell v1.19.0
[INFO] [stderr]    Compiling plotters-svg v0.3.6
[INFO] [stderr]    Compiling itertools v0.10.5
[INFO] [stderr]    Compiling clap_builder v4.5.7
[INFO] [stderr]    Compiling plotters v0.3.6
[INFO] [stderr]    Compiling spin v0.9.8
[INFO] [stderr]    Compiling flume v0.11.0
[INFO] [stderr]    Compiling crossbeam-epoch v0.9.18
[INFO] [stderr]    Compiling crossbeam-deque v0.8.5
[INFO] [stderr]    Compiling criterion-plot v0.5.0
[INFO] [stderr]    Compiling regex-automata v0.4.7
[INFO] [stderr]    Compiling exr v1.72.0
[INFO] [stderr]    Compiling rayon v1.10.0
[INFO] [stderr]    Compiling clap v4.5.7
[INFO] [stderr]    Compiling regex v1.10.5
[INFO] [stderr]    Compiling ciborium v0.2.2
[INFO] [stderr]    Compiling image v0.25.1
[INFO] [stderr]    Compiling tinytemplate v1.2.1
[INFO] [stderr]    Compiling criterion v0.5.1
[INFO] [stderr]    Compiling image_dds__patch v0.5.1 (/opt/rustwide/workdir)
[INFO] [stdout] warning: crate `image_dds__patch` should have a snake case name
[INFO] [stdout]   |
[INFO] [stdout]   = help: convert the identifier to snake case: `image_dds_patch`
[INFO] [stdout]   = note: `#[warn(non_snake_case)]` (part of `#[warn(nonstandard_style)]`) on by default
[INFO] [stdout] 
[INFO] [stdout] 
[INFO] [stdout] warning: hiding a lifetime that's elided elsewhere is confusing
[INFO] [stdout]    --> src/encode.rs:356:11
[INFO] [stdout]     |
[INFO] [stdout] 356 |     data: &[T],
[INFO] [stdout]     |           ^^^^ the lifetime is elided here
[INFO] [stdout] 357 | ) -> Cow<[T]>
[INFO] [stdout]     |      ^^^^^^^^ the same lifetime is hidden here
[INFO] [stdout]     |
[INFO] [stdout]     = help: the same lifetime is referred to in inconsistent ways, making the signature confusing
[INFO] [stdout]     = note: `#[warn(mismatched_lifetime_syntaxes)]` on by default
[INFO] [stdout] help: use `'_` for type paths
[INFO] [stdout]     |
[INFO] [stdout] 357 | ) -> Cow<'_, [T]>
[INFO] [stdout]     |          +++
[INFO] [stdout] 
[INFO] [stdout] 
[INFO] [stdout] error[E0433]: cannot find module or crate `image_dds` in this scope
[INFO] [stdout]   --> examples/dds2imgf32.rs:10:17
[INFO] [stdout]    |
[INFO] [stdout] 10 |     let image = image_dds::imagef32_from_dds(&dds, mipmap).unwrap();
[INFO] [stdout]    |                 ^^^^^^^^^ use of unresolved module or unlinked crate `image_dds`
[INFO] [stdout]    |
[INFO] [stdout]    = help: if you wanted to use a crate named `image_dds`, use `cargo add image_dds` to add it to your `Cargo.toml`
[INFO] [stdout] 
[INFO] [stdout] 
[INFO] [stdout] For more information about this error, try `rustc --explain E0433`.
[INFO] [stdout] 
[INFO] [stderr] error: could not compile `image_dds__patch` (example "dds2imgf32") due to 1 previous error
[INFO] [stderr] warning: build failed, waiting for other jobs to finish...
[INFO] [stdout] error[E0433]: cannot find module or crate `image_dds` in this scope
[INFO] [stdout]   --> examples/img2ddsf32.rs:10:18
[INFO] [stdout]    |
[INFO] [stdout] 10 |     let format = image_dds::ImageFormat::from_str(&format_string).unwrap();
[INFO] [stdout]    |                  ^^^^^^^^^ use of unresolved module or unlinked crate `image_dds`
[INFO] [stdout]    |
[INFO] [stdout]    = help: if you wanted to use a crate named `image_dds`, use `cargo add image_dds` to add it to your `Cargo.toml`
[INFO] [stdout] 
[INFO] [stdout] 
[INFO] [stdout] error[E0433]: cannot find module or crate `image_dds` in this scope
[INFO] [stdout]   --> examples/img2ddsf32.rs:16:13
[INFO] [stdout]    |
[INFO] [stdout] 16 |             image_dds::SurfaceRgba32Float::from_image_layers(&image, image.height() / image.width())
[INFO] [stdout]    |             ^^^^^^^^^ use of unresolved module or unlinked crate `image_dds`
[INFO] [stdout]    |
[INFO] [stdout]    = help: if you wanted to use a crate named `image_dds`, use `cargo add image_dds` to add it to your `Cargo.toml`
[INFO] [stdout] 
[INFO] [stdout] 
[INFO] [stdout] error[E0433]: cannot find module or crate `image_dds` in this scope
[INFO] [stdout]   --> examples/img2ddsf32.rs:19:21
[INFO] [stdout]    |
[INFO] [stdout] 19 |                     image_dds::Quality::Fast,
[INFO] [stdout]    |                     ^^^^^^^^^ use of unresolved module or unlinked crate `image_dds`
[INFO] [stdout]    |
[INFO] [stdout]    = help: if you wanted to use a crate named `image_dds`, use `cargo add image_dds` to add it to your `Cargo.toml`
[INFO] [stdout] 
[INFO] [stdout] 
[INFO] [stdout] error[E0433]: cannot find module or crate `image_dds` in this scope
[INFO] [stdout]   --> examples/img2ddsf32.rs:20:21
[INFO] [stdout]    |
[INFO] [stdout] 20 |                     image_dds::Mipmaps::GeneratedAutomatic,
[INFO] [stdout]    |                     ^^^^^^^^^ use of unresolved module or unlinked crate `image_dds`
[INFO] [stdout]    |
[INFO] [stdout]    = help: if you wanted to use a crate named `image_dds`, use `cargo add image_dds` to add it to your `Cargo.toml`
[INFO] [stdout] 
[INFO] [stdout] 
[INFO] [stdout] error[E0433]: cannot find module or crate `image_dds` in this scope
[INFO] [stdout]   --> examples/img2dds.rs:10:18
[INFO] [stdout]    |
[INFO] [stdout] 10 |     let format = image_dds::ImageFormat::from_str(&format_string).unwrap();
[INFO] [stdout]    |                  ^^^^^^^^^ use of unresolved module or unlinked crate `image_dds`
[INFO] [stdout]    |
[INFO] [stdout]    = help: if you wanted to use a crate named `image_dds`, use `cargo add image_dds` to add it to your `Cargo.toml`
[INFO] [stdout] 
[INFO] [stdout] 
[INFO] [stdout] error[E0433]: cannot find module or crate `image_dds` in this scope
[INFO] [stdout]   --> examples/img2ddsf32.rs:28:13
[INFO] [stdout]    |
[INFO] [stdout] 28 |             image_dds::SurfaceRgba32Float::from_image_depth(&image, image.height() / image.width())
[INFO] [stdout]    |             ^^^^^^^^^ use of unresolved module or unlinked crate `image_dds`
[INFO] [stdout]    |
[INFO] [stdout]    = help: if you wanted to use a crate named `image_dds`, use `cargo add image_dds` to add it to your `Cargo.toml`
[INFO] [stdout] 
[INFO] [stdout] 
[INFO] [stdout] error[E0433]: cannot find module or crate `image_dds` in this scope
[INFO] [stdout]   --> examples/img2ddsf32.rs:31:21
[INFO] [stdout]    |
[INFO] [stdout] 31 |                     image_dds::Quality::Fast,
[INFO] [stdout]    |                     ^^^^^^^^^ use of unresolved module or unlinked crate `image_dds`
[INFO] [stdout]    |
[INFO] [stdout]    = help: if you wanted to use a crate named `image_dds`, use `cargo add image_dds` to add it to your `Cargo.toml`
[INFO] [stdout] 
[INFO] [stdout] 
[INFO] [stdout] error[E0433]: cannot find module or crate `image_dds` in this scope
[INFO] [stdout]   --> examples/dds2img.rs:10:17
[INFO] [stdout]    |
[INFO] [stdout] 10 |     let image = image_dds::image_from_dds(&dds, mipmap).unwrap();
[INFO] [stdout]    |                 ^^^^^^^^^ use of unresolved module or unlinked crate `image_dds`
[INFO] [stdout]    |
[INFO] [stdout]    = help: if you wanted to use a crate named `image_dds`, use `cargo add image_dds` to add it to your `Cargo.toml`
[INFO] [stdout] 
[INFO] [stdout] 
[INFO] [stdout] For more information about this error, try `rustc --explain E0433`.
[INFO] [stdout] 
[INFO] [stdout] error[E0433]: cannot find module or crate `image_dds` in this scope
[INFO] [stdout]   --> examples/img2ddsf32.rs:32:21
[INFO] [stdout]    |
[INFO] [stdout] 32 |                     image_dds::Mipmaps::GeneratedAutomatic,
[INFO] [stdout]    |                     ^^^^^^^^^ use of unresolved module or unlinked crate `image_dds`
[INFO] [stdout]    |
[INFO] [stdout]    = help: if you wanted to use a crate named `image_dds`, use `cargo add image_dds` to add it to your `Cargo.toml`
[INFO] [stdout] 
[INFO] [stdout] 
[INFO] [stderr] error: could not compile `image_dds__patch` (example "dds2img") due to 1 previous error
[INFO] [stdout] error[E0433]: cannot find module or crate `image_dds` in this scope
[INFO] [stdout]   --> examples/img2ddsf32.rs:41:13
[INFO] [stdout]    |
[INFO] [stdout] 41 |             image_dds::Quality::Fast,
[INFO] [stdout]    |             ^^^^^^^^^ use of unresolved module or unlinked crate `image_dds`
[INFO] [stdout]    |
[INFO] [stdout]    = help: if you wanted to use a crate named `image_dds`, use `cargo add image_dds` to add it to your `Cargo.toml`
[INFO] [stdout] 
[INFO] [stdout] 
[INFO] [stdout] error[E0433]: cannot find module or crate `image_dds` in this scope
[INFO] [stdout]   --> examples/img2ddsf32.rs:42:13
[INFO] [stdout]    |
[INFO] [stdout] 42 |             image_dds::Mipmaps::GeneratedAutomatic,
[INFO] [stdout]    |             ^^^^^^^^^ use of unresolved module or unlinked crate `image_dds`
[INFO] [stdout]    |
[INFO] [stdout]    = help: if you wanted to use a crate named `image_dds`, use `cargo add image_dds` to add it to your `Cargo.toml`
[INFO] [stdout] 
[INFO] [stdout] 
[INFO] [stdout] error[E0433]: cannot find module or crate `image_dds` in this scope
[INFO] [stdout]   --> examples/img2dds.rs:16:13
[INFO] [stdout]    |
[INFO] [stdout] 16 |             image_dds::SurfaceRgba8::from_image_layers(&image, image.height() / image.width())
[INFO] [stdout]    |             ^^^^^^^^^ use of unresolved module or unlinked crate `image_dds`
[INFO] [stdout]    |
[INFO] [stdout]    = help: if you wanted to use a crate named `image_dds`, use `cargo add image_dds` to add it to your `Cargo.toml`
[INFO] [stdout] 
[INFO] [stdout] 
[INFO] [stdout] warning: unused import: `std::str::FromStr`
[INFO] [stdout]  --> examples/img2ddsf32.rs:1:5
[INFO] [stdout]   |
[INFO] [stdout] 1 | use std::str::FromStr;
[INFO] [stdout]   |     ^^^^^^^^^^^^^^^^^
[INFO] [stdout]   |
[INFO] [stdout]   = note: `#[warn(unused_imports)]` (part of `#[warn(unused)]`) on by default
[INFO] [stdout] 
[INFO] [stdout] 
[INFO] [stdout] error[E0433]: cannot find module or crate `image_dds` in this scope
[INFO] [stdout]   --> examples/img2ddsf32.rs:38:14
[INFO] [stdout]    |
[INFO] [stdout] 38 |         _ => image_dds::dds_from_imagef32(
[INFO] [stdout]    |              ^^^^^^^^^ use of unresolved module or unlinked crate `image_dds`
[INFO] [stdout]    |
[INFO] [stdout]    = help: if you wanted to use a crate named `image_dds`, use `cargo add image_dds` to add it to your `Cargo.toml`
[INFO] [stdout] 
[INFO] [stdout] 
[INFO] [stdout] For more information about this error, try `rustc --explain E0433`.
[INFO] [stdout] 
[INFO] [stderr] error: could not compile `image_dds__patch` (example "img2ddsf32") due to 10 previous errors; 1 warning emitted
[INFO] [stdout] error[E0433]: cannot find module or crate `image_dds` in this scope
[INFO] [stdout]   --> examples/img2dds.rs:19:21
[INFO] [stdout]    |
[INFO] [stdout] 19 |                     image_dds::Quality::Fast,
[INFO] [stdout]    |                     ^^^^^^^^^ use of unresolved module or unlinked crate `image_dds`
[INFO] [stdout]    |
[INFO] [stdout]    = help: if you wanted to use a crate named `image_dds`, use `cargo add image_dds` to add it to your `Cargo.toml`
[INFO] [stdout] 
[INFO] [stdout] 
[INFO] [stdout] error[E0433]: cannot find module or crate `image_dds` in this scope
[INFO] [stdout]   --> examples/img2dds.rs:20:21
[INFO] [stdout]    |
[INFO] [stdout] 20 |                     image_dds::Mipmaps::GeneratedAutomatic,
[INFO] [stdout]    |                     ^^^^^^^^^ use of unresolved module or unlinked crate `image_dds`
[INFO] [stdout]    |
[INFO] [stdout]    = help: if you wanted to use a crate named `image_dds`, use `cargo add image_dds` to add it to your `Cargo.toml`
[INFO] [stdout] 
[INFO] [stdout] 
[INFO] [stdout] error[E0433]: cannot find module or crate `image_dds` in this scope
[INFO] [stdout]   --> examples/img2dds.rs:28:13
[INFO] [stdout]    |
[INFO] [stdout] 28 |             image_dds::SurfaceRgba8::from_image_depth(&image, image.height() / image.width())
[INFO] [stdout]    |             ^^^^^^^^^ use of unresolved module or unlinked crate `image_dds`
[INFO] [stdout]    |
[INFO] [stdout]    = help: if you wanted to use a crate named `image_dds`, use `cargo add image_dds` to add it to your `Cargo.toml`
[INFO] [stdout] 
[INFO] [stdout] 
[INFO] [stdout] error[E0433]: cannot find module or crate `image_dds` in this scope
[INFO] [stdout]   --> examples/img2dds.rs:31:21
[INFO] [stdout]    |
[INFO] [stdout] 31 |                     image_dds::Quality::Fast,
[INFO] [stdout]    |                     ^^^^^^^^^ use of unresolved module or unlinked crate `image_dds`
[INFO] [stdout]    |
[INFO] [stdout]    = help: if you wanted to use a crate named `image_dds`, use `cargo add image_dds` to add it to your `Cargo.toml`
[INFO] [stdout] 
[INFO] [stdout] 
[INFO] [stdout] error[E0433]: cannot find module or crate `image_dds` in this scope
[INFO] [stdout]   --> examples/img2dds.rs:32:21
[INFO] [stdout]    |
[INFO] [stdout] 32 |                     image_dds::Mipmaps::Disabled,
[INFO] [stdout]    |                     ^^^^^^^^^ use of unresolved module or unlinked crate `image_dds`
[INFO] [stdout]    |
[INFO] [stdout]    = help: if you wanted to use a crate named `image_dds`, use `cargo add image_dds` to add it to your `Cargo.toml`
[INFO] [stdout] 
[INFO] [stdout] 
[INFO] [stdout] error[E0433]: cannot find module or crate `image_dds` in this scope
[INFO] [stdout]   --> examples/img2dds.rs:41:13
[INFO] [stdout]    |
[INFO] [stdout] 41 |             image_dds::Quality::Fast,
[INFO] [stdout]    |             ^^^^^^^^^ use of unresolved module or unlinked crate `image_dds`
[INFO] [stdout]    |
[INFO] [stdout]    = help: if you wanted to use a crate named `image_dds`, use `cargo add image_dds` to add it to your `Cargo.toml`
[INFO] [stdout] 
[INFO] [stdout] 
[INFO] [stdout] error[E0433]: cannot find module or crate `image_dds` in this scope
[INFO] [stdout]   --> examples/img2dds.rs:42:13
[INFO] [stdout]    |
[INFO] [stdout] 42 |             image_dds::Mipmaps::GeneratedAutomatic,
[INFO] [stdout]    |             ^^^^^^^^^ use of unresolved module or unlinked crate `image_dds`
[INFO] [stdout]    |
[INFO] [stdout]    = help: if you wanted to use a crate named `image_dds`, use `cargo add image_dds` to add it to your `Cargo.toml`
[INFO] [stdout] 
[INFO] [stdout] 
[INFO] [stdout] warning: unused import: `std::str::FromStr`
[INFO] [stdout]  --> examples/img2dds.rs:1:5
[INFO] [stdout]   |
[INFO] [stdout] 1 | use std::str::FromStr;
[INFO] [stdout]   |     ^^^^^^^^^^^^^^^^^
[INFO] [stdout]   |
[INFO] [stdout]   = note: `#[warn(unused_imports)]` (part of `#[warn(unused)]`) on by default
[INFO] [stdout] 
[INFO] [stdout] 
[INFO] [stdout] error[E0433]: cannot find module or crate `image_dds` in this scope
[INFO] [stdout]   --> examples/img2dds.rs:38:14
[INFO] [stdout]    |
[INFO] [stdout] 38 |         _ => image_dds::dds_from_image(
[INFO] [stdout]    |              ^^^^^^^^^ use of unresolved module or unlinked crate `image_dds`
[INFO] [stdout]    |
[INFO] [stdout]    = help: if you wanted to use a crate named `image_dds`, use `cargo add image_dds` to add it to your `Cargo.toml`
[INFO] [stdout] 
[INFO] [stdout] 
[INFO] [stdout] For more information about this error, try `rustc --explain E0433`.
[INFO] [stdout] 
[INFO] [stderr] error: could not compile `image_dds__patch` (example "img2dds") due to 10 previous errors; 1 warning emitted
[INFO] [stdout] warning: hiding a lifetime that's elided elsewhere is confusing
[INFO] [stdout]    --> src/encode.rs:356:11
[INFO] [stdout]     |
[INFO] [stdout] 356 |     data: &[T],
[INFO] [stdout]     |           ^^^^ the lifetime is elided here
[INFO] [stdout] 357 | ) -> Cow<[T]>
[INFO] [stdout]     |      ^^^^^^^^ the same lifetime is hidden here
[INFO] [stdout]     |
[INFO] [stdout]     = help: the same lifetime is referred to in inconsistent ways, making the signature confusing
[INFO] [stdout]     = note: `#[warn(mismatched_lifetime_syntaxes)]` on by default
[INFO] [stdout] help: use `'_` for type paths
[INFO] [stdout]     |
[INFO] [stdout] 357 | ) -> Cow<'_, [T]>
[INFO] [stdout]     |          +++
[INFO] [stdout] 
[INFO] [stdout] 
[INFO] [stdout] error: linking with `cc` failed: exit status: 1
[INFO] [stdout]   |
[INFO] [stdout]   = note:  "cc" "-m64" "/opt/rustwide/target/release/deps/rustcQ9L7jV/symbols.o" "<8 object files omitted>" "-Wl,--as-needed" "-Wl,-Bstatic" "/opt/rustwide/target/release/deps/{libintel_tex_2-07ec501a8993b550,libispc_rt-1e907a8124925296,libnum_cpus-754e58342dd4e79f,liblibc-f215580589237010,libbcdec_rs-46935300238bf58a,libstrum-47af2e8e9500cc13}.rlib" "<sysroot>/lib/rustlib/x86_64-unknown-linux-gnu/lib/{libtest-*,libgetopts-*,librustc_std_workspace_std-*}.rlib" "/opt/rustwide/target/release/deps/{libimage-b8c2052a228445d7,libexr-f38131996a3f3aaf,libflume-2202460230bbe704,libminiz_oxide-32432e6fb217beb6,libadler-f334a75a447e9ef2,libzune_inflate-912182c92c7a7979,libsimd_adler32-b17a88cdb53f5d4f,librayon_core-00af58fc40f7cc14,libcrossbeam_deque-1f9be51eaed8e7c9,libcrossbeam_epoch-d30fc5cc71e8d302,libcrossbeam_utils-b0c97d3770bd8f3c,libbit_field-d0e745ab1e854579,liblebe-b9f57aacd3a6341c,libsmallvec-522bbd0e8c7fe261,libddsfile-cb52a8d3ac8e1f58,libnum_traits-aab4eb458870be72,libbyteorder-612182941aaee0f7,libbitflags-5f3a4a6540cab21c,libthiserror-2f8c5c87e9e89b7e,libhalf-d327abf5b4b84f89,libcfg_if-193575a6b29a3ab9,libbytemuck-7c1b81aa851489e5}.rlib" "<sysroot>/lib/rustlib/x86_64-unknown-linux-gnu/lib/{libstd-*,libpanic_unwind-*,libobject-*,libmemchr-*,libaddr2line-*,libgimli-*,libcfg_if-*,librustc_demangle-*,libstd_detect-*,libhashbrown-*,librustc_std_workspace_alloc-*,libminiz_oxide-*,libadler2-*,libunwind-*,liblibc-*,librustc_std_workspace_core-*,liballoc-*,libcore-*,libcompiler_builtins-*}.rlib" "-Wl,-Bdynamic" "-lgcc_s" "-lutil" "-lrt" "-lpthread" "-lm" "-ldl" "-lc" "-L" "/opt/rustwide/target/release/deps/rustcQ9L7jV/raw-dylibs" "-B<sysroot>/lib/rustlib/x86_64-unknown-linux-gnu/bin/gcc-ld" "-fuse-ld=lld" "-Wl,--eh-frame-hdr" "-Wl,-z,noexecstack" "-L" "/opt/rustwide/cargo-home/registry/src/index.crates.io-1949cf8c6b5b557f/intel_tex_2-0.4.0/src/ispc" "-L" "<sysroot>/lib/rustlib/x86_64-unknown-linux-gnu/lib" "-o" "/opt/rustwide/target/release/deps/image_dds__patch-8f32476a45782e74" "-Wl,--gc-sections" "-pie" "-Wl,-z,relro,-z,now" "-Wl,-O1" "-Wl,--strip-debug" "-nodefaultlibs"
[INFO] [stdout]   = note: some arguments are omitted. use `--verbose` to show all linker arguments
[INFO] [stdout]   = note: rust-lld: error: undefined symbol: __gxx_personality_v0
[INFO] [stdout]           >>> referenced by ispc_texcomp_astc.cpp
[INFO] [stdout]           >>>               ispc_texcomp_astc.o:(DW.ref.__gxx_personality_v0) in archive /opt/rustwide/target/release/deps/libintel_tex_2-07ec501a8993b550.rlib
[INFO] [stdout]           collect2: error: ld returned 1 exit status
[INFO] [stdout]           
[INFO] [stdout] 
[INFO] [stdout] 
[INFO] [stderr] error: could not compile `image_dds__patch` (lib test) due to 1 previous error; 1 warning emitted
[INFO] running `Command { std: "docker" "inspect" "34308dee5f1db3208eb5bf9b9eabb82fac2b77d991d8fa93d147510ec3aa4eed", kill_on_drop: false }`
[INFO] running `Command { std: "docker" "rm" "-f" "34308dee5f1db3208eb5bf9b9eabb82fac2b77d991d8fa93d147510ec3aa4eed", kill_on_drop: false }`
[INFO] [stdout] 34308dee5f1db3208eb5bf9b9eabb82fac2b77d991d8fa93d147510ec3aa4eed
