[INFO] fetching crate image-reducer 0.1.1...
[INFO] testing image-reducer-0.1.1 against 1.99.0-beta.8+cargoflags=--release for beta-release-1.100-2
[INFO] extracting crate image-reducer 0.1.1 into /workspace/builds/worker-7-tc1/source
[INFO] started tweaking crates.io crate image-reducer 0.1.1
[INFO] finished tweaking crates.io crate image-reducer 0.1.1
[INFO] tweaked toml for crates.io crate image-reducer 0.1.1 written to /workspace/builds/worker-7-tc1/source/Cargo.toml
[INFO] validating manifest of crates.io crate image-reducer 0.1.1 on toolchain 1.99.0-beta.8
[INFO] running `Command { std: CARGO_HOME="/workspace/cargo-home" RUSTUP_HOME="/workspace/rustup-home" "/workspace/cargo-home/bin/cargo" "+1.99.0-beta.8" "metadata" "--manifest-path" "Cargo.toml" "--no-deps", kill_on_drop: false }`
[INFO] running `Command { std: CARGO_HOME="/workspace/cargo-home" RUSTUP_HOME="/workspace/rustup-home" "/workspace/cargo-home/bin/cargo" "+1.99.0-beta.8" "generate-lockfile" "--manifest-path" "Cargo.toml", kill_on_drop: false }`
[INFO] [stderr]     Updating crates.io index
[INFO] [stderr]      Locking 161 packages to highest compatible versions
[INFO] [stderr]       Adding async-walkdir v0.2.0 (available: v2.2.0)
[INFO] [stderr]       Adding bincode v2.0.1 (available: v3.0.0)
[INFO] [stderr]       Adding bytesize v1.3.3 (available: v2.7.0)
[INFO] [stderr]       Adding colored v2.2.0 (available: v3.1.1)
[INFO] [stderr]       Adding env_logger v0.9.3 (available: v0.11.11)
[INFO] [stderr]       Adding oxipng v6.0.1 (available: v10.2.1)
[INFO] [stderr]       Adding termcolor v1.1.3 (available: v1.4.1)
[INFO] [stderr]       Adding twox-hash v1.6.3 (available: v2.1.5)
[INFO] running `Command { std: CARGO_HOME="/workspace/cargo-home" RUSTUP_HOME="/workspace/rustup-home" "/workspace/cargo-home/bin/cargo" "+1.99.0-beta.8" "fetch" "--manifest-path" "Cargo.toml", kill_on_drop: false }`
[INFO] [stderr]  Downloading crates ...
[INFO] [stderr]   Downloaded stderrlog v0.5.4
[INFO] [stderr]   Downloaded wild v2.2.1
[INFO] [stderr]   Downloaded zopfli v0.7.4
[INFO] [stderr]   Downloaded libdeflater v0.10.0
[INFO] [stderr]   Downloaded cloudflare-zlib v0.2.10
[INFO] [stderr]   Downloaded find-target v0.1.1
[INFO] [stderr]   Downloaded oxipng v6.0.1
[INFO] [stderr]   Downloaded async-walkdir v0.2.0
[INFO] [stderr]   Downloaded eta v0.2.2
[INFO] [stderr]   Downloaded cloudflare-zlib-sys v0.3.7
[INFO] [stderr]   Downloaded libdeflate-sys v0.10.0
[INFO] running `Command { std: "docker" "create" "-v" "/var/lib/crater-agent-workspace/builds/worker-7-tc1/source:/opt/rustwide/workdir:ro,Z" "-v" "/var/lib/crater-agent-workspace/builds/worker-7-tc1/target:/opt/rustwide/target:rw,Z" "-v" "/var/lib/crater-agent-workspace/cargo-home:/opt/rustwide/cargo-home:ro,Z" "-v" "/var/lib/crater-agent-workspace/rustup-home:/opt/rustwide/rustup-home:ro,Z" "-m" "1610612736" "--network" "none" "ghcr.io/rust-lang/crates-build-env/linux@sha256:77db811e55d90add9212f6832c23229e3de5f1c1f9905e8cb07319ea15df73ac" "sleep" "infinity", kill_on_drop: false }`
[INFO] [stdout] bae792a723e84bff2caf95d6920693d3932d27ecdab88727b752abaeabc298e9
[INFO] running `Command { std: "docker" "start" "bae792a723e84bff2caf95d6920693d3932d27ecdab88727b752abaeabc298e9", kill_on_drop: false }`
[INFO] running `Command { std: "docker" "inspect" "bae792a723e84bff2caf95d6920693d3932d27ecdab88727b752abaeabc298e9", kill_on_drop: false }`
[INFO] running `Command { std: "docker" "exec" "-e" "SOURCE_DIR=/opt/rustwide/workdir" "-e" "CARGO_HOME=/opt/rustwide/cargo-home" "-e" "RUSTUP_HOME=/opt/rustwide/rustup-home" "-e" "CARGO_TARGET_DIR=/opt/rustwide/target" "-w" "/opt/rustwide/workdir" "--user" "0:0" "bae792a723e84bff2caf95d6920693d3932d27ecdab88727b752abaeabc298e9" "/opt/rustwide/cargo-home/bin/cargo" "+1.99.0-beta.8" "metadata" "--no-deps" "--format-version=1", kill_on_drop: false }`
[INFO] running `Command { std: "docker" "inspect" "bae792a723e84bff2caf95d6920693d3932d27ecdab88727b752abaeabc298e9", kill_on_drop: false }`
[INFO] running `Command { std: "docker" "exec" "-e" "SOURCE_DIR=/opt/rustwide/workdir" "-e" "CARGO_HOME=/opt/rustwide/cargo-home" "-e" "RUSTUP_HOME=/opt/rustwide/rustup-home" "-e" "CARGO_TARGET_DIR=/opt/rustwide/target" "-e" "CARGO_INCREMENTAL=0" "-e" "RUST_BACKTRACE=full" "-e" "RUSTFLAGS=--cap-lints=warn" "-e" "RUSTDOCFLAGS=--cap-lints=warn" "-w" "/opt/rustwide/workdir" "--user" "0:0" "bae792a723e84bff2caf95d6920693d3932d27ecdab88727b752abaeabc298e9" "/opt/rustwide/cargo-home/bin/cargo" "+1.99.0-beta.8" "build" "--frozen" "--message-format=json" "--release", kill_on_drop: false }`
[INFO] [stderr]    Compiling futures-io v0.3.34
[INFO] [stderr]    Compiling simd-adler32 v0.3.10
[INFO] [stderr]    Compiling crc32fast v1.5.2
[INFO] [stderr]    Compiling num-traits v0.2.19
[INFO] [stderr]    Compiling cc v1.8.0
[INFO] [stderr]    Compiling event-listener v5.4.2
[INFO] [stderr]    Compiling aho-corasick v1.1.5
[INFO] [stderr]    Compiling concurrent-queue v2.5.0
[INFO] [stderr]    Compiling indexmap v1.9.3
[INFO] [stderr]    Compiling fastrand v2.5.0
[INFO] [stderr]    Compiling termcolor v1.1.3
[INFO] [stderr]    Compiling futures-sink v0.3.34
[INFO] [stderr]    Compiling syn v3.0.9
[INFO] [stderr]    Compiling futures-lite v2.6.1
[INFO] [stderr]    Compiling async-fs v1.6.0
[INFO] [stderr]    Compiling event-listener v2.5.3
[INFO] [stderr]    Compiling futures-channel v0.3.34
[INFO] [stderr]    Compiling async-task v4.7.1
[INFO] [stderr]    Compiling miniz_oxide v0.9.1
[INFO] [stderr]    Compiling miniz_oxide v0.8.9
[INFO] [stderr]    Compiling event-listener-strategy v0.5.4
[INFO] [stderr]    Compiling piper v0.2.5
[INFO] [stderr]    Compiling fdeflate v0.3.7
[INFO] [stderr]    Compiling os_str_bytes v6.6.1
[INFO] [stderr]    Compiling bytemuck v1.25.2
[INFO] [stderr]    Compiling async-channel v2.5.0
[INFO] [stderr]    Compiling waker-fn v1.2.0
[INFO] [stderr]    Compiling serde v1.0.229
[INFO] [stderr]    Compiling futures-lite v1.13.0
[INFO] [stderr]    Compiling async-lock v2.8.0
[INFO] [stderr]    Compiling adler v1.0.2
[INFO] [stderr]    Compiling flate2 v1.1.10
[INFO] [stderr]    Compiling typed-arena v2.0.2
[INFO] [stderr]    Compiling crc-catalog v2.5.0
[INFO] [stderr]    Compiling virtue v0.0.18
[INFO] [stderr]    Compiling clap_lex v0.2.4
[INFO] [stderr]    Compiling textwrap v0.16.4
[INFO] [stderr]    Compiling crc v3.4.0
[INFO] [stderr]    Compiling zopfli v0.7.4
[INFO] [stderr]    Compiling blocking v1.7.0
[INFO] [stderr]    Compiling rgb v0.8.53
[INFO] [stderr]    Compiling miniz_oxide v0.6.2
[INFO] [stderr]    Compiling stderrlog v0.5.4
[INFO] [stderr]    Compiling png v0.17.16
[INFO] [stderr]    Compiling clap v3.2.25
[INFO] [stderr]    Compiling itertools v0.10.5
[INFO] [stderr]    Compiling bstr v1.13.1
[INFO] [stderr]    Compiling bincode_derive v2.0.1
[INFO] [stderr]    Compiling crossbeam-channel v0.5.17
[INFO] [stderr]    Compiling wild v2.2.1
[INFO] [stderr]    Compiling unty v0.0.4
[INFO] [stderr]    Compiling regex-automata v0.4.18
[INFO] [stderr]    Compiling bit-vec v0.6.3
[INFO] [stderr]    Compiling twox-hash v1.6.3
[INFO] [stderr]    Compiling chrono v0.4.45
[INFO] [stderr]    Compiling image v0.24.9
[INFO] [stderr]    Compiling libdeflate-sys v0.10.0
[INFO] [stderr]    Compiling cloudflare-zlib-sys v0.3.7
[INFO] [stderr]    Compiling bincode v2.0.1
[INFO] [stderr]    Compiling async-walkdir v0.2.0
[INFO] [stderr]    Compiling find-target v0.1.1
[INFO] [stderr]    Compiling eta v0.2.2
[INFO] [stderr]    Compiling pathdiff v0.2.3
[INFO] [stderr]    Compiling bytesize v1.3.3
[INFO] [stderr]    Compiling futures-macro v0.3.34
[INFO] [stderr]    Compiling futures-util v0.3.34
[INFO] [stderr]    Compiling regex v1.13.1
[INFO] [stderr]    Compiling globset v0.4.20
[INFO] [stderr]    Compiling env_logger v0.9.3
[INFO] [stderr]    Compiling cloudflare-zlib v0.2.10
[INFO] [stderr]    Compiling futures-executor v0.3.34
[INFO] [stderr]    Compiling futures v0.3.34
[INFO] [stderr]    Compiling libdeflater v0.10.0
[INFO] [stderr]    Compiling oxipng v6.0.1
[INFO] [stderr]    Compiling image-reducer v0.1.1 (/opt/rustwide/workdir)
[INFO] [stderr]     Finished `release` profile [optimized] target(s) in 52.91s
[INFO] running `Command { std: "docker" "inspect" "bae792a723e84bff2caf95d6920693d3932d27ecdab88727b752abaeabc298e9", kill_on_drop: false }`
[INFO] running `Command { std: "docker" "exec" "-e" "SOURCE_DIR=/opt/rustwide/workdir" "-e" "CARGO_HOME=/opt/rustwide/cargo-home" "-e" "RUSTUP_HOME=/opt/rustwide/rustup-home" "-e" "CARGO_TARGET_DIR=/opt/rustwide/target" "-e" "CARGO_INCREMENTAL=0" "-e" "RUST_BACKTRACE=full" "-e" "RUSTFLAGS=--cap-lints=warn" "-e" "RUSTDOCFLAGS=--cap-lints=warn" "-w" "/opt/rustwide/workdir" "--user" "0:0" "bae792a723e84bff2caf95d6920693d3932d27ecdab88727b752abaeabc298e9" "/opt/rustwide/cargo-home/bin/cargo" "+1.99.0-beta.8" "test" "--frozen" "--no-run" "--message-format=json" "--release", kill_on_drop: false }`
[INFO] [stderr]    Compiling image-reducer v0.1.1 (/opt/rustwide/workdir)
[INFO] [stdout] error: couldn't read `tests/../iphone.test.png`: No such file or directory (os error 2)
[INFO] [stdout]   --> tests/main.rs:24:18
[INFO] [stdout]    |
[INFO] [stdout] 24 |     let before = include_bytes!("../iphone.test.png");
[INFO] [stdout]    |                  ^^^^^^^^^^^^^^^^^^^^^^^^^^^^^^^^^^^^
[INFO] [stdout] 
[INFO] [stdout] 
[INFO] [stdout] error[E0433]: cannot find module or crate `tiny_png` in this scope
[INFO] [stdout]  --> tests/main.rs:3:5
[INFO] [stdout]   |
[INFO] [stdout] 3 | use tiny_png::{
[INFO] [stdout]   |     ^^^^^^^^ use of unresolved module or unlinked crate `tiny_png`
[INFO] [stdout]   |
[INFO] [stdout]   = help: if you wanted to use a crate named `tiny_png`, use `cargo add tiny_png` to add it to your `Cargo.toml`
[INFO] [stdout] 
[INFO] [stdout] 
[INFO] [stdout] error[E0432]: unresolved import `tiny_png`
[INFO] [stdout]  --> tests/main.rs:3:5
[INFO] [stdout]   |
[INFO] [stdout] 3 | use tiny_png::{
[INFO] [stdout]   |     ^^^^^^^^ use of unresolved module or unlinked crate `tiny_png`
[INFO] [stdout]   |
[INFO] [stdout]   = help: if you wanted to use a crate named `tiny_png`, use `cargo add tiny_png` to add it to your `Cargo.toml`
[INFO] [stdout] 
[INFO] [stdout] 
[INFO] [stdout] error[E0433]: cannot find module or crate `tokio` in this scope
[INFO] [stdout]   --> tests/main.rs:13:3
[INFO] [stdout]    |
[INFO] [stdout] 13 | #[tokio::test]
[INFO] [stdout]    |   ^^^^^ use of unresolved module or unlinked crate `tokio`
[INFO] [stdout] 
[INFO] [stdout] 
[INFO] [stdout] Some errors have detailed explanations: E0432, E0433.
[INFO] [stdout] 
[INFO] [stdout] For more information about an error, try `rustc --explain E0432`.
[INFO] [stdout] 
[INFO] [stderr] error: could not compile `image-reducer` (test "main") due to 4 previous errors
[INFO] [stderr] warning: build failed, waiting for other jobs to finish...
[INFO] running `Command { std: "docker" "inspect" "bae792a723e84bff2caf95d6920693d3932d27ecdab88727b752abaeabc298e9", kill_on_drop: false }`
[INFO] running `Command { std: "docker" "rm" "-f" "bae792a723e84bff2caf95d6920693d3932d27ecdab88727b752abaeabc298e9", kill_on_drop: false }`
[INFO] [stdout] bae792a723e84bff2caf95d6920693d3932d27ecdab88727b752abaeabc298e9
