[INFO] fetching crate iit 0.1.0...
[INFO] testing iit-0.1.0 against 1.99.0-beta.8+cargoflags=--release for beta-release-1.100-2
[INFO] extracting crate iit 0.1.0 into /workspace/builds/worker-5-tc1/source
[INFO] started tweaking crates.io crate iit 0.1.0
[INFO] removed 0 missing examples
[INFO] removed 0 missing tests
[INFO] finished tweaking crates.io crate iit 0.1.0
[INFO] tweaked toml for crates.io crate iit 0.1.0 written to /workspace/builds/worker-5-tc1/source/Cargo.toml
[INFO] validating manifest of crates.io crate iit 0.1.0 on toolchain 1.99.0-beta.8
[INFO] running `Command { std: CARGO_HOME="/workspace/cargo-home" RUSTUP_HOME="/workspace/rustup-home" "/workspace/cargo-home/bin/cargo" "+1.99.0-beta.8" "metadata" "--manifest-path" "Cargo.toml" "--no-deps", kill_on_drop: false }`
[INFO] crate crates.io crate iit 0.1.0 already has a lockfile, it will not be regenerated
[INFO] running `Command { std: CARGO_HOME="/workspace/cargo-home" RUSTUP_HOME="/workspace/rustup-home" "/workspace/cargo-home/bin/cargo" "+1.99.0-beta.8" "fetch" "--manifest-path" "Cargo.toml", kill_on_drop: false }`
[INFO] [stderr]     Updating crates.io index
[INFO] [stderr]  Downloading crates ...
[INFO] [stderr]   Downloaded proc-macro2 v1.0.103
[INFO] [stderr]   Downloaded unicode-ident v1.0.22
[INFO] [stderr]   Downloaded nalgebra-macros v0.2.2
[INFO] [stderr]   Downloaded ciborium-io v0.2.2
[INFO] [stderr]   Downloaded quote v1.0.42
[INFO] [stderr]   Downloaded plotters-svg v0.3.7
[INFO] [stderr]   Downloaded wasm-bindgen-macro v0.2.105
[INFO] [stderr]   Downloaded clap_lex v0.7.6
[INFO] [stderr]   Downloaded plotters-backend v0.3.7
[INFO] [stderr]   Downloaded cast v0.3.0
[INFO] [stderr]   Downloaded ciborium-ll v0.2.2
[INFO] [stderr]   Downloaded wasm-bindgen-shared v0.2.105
[INFO] [stderr]   Downloaded tinytemplate v1.2.1
[INFO] [stderr]   Downloaded oorandom v11.1.5
[INFO] [stderr]   Downloaded anes v0.1.6
[INFO] [stderr]   Downloaded criterion-plot v0.5.0
[INFO] [stderr]   Downloaded ciborium v0.2.2
[INFO] [stderr]   Downloaded tempfile v3.23.0
[INFO] [stderr]   Downloaded portable-atomic-util v0.2.4
[INFO] [stderr]   Downloaded wasm-bindgen v0.2.105
[INFO] [stderr]   Downloaded wit-bindgen v0.46.0
[INFO] [stderr]   Downloaded bitflags v2.10.0
[INFO] [stderr]   Downloaded half v2.7.1
[INFO] [stderr]   Downloaded simba v0.8.1
[INFO] [stderr]   Downloaded bytemuck v1.24.0
[INFO] [stderr]   Downloaded wasm-bindgen-macro-support v0.2.105
[INFO] [stderr]   Downloaded js-sys v0.3.82
[INFO] [stderr]   Downloaded clap v4.5.51
[INFO] [stderr]   Downloaded statrs v0.17.1
[INFO] [stderr]   Downloaded bumpalo v3.19.0
[INFO] [stderr]   Downloaded zerocopy-derive v0.8.27
[INFO] [stderr]   Downloaded criterion v0.5.1
[INFO] [stderr]   Downloaded memchr v2.7.6
[INFO] [stderr]   Downloaded wasip2 v1.0.1+wasi-0.2.4
[INFO] [stderr]   Downloaded regex v1.12.2
[INFO] [stderr]   Downloaded plotters v0.3.7
[INFO] [stderr]   Downloaded serde_json v1.0.145
[INFO] [stderr]   Downloaded libm v0.2.15
[INFO] [stderr]   Downloaded clap_builder v4.5.51
[INFO] [stderr]   Downloaded portable-atomic v1.11.1
[INFO] [stderr]   Downloaded proptest v1.9.0
[INFO] [stderr]   Downloaded zerocopy v0.8.27
[INFO] [stderr]   Downloaded syn v2.0.110
[INFO] [stderr]   Downloaded ndarray v0.16.1
[INFO] [stderr]   Downloaded regex-syntax v0.8.8
[INFO] [stderr]   Downloaded nalgebra v0.32.6
[INFO] [stderr]   Downloaded rustix v1.1.2
[INFO] [stderr]   Downloaded regex-automata v0.4.13
[INFO] [stderr]   Downloaded web-sys v0.3.82
[INFO] [stderr]   Downloaded libc v0.2.177
[INFO] running `Command { std: "docker" "create" "-v" "/var/lib/crater-agent-workspace/builds/worker-5-tc1/source:/opt/rustwide/workdir:ro,Z" "-v" "/var/lib/crater-agent-workspace/builds/worker-5-tc1/target:/opt/rustwide/target:rw,Z" "-v" "/var/lib/crater-agent-workspace/cargo-home:/opt/rustwide/cargo-home:ro,Z" "-v" "/var/lib/crater-agent-workspace/rustup-home:/opt/rustwide/rustup-home:ro,Z" "-m" "1610612736" "--network" "none" "ghcr.io/rust-lang/crates-build-env/linux@sha256:77db811e55d90add9212f6832c23229e3de5f1c1f9905e8cb07319ea15df73ac" "sleep" "infinity", kill_on_drop: false }`
[INFO] [stdout] 009d26aefceaec72271c1305d29ddd3d8c9750bcbcc74e5b1268a9c4c6d687b1
[INFO] running `Command { std: "docker" "start" "009d26aefceaec72271c1305d29ddd3d8c9750bcbcc74e5b1268a9c4c6d687b1", kill_on_drop: false }`
[INFO] running `Command { std: "docker" "inspect" "009d26aefceaec72271c1305d29ddd3d8c9750bcbcc74e5b1268a9c4c6d687b1", kill_on_drop: false }`
[INFO] running `Command { std: "docker" "exec" "-e" "SOURCE_DIR=/opt/rustwide/workdir" "-e" "CARGO_HOME=/opt/rustwide/cargo-home" "-e" "RUSTUP_HOME=/opt/rustwide/rustup-home" "-e" "CARGO_TARGET_DIR=/opt/rustwide/target" "-w" "/opt/rustwide/workdir" "--user" "0:0" "009d26aefceaec72271c1305d29ddd3d8c9750bcbcc74e5b1268a9c4c6d687b1" "/opt/rustwide/cargo-home/bin/cargo" "+1.99.0-beta.8" "metadata" "--no-deps" "--format-version=1", kill_on_drop: false }`
[INFO] running `Command { std: "docker" "inspect" "009d26aefceaec72271c1305d29ddd3d8c9750bcbcc74e5b1268a9c4c6d687b1", kill_on_drop: false }`
[INFO] running `Command { std: "docker" "exec" "-e" "SOURCE_DIR=/opt/rustwide/workdir" "-e" "CARGO_HOME=/opt/rustwide/cargo-home" "-e" "RUSTUP_HOME=/opt/rustwide/rustup-home" "-e" "CARGO_TARGET_DIR=/opt/rustwide/target" "-e" "CARGO_INCREMENTAL=0" "-e" "RUST_BACKTRACE=full" "-e" "RUSTFLAGS=--cap-lints=warn" "-e" "RUSTDOCFLAGS=--cap-lints=warn" "-w" "/opt/rustwide/workdir" "--user" "0:0" "009d26aefceaec72271c1305d29ddd3d8c9750bcbcc74e5b1268a9c4c6d687b1" "/opt/rustwide/cargo-home/bin/cargo" "+1.99.0-beta.8" "build" "--frozen" "--message-format=json" "--release", kill_on_drop: false }`
[INFO] [stderr]    Compiling autocfg v1.5.0
[INFO] [stderr]    Compiling libm v0.2.15
[INFO] [stderr]    Compiling proc-macro2 v1.0.103
[INFO] [stderr]    Compiling unicode-ident v1.0.22
[INFO] [stderr]    Compiling quote v1.0.42
[INFO] [stderr]    Compiling libc v0.2.177
[INFO] [stderr]    Compiling zerocopy v0.8.27
[INFO] [stderr]    Compiling crossbeam-utils v0.8.21
[INFO] [stderr]    Compiling paste v1.0.15
[INFO] [stderr]    Compiling cfg-if v1.0.4
[INFO] [stderr]    Compiling bytemuck v1.24.0
[INFO] [stderr]    Compiling typenum v1.19.0
[INFO] [stderr]    Compiling rawpointer v0.2.1
[INFO] [stderr]    Compiling serde_core v1.0.228
[INFO] [stderr]    Compiling rayon-core v1.13.0
[INFO] [stderr]    Compiling either v1.15.0
[INFO] [stderr]    Compiling serde v1.0.228
[INFO] [stderr]    Compiling thiserror v1.0.69
[INFO] [stderr]    Compiling serde_json v1.0.145
[INFO] [stderr]    Compiling equivalent v1.0.2
[INFO] [stderr]    Compiling safe_arch v0.7.4
[INFO] [stderr]    Compiling allocator-api2 v0.2.21
[INFO] [stderr]    Compiling foldhash v0.1.5
[INFO] [stderr]    Compiling ryu v1.0.20
[INFO] [stderr]    Compiling memchr v2.7.6
[INFO] [stderr]    Compiling itoa v1.0.15
[INFO] [stderr]    Compiling num-traits v0.2.19
[INFO] [stderr]    Compiling matrixmultiply v0.3.10
[INFO] [stderr]    Compiling wide v0.7.33
[INFO] [stderr]    Compiling itertools v0.13.0
[INFO] [stderr]    Compiling hashbrown v0.15.5
[INFO] [stderr]    Compiling crossbeam-epoch v0.9.18
[INFO] [stderr]    Compiling syn v2.0.110
[INFO] [stderr]    Compiling crossbeam-deque v0.8.6
[INFO] [stderr]    Compiling lru v0.12.5
[INFO] [stderr]    Compiling getrandom v0.2.16
[INFO] [stderr]    Compiling rand_core v0.6.4
[INFO] [stderr]    Compiling rayon v1.11.0
[INFO] [stderr]    Compiling num-complex v0.4.6
[INFO] [stderr]    Compiling num-integer v0.1.46
[INFO] [stderr]    Compiling approx v0.5.1
[INFO] [stderr]    Compiling ppv-lite86 v0.2.21
[INFO] [stderr]    Compiling num-rational v0.4.2
[INFO] [stderr]    Compiling simba v0.8.1
[INFO] [stderr]    Compiling simba v0.9.1
[INFO] [stderr]    Compiling rand_chacha v0.3.1
[INFO] [stderr]    Compiling rand v0.8.5
[INFO] [stderr]    Compiling nalgebra-macros v0.2.2
[INFO] [stderr]    Compiling serde_derive v1.0.228
[INFO] [stderr]    Compiling thiserror-impl v1.0.69
[INFO] [stderr]    Compiling rand_distr v0.4.3
[INFO] [stderr]    Compiling ndarray v0.16.1
[INFO] [stderr]    Compiling nalgebra v0.33.2
[INFO] [stderr]    Compiling nalgebra v0.32.6
[INFO] [stderr]    Compiling statrs v0.17.1
[INFO] [stderr]    Compiling iit v0.1.0 (/opt/rustwide/workdir)
[INFO] [stderr]     Finished `release` profile [optimized] target(s) in 56.35s
[INFO] running `Command { std: "docker" "inspect" "009d26aefceaec72271c1305d29ddd3d8c9750bcbcc74e5b1268a9c4c6d687b1", kill_on_drop: false }`
[INFO] running `Command { std: "docker" "exec" "-e" "SOURCE_DIR=/opt/rustwide/workdir" "-e" "CARGO_HOME=/opt/rustwide/cargo-home" "-e" "RUSTUP_HOME=/opt/rustwide/rustup-home" "-e" "CARGO_TARGET_DIR=/opt/rustwide/target" "-e" "CARGO_INCREMENTAL=0" "-e" "RUST_BACKTRACE=full" "-e" "RUSTFLAGS=--cap-lints=warn" "-e" "RUSTDOCFLAGS=--cap-lints=warn" "-w" "/opt/rustwide/workdir" "--user" "0:0" "009d26aefceaec72271c1305d29ddd3d8c9750bcbcc74e5b1268a9c4c6d687b1" "/opt/rustwide/cargo-home/bin/cargo" "+1.99.0-beta.8" "test" "--frozen" "--no-run" "--message-format=json" "--release", kill_on_drop: false }`
[INFO] [stderr]    Compiling libc v0.2.177
[INFO] [stderr]    Compiling zerocopy v0.8.27
[INFO] [stderr]    Compiling getrandom v0.3.4
[INFO] [stderr]    Compiling rustix v1.1.2
[INFO] [stderr]    Compiling linux-raw-sys v0.11.0
[INFO] [stderr]    Compiling once_cell v1.21.3
[INFO] [stderr]    Compiling bitflags v2.10.0
[INFO] [stderr]    Compiling regex-syntax v0.8.8
[INFO] [stderr]    Compiling zerocopy-derive v0.8.27
[INFO] [stderr]    Compiling clap_lex v0.7.6
[INFO] [stderr]    Compiling anstyle v1.0.13
[INFO] [stderr]    Compiling fastrand v2.3.0
[INFO] [stderr]    Compiling plotters-backend v0.3.7
[INFO] [stderr]    Compiling ciborium-io v0.2.2
[INFO] [stderr]    Compiling itertools v0.10.5
[INFO] [stderr]    Compiling cast v0.3.0
[INFO] [stderr]    Compiling quick-error v1.2.3
[INFO] [stderr]    Compiling fnv v1.0.7
[INFO] [stderr]    Compiling clap_builder v4.5.51
[INFO] [stderr]    Compiling same-file v1.0.6
[INFO] [stderr]    Compiling bit-vec v0.8.0
[INFO] [stderr]    Compiling tinytemplate v1.2.1
[INFO] [stderr]    Compiling walkdir v2.5.0
[INFO] [stderr]    Compiling oorandom v11.1.5
[INFO] [stderr]    Compiling unarray v0.1.4
[INFO] [stderr]    Compiling anes v0.1.6
[INFO] [stderr]    Compiling plotters-svg v0.3.7
[INFO] [stderr]    Compiling plotters v0.3.7
[INFO] [stderr]    Compiling bit-set v0.8.0
[INFO] [stderr]    Compiling getrandom v0.2.16
[INFO] [stderr]    Compiling wait-timeout v0.2.1
[INFO] [stderr]    Compiling is-terminal v0.4.17
[INFO] [stderr]    Compiling rand_core v0.6.4
[INFO] [stderr]    Compiling rand_core v0.9.3
[INFO] [stderr]    Compiling rand_xorshift v0.4.0
[INFO] [stderr]    Compiling rand v0.9.2
[INFO] [stderr]    Compiling criterion-plot v0.5.0
[INFO] [stderr]    Compiling tempfile v3.23.0
[INFO] [stderr]    Compiling rusty-fork v0.3.1
[INFO] [stderr]    Compiling clap v4.5.51
[INFO] [stderr]    Compiling regex-automata v0.4.13
[INFO] [stderr]    Compiling ppv-lite86 v0.2.21
[INFO] [stderr]    Compiling half v2.7.1
[INFO] [stderr]    Compiling ciborium-ll v0.2.2
[INFO] [stderr]    Compiling rand_chacha v0.3.1
[INFO] [stderr]    Compiling ciborium v0.2.2
[INFO] [stderr]    Compiling rand_chacha v0.9.0
[INFO] [stderr]    Compiling proptest v1.9.0
[INFO] [stderr]    Compiling rand v0.8.5
[INFO] [stderr]    Compiling rand_distr v0.4.3
[INFO] [stderr]    Compiling nalgebra v0.32.6
[INFO] [stderr]    Compiling regex v1.12.2
[INFO] [stderr]    Compiling criterion v0.5.1
[INFO] [stderr]    Compiling statrs v0.17.1
[INFO] [stderr]    Compiling iit v0.1.0 (/opt/rustwide/workdir)
[INFO] [stdout] warning: use of deprecated method `ndarray::impl_methods::<impl ndarray::ArrayBase<S, D>>::into_shape`: Use `.into_shape_with_order()` or `.to_shape()`
[INFO] [stdout]    --> src/emd.rs:260:14
[INFO] [stdout]     |
[INFO] [stdout] 260 |             .into_shape(IxDyn(&shape))
[INFO] [stdout]     |              ^^^^^^^^^^
[INFO] [stdout]     |
[INFO] [stdout]     = note: `#[warn(deprecated)]` on by default
[INFO] [stdout] 
[INFO] [stdout] 
[INFO] [stdout] warning: use of deprecated method `ndarray::impl_methods::<impl ndarray::ArrayBase<S, D>>::into_shape`: Use `.into_shape_with_order()` or `.to_shape()`
[INFO] [stdout]    --> src/emd.rs:272:14
[INFO] [stdout]     |
[INFO] [stdout] 272 |             .into_shape(IxDyn(&shape))
[INFO] [stdout]     |              ^^^^^^^^^^
[INFO] [stdout] 
[INFO] [stdout] 
[INFO] [stdout] warning: use of deprecated method `ndarray::impl_methods::<impl ndarray::ArrayBase<S, D>>::into_shape`: Use `.into_shape_with_order()` or `.to_shape()`
[INFO] [stdout]    --> src/emd.rs:275:14
[INFO] [stdout]     |
[INFO] [stdout] 275 |             .into_shape(IxDyn(&shape))
[INFO] [stdout]     |              ^^^^^^^^^^
[INFO] [stdout] 
[INFO] [stdout] 
[INFO] [stdout] warning: use of deprecated method `ndarray::impl_methods::<impl ndarray::ArrayBase<S, D>>::into_shape`: Use `.into_shape_with_order()` or `.to_shape()`
[INFO] [stdout]    --> src/emd.rs:286:14
[INFO] [stdout]     |
[INFO] [stdout] 286 |             .into_shape(IxDyn(&shape))
[INFO] [stdout]     |              ^^^^^^^^^^
[INFO] [stdout] 
[INFO] [stdout] 
[INFO] [stdout] warning: use of deprecated method `ndarray::impl_methods::<impl ndarray::ArrayBase<S, D>>::into_shape`: Use `.into_shape_with_order()` or `.to_shape()`
[INFO] [stdout]    --> src/emd.rs:298:14
[INFO] [stdout]     |
[INFO] [stdout] 298 |             .into_shape(IxDyn(&shape))
[INFO] [stdout]     |              ^^^^^^^^^^
[INFO] [stdout] 
[INFO] [stdout] 
[INFO] [stdout] warning: use of deprecated method `ndarray::impl_methods::<impl ndarray::ArrayBase<S, D>>::into_shape`: Use `.into_shape_with_order()` or `.to_shape()`
[INFO] [stdout]    --> src/emd.rs:301:14
[INFO] [stdout]     |
[INFO] [stdout] 301 |             .into_shape(IxDyn(&shape))
[INFO] [stdout]     |              ^^^^^^^^^^
[INFO] [stdout] 
[INFO] [stdout] 
[INFO] [stdout] warning: use of deprecated method `ndarray::impl_methods::<impl ndarray::ArrayBase<S, D>>::into_shape`: Use `.into_shape_with_order()` or `.to_shape()`
[INFO] [stdout]    --> src/repertoire.rs:451:62
[INFO] [stdout]     |
[INFO] [stdout] 451 |         let dist = Array::from_vec(vec![1.0, 2.0, 3.0, 4.0]).into_shape(IxDyn(&shape)).unwrap();
[INFO] [stdout]     |                                                              ^^^^^^^^^^
[INFO] [stdout] 
[INFO] [stdout] 
[INFO] [stdout] warning: use of deprecated method `ndarray::impl_methods::<impl ndarray::ArrayBase<S, D>>::into_shape`: Use `.into_shape_with_order()` or `.to_shape()`
[INFO] [stdout]    --> src/repertoire.rs:455:62
[INFO] [stdout]     |
[INFO] [stdout] 455 |         let dist = Array::from_vec(vec![1.0, 2.0, 3.0, 4.0]).into_shape(IxDyn(&shape)).unwrap();
[INFO] [stdout]     |                                                              ^^^^^^^^^^
[INFO] [stdout] 
[INFO] [stdout] 
[INFO] [stdout] warning: variable does not need to be mutable
[INFO] [stdout]    --> src/repertoire.rs:452:13
[INFO] [stdout]     |
[INFO] [stdout] 452 |         let mut rep = Repertoire::new(dist, vec![0, 1], Direction::Cause).unwrap_err(); // Should fail
[INFO] [stdout]     |             ----^^^
[INFO] [stdout]     |             |
[INFO] [stdout]     |             help: remove this `mut`
[INFO] [stdout]     |
[INFO] [stdout]     = note: `#[warn(unused_mut)]` (part of `#[warn(unused)]`) on by default
[INFO] [stdout] 
[INFO] [stdout] 
[INFO] [stdout] warning: unused variable: `rep`
[INFO] [stdout]    --> src/repertoire.rs:452:13
[INFO] [stdout]     |
[INFO] [stdout] 452 |         let mut rep = Repertoire::new(dist, vec![0, 1], Direction::Cause).unwrap_err(); // Should fail
[INFO] [stdout]     |             ^^^^^^^ help: if this is intentional, prefix it with an underscore: `_rep`
[INFO] [stdout]     |
[INFO] [stdout]     = note: `#[warn(unused_variables)]` (part of `#[warn(unused)]`) on by default
[INFO] [stdout] 
[INFO] [stdout] 
[INFO] [stdout] error: expected `,`, found `.`
[INFO] [stdout]   --> examples/basic_usage.rs:13:17
[INFO] [stdout]    |
[INFO] [stdout] 13 |     println!("-".repeat(50));
[INFO] [stdout]    |                 ^ expected `,`
[INFO] [stdout] 
[INFO] [stdout] 
[INFO] [stdout] error: argument never used
[INFO] [stdout]   --> examples/basic_usage.rs:13:18
[INFO] [stdout]    |
[INFO] [stdout] 13 |     println!("-".repeat(50));
[INFO] [stdout]    |              --- ^^^^^^^^^^ argument never used
[INFO] [stdout]    |              |
[INFO] [stdout]    |              formatting specifier missing
[INFO] [stdout]    |
[INFO] [stdout] help: format specifiers use curly braces, consider adding a format specifier
[INFO] [stdout]    |
[INFO] [stdout] 13 |     println!("-{}".repeat(50));
[INFO] [stdout]    |                ++
[INFO] [stdout] 
[INFO] [stdout] 
[INFO] [stdout] error: expected `,`, found `.`
[INFO] [stdout]   --> examples/basic_usage.rs:39:17
[INFO] [stdout]    |
[INFO] [stdout] 39 |     println!("-".repeat(50));
[INFO] [stdout]    |                 ^ expected `,`
[INFO] [stdout] 
[INFO] [stdout] 
[INFO] [stdout] error: expected `,`, found `.`
[INFO] [stdout]   --> examples/advanced_analysis.rs:25:17
[INFO] [stdout]    |
[INFO] [stdout] 25 |     println!("=".repeat(60));
[INFO] [stdout]    |                 ^ expected `,`
[INFO] [stdout] 
[INFO] [stdout] 
[INFO] [stdout] error: argument never used
[INFO] [stdout]   --> examples/basic_usage.rs:39:18
[INFO] [stdout]    |
[INFO] [stdout] 39 |     println!("-".repeat(50));
[INFO] [stdout]    |              --- ^^^^^^^^^^ argument never used
[INFO] [stdout]    |              |
[INFO] [stdout]    |              formatting specifier missing
[INFO] [stdout]    |
[INFO] [stdout] help: format specifiers use curly braces, consider adding a format specifier
[INFO] [stdout]    |
[INFO] [stdout] 39 |     println!("-{}".repeat(50));
[INFO] [stdout]    |                ++
[INFO] [stdout] 
[INFO] [stdout] 
[INFO] [stdout] error: expected `,`, found `.`
[INFO] [stdout]   --> examples/basic_usage.rs:54:17
[INFO] [stdout]    |
[INFO] [stdout] 54 |     println!("-".repeat(50));
[INFO] [stdout]    |                 ^ expected `,`
[INFO] [stdout] 
[INFO] [stdout] 
[INFO] [stdout] error: argument never used
[INFO] [stdout]   --> examples/basic_usage.rs:54:18
[INFO] [stdout]    |
[INFO] [stdout] 54 |     println!("-".repeat(50));
[INFO] [stdout]    |              --- ^^^^^^^^^^ argument never used
[INFO] [stdout]    |              |
[INFO] [stdout]    |              formatting specifier missing
[INFO] [stdout]    |
[INFO] [stdout] help: format specifiers use curly braces, consider adding a format specifier
[INFO] [stdout]    |
[INFO] [stdout] 54 |     println!("-{}".repeat(50));
[INFO] [stdout]    |                ++
[INFO] [stdout] 
[INFO] [stdout] 
[INFO] [stdout] error: expected `,`, found `.`
[INFO] [stdout]   --> examples/basic_usage.rs:80:17
[INFO] [stdout]    |
[INFO] [stdout] 80 |     println!("-".repeat(50));
[INFO] [stdout]    |                 ^ expected `,`
[INFO] [stdout] 
[INFO] [stdout] 
[INFO] [stdout] error: argument never used
[INFO] [stdout]   --> examples/basic_usage.rs:80:18
[INFO] [stdout]    |
[INFO] [stdout] 80 |     println!("-".repeat(50));
[INFO] [stdout]    |              --- ^^^^^^^^^^ argument never used
[INFO] [stdout]    |              |
[INFO] [stdout]    |              formatting specifier missing
[INFO] [stdout]    |
[INFO] [stdout] help: format specifiers use curly braces, consider adding a format specifier
[INFO] [stdout]    |
[INFO] [stdout] 80 |     println!("-{}".repeat(50));
[INFO] [stdout]    |                ++
[INFO] [stdout] 
[INFO] [stdout] 
[INFO] [stdout] error: argument never used
[INFO] [stdout]   --> examples/advanced_analysis.rs:25:18
[INFO] [stdout]    |
[INFO] [stdout] 25 |     println!("=".repeat(60));
[INFO] [stdout]    |              --- ^^^^^^^^^^ argument never used
[INFO] [stdout]    |              |
[INFO] [stdout]    |              formatting specifier missing
[INFO] [stdout]    |
[INFO] [stdout] help: format specifiers use curly braces, consider adding a format specifier
[INFO] [stdout]    |
[INFO] [stdout] 25 |     println!("={}".repeat(60));
[INFO] [stdout]    |                ++
[INFO] [stdout] 
[INFO] [stdout] 
[INFO] [stdout] error: expected `,`, found `.`
[INFO] [stdout]    --> examples/basic_usage.rs:111:17
[INFO] [stdout]     |
[INFO] [stdout] 111 |     println!("-".repeat(50));
[INFO] [stdout]     |                 ^ expected `,`
[INFO] [stdout] 
[INFO] [stdout] 
[INFO] [stdout] error: argument never used
[INFO] [stdout]    --> examples/basic_usage.rs:111:18
[INFO] [stdout]     |
[INFO] [stdout] 111 |     println!("-".repeat(50));
[INFO] [stdout]     |              --- ^^^^^^^^^^ argument never used
[INFO] [stdout]     |              |
[INFO] [stdout]     |              formatting specifier missing
[INFO] [stdout]     |
[INFO] [stdout] help: format specifiers use curly braces, consider adding a format specifier
[INFO] [stdout]     |
[INFO] [stdout] 111 |     println!("-{}".repeat(50));
[INFO] [stdout]     |                ++
[INFO] [stdout] 
[INFO] [stdout] 
[INFO] [stdout] error: expected `,`, found `.`
[INFO] [stdout]    --> examples/basic_usage.rs:128:17
[INFO] [stdout]     |
[INFO] [stdout] 128 |     println!("-".repeat(50));
[INFO] [stdout]     |                 ^ expected `,`
[INFO] [stdout] 
[INFO] [stdout] 
[INFO] [stdout] error: argument never used
[INFO] [stdout]    --> examples/basic_usage.rs:128:18
[INFO] [stdout]     |
[INFO] [stdout] 128 |     println!("-".repeat(50));
[INFO] [stdout]     |              --- ^^^^^^^^^^ argument never used
[INFO] [stdout]     |              |
[INFO] [stdout]     |              formatting specifier missing
[INFO] [stdout]     |
[INFO] [stdout] help: format specifiers use curly braces, consider adding a format specifier
[INFO] [stdout]     |
[INFO] [stdout] 128 |     println!("-{}".repeat(50));
[INFO] [stdout]     |                ++
[INFO] [stdout] 
[INFO] [stdout] 
[INFO] [stdout] error: expected `,`, found `.`
[INFO] [stdout]    --> examples/basic_usage.rs:148:17
[INFO] [stdout]     |
[INFO] [stdout] 148 |     println!("-".repeat(50));
[INFO] [stdout]     |                 ^ expected `,`
[INFO] [stdout] 
[INFO] [stdout] 
[INFO] [stdout] error: expected `,`, found `.`
[INFO] [stdout]   --> examples/advanced_analysis.rs:82:17
[INFO] [stdout]    |
[INFO] [stdout] 82 |     println!("=".repeat(60));
[INFO] [stdout]    |                 ^ expected `,`
[INFO] [stdout] 
[INFO] [stdout] 
[INFO] [stdout] error: argument never used
[INFO] [stdout]    --> examples/basic_usage.rs:148:18
[INFO] [stdout]     |
[INFO] [stdout] 148 |     println!("-".repeat(50));
[INFO] [stdout]     |              --- ^^^^^^^^^^ argument never used
[INFO] [stdout]     |              |
[INFO] [stdout]     |              formatting specifier missing
[INFO] [stdout]     |
[INFO] [stdout] help: format specifiers use curly braces, consider adding a format specifier
[INFO] [stdout]     |
[INFO] [stdout] 148 |     println!("-{}".repeat(50));
[INFO] [stdout]     |                ++
[INFO] [stdout] 
[INFO] [stdout] 
[INFO] [stdout] error: argument never used
[INFO] [stdout]   --> examples/advanced_analysis.rs:82:18
[INFO] [stdout]    |
[INFO] [stdout] 82 |     println!("=".repeat(60));
[INFO] [stdout]    |              --- ^^^^^^^^^^ argument never used
[INFO] [stdout]    |              |
[INFO] [stdout]    |              formatting specifier missing
[INFO] [stdout]    |
[INFO] [stdout] help: format specifiers use curly braces, consider adding a format specifier
[INFO] [stdout]    |
[INFO] [stdout] 82 |     println!("={}".repeat(60));
[INFO] [stdout]    |                ++
[INFO] [stdout] 
[INFO] [stdout] 
[INFO] [stdout] error: expected `,`, found `.`
[INFO] [stdout]    --> examples/advanced_analysis.rs:163:17
[INFO] [stdout]     |
[INFO] [stdout] 163 |     println!("=".repeat(60));
[INFO] [stdout]     |                 ^ expected `,`
[INFO] [stdout] 
[INFO] [stdout] 
[INFO] [stdout] error: argument never used
[INFO] [stdout]    --> examples/advanced_analysis.rs:163:18
[INFO] [stdout]     |
[INFO] [stdout] 163 |     println!("=".repeat(60));
[INFO] [stdout]     |              --- ^^^^^^^^^^ argument never used
[INFO] [stdout]     |              |
[INFO] [stdout]     |              formatting specifier missing
[INFO] [stdout]     |
[INFO] [stdout] help: format specifiers use curly braces, consider adding a format specifier
[INFO] [stdout]     |
[INFO] [stdout] 163 |     println!("={}".repeat(60));
[INFO] [stdout]     |                ++
[INFO] [stdout] 
[INFO] [stdout] 
[INFO] [stdout] error[E0425]: cannot find function `repeat` in this scope
[INFO] [stdout]   --> examples/advanced_analysis.rs:25:18
[INFO] [stdout]    |
[INFO] [stdout] 25 |     println!("=".repeat(60));
[INFO] [stdout]    |                  ^^^^^^ not found in this scope
[INFO] [stdout]    |
[INFO] [stdout] help: consider importing one of these functions
[INFO] [stdout]    |
[INFO] [stdout]  6 + use std::array::repeat;
[INFO] [stdout]    |
[INFO] [stdout]  6 + use std::io::repeat;
[INFO] [stdout]    |
[INFO] [stdout]  6 + use std::iter::repeat;
[INFO] [stdout]    |
[INFO] [stdout]  6 + use core::array::repeat;
[INFO] [stdout]    |
[INFO] [stdout]    = and 2 other candidates
[INFO] [stdout] 
[INFO] [stdout] 
[INFO] [stdout] error[E0425]: cannot find function `repeat` in this scope
[INFO] [stdout]   --> examples/advanced_analysis.rs:82:18
[INFO] [stdout]    |
[INFO] [stdout] 82 |     println!("=".repeat(60));
[INFO] [stdout]    |                  ^^^^^^ not found in this scope
[INFO] [stdout]    |
[INFO] [stdout] help: consider importing one of these functions
[INFO] [stdout]    |
[INFO] [stdout]  6 + use std::array::repeat;
[INFO] [stdout]    |
[INFO] [stdout]  6 + use std::io::repeat;
[INFO] [stdout]    |
[INFO] [stdout]  6 + use std::iter::repeat;
[INFO] [stdout]    |
[INFO] [stdout]  6 + use core::array::repeat;
[INFO] [stdout]    |
[INFO] [stdout]    = and 2 other candidates
[INFO] [stdout] 
[INFO] [stdout] 
[INFO] [stdout] error[E0425]: cannot find function `repeat` in this scope
[INFO] [stdout]    --> examples/advanced_analysis.rs:163:18
[INFO] [stdout]     |
[INFO] [stdout] 163 |     println!("=".repeat(60));
[INFO] [stdout]     |                  ^^^^^^ not found in this scope
[INFO] [stdout]     |
[INFO] [stdout] help: consider importing one of these functions
[INFO] [stdout]     |
[INFO] [stdout]   6 + use std::array::repeat;
[INFO] [stdout]     |
[INFO] [stdout]   6 + use std::io::repeat;
[INFO] [stdout]     |
[INFO] [stdout]   6 + use std::iter::repeat;
[INFO] [stdout]     |
[INFO] [stdout]   6 + use core::array::repeat;
[INFO] [stdout]     |
[INFO] [stdout]     = and 2 other candidates
[INFO] [stdout] 
[INFO] [stdout] 
[INFO] [stdout] warning: use of deprecated method `ndarray::impl_methods::<impl ndarray::ArrayBase<S, D>>::into_shape`: Use `.into_shape_with_order()` or `.to_shape()`
[INFO] [stdout]    --> tests/integration_tests.rs:250:41
[INFO] [stdout]     |
[INFO] [stdout] 250 |     let tpm = Array::from_vec(tpm_data).into_shape(IxDyn(&shape)).unwrap();
[INFO] [stdout]     |                                         ^^^^^^^^^^
[INFO] [stdout]     |
[INFO] [stdout]     = note: `#[warn(deprecated)]` on by default
[INFO] [stdout] 
[INFO] [stdout] 
[INFO] [stdout] error[E0425]: cannot find function `repeat` in this scope
[INFO] [stdout]   --> examples/basic_usage.rs:13:18
[INFO] [stdout]    |
[INFO] [stdout] 13 |     println!("-".repeat(50));
[INFO] [stdout]    |                  ^^^^^^ not found in this scope
[INFO] [stdout]    |
[INFO] [stdout] help: consider importing one of these functions
[INFO] [stdout]    |
[INFO] [stdout]  6 + use std::array::repeat;
[INFO] [stdout]    |
[INFO] [stdout]  6 + use std::io::repeat;
[INFO] [stdout]    |
[INFO] [stdout]  6 + use std::iter::repeat;
[INFO] [stdout]    |
[INFO] [stdout]  6 + use core::array::repeat;
[INFO] [stdout]    |
[INFO] [stdout]    = and 2 other candidates
[INFO] [stdout] 
[INFO] [stdout] 
[INFO] [stdout] error[E0425]: cannot find function `repeat` in this scope
[INFO] [stdout]   --> examples/basic_usage.rs:39:18
[INFO] [stdout]    |
[INFO] [stdout] 39 |     println!("-".repeat(50));
[INFO] [stdout]    |                  ^^^^^^ not found in this scope
[INFO] [stdout]    |
[INFO] [stdout] help: consider importing one of these functions
[INFO] [stdout]    |
[INFO] [stdout]  6 + use std::array::repeat;
[INFO] [stdout]    |
[INFO] [stdout]  6 + use std::io::repeat;
[INFO] [stdout]    |
[INFO] [stdout]  6 + use std::iter::repeat;
[INFO] [stdout]    |
[INFO] [stdout]  6 + use core::array::repeat;
[INFO] [stdout]    |
[INFO] [stdout]    = and 2 other candidates
[INFO] [stdout] 
[INFO] [stdout] 
[INFO] [stdout] error[E0425]: cannot find function `repeat` in this scope
[INFO] [stdout]   --> examples/basic_usage.rs:54:18
[INFO] [stdout]    |
[INFO] [stdout] 54 |     println!("-".repeat(50));
[INFO] [stdout]    |                  ^^^^^^ not found in this scope
[INFO] [stdout]    |
[INFO] [stdout] help: consider importing one of these functions
[INFO] [stdout]    |
[INFO] [stdout]  6 + use std::array::repeat;
[INFO] [stdout]    |
[INFO] [stdout]  6 + use std::io::repeat;
[INFO] [stdout]    |
[INFO] [stdout]  6 + use std::iter::repeat;
[INFO] [stdout]    |
[INFO] [stdout]  6 + use core::array::repeat;
[INFO] [stdout]    |
[INFO] [stdout]    = and 2 other candidates
[INFO] [stdout] 
[INFO] [stdout] 
[INFO] [stdout] error[E0425]: cannot find function `repeat` in this scope
[INFO] [stdout]   --> examples/basic_usage.rs:80:18
[INFO] [stdout]    |
[INFO] [stdout] 80 |     println!("-".repeat(50));
[INFO] [stdout]    |                  ^^^^^^ not found in this scope
[INFO] [stdout]    |
[INFO] [stdout] help: consider importing one of these functions
[INFO] [stdout]    |
[INFO] [stdout]  6 + use std::array::repeat;
[INFO] [stdout]    |
[INFO] [stdout]  6 + use std::io::repeat;
[INFO] [stdout]    |
[INFO] [stdout]  6 + use std::iter::repeat;
[INFO] [stdout]    |
[INFO] [stdout]  6 + use core::array::repeat;
[INFO] [stdout]    |
[INFO] [stdout]    = and 2 other candidates
[INFO] [stdout] 
[INFO] [stdout] 
[INFO] [stdout] error[E0425]: cannot find function `repeat` in this scope
[INFO] [stdout]    --> examples/basic_usage.rs:111:18
[INFO] [stdout]     |
[INFO] [stdout] 111 |     println!("-".repeat(50));
[INFO] [stdout]     |                  ^^^^^^ not found in this scope
[INFO] [stdout]     |
[INFO] [stdout] help: consider importing one of these functions
[INFO] [stdout]     |
[INFO] [stdout]   6 + use std::array::repeat;
[INFO] [stdout]     |
[INFO] [stdout]   6 + use std::io::repeat;
[INFO] [stdout]     |
[INFO] [stdout]   6 + use std::iter::repeat;
[INFO] [stdout]     |
[INFO] [stdout]   6 + use core::array::repeat;
[INFO] [stdout]     |
[INFO] [stdout]     = and 2 other candidates
[INFO] [stdout] 
[INFO] [stdout] 
[INFO] [stdout] error[E0425]: cannot find function `repeat` in this scope
[INFO] [stdout]    --> examples/basic_usage.rs:128:18
[INFO] [stdout]     |
[INFO] [stdout] 128 |     println!("-".repeat(50));
[INFO] [stdout]     |                  ^^^^^^ not found in this scope
[INFO] [stdout]     |
[INFO] [stdout] help: consider importing one of these functions
[INFO] [stdout]     |
[INFO] [stdout]   6 + use std::array::repeat;
[INFO] [stdout]     |
[INFO] [stdout]   6 + use std::io::repeat;
[INFO] [stdout]     |
[INFO] [stdout]   6 + use std::iter::repeat;
[INFO] [stdout]     |
[INFO] [stdout]   6 + use core::array::repeat;
[INFO] [stdout]     |
[INFO] [stdout]     = and 2 other candidates
[INFO] [stdout] 
[INFO] [stdout] 
[INFO] [stdout] error[E0425]: cannot find function `repeat` in this scope
[INFO] [stdout]    --> examples/basic_usage.rs:148:18
[INFO] [stdout]     |
[INFO] [stdout] 148 |     println!("-".repeat(50));
[INFO] [stdout]     |                  ^^^^^^ not found in this scope
[INFO] [stdout]     |
[INFO] [stdout] help: consider importing one of these functions
[INFO] [stdout]     |
[INFO] [stdout]   6 + use std::array::repeat;
[INFO] [stdout]     |
[INFO] [stdout]   6 + use std::io::repeat;
[INFO] [stdout]     |
[INFO] [stdout]   6 + use std::iter::repeat;
[INFO] [stdout]     |
[INFO] [stdout]   6 + use core::array::repeat;
[INFO] [stdout]     |
[INFO] [stdout]     = and 2 other candidates
[INFO] [stdout] 
[INFO] [stdout] 
[INFO] [stdout] For more information about this error, try `rustc --explain E0425`.
[INFO] [stdout] 
[INFO] [stderr] error: could not compile `iit` (example "advanced_analysis") due to 9 previous errors
[INFO] [stderr] warning: build failed, waiting for other jobs to finish...
[INFO] [stdout] For more information about this error, try `rustc --explain E0425`.
[INFO] [stdout] 
[INFO] [stderr] error: could not compile `iit` (example "basic_usage") due to 21 previous errors
[INFO] running `Command { std: "docker" "inspect" "009d26aefceaec72271c1305d29ddd3d8c9750bcbcc74e5b1268a9c4c6d687b1", kill_on_drop: false }`
[INFO] running `Command { std: "docker" "rm" "-f" "009d26aefceaec72271c1305d29ddd3d8c9750bcbcc74e5b1268a9c4c6d687b1", kill_on_drop: false }`
[INFO] [stdout] 009d26aefceaec72271c1305d29ddd3d8c9750bcbcc74e5b1268a9c4c6d687b1
