[INFO] fetching crate ifc-georef 0.7.0...
[INFO] testing ifc-georef-0.7.0 against 1.100.0-beta.1+cargoflags=--release for beta-release-1.100-2
[INFO] extracting crate ifc-georef 0.7.0 into /workspace/builds/worker-2-tc2/source
[INFO] started tweaking crates.io crate ifc-georef 0.7.0
[INFO] removed 0 missing tests
[INFO] finished tweaking crates.io crate ifc-georef 0.7.0
[INFO] tweaked toml for crates.io crate ifc-georef 0.7.0 written to /workspace/builds/worker-2-tc2/source/Cargo.toml
[INFO] validating manifest of crates.io crate ifc-georef 0.7.0 on toolchain 1.100.0-beta.1
[INFO] running `Command { std: CARGO_HOME="/workspace/cargo-home" RUSTUP_HOME="/workspace/rustup-home" "/workspace/cargo-home/bin/cargo" "+1.100.0-beta.1" "metadata" "--manifest-path" "Cargo.toml" "--no-deps", kill_on_drop: false }`
[INFO] crate crates.io crate ifc-georef 0.7.0 already has a lockfile, it will not be regenerated
[INFO] running `Command { std: CARGO_HOME="/workspace/cargo-home" RUSTUP_HOME="/workspace/rustup-home" "/workspace/cargo-home/bin/cargo" "+1.100.0-beta.1" "fetch" "--manifest-path" "Cargo.toml", kill_on_drop: false }`
[INFO] running `Command { std: "docker" "create" "-v" "/var/lib/crater-agent-workspace/builds/worker-2-tc2/source:/opt/rustwide/workdir:ro,Z" "-v" "/var/lib/crater-agent-workspace/builds/worker-2-tc2/target:/opt/rustwide/target:rw,Z" "-v" "/var/lib/crater-agent-workspace/cargo-home:/opt/rustwide/cargo-home:ro,Z" "-v" "/var/lib/crater-agent-workspace/rustup-home:/opt/rustwide/rustup-home:ro,Z" "-m" "1610612736" "--network" "none" "ghcr.io/rust-lang/crates-build-env/linux@sha256:77db811e55d90add9212f6832c23229e3de5f1c1f9905e8cb07319ea15df73ac" "sleep" "infinity", kill_on_drop: false }`
[INFO] [stdout] a6358026ce76b32a3b01c66996b3c1de52ed9a9a196c76fd80013a73f8685dc3
[INFO] running `Command { std: "docker" "start" "a6358026ce76b32a3b01c66996b3c1de52ed9a9a196c76fd80013a73f8685dc3", kill_on_drop: false }`
[INFO] running `Command { std: "docker" "inspect" "a6358026ce76b32a3b01c66996b3c1de52ed9a9a196c76fd80013a73f8685dc3", kill_on_drop: false }`
[INFO] running `Command { std: "docker" "exec" "-e" "SOURCE_DIR=/opt/rustwide/workdir" "-e" "CARGO_HOME=/opt/rustwide/cargo-home" "-e" "RUSTUP_HOME=/opt/rustwide/rustup-home" "-e" "CARGO_TARGET_DIR=/opt/rustwide/target" "-w" "/opt/rustwide/workdir" "--user" "0:0" "a6358026ce76b32a3b01c66996b3c1de52ed9a9a196c76fd80013a73f8685dc3" "/opt/rustwide/cargo-home/bin/cargo" "+1.100.0-beta.1" "metadata" "--no-deps" "--format-version=1", kill_on_drop: false }`
[INFO] running `Command { std: "docker" "inspect" "a6358026ce76b32a3b01c66996b3c1de52ed9a9a196c76fd80013a73f8685dc3", kill_on_drop: false }`
[INFO] running `Command { std: "docker" "exec" "-e" "SOURCE_DIR=/opt/rustwide/workdir" "-e" "CARGO_HOME=/opt/rustwide/cargo-home" "-e" "RUSTUP_HOME=/opt/rustwide/rustup-home" "-e" "CARGO_TARGET_DIR=/opt/rustwide/target" "-e" "CARGO_INCREMENTAL=0" "-e" "RUST_BACKTRACE=full" "-e" "RUSTFLAGS=--cap-lints=warn" "-e" "RUSTDOCFLAGS=--cap-lints=warn" "-w" "/opt/rustwide/workdir" "--user" "0:0" "a6358026ce76b32a3b01c66996b3c1de52ed9a9a196c76fd80013a73f8685dc3" "/opt/rustwide/cargo-home/bin/cargo" "+1.100.0-beta.1" "build" "--frozen" "--message-format=json" "--release", kill_on_drop: false }`
[INFO] [stderr]    Compiling ahash v0.8.12
[INFO] [stderr]    Compiling syn v3.0.4
[INFO] [stderr]    Compiling zerocopy v0.8.56
[INFO] [stderr]    Compiling virtue v0.0.18
[INFO] [stderr]    Compiling glam v0.29.3
[INFO] [stderr]    Compiling getrandom v0.3.4
[INFO] [stderr]    Compiling bincode_derive v2.0.1
[INFO] [stderr]    Compiling bincode v2.0.1
[INFO] [stderr]    Compiling thiserror-impl v2.0.20
[INFO] [stderr]    Compiling thiserror v2.0.20
[INFO] [stderr]    Compiling ifc-schema v0.3.2
[INFO] [stderr]    Compiling ifc-model v0.3.1
[INFO] [stderr]    Compiling axiolid-core v0.3.2
[INFO] [stderr]    Compiling ifc-georef v0.7.0 (/opt/rustwide/workdir)
[INFO] [stderr]     Finished `release` profile [optimized] target(s) in 14.77s
[INFO] running `Command { std: "docker" "inspect" "a6358026ce76b32a3b01c66996b3c1de52ed9a9a196c76fd80013a73f8685dc3", kill_on_drop: false }`
[INFO] running `Command { std: "docker" "exec" "-e" "SOURCE_DIR=/opt/rustwide/workdir" "-e" "CARGO_HOME=/opt/rustwide/cargo-home" "-e" "RUSTUP_HOME=/opt/rustwide/rustup-home" "-e" "CARGO_TARGET_DIR=/opt/rustwide/target" "-e" "CARGO_INCREMENTAL=0" "-e" "RUST_BACKTRACE=full" "-e" "RUSTFLAGS=--cap-lints=warn" "-e" "RUSTDOCFLAGS=--cap-lints=warn" "-w" "/opt/rustwide/workdir" "--user" "0:0" "a6358026ce76b32a3b01c66996b3c1de52ed9a9a196c76fd80013a73f8685dc3" "/opt/rustwide/cargo-home/bin/cargo" "+1.100.0-beta.1" "test" "--frozen" "--no-run" "--message-format=json" "--release", kill_on_drop: false }`
[INFO] [stderr]    Compiling ifc-schema v0.3.2
[INFO] [stderr]    Compiling ifc-georef v0.7.0 (/opt/rustwide/workdir)
[INFO] [stdout] error[E0432]: unresolved import `ifc_step`
[INFO] [stdout]  --> tests/support/step.rs:8:5
[INFO] [stdout]   |
[INFO] [stdout] 8 | use ifc_step::StepCodec;
[INFO] [stdout]   |     ^^^^^^^^ use of unresolved module or unlinked crate `ifc_step`
[INFO] [stdout]   |
[INFO] [stdout]   = help: if you wanted to use a crate named `ifc_step`, use `cargo add ifc_step` to add it to your `Cargo.toml`
[INFO] [stdout] 
[INFO] [stdout] 
[INFO] [stdout] error[E0432]: unresolved import `ifc_step`
[INFO] [stdout]  --> tests/support/step.rs:8:5
[INFO] [stdout]   |
[INFO] [stdout] 8 | use ifc_step::StepCodec;
[INFO] [stdout]   |     ^^^^^^^^ use of unresolved module or unlinked crate `ifc_step`
[INFO] [stdout]   |
[INFO] [stdout]   = help: if you wanted to use a crate named `ifc_step`, use `cargo add ifc_step` to add it to your `Cargo.toml`
[INFO] [stdout] 
[INFO] [stdout] 
[INFO] [stdout] error[E0432]: unresolved import `ifc_step`
[INFO] [stdout]   --> tests/authoring_georef.rs:12:5
[INFO] [stdout]    |
[INFO] [stdout] 12 | use ifc_step::StepCodec;
[INFO] [stdout]    |     ^^^^^^^^ use of unresolved module or unlinked crate `ifc_step`
[INFO] [stdout]    |
[INFO] [stdout]    = help: if you wanted to use a crate named `ifc_step`, use `cargo add ifc_step` to add it to your `Cargo.toml`
[INFO] [stdout] 
[INFO] [stdout] 
[INFO] [stdout] error[E0432]: unresolved import `ifc_step`
[INFO] [stdout]  --> tests/support/step.rs:8:5
[INFO] [stdout]   |
[INFO] [stdout] 8 | use ifc_step::StepCodec;
[INFO] [stdout]   |     ^^^^^^^^ use of unresolved module or unlinked crate `ifc_step`
[INFO] [stdout]   |
[INFO] [stdout]   = help: if you wanted to use a crate named `ifc_step`, use `cargo add ifc_step` to add it to your `Cargo.toml`
[INFO] [stdout] 
[INFO] [stdout] 
[INFO] [stdout] error[E0432]: unresolved import `ifc_step`
[INFO] [stdout]  --> tests/project_to_map.rs:8:5
[INFO] [stdout]   |
[INFO] [stdout] 8 | use ifc_step::StepCodec;
[INFO] [stdout]   |     ^^^^^^^^ use of unresolved module or unlinked crate `ifc_step`
[INFO] [stdout]   |
[INFO] [stdout]   = help: if you wanted to use a crate named `ifc_step`, use `cargo add ifc_step` to add it to your `Cargo.toml`
[INFO] [stdout] 
[INFO] [stdout] 
[INFO] [stdout] error[E0432]: unresolved import `ifc_step`
[INFO] [stdout]   --> tests/scale_writer_refusals.rs:20:5
[INFO] [stdout]    |
[INFO] [stdout] 20 | use ifc_step::StepCodec;
[INFO] [stdout]    |     ^^^^^^^^ use of unresolved module or unlinked crate `ifc_step`
[INFO] [stdout]    |
[INFO] [stdout]    = help: if you wanted to use a crate named `ifc_step`, use `cargo add ifc_step` to add it to your `Cargo.toml`
[INFO] [stdout] 
[INFO] [stdout] 
[INFO] [stdout] For more information about this error, try `rustc --explain E0432`.
[INFO] [stdout] 
[INFO] [stdout] For more information about this error, try `rustc --explain E0432`.
[INFO] [stdout] 
[INFO] [stdout] error[E0432]: unresolved import `ifc_step`
[INFO] [stdout]  --> tests/support/step.rs:8:5
[INFO] [stdout]   |
[INFO] [stdout] 8 | use ifc_step::StepCodec;
[INFO] [stdout]   |     ^^^^^^^^ use of unresolved module or unlinked crate `ifc_step`
[INFO] [stdout]   |
[INFO] [stdout]   = help: if you wanted to use a crate named `ifc_step`, use `cargo add ifc_step` to add it to your `Cargo.toml`
[INFO] [stdout] 
[INFO] [stdout] 
[INFO] [stderr] error: could not compile `ifc-georef` (test "authoring_georef") due to 1 previous error
[INFO] [stderr] warning: build failed, waiting for other jobs to finish...
[INFO] [stdout] For more information about this error, try `rustc --explain E0432`.
[INFO] [stdout] 
[INFO] [stderr] error: could not compile `ifc-georef` (test "declared_map_unit") due to 1 previous error
[INFO] [stdout] error[E0432]: unresolved import `ifc_step`
[INFO] [stdout]   --> tests/property_set_georeferencing.rs:18:5
[INFO] [stdout]    |
[INFO] [stdout] 18 | use ifc_step::StepCodec;
[INFO] [stdout]    |     ^^^^^^^^ use of unresolved module or unlinked crate `ifc_step`
[INFO] [stdout]    |
[INFO] [stdout]    = help: if you wanted to use a crate named `ifc_step`, use `cargo add ifc_step` to add it to your `Cargo.toml`
[INFO] [stdout] 
[INFO] [stdout] 
[INFO] [stdout] For more information about this error, try `rustc --explain E0432`.
[INFO] [stdout] 
[INFO] [stderr] error: could not compile `ifc-georef` (test "operation_source") due to 1 previous error
[INFO] [stderr] error: could not compile `ifc-georef` (test "kernel_free_build") due to 1 previous error
[INFO] [stdout] For more information about this error, try `rustc --explain E0432`.
[INFO] [stdout] 
[INFO] [stdout] For more information about this error, try `rustc --explain E0432`.
[INFO] [stdout] 
[INFO] [stderr] error: could not compile `ifc-georef` (test "scale_writer_refusals") due to 1 previous error
[INFO] [stdout] For more information about this error, try `rustc --explain E0432`.
[INFO] [stdout] 
[INFO] [stdout] For more information about this error, try `rustc --explain E0432`.
[INFO] [stdout] 
[INFO] [stderr] error: could not compile `ifc-georef` (test "project_to_map") due to 1 previous error
[INFO] [stderr] error: could not compile `ifc-georef` (test "rigid_and_scaled") due to 1 previous error
[INFO] [stderr] error: could not compile `ifc-georef` (test "property_set_georeferencing") due to 1 previous error
[INFO] running `Command { std: "docker" "inspect" "a6358026ce76b32a3b01c66996b3c1de52ed9a9a196c76fd80013a73f8685dc3", kill_on_drop: false }`
[INFO] running `Command { std: "docker" "rm" "-f" "a6358026ce76b32a3b01c66996b3c1de52ed9a9a196c76fd80013a73f8685dc3", kill_on_drop: false }`
[INFO] [stdout] a6358026ce76b32a3b01c66996b3c1de52ed9a9a196c76fd80013a73f8685dc3
