[INFO] fetching crate ifc-alignment 0.9.0...
[INFO] testing ifc-alignment-0.9.0 against 1.100.0-beta.1+cargoflags=--release for beta-release-1.100-2
[INFO] extracting crate ifc-alignment 0.9.0 into /workspace/builds/worker-5-tc2/source
[INFO] started tweaking crates.io crate ifc-alignment 0.9.0
[INFO] removed 0 missing tests
[INFO] finished tweaking crates.io crate ifc-alignment 0.9.0
[INFO] tweaked toml for crates.io crate ifc-alignment 0.9.0 written to /workspace/builds/worker-5-tc2/source/Cargo.toml
[INFO] validating manifest of crates.io crate ifc-alignment 0.9.0 on toolchain 1.100.0-beta.1
[INFO] running `Command { std: CARGO_HOME="/workspace/cargo-home" RUSTUP_HOME="/workspace/rustup-home" "/workspace/cargo-home/bin/cargo" "+1.100.0-beta.1" "metadata" "--manifest-path" "Cargo.toml" "--no-deps", kill_on_drop: false }`
[INFO] crate crates.io crate ifc-alignment 0.9.0 already has a lockfile, it will not be regenerated
[INFO] running `Command { std: CARGO_HOME="/workspace/cargo-home" RUSTUP_HOME="/workspace/rustup-home" "/workspace/cargo-home/bin/cargo" "+1.100.0-beta.1" "fetch" "--manifest-path" "Cargo.toml", kill_on_drop: false }`
[INFO] running `Command { std: "docker" "create" "-v" "/var/lib/crater-agent-workspace/builds/worker-5-tc2/source:/opt/rustwide/workdir:ro,Z" "-v" "/var/lib/crater-agent-workspace/builds/worker-5-tc2/target:/opt/rustwide/target:rw,Z" "-v" "/var/lib/crater-agent-workspace/cargo-home:/opt/rustwide/cargo-home:ro,Z" "-v" "/var/lib/crater-agent-workspace/rustup-home:/opt/rustwide/rustup-home:ro,Z" "-m" "1610612736" "--network" "none" "ghcr.io/rust-lang/crates-build-env/linux@sha256:77db811e55d90add9212f6832c23229e3de5f1c1f9905e8cb07319ea15df73ac" "sleep" "infinity", kill_on_drop: false }`
[INFO] [stdout] 16dbbc5947cb76a9836ba2950a078198187e2b39a3196aac61589f0cd248d635
[INFO] running `Command { std: "docker" "start" "16dbbc5947cb76a9836ba2950a078198187e2b39a3196aac61589f0cd248d635", kill_on_drop: false }`
[INFO] running `Command { std: "docker" "inspect" "16dbbc5947cb76a9836ba2950a078198187e2b39a3196aac61589f0cd248d635", kill_on_drop: false }`
[INFO] running `Command { std: "docker" "exec" "-e" "SOURCE_DIR=/opt/rustwide/workdir" "-e" "CARGO_HOME=/opt/rustwide/cargo-home" "-e" "RUSTUP_HOME=/opt/rustwide/rustup-home" "-e" "CARGO_TARGET_DIR=/opt/rustwide/target" "-w" "/opt/rustwide/workdir" "--user" "0:0" "16dbbc5947cb76a9836ba2950a078198187e2b39a3196aac61589f0cd248d635" "/opt/rustwide/cargo-home/bin/cargo" "+1.100.0-beta.1" "metadata" "--no-deps" "--format-version=1", kill_on_drop: false }`
[INFO] running `Command { std: "docker" "inspect" "16dbbc5947cb76a9836ba2950a078198187e2b39a3196aac61589f0cd248d635", kill_on_drop: false }`
[INFO] running `Command { std: "docker" "exec" "-e" "SOURCE_DIR=/opt/rustwide/workdir" "-e" "CARGO_HOME=/opt/rustwide/cargo-home" "-e" "RUSTUP_HOME=/opt/rustwide/rustup-home" "-e" "CARGO_TARGET_DIR=/opt/rustwide/target" "-e" "CARGO_INCREMENTAL=0" "-e" "RUST_BACKTRACE=full" "-e" "RUSTFLAGS=--cap-lints=warn" "-e" "RUSTDOCFLAGS=--cap-lints=warn" "-w" "/opt/rustwide/workdir" "--user" "0:0" "16dbbc5947cb76a9836ba2950a078198187e2b39a3196aac61589f0cd248d635" "/opt/rustwide/cargo-home/bin/cargo" "+1.100.0-beta.1" "build" "--frozen" "--message-format=json" "--release", kill_on_drop: false }`
[INFO] [stderr]    Compiling glam v0.29.3
[INFO] [stderr]    Compiling libc v0.2.189
[INFO] [stderr]    Compiling zerocopy v0.8.56
[INFO] [stderr]    Compiling virtue v0.0.18
[INFO] [stderr]    Compiling unty v0.0.4
[INFO] [stderr]    Compiling ahash v0.8.12
[INFO] [stderr]    Compiling syn v3.0.4
[INFO] [stderr]    Compiling bincode_derive v2.0.1
[INFO] [stderr]    Compiling bincode v2.0.1
[INFO] [stderr]    Compiling getrandom v0.3.4
[INFO] [stderr]    Compiling thiserror-impl v2.0.20
[INFO] [stderr]    Compiling thiserror v2.0.20
[INFO] [stderr]    Compiling ifc-model v0.3.1
[INFO] [stderr]    Compiling ifc-schema v0.3.2
[INFO] [stderr]    Compiling axiolid-core v0.3.2
[INFO] [stderr]    Compiling axiolid-linear v0.3.2
[INFO] [stderr]    Compiling axiolid-topology v0.3.2
[INFO] [stderr]    Compiling axiolid-mesh v0.3.3
[INFO] [stderr]    Compiling axiolid-primitive v0.3.3
[INFO] [stderr]    Compiling axiolid-curve v0.3.9
[INFO] [stderr]    Compiling axiolid-surface v0.3.3
[INFO] [stderr]    Compiling axiolid-profile v0.3.2
[INFO] [stderr]    Compiling axiolid-model v0.3.13
[INFO] [stderr]    Compiling ifc-alignment v0.9.0 (/opt/rustwide/workdir)
[INFO] [stderr]     Finished `release` profile [optimized] target(s) in 23.58s
[INFO] running `Command { std: "docker" "inspect" "16dbbc5947cb76a9836ba2950a078198187e2b39a3196aac61589f0cd248d635", kill_on_drop: false }`
[INFO] running `Command { std: "docker" "exec" "-e" "SOURCE_DIR=/opt/rustwide/workdir" "-e" "CARGO_HOME=/opt/rustwide/cargo-home" "-e" "RUSTUP_HOME=/opt/rustwide/rustup-home" "-e" "CARGO_TARGET_DIR=/opt/rustwide/target" "-e" "CARGO_INCREMENTAL=0" "-e" "RUST_BACKTRACE=full" "-e" "RUSTFLAGS=--cap-lints=warn" "-e" "RUSTDOCFLAGS=--cap-lints=warn" "-w" "/opt/rustwide/workdir" "--user" "0:0" "16dbbc5947cb76a9836ba2950a078198187e2b39a3196aac61589f0cd248d635" "/opt/rustwide/cargo-home/bin/cargo" "+1.100.0-beta.1" "test" "--frozen" "--no-run" "--message-format=json" "--release", kill_on_drop: false }`
[INFO] [stderr]    Compiling axiolid-guarantees v0.3.1
[INFO] [stderr]    Compiling axiolid-contracts v0.3.3
[INFO] [stderr]    Compiling axiolid-curve-evaluate-contract v0.3.7
[INFO] [stderr]    Compiling axiolid-evaluate v0.3.14
[INFO] [stderr]    Compiling ifc-alignment v0.9.0 (/opt/rustwide/workdir)
[INFO] [stdout] error[E0432]: unresolved import `ifc_step`
[INFO] [stdout]  --> tests/horizontal_curve.rs:9:5
[INFO] [stdout]   |
[INFO] [stdout] 9 | use ifc_step::StepCodec;
[INFO] [stdout]   |     ^^^^^^^^ use of unresolved module or unlinked crate `ifc_step`
[INFO] [stdout]   |
[INFO] [stdout]   = help: if you wanted to use a crate named `ifc_step`, use `cargo add ifc_step` to add it to your `Cargo.toml`
[INFO] [stdout] 
[INFO] [stdout] 
[INFO] [stdout] error[E0432]: unresolved import `ifc_step`
[INFO] [stdout]   --> tests/partial_lowering.rs:12:5
[INFO] [stdout]    |
[INFO] [stdout] 12 | use ifc_step::StepCodec;
[INFO] [stdout]    |     ^^^^^^^^ use of unresolved module or unlinked crate `ifc_step`
[INFO] [stdout]    |
[INFO] [stdout]    = help: if you wanted to use a crate named `ifc_step`, use `cargo add ifc_step` to add it to your `Cargo.toml`
[INFO] [stdout] 
[INFO] [stdout] 
[INFO] [stdout] error[E0432]: unresolved import `ifc_step`
[INFO] [stdout]   --> tests/spiral_law.rs:22:5
[INFO] [stdout]    |
[INFO] [stdout] 22 | use ifc_step::StepCodec;
[INFO] [stdout]    |     ^^^^^^^^ use of unresolved module or unlinked crate `ifc_step`
[INFO] [stdout]    |
[INFO] [stdout]    = help: if you wanted to use a crate named `ifc_step`, use `cargo add ifc_step` to add it to your `Cargo.toml`
[INFO] [stdout] 
[INFO] [stdout] 
[INFO] [stdout] error[E0432]: unresolved import `ifc_step`
[INFO] [stdout]   --> tests/typed_segment_values.rs:17:5
[INFO] [stdout]    |
[INFO] [stdout] 17 | use ifc_step::StepCodec;
[INFO] [stdout]    |     ^^^^^^^^ use of unresolved module or unlinked crate `ifc_step`
[INFO] [stdout]    |
[INFO] [stdout]    = help: if you wanted to use a crate named `ifc_step`, use `cargo add ifc_step` to add it to your `Cargo.toml`
[INFO] [stdout] 
[INFO] [stdout] 
[INFO] [stdout] error[E0432]: unresolved import `ifc_step`
[INFO] [stdout]   --> tests/horizontal_plan.rs:20:5
[INFO] [stdout]    |
[INFO] [stdout] 20 | use ifc_step::StepCodec;
[INFO] [stdout]    |     ^^^^^^^^ use of unresolved module or unlinked crate `ifc_step`
[INFO] [stdout]    |
[INFO] [stdout]    = help: if you wanted to use a crate named `ifc_step`, use `cargo add ifc_step` to add it to your `Cargo.toml`
[INFO] [stdout] 
[INFO] [stdout] 
[INFO] [stdout] error[E0432]: unresolved import `ifc_step`
[INFO] [stdout]   --> tests/closing_segment.rs:32:5
[INFO] [stdout]    |
[INFO] [stdout] 32 | use ifc_step::StepCodec;
[INFO] [stdout]    |     ^^^^^^^^ use of unresolved module or unlinked crate `ifc_step`
[INFO] [stdout]    |
[INFO] [stdout]    = help: if you wanted to use a crate named `ifc_step`, use `cargo add ifc_step` to add it to your `Cargo.toml`
[INFO] [stdout] 
[INFO] [stdout] 
[INFO] [stdout] For more information about this error, try `rustc --explain E0432`.
[INFO] [stdout] 
[INFO] [stdout] error[E0432]: unresolved import `ifc_step`
[INFO] [stdout]   --> tests/segment_readers.rs:28:5
[INFO] [stdout]    |
[INFO] [stdout] 28 | use ifc_step::StepCodec;
[INFO] [stdout]    |     ^^^^^^^^ use of unresolved module or unlinked crate `ifc_step`
[INFO] [stdout]    |
[INFO] [stdout]    = help: if you wanted to use a crate named `ifc_step`, use `cargo add ifc_step` to add it to your `Cargo.toml`
[INFO] [stdout] 
[INFO] [stdout] 
[INFO] [stderr] error: could not compile `ifc-alignment` (test "typed_segment_values") due to 1 previous error
[INFO] [stderr] warning: build failed, waiting for other jobs to finish...
[INFO] [stdout] For more information about this error, try `rustc --explain E0432`.
[INFO] [stdout] 
[INFO] [stderr] error: could not compile `ifc-alignment` (test "partial_lowering") due to 1 previous error
[INFO] [stdout] For more information about this error, try `rustc --explain E0432`.
[INFO] [stdout] 
[INFO] [stdout] For more information about this error, try `rustc --explain E0432`.
[INFO] [stdout] 
[INFO] [stderr] error: could not compile `ifc-alignment` (test "spiral_law") due to 1 previous error
[INFO] [stderr] error: could not compile `ifc-alignment` (test "horizontal_curve") due to 1 previous error
[INFO] [stdout] error[E0433]: cannot find module or crate `ifc_step` in this scope
[INFO] [stdout]    --> tests/seam_tolerance.rs:262:27
[INFO] [stdout]     |
[INFO] [stdout] 262 |         let model = match ifc_step::StepCodec.read_path(&path) {
[INFO] [stdout]     |                           ^^^^^^^^ use of unresolved module or unlinked crate `ifc_step`
[INFO] [stdout]     |
[INFO] [stdout]     = help: if you wanted to use a crate named `ifc_step`, use `cargo add ifc_step` to add it to your `Cargo.toml`
[INFO] [stdout] 
[INFO] [stdout] 
[INFO] [stdout] error[E0433]: cannot find module or crate `ifc_step` in this scope
[INFO] [stdout]    --> tests/real_export_survey.rs:150:25
[INFO] [stdout]     |
[INFO] [stdout] 150 |         let Ok(model) = ifc_step::StepCodec.read_path(path) else {
[INFO] [stdout]     |                         ^^^^^^^^ use of unresolved module or unlinked crate `ifc_step`
[INFO] [stdout]     |
[INFO] [stdout]     = help: if you wanted to use a crate named `ifc_step`, use `cargo add ifc_step` to add it to your `Cargo.toml`
[INFO] [stdout] 
[INFO] [stdout] 
[INFO] [stdout] For more information about this error, try `rustc --explain E0433`.
[INFO] [stdout] 
[INFO] [stderr] error: could not compile `ifc-alignment` (test "seam_tolerance") due to 1 previous error
[INFO] [stdout] For more information about this error, try `rustc --explain E0433`.
[INFO] [stdout] 
[INFO] [stderr] error: could not compile `ifc-alignment` (test "real_export_survey") due to 1 previous error
[INFO] [stdout] For more information about this error, try `rustc --explain E0432`.
[INFO] [stdout] 
[INFO] [stderr] error: could not compile `ifc-alignment` (test "closing_segment") due to 1 previous error
[INFO] [stdout] For more information about this error, try `rustc --explain E0432`.
[INFO] [stdout] 
[INFO] [stderr] error: could not compile `ifc-alignment` (test "segment_readers") due to 1 previous error
[INFO] [stdout] For more information about this error, try `rustc --explain E0432`.
[INFO] [stdout] 
[INFO] [stderr] error: could not compile `ifc-alignment` (test "horizontal_plan") due to 1 previous error
[INFO] [stdout] error[E0433]: cannot find module or crate `ifc_step` in this scope
[INFO] [stdout]    --> tests/banked_centreline.rs:560:17
[INFO] [stdout]     |
[INFO] [stdout] 560 |     let model = ifc_step::StepCodec
[INFO] [stdout]     |                 ^^^^^^^^ use of unresolved module or unlinked crate `ifc_step`
[INFO] [stdout]     |
[INFO] [stdout]     = help: if you wanted to use a crate named `ifc_step`, use `cargo add ifc_step` to add it to your `Cargo.toml`
[INFO] [stdout] 
[INFO] [stdout] 
[INFO] [stdout] For more information about this error, try `rustc --explain E0433`.
[INFO] [stdout] 
[INFO] [stderr] error: could not compile `ifc-alignment` (test "banked_centreline") due to 1 previous error
[INFO] running `Command { std: "docker" "inspect" "16dbbc5947cb76a9836ba2950a078198187e2b39a3196aac61589f0cd248d635", kill_on_drop: false }`
[INFO] running `Command { std: "docker" "rm" "-f" "16dbbc5947cb76a9836ba2950a078198187e2b39a3196aac61589f0cd248d635", kill_on_drop: false }`
[INFO] [stdout] 16dbbc5947cb76a9836ba2950a078198187e2b39a3196aac61589f0cd248d635
