[INFO] fetching crate iec61850-server 0.2.0...
[INFO] testing iec61850-server-0.2.0 against 1.99.0-beta.8+cargoflags=--release for beta-release-1.100-2
[INFO] extracting crate iec61850-server 0.2.0 into /workspace/builds/worker-4-tc1/source
[INFO] started tweaking crates.io crate iec61850-server 0.2.0
[INFO] removed 0 missing examples
[INFO] removed 0 missing tests
[INFO] finished tweaking crates.io crate iec61850-server 0.2.0
[INFO] tweaked toml for crates.io crate iec61850-server 0.2.0 written to /workspace/builds/worker-4-tc1/source/Cargo.toml
[INFO] validating manifest of crates.io crate iec61850-server 0.2.0 on toolchain 1.99.0-beta.8
[INFO] running `Command { std: CARGO_HOME="/workspace/cargo-home" RUSTUP_HOME="/workspace/rustup-home" "/workspace/cargo-home/bin/cargo" "+1.99.0-beta.8" "metadata" "--manifest-path" "Cargo.toml" "--no-deps", kill_on_drop: false }`
[INFO] crate crates.io crate iec61850-server 0.2.0 already has a lockfile, it will not be regenerated
[INFO] running `Command { std: CARGO_HOME="/workspace/cargo-home" RUSTUP_HOME="/workspace/rustup-home" "/workspace/cargo-home/bin/cargo" "+1.99.0-beta.8" "fetch" "--manifest-path" "Cargo.toml", kill_on_drop: false }`
[INFO] [stderr]     Updating crates.io index
[INFO] [stderr]  Downloading crates ...
[INFO] [stderr]   Downloaded iec61850-goose v0.2.0
[INFO] [stderr]   Downloaded iec61850-scl v0.2.0
[INFO] running `Command { std: "docker" "create" "-v" "/var/lib/crater-agent-workspace/builds/worker-4-tc1/source:/opt/rustwide/workdir:ro,Z" "-v" "/var/lib/crater-agent-workspace/builds/worker-4-tc1/target:/opt/rustwide/target:rw,Z" "-v" "/var/lib/crater-agent-workspace/cargo-home:/opt/rustwide/cargo-home:ro,Z" "-v" "/var/lib/crater-agent-workspace/rustup-home:/opt/rustwide/rustup-home:ro,Z" "-m" "1610612736" "--network" "none" "ghcr.io/rust-lang/crates-build-env/linux@sha256:77db811e55d90add9212f6832c23229e3de5f1c1f9905e8cb07319ea15df73ac" "sleep" "infinity", kill_on_drop: false }`
[INFO] [stdout] ecda29bc7bacdcbdcec0e869654fef315b494f0fbfa9f063493cf58b7401dc91
[INFO] running `Command { std: "docker" "start" "ecda29bc7bacdcbdcec0e869654fef315b494f0fbfa9f063493cf58b7401dc91", kill_on_drop: false }`
[INFO] running `Command { std: "docker" "inspect" "ecda29bc7bacdcbdcec0e869654fef315b494f0fbfa9f063493cf58b7401dc91", kill_on_drop: false }`
[INFO] running `Command { std: "docker" "exec" "-e" "SOURCE_DIR=/opt/rustwide/workdir" "-e" "CARGO_HOME=/opt/rustwide/cargo-home" "-e" "RUSTUP_HOME=/opt/rustwide/rustup-home" "-e" "CARGO_TARGET_DIR=/opt/rustwide/target" "-w" "/opt/rustwide/workdir" "--user" "0:0" "ecda29bc7bacdcbdcec0e869654fef315b494f0fbfa9f063493cf58b7401dc91" "/opt/rustwide/cargo-home/bin/cargo" "+1.99.0-beta.8" "metadata" "--no-deps" "--format-version=1", kill_on_drop: false }`
[INFO] running `Command { std: "docker" "inspect" "ecda29bc7bacdcbdcec0e869654fef315b494f0fbfa9f063493cf58b7401dc91", kill_on_drop: false }`
[INFO] running `Command { std: "docker" "exec" "-e" "SOURCE_DIR=/opt/rustwide/workdir" "-e" "CARGO_HOME=/opt/rustwide/cargo-home" "-e" "RUSTUP_HOME=/opt/rustwide/rustup-home" "-e" "CARGO_TARGET_DIR=/opt/rustwide/target" "-e" "CARGO_INCREMENTAL=0" "-e" "RUST_BACKTRACE=full" "-e" "RUSTFLAGS=--cap-lints=warn" "-e" "RUSTDOCFLAGS=--cap-lints=warn" "-w" "/opt/rustwide/workdir" "--user" "0:0" "ecda29bc7bacdcbdcec0e869654fef315b494f0fbfa9f063493cf58b7401dc91" "/opt/rustwide/cargo-home/bin/cargo" "+1.99.0-beta.8" "build" "--frozen" "--message-format=json" "--release", kill_on_drop: false }`
[INFO] [stderr]    Compiling libc v0.2.186
[INFO] [stderr]    Compiling cc v1.2.62
[INFO] [stderr]    Compiling bytes v1.11.1
[INFO] [stderr]    Compiling rustls v0.23.40
[INFO] [stderr]    Compiling rustls-pki-types v1.14.1
[INFO] [stderr]    Compiling thiserror-impl v2.0.18
[INFO] [stderr]    Compiling tokio-macros v2.7.0
[INFO] [stderr]    Compiling tracing v0.1.44
[INFO] [stderr]    Compiling thiserror v2.0.18
[INFO] [stderr]    Compiling iec61850-asn1 v0.2.0
[INFO] [stderr]    Compiling iec61850-model v0.2.0
[INFO] [stderr]    Compiling mio v1.2.0
[INFO] [stderr]    Compiling socket2 v0.6.3
[INFO] [stderr]    Compiling getrandom v0.2.17
[INFO] [stderr]    Compiling ring v0.17.14
[INFO] [stderr]    Compiling tokio v1.52.3
[INFO] [stderr]    Compiling iec61850-hal v0.2.0
[INFO] [stderr]    Compiling iec61850-goose v0.2.0
[INFO] [stderr]    Compiling iec61850-mms v0.2.0
[INFO] [stderr]    Compiling rustls-webpki v0.103.13
[INFO] [stderr]    Compiling tokio-rustls v0.26.4
[INFO] [stderr]    Compiling iec61850-tls v0.2.0
[INFO] [stderr]    Compiling iec61850-server v0.2.0 (/opt/rustwide/workdir)
[INFO] [stderr]     Finished `release` profile [optimized] target(s) in 52.09s
[INFO] running `Command { std: "docker" "inspect" "ecda29bc7bacdcbdcec0e869654fef315b494f0fbfa9f063493cf58b7401dc91", kill_on_drop: false }`
[INFO] running `Command { std: "docker" "exec" "-e" "SOURCE_DIR=/opt/rustwide/workdir" "-e" "CARGO_HOME=/opt/rustwide/cargo-home" "-e" "RUSTUP_HOME=/opt/rustwide/rustup-home" "-e" "CARGO_TARGET_DIR=/opt/rustwide/target" "-e" "CARGO_INCREMENTAL=0" "-e" "RUST_BACKTRACE=full" "-e" "RUSTFLAGS=--cap-lints=warn" "-e" "RUSTDOCFLAGS=--cap-lints=warn" "-w" "/opt/rustwide/workdir" "--user" "0:0" "ecda29bc7bacdcbdcec0e869654fef315b494f0fbfa9f063493cf58b7401dc91" "/opt/rustwide/cargo-home/bin/cargo" "+1.99.0-beta.8" "test" "--frozen" "--no-run" "--message-format=json" "--release", kill_on_drop: false }`
[INFO] [stderr]    Compiling errno v0.3.14
[INFO] [stderr]    Compiling num-conv v0.2.1
[INFO] [stderr]    Compiling getrandom v0.4.2
[INFO] [stderr]    Compiling base64 v0.22.1
[INFO] [stderr]    Compiling deranged v0.5.8
[INFO] [stderr]    Compiling bitflags v2.11.1
[INFO] [stderr]    Compiling fastrand v2.4.1
[INFO] [stderr]    Compiling quick-xml v0.42.0
[INFO] [stderr]    Compiling signal-hook-registry v1.4.8
[INFO] [stderr]    Compiling rustix v1.1.4
[INFO] [stderr]    Compiling tokio v1.52.3
[INFO] [stderr]    Compiling pem v3.0.6
[INFO] [stderr]    Compiling time v0.3.47
[INFO] [stderr]    Compiling iec61850-scl v0.2.0
[INFO] [stderr]    Compiling yasna v0.5.2
[INFO] [stderr]    Compiling rcgen v0.13.2
[INFO] [stderr]    Compiling tempfile v3.27.0
[INFO] [stderr]    Compiling iec61850-hal v0.2.0
[INFO] [stderr]    Compiling tokio-rustls v0.26.4
[INFO] [stderr]    Compiling iec61850-goose v0.2.0
[INFO] [stderr]    Compiling iec61850-tls v0.2.0
[INFO] [stderr]    Compiling iec61850-mms v0.2.0
[INFO] [stderr]    Compiling iec61850-server v0.2.0 (/opt/rustwide/workdir)
[INFO] [stdout] error[E0433]: cannot find module or crate `iec61850_client` in this scope
[INFO] [stdout]    --> tests/goose_mapping_e2e.rs:333:9
[INFO] [stdout]     |
[INFO] [stdout] 333 |     use iec61850_client::connection::IedConnection;
[INFO] [stdout]     |         ^^^^^^^^^^^^^^^ use of unresolved module or unlinked crate `iec61850_client`
[INFO] [stdout]     |
[INFO] [stdout] help: there is a crate or module with a similar name
[INFO] [stdout]     |
[INFO] [stdout] 333 -     use iec61850_client::connection::IedConnection;
[INFO] [stdout] 333 +     use iec61850_model::connection::IedConnection;
[INFO] [stdout]     |
[INFO] [stdout] 
[INFO] [stdout] 
[INFO] [stdout] error[E0433]: cannot find module or crate `iec61850_client` in this scope
[INFO] [stdout]    --> tests/goose_mapping_e2e.rs:367:9
[INFO] [stdout]     |
[INFO] [stdout] 367 |     use iec61850_client::connection::IedConnection;
[INFO] [stdout]     |         ^^^^^^^^^^^^^^^ use of unresolved module or unlinked crate `iec61850_client`
[INFO] [stdout]     |
[INFO] [stdout] help: there is a crate or module with a similar name
[INFO] [stdout]     |
[INFO] [stdout] 367 -     use iec61850_client::connection::IedConnection;
[INFO] [stdout] 367 +     use iec61850_model::connection::IedConnection;
[INFO] [stdout]     |
[INFO] [stdout] 
[INFO] [stdout] 
[INFO] [stdout] error[E0433]: cannot find module or crate `iec61850_client` in this scope
[INFO] [stdout]    --> tests/goose_mapping_e2e.rs:368:9
[INFO] [stdout]     |
[INFO] [stdout] 368 |     use iec61850_client::gocb::GoCBValuesWrite;
[INFO] [stdout]     |         ^^^^^^^^^^^^^^^ use of unresolved module or unlinked crate `iec61850_client`
[INFO] [stdout]     |
[INFO] [stdout] help: there is a crate or module with a similar name
[INFO] [stdout]     |
[INFO] [stdout] 368 -     use iec61850_client::gocb::GoCBValuesWrite;
[INFO] [stdout] 368 +     use iec61850_model::gocb::GoCBValuesWrite;
[INFO] [stdout]     |
[INFO] [stdout] 
[INFO] [stdout] 
[INFO] [stdout] error[E0432]: unresolved import `iec61850_client`
[INFO] [stdout]   --> tests/name_list_directory_e2e.rs:18:5
[INFO] [stdout]    |
[INFO] [stdout] 18 | use iec61850_client::{AcsiClass, IedConnection};
[INFO] [stdout]    |     ^^^^^^^^^^^^^^^ use of unresolved module or unlinked crate `iec61850_client`
[INFO] [stdout]    |
[INFO] [stdout] help: there is a crate or module with a similar name
[INFO] [stdout]    |
[INFO] [stdout] 18 - use iec61850_client::{AcsiClass, IedConnection};
[INFO] [stdout] 18 + use iec61850_model::{AcsiClass, IedConnection};
[INFO] [stdout]    |
[INFO] [stdout] 
[INFO] [stdout] 
[INFO] [stdout] error[E0433]: cannot find module or crate `iec61850_client` in this scope
[INFO] [stdout]    --> tests/name_list_directory_e2e.rs:347:34
[INFO] [stdout]     |
[INFO] [stdout] 347 |     let (log_domain, log_item) = iec61850_client::parse_journal_ref(&log_ref)
[INFO] [stdout]     |                                  ^^^^^^^^^^^^^^^ use of unresolved module or unlinked crate `iec61850_client`
[INFO] [stdout]     |
[INFO] [stdout] help: there is a crate or module with a similar name
[INFO] [stdout]     |
[INFO] [stdout] 347 -     let (log_domain, log_item) = iec61850_client::parse_journal_ref(&log_ref)
[INFO] [stdout] 347 +     let (log_domain, log_item) = iec61850_model::parse_journal_ref(&log_ref)
[INFO] [stdout]     |
[INFO] [stdout] 
[INFO] [stdout] 
[INFO] [stdout] For more information about this error, try `rustc --explain E0433`.
[INFO] [stdout] 
[INFO] [stderr] error: could not compile `iec61850-server` (test "goose_mapping_e2e") due to 3 previous errors
[INFO] [stderr] warning: build failed, waiting for other jobs to finish...
[INFO] [stdout] Some errors have detailed explanations: E0432, E0433.
[INFO] [stdout] 
[INFO] [stdout] For more information about an error, try `rustc --explain E0432`.
[INFO] [stdout] 
[INFO] [stderr] error: could not compile `iec61850-server` (test "name_list_directory_e2e") due to 2 previous errors
[INFO] running `Command { std: "docker" "inspect" "ecda29bc7bacdcbdcec0e869654fef315b494f0fbfa9f063493cf58b7401dc91", kill_on_drop: false }`
[INFO] running `Command { std: "docker" "rm" "-f" "ecda29bc7bacdcbdcec0e869654fef315b494f0fbfa9f063493cf58b7401dc91", kill_on_drop: false }`
[INFO] [stdout] ecda29bc7bacdcbdcec0e869654fef315b494f0fbfa9f063493cf58b7401dc91
