[INFO] fetching crate iec61850-client 0.2.0...
[INFO] testing iec61850-client-0.2.0 against 1.99.0-beta.8+cargoflags=--release for beta-release-1.100-2
[INFO] extracting crate iec61850-client 0.2.0 into /workspace/builds/worker-6-tc1/source
[INFO] started tweaking crates.io crate iec61850-client 0.2.0
[INFO] removed 0 missing examples
[INFO] removed 0 missing tests
[INFO] finished tweaking crates.io crate iec61850-client 0.2.0
[INFO] tweaked toml for crates.io crate iec61850-client 0.2.0 written to /workspace/builds/worker-6-tc1/source/Cargo.toml
[INFO] validating manifest of crates.io crate iec61850-client 0.2.0 on toolchain 1.99.0-beta.8
[INFO] running `Command { std: CARGO_HOME="/workspace/cargo-home" RUSTUP_HOME="/workspace/rustup-home" "/workspace/cargo-home/bin/cargo" "+1.99.0-beta.8" "metadata" "--manifest-path" "Cargo.toml" "--no-deps", kill_on_drop: false }`
[INFO] crate crates.io crate iec61850-client 0.2.0 already has a lockfile, it will not be regenerated
[INFO] running `Command { std: CARGO_HOME="/workspace/cargo-home" RUSTUP_HOME="/workspace/rustup-home" "/workspace/cargo-home/bin/cargo" "+1.99.0-beta.8" "fetch" "--manifest-path" "Cargo.toml", kill_on_drop: false }`
[INFO] [stderr]     Updating crates.io index
[INFO] [stderr]  Downloading crates ...
[INFO] [stderr]   Downloaded iec61850-hal v0.2.0
[INFO] [stderr]   Downloaded iec61850-asn1 v0.2.0
[INFO] [stderr]   Downloaded iec61850-tls v0.2.0
[INFO] [stderr]   Downloaded iec61850-model v0.2.0
[INFO] [stderr]   Downloaded iec61850-mms v0.2.0
[INFO] running `Command { std: "docker" "create" "-v" "/var/lib/crater-agent-workspace/builds/worker-6-tc1/source:/opt/rustwide/workdir:ro,Z" "-v" "/var/lib/crater-agent-workspace/builds/worker-6-tc1/target:/opt/rustwide/target:rw,Z" "-v" "/var/lib/crater-agent-workspace/cargo-home:/opt/rustwide/cargo-home:ro,Z" "-v" "/var/lib/crater-agent-workspace/rustup-home:/opt/rustwide/rustup-home:ro,Z" "-m" "1610612736" "--network" "none" "ghcr.io/rust-lang/crates-build-env/linux@sha256:77db811e55d90add9212f6832c23229e3de5f1c1f9905e8cb07319ea15df73ac" "sleep" "infinity", kill_on_drop: false }`
[INFO] [stdout] 33b960ad46bed946d292f6e0a7c652b2f4f8fa74b0cedf77cd918ddb647e98e6
[INFO] running `Command { std: "docker" "start" "33b960ad46bed946d292f6e0a7c652b2f4f8fa74b0cedf77cd918ddb647e98e6", kill_on_drop: false }`
[INFO] running `Command { std: "docker" "inspect" "33b960ad46bed946d292f6e0a7c652b2f4f8fa74b0cedf77cd918ddb647e98e6", kill_on_drop: false }`
[INFO] running `Command { std: "docker" "exec" "-e" "SOURCE_DIR=/opt/rustwide/workdir" "-e" "CARGO_HOME=/opt/rustwide/cargo-home" "-e" "RUSTUP_HOME=/opt/rustwide/rustup-home" "-e" "CARGO_TARGET_DIR=/opt/rustwide/target" "-w" "/opt/rustwide/workdir" "--user" "0:0" "33b960ad46bed946d292f6e0a7c652b2f4f8fa74b0cedf77cd918ddb647e98e6" "/opt/rustwide/cargo-home/bin/cargo" "+1.99.0-beta.8" "metadata" "--no-deps" "--format-version=1", kill_on_drop: false }`
[INFO] running `Command { std: "docker" "inspect" "33b960ad46bed946d292f6e0a7c652b2f4f8fa74b0cedf77cd918ddb647e98e6", kill_on_drop: false }`
[INFO] running `Command { std: "docker" "exec" "-e" "SOURCE_DIR=/opt/rustwide/workdir" "-e" "CARGO_HOME=/opt/rustwide/cargo-home" "-e" "RUSTUP_HOME=/opt/rustwide/rustup-home" "-e" "CARGO_TARGET_DIR=/opt/rustwide/target" "-e" "CARGO_INCREMENTAL=0" "-e" "RUST_BACKTRACE=full" "-e" "RUSTFLAGS=--cap-lints=warn" "-e" "RUSTDOCFLAGS=--cap-lints=warn" "-w" "/opt/rustwide/workdir" "--user" "0:0" "33b960ad46bed946d292f6e0a7c652b2f4f8fa74b0cedf77cd918ddb647e98e6" "/opt/rustwide/cargo-home/bin/cargo" "+1.99.0-beta.8" "build" "--frozen" "--message-format=json" "--release", kill_on_drop: false }`
[INFO] [stderr]    Compiling syn v2.0.117
[INFO] [stderr]    Compiling thiserror v2.0.18
[INFO] [stderr]    Compiling mio v1.2.0
[INFO] [stderr]    Compiling socket2 v0.6.3
[INFO] [stderr]    Compiling thiserror-impl v2.0.18
[INFO] [stderr]    Compiling tracing-attributes v0.1.31
[INFO] [stderr]    Compiling tokio-macros v2.7.0
[INFO] [stderr]    Compiling tokio v1.52.3
[INFO] [stderr]    Compiling tracing v0.1.44
[INFO] [stderr]    Compiling iec61850-asn1 v0.2.0
[INFO] [stderr]    Compiling iec61850-model v0.2.0
[INFO] [stderr]    Compiling iec61850-hal v0.2.0
[INFO] [stderr]    Compiling iec61850-mms v0.2.0
[INFO] [stderr]    Compiling iec61850-client v0.2.0 (/opt/rustwide/workdir)
[INFO] [stderr]     Finished `release` profile [optimized] target(s) in 25.52s
[INFO] running `Command { std: "docker" "inspect" "33b960ad46bed946d292f6e0a7c652b2f4f8fa74b0cedf77cd918ddb647e98e6", kill_on_drop: false }`
[INFO] running `Command { std: "docker" "exec" "-e" "SOURCE_DIR=/opt/rustwide/workdir" "-e" "CARGO_HOME=/opt/rustwide/cargo-home" "-e" "RUSTUP_HOME=/opt/rustwide/rustup-home" "-e" "CARGO_TARGET_DIR=/opt/rustwide/target" "-e" "CARGO_INCREMENTAL=0" "-e" "RUST_BACKTRACE=full" "-e" "RUSTFLAGS=--cap-lints=warn" "-e" "RUSTDOCFLAGS=--cap-lints=warn" "-w" "/opt/rustwide/workdir" "--user" "0:0" "33b960ad46bed946d292f6e0a7c652b2f4f8fa74b0cedf77cd918ddb647e98e6" "/opt/rustwide/cargo-home/bin/cargo" "+1.99.0-beta.8" "test" "--frozen" "--no-run" "--message-format=json" "--release", kill_on_drop: false }`
[INFO] [stderr]    Compiling errno v0.3.14
[INFO] [stderr]    Compiling iec61850-model v0.2.0
[INFO] [stderr]    Compiling signal-hook-registry v1.4.8
[INFO] [stderr]    Compiling tokio v1.52.3
[INFO] [stderr]    Compiling iec61850-hal v0.2.0
[INFO] [stderr]    Compiling iec61850-mms v0.2.0
[INFO] [stderr]    Compiling iec61850-client v0.2.0 (/opt/rustwide/workdir)
[INFO] [stdout] error[E0433]: cannot find module or crate `iec61850_server` in this scope
[INFO] [stdout]   --> tests/report_time_of_entry_epoch_e2e.rs:16:5
[INFO] [stdout]    |
[INFO] [stdout] 16 | use iec61850_server::reporting::{
[INFO] [stdout]    |     ^^^^^^^^^^^^^^^ use of unresolved module or unlinked crate `iec61850_server`
[INFO] [stdout]    |
[INFO] [stdout] help: there is a crate or module with a similar name
[INFO] [stdout]    |
[INFO] [stdout] 16 - use iec61850_server::reporting::{
[INFO] [stdout] 16 + use iec61850_model::reporting::{
[INFO] [stdout]    |
[INFO] [stdout] 
[INFO] [stdout] 
[INFO] [stdout] error[E0433]: cannot find module or crate `iec61850_server` in this scope
[INFO] [stdout]    --> tests/report_time_of_entry_epoch_e2e.rs:154:9
[INFO] [stdout]     |
[INFO] [stdout] 154 |     use iec61850_server::reporting::{
[INFO] [stdout]     |         ^^^^^^^^^^^^^^^ use of unresolved module or unlinked crate `iec61850_server`
[INFO] [stdout]     |
[INFO] [stdout] help: there is a crate or module with a similar name
[INFO] [stdout]     |
[INFO] [stdout] 154 -     use iec61850_server::reporting::{
[INFO] [stdout] 154 +     use iec61850_model::reporting::{
[INFO] [stdout]     |
[INFO] [stdout] 
[INFO] [stdout] 
[INFO] [stdout] For more information about this error, try `rustc --explain E0433`.
[INFO] [stdout] 
[INFO] [stderr] error: could not compile `iec61850-client` (test "report_time_of_entry_epoch_e2e") due to 2 previous errors
[INFO] [stderr] warning: build failed, waiting for other jobs to finish...
[INFO] [stdout] error[E0432]: unresolved import `iec61850_server`
[INFO] [stdout]   --> tests/urcb_e2e.rs:21:5
[INFO] [stdout]    |
[INFO] [stdout] 21 | use iec61850_server::{
[INFO] [stdout]    |     ^^^^^^^^^^^^^^^ use of unresolved module or unlinked crate `iec61850_server`
[INFO] [stdout]    |
[INFO] [stdout] help: there is a crate or module with a similar name
[INFO] [stdout]    |
[INFO] [stdout] 21 - use iec61850_server::{
[INFO] [stdout] 21 + use iec61850_model::{
[INFO] [stdout]    |
[INFO] [stdout] 
[INFO] [stdout] 
[INFO] [stdout] error[E0432]: unresolved import `iec61850_server`
[INFO] [stdout]   --> tests/urcb_competition.rs:24:5
[INFO] [stdout]    |
[INFO] [stdout] 24 | use iec61850_server::{
[INFO] [stdout]    |     ^^^^^^^^^^^^^^^ use of unresolved module or unlinked crate `iec61850_server`
[INFO] [stdout]    |
[INFO] [stdout] help: there is a crate or module with a similar name
[INFO] [stdout]    |
[INFO] [stdout] 24 - use iec61850_server::{
[INFO] [stdout] 24 + use iec61850_model::{
[INFO] [stdout]    |
[INFO] [stdout] 
[INFO] [stdout] 
[INFO] [stdout] error[E0432]: unresolved import `iec61850_server`
[INFO] [stdout]   --> tests/dataset_directory_e2e.rs:21:5
[INFO] [stdout]    |
[INFO] [stdout] 21 | use iec61850_server::{Dataset, DatasetEntry, IedServer, IedServerConfig};
[INFO] [stdout]    |     ^^^^^^^^^^^^^^^ use of unresolved module or unlinked crate `iec61850_server`
[INFO] [stdout]    |
[INFO] [stdout] help: there is a crate or module with a similar name
[INFO] [stdout]    |
[INFO] [stdout] 21 - use iec61850_server::{Dataset, DatasetEntry, IedServer, IedServerConfig};
[INFO] [stdout] 21 + use iec61850_model::{Dataset, DatasetEntry, IedServer, IedServerConfig};
[INFO] [stdout]    |
[INFO] [stdout] 
[INFO] [stdout] 
[INFO] [stdout] error[E0432]: unresolved import `iec61850_server`
[INFO] [stdout]   --> tests/urcb_wire_enable.rs:20:5
[INFO] [stdout]    |
[INFO] [stdout] 20 | use iec61850_server::{
[INFO] [stdout]    |     ^^^^^^^^^^^^^^^ use of unresolved module or unlinked crate `iec61850_server`
[INFO] [stdout]    |
[INFO] [stdout] help: there is a crate or module with a similar name
[INFO] [stdout]    |
[INFO] [stdout] 20 - use iec61850_server::{
[INFO] [stdout] 20 + use iec61850_model::{
[INFO] [stdout]    |
[INFO] [stdout] 
[INFO] [stdout] 
[INFO] [stdout] error[E0432]: unresolved import `iec61850_server`
[INFO] [stdout]   --> tests/confirmed_error_e2e.rs:22:5
[INFO] [stdout]    |
[INFO] [stdout] 22 | use iec61850_server::{IedServer, IedServerConfig};
[INFO] [stdout]    |     ^^^^^^^^^^^^^^^ use of unresolved module or unlinked crate `iec61850_server`
[INFO] [stdout]    |
[INFO] [stdout] help: there is a crate or module with a similar name
[INFO] [stdout]    |
[INFO] [stdout] 22 - use iec61850_server::{IedServer, IedServerConfig};
[INFO] [stdout] 22 + use iec61850_model::{IedServer, IedServerConfig};
[INFO] [stdout]    |
[INFO] [stdout] 
[INFO] [stdout] 
[INFO] [stdout] error[E0432]: unresolved import `iec61850_server`
[INFO] [stdout]   --> tests/urcb_latency.rs:27:5
[INFO] [stdout]    |
[INFO] [stdout] 27 | use iec61850_server::{
[INFO] [stdout]    |     ^^^^^^^^^^^^^^^ use of unresolved module or unlinked crate `iec61850_server`
[INFO] [stdout]    |
[INFO] [stdout] help: there is a crate or module with a similar name
[INFO] [stdout]    |
[INFO] [stdout] 27 - use iec61850_server::{
[INFO] [stdout] 27 + use iec61850_model::{
[INFO] [stdout]    |
[INFO] [stdout] 
[INFO] [stdout] 
[INFO] [stdout] error[E0432]: unresolved import `iec61850_server`
[INFO] [stdout]   --> tests/object_io_e2e.rs:19:5
[INFO] [stdout]    |
[INFO] [stdout] 19 | use iec61850_server::{IedServer, IedServerConfig, WriteAccessPolicies};
[INFO] [stdout]    |     ^^^^^^^^^^^^^^^ use of unresolved module or unlinked crate `iec61850_server`
[INFO] [stdout]    |
[INFO] [stdout] help: there is a crate or module with a similar name
[INFO] [stdout]    |
[INFO] [stdout] 19 - use iec61850_server::{IedServer, IedServerConfig, WriteAccessPolicies};
[INFO] [stdout] 19 + use iec61850_model::{IedServer, IedServerConfig, WriteAccessPolicies};
[INFO] [stdout]    |
[INFO] [stdout] 
[INFO] [stdout] 
[INFO] [stdout] For more information about this error, try `rustc --explain E0432`.
[INFO] [stdout] 
[INFO] [stderr] error: could not compile `iec61850-client` (test "urcb_wire_enable") due to 1 previous error
[INFO] [stdout] For more information about this error, try `rustc --explain E0432`.
[INFO] [stdout] 
[INFO] [stderr] error: could not compile `iec61850-client` (test "urcb_competition") due to 1 previous error
[INFO] [stdout] For more information about this error, try `rustc --explain E0432`.
[INFO] [stdout] 
[INFO] [stdout] error[E0432]: unresolved import `iec61850_server`
[INFO] [stdout]   --> tests/read_multi_e2e.rs:24:5
[INFO] [stdout]    |
[INFO] [stdout] 24 | use iec61850_server::{IedServer, IedServerConfig, WriteAccessPolicies};
[INFO] [stdout]    |     ^^^^^^^^^^^^^^^ use of unresolved module or unlinked crate `iec61850_server`
[INFO] [stdout]    |
[INFO] [stdout] help: there is a crate or module with a similar name
[INFO] [stdout]    |
[INFO] [stdout] 24 - use iec61850_server::{IedServer, IedServerConfig, WriteAccessPolicies};
[INFO] [stdout] 24 + use iec61850_model::{IedServer, IedServerConfig, WriteAccessPolicies};
[INFO] [stdout]    |
[INFO] [stdout] 
[INFO] [stdout] 
[INFO] [stdout] For more information about this error, try `rustc --explain E0432`.
[INFO] [stdout] 
[INFO] [stdout] For more information about this error, try `rustc --explain E0432`.
[INFO] [stdout] 
[INFO] [stderr] error: could not compile `iec61850-client` (test "dataset_directory_e2e") due to 1 previous error
[INFO] [stderr] error: could not compile `iec61850-client` (test "urcb_latency") due to 1 previous error
[INFO] [stderr] error: could not compile `iec61850-client` (test "urcb_e2e") due to 1 previous error
[INFO] [stdout] error[E0432]: unresolved import `iec61850_server`
[INFO] [stdout]   --> tests/directory_e2e.rs:32:5
[INFO] [stdout]    |
[INFO] [stdout] 32 | use iec61850_server::{IedServer, IedServerConfig, WriteAccessPolicies};
[INFO] [stdout]    |     ^^^^^^^^^^^^^^^ use of unresolved module or unlinked crate `iec61850_server`
[INFO] [stdout]    |
[INFO] [stdout] help: there is a crate or module with a similar name
[INFO] [stdout]    |
[INFO] [stdout] 32 - use iec61850_server::{IedServer, IedServerConfig, WriteAccessPolicies};
[INFO] [stdout] 32 + use iec61850_model::{IedServer, IedServerConfig, WriteAccessPolicies};
[INFO] [stdout]    |
[INFO] [stdout] 
[INFO] [stdout] 
[INFO] [stdout] For more information about this error, try `rustc --explain E0432`.
[INFO] [stdout] 
[INFO] [stderr] error: could not compile `iec61850-client` (test "confirmed_error_e2e") due to 1 previous error
[INFO] [stdout] For more information about this error, try `rustc --explain E0432`.
[INFO] [stdout] 
[INFO] [stderr] error: could not compile `iec61850-client` (test "object_io_e2e") due to 1 previous error
[INFO] [stdout] For more information about this error, try `rustc --explain E0432`.
[INFO] [stdout] 
[INFO] [stderr] error: could not compile `iec61850-client` (test "read_multi_e2e") due to 1 previous error
[INFO] [stdout] For more information about this error, try `rustc --explain E0432`.
[INFO] [stdout] 
[INFO] [stderr] error: could not compile `iec61850-client` (test "directory_e2e") due to 1 previous error
[INFO] running `Command { std: "docker" "inspect" "33b960ad46bed946d292f6e0a7c652b2f4f8fa74b0cedf77cd918ddb647e98e6", kill_on_drop: false }`
[INFO] running `Command { std: "docker" "rm" "-f" "33b960ad46bed946d292f6e0a7c652b2f4f8fa74b0cedf77cd918ddb647e98e6", kill_on_drop: false }`
[INFO] [stdout] 33b960ad46bed946d292f6e0a7c652b2f4f8fa74b0cedf77cd918ddb647e98e6
