[INFO] fetching crate idyll 0.1.1...
[INFO] testing idyll-0.1.1 against 1.100.0-beta.1+cargoflags=--release for beta-release-1.100-2
[INFO] extracting crate idyll 0.1.1 into /workspace/builds/worker-0-tc2/source
[INFO] started tweaking crates.io crate idyll 0.1.1
[INFO] removed 0 missing tests
[INFO] finished tweaking crates.io crate idyll 0.1.1
[INFO] tweaked toml for crates.io crate idyll 0.1.1 written to /workspace/builds/worker-0-tc2/source/Cargo.toml
[INFO] validating manifest of crates.io crate idyll 0.1.1 on toolchain 1.100.0-beta.1
[INFO] running `Command { std: CARGO_HOME="/workspace/cargo-home" RUSTUP_HOME="/workspace/rustup-home" "/workspace/cargo-home/bin/cargo" "+1.100.0-beta.1" "metadata" "--manifest-path" "Cargo.toml" "--no-deps", kill_on_drop: false }`
[INFO] crate crates.io crate idyll 0.1.1 already has a lockfile, it will not be regenerated
[INFO] running `Command { std: CARGO_HOME="/workspace/cargo-home" RUSTUP_HOME="/workspace/rustup-home" "/workspace/cargo-home/bin/cargo" "+1.100.0-beta.1" "fetch" "--manifest-path" "Cargo.toml", kill_on_drop: false }`
[INFO] running `Command { std: "docker" "create" "-v" "/var/lib/crater-agent-workspace/builds/worker-0-tc2/source:/opt/rustwide/workdir:ro,Z" "-v" "/var/lib/crater-agent-workspace/builds/worker-0-tc2/target:/opt/rustwide/target:rw,Z" "-v" "/var/lib/crater-agent-workspace/cargo-home:/opt/rustwide/cargo-home:ro,Z" "-v" "/var/lib/crater-agent-workspace/rustup-home:/opt/rustwide/rustup-home:ro,Z" "-m" "1610612736" "--network" "none" "ghcr.io/rust-lang/crates-build-env/linux@sha256:77db811e55d90add9212f6832c23229e3de5f1c1f9905e8cb07319ea15df73ac" "sleep" "infinity", kill_on_drop: false }`
[INFO] [stdout] f390703d465cb3e64ddc391f792d8edc6524adcd2b928980bb0ba8b865f85f6e
[INFO] running `Command { std: "docker" "start" "f390703d465cb3e64ddc391f792d8edc6524adcd2b928980bb0ba8b865f85f6e", kill_on_drop: false }`
[INFO] running `Command { std: "docker" "inspect" "f390703d465cb3e64ddc391f792d8edc6524adcd2b928980bb0ba8b865f85f6e", kill_on_drop: false }`
[INFO] running `Command { std: "docker" "exec" "-e" "SOURCE_DIR=/opt/rustwide/workdir" "-e" "CARGO_HOME=/opt/rustwide/cargo-home" "-e" "RUSTUP_HOME=/opt/rustwide/rustup-home" "-e" "CARGO_TARGET_DIR=/opt/rustwide/target" "-w" "/opt/rustwide/workdir" "--user" "0:0" "f390703d465cb3e64ddc391f792d8edc6524adcd2b928980bb0ba8b865f85f6e" "/opt/rustwide/cargo-home/bin/cargo" "+1.100.0-beta.1" "metadata" "--no-deps" "--format-version=1", kill_on_drop: false }`
[INFO] running `Command { std: "docker" "inspect" "f390703d465cb3e64ddc391f792d8edc6524adcd2b928980bb0ba8b865f85f6e", kill_on_drop: false }`
[INFO] running `Command { std: "docker" "exec" "-e" "SOURCE_DIR=/opt/rustwide/workdir" "-e" "CARGO_HOME=/opt/rustwide/cargo-home" "-e" "RUSTUP_HOME=/opt/rustwide/rustup-home" "-e" "CARGO_TARGET_DIR=/opt/rustwide/target" "-e" "CARGO_INCREMENTAL=0" "-e" "RUST_BACKTRACE=full" "-e" "RUSTFLAGS=--cap-lints=warn" "-e" "RUSTDOCFLAGS=--cap-lints=warn" "-w" "/opt/rustwide/workdir" "--user" "0:0" "f390703d465cb3e64ddc391f792d8edc6524adcd2b928980bb0ba8b865f85f6e" "/opt/rustwide/cargo-home/bin/cargo" "+1.100.0-beta.1" "build" "--frozen" "--message-format=json" "--release", kill_on_drop: false }`
[INFO] [stderr]    Compiling serde_core v1.0.228
[INFO] [stderr]    Compiling serde_json v1.0.150
[INFO] [stderr]    Compiling idyll-wit v0.1.0
[INFO] [stderr]    Compiling smallvec v1.15.2
[INFO] [stderr]    Compiling html-escape v0.2.14
[INFO] [stderr]    Compiling type-map v0.5.1
[INFO] [stderr]    Compiling syn v2.0.117
[INFO] [stderr]    Compiling digest v0.10.7
[INFO] [stderr]    Compiling sha2 v0.10.9
[INFO] [stderr]    Compiling idyll-styles-parse v0.1.1
[INFO] [stderr]    Compiling serde_derive v1.0.228
[INFO] [stderr]    Compiling serde v1.0.228
[INFO] [stderr]    Compiling idyll-schema v0.1.0
[INFO] [stderr]    Compiling idyll-macros v0.2.0
[INFO] [stderr]    Compiling idyll v0.1.1 (/opt/rustwide/workdir)
[INFO] [stderr] warning: unused dependency `pin-project-lite`
[INFO] [stderr]   --> Cargo.toml:13:15
[INFO] [stderr]    |
[INFO] [stderr] 13 | [dependencies.pin-project-lite]
[INFO] [stderr]    |               ^^^^^^^^^^^^^^^^^
[INFO] [stderr]    |
[INFO] [stderr]    = note: `cargo::unused_dependencies` is set to `warn` by default
[INFO] [stderr] help: consider removing the dependency on `pin-project-lite`
[INFO] [stderr] warning: unused dependency `slotmap`
[INFO] [stderr]   --> Cargo.toml:24:15
[INFO] [stderr]    |
[INFO] [stderr] 24 | [dependencies.slotmap]
[INFO] [stderr]    |               ^^^^^^^^
[INFO] [stderr]    |
[INFO] [stderr] help: consider removing the dependency on `slotmap`
[INFO] [stderr] warning: unused dependency `smallvec`
[INFO] [stderr]   --> Cargo.toml:27:15
[INFO] [stderr]    |
[INFO] [stderr] 27 | [dependencies.smallvec]
[INFO] [stderr]    |               ^^^^^^^^^
[INFO] [stderr]    |
[INFO] [stderr] help: consider removing the dependency on `smallvec`
[INFO] [stderr] warning: `idyll` (manifest) generated 3 warnings
[INFO] [stderr]     Finished `release` profile [optimized] target(s) in 26.38s
[INFO] running `Command { std: "docker" "inspect" "f390703d465cb3e64ddc391f792d8edc6524adcd2b928980bb0ba8b865f85f6e", kill_on_drop: false }`
[INFO] running `Command { std: "docker" "exec" "-e" "SOURCE_DIR=/opt/rustwide/workdir" "-e" "CARGO_HOME=/opt/rustwide/cargo-home" "-e" "RUSTUP_HOME=/opt/rustwide/rustup-home" "-e" "CARGO_TARGET_DIR=/opt/rustwide/target" "-e" "CARGO_INCREMENTAL=0" "-e" "RUST_BACKTRACE=full" "-e" "RUSTFLAGS=--cap-lints=warn" "-e" "RUSTDOCFLAGS=--cap-lints=warn" "-w" "/opt/rustwide/workdir" "--user" "0:0" "f390703d465cb3e64ddc391f792d8edc6524adcd2b928980bb0ba8b865f85f6e" "/opt/rustwide/cargo-home/bin/cargo" "+1.100.0-beta.1" "test" "--frozen" "--no-run" "--message-format=json" "--release", kill_on_drop: false }`
[INFO] [stderr]    Compiling idyll v0.1.1 (/opt/rustwide/workdir)
[INFO] [stdout] error[E0599]: no associated function or constant named `for_test` found for struct `Turn<'a>` in the current scope
[INFO] [stdout]    --> tests/template_ir.rs:121:30
[INFO] [stdout]     |
[INFO] [stdout] 121 |     items.push(&idyll::Turn::for_test(), "x".to_string());
[INFO] [stdout]     |                              ^^^^^^^^ associated function or constant not found in `Turn<'_>`
[INFO] [stdout] 
[INFO] [stdout] 
[INFO] [stdout] For more information about this error, try `rustc --explain E0599`.
[INFO] [stdout] 
[INFO] [stderr] error: could not compile `idyll` (test "template_ir") due to 1 previous error
[INFO] [stderr] warning: build failed, waiting for other jobs to finish...
[INFO] [stdout] error[E0599]: no associated function or constant named `for_test` found for struct `Turn<'a>` in the current scope
[INFO] [stdout]     --> tests/integration.rs:1663:34
[INFO] [stdout]      |
[INFO] [stdout] 1663 |         items.push(&idyll::Turn::for_test(), 1u32);
[INFO] [stdout]      |                                  ^^^^^^^^ associated function or constant not found in `Turn<'_>`
[INFO] [stdout] 
[INFO] [stdout] 
[INFO] [stdout] error[E0599]: no associated function or constant named `for_test` found for struct `Turn<'a>` in the current scope
[INFO] [stdout]     --> tests/integration.rs:2121:44
[INFO] [stdout]      |
[INFO] [stdout] 2121 |         let row = items.push(&idyll::Turn::for_test(), "row".to_string());
[INFO] [stdout]      |                                            ^^^^^^^^ associated function or constant not found in `Turn<'_>`
[INFO] [stdout] 
[INFO] [stdout] 
[INFO] [stdout] error[E0599]: no associated function or constant named `for_test` found for struct `Turn<'a>` in the current scope
[INFO] [stdout]     --> tests/integration.rs:2141:48
[INFO] [stdout]      |
[INFO] [stdout] 2141 |                     items.remove(&idyll::Turn::for_test(), row);
[INFO] [stdout]      |                                                ^^^^^^^^ associated function or constant not found in `Turn<'_>`
[INFO] [stdout] 
[INFO] [stdout] 
[INFO] [stdout] error[E0599]: no associated function or constant named `for_test` found for struct `Turn<'a>` in the current scope
[INFO] [stdout]     --> tests/integration.rs:2713:34
[INFO] [stdout]      |
[INFO] [stdout] 2713 |         items.push(&idyll::Turn::for_test(), "row".to_string());
[INFO] [stdout]      |                                  ^^^^^^^^ associated function or constant not found in `Turn<'_>`
[INFO] [stdout] 
[INFO] [stdout] 
[INFO] [stdout] error[E0599]: no associated function or constant named `for_test` found for struct `Turn<'a>` in the current scope
[INFO] [stdout]    --> tests/integration.rs:700:28
[INFO] [stdout]     |
[INFO] [stdout] 700 |     show.set(&idyll::Turn::for_test(), false);
[INFO] [stdout]     |                            ^^^^^^^^ associated function or constant not found in `Turn<'_>`
[INFO] [stdout] 
[INFO] [stdout] 
[INFO] [stdout] error[E0599]: no associated function or constant named `for_test` found for struct `Turn<'a>` in the current scope
[INFO] [stdout]    --> tests/integration.rs:770:30
[INFO] [stdout]     |
[INFO] [stdout] 770 |     signal.set(&idyll::Turn::for_test(), 1);
[INFO] [stdout]     |                              ^^^^^^^^ associated function or constant not found in `Turn<'_>`
[INFO] [stdout] 
[INFO] [stdout] 
[INFO] [stdout] error[E0599]: no associated function or constant named `for_test` found for struct `Turn<'a>` in the current scope
[INFO] [stdout]    --> tests/integration.rs:771:30
[INFO] [stdout]     |
[INFO] [stdout] 771 |     signal.set(&idyll::Turn::for_test(), 2);
[INFO] [stdout]     |                              ^^^^^^^^ associated function or constant not found in `Turn<'_>`
[INFO] [stdout] 
[INFO] [stdout] 
[INFO] [stdout] error[E0599]: no associated function or constant named `for_test` found for struct `Turn<'a>` in the current scope
[INFO] [stdout]    --> tests/integration.rs:907:35
[INFO] [stdout]     |
[INFO] [stdout] 907 |     let r1 = v.push(&idyll::Turn::for_test(), "a".into());
[INFO] [stdout]     |                                   ^^^^^^^^ associated function or constant not found in `Turn<'_>`
[INFO] [stdout] 
[INFO] [stdout] 
[INFO] [stdout] error[E0599]: no associated function or constant named `for_test` found for struct `Turn<'a>` in the current scope
[INFO] [stdout]    --> tests/integration.rs:908:35
[INFO] [stdout]     |
[INFO] [stdout] 908 |     let r2 = v.push(&idyll::Turn::for_test(), "b".into());
[INFO] [stdout]     |                                   ^^^^^^^^ associated function or constant not found in `Turn<'_>`
[INFO] [stdout] 
[INFO] [stdout] 
[INFO] [stdout] error[E0599]: no associated function or constant named `for_test` found for struct `Turn<'a>` in the current scope
[INFO] [stdout]    --> tests/integration.rs:910:28
[INFO] [stdout]     |
[INFO] [stdout] 910 |     v.remove(&idyll::Turn::for_test(), r1);
[INFO] [stdout]     |                            ^^^^^^^^ associated function or constant not found in `Turn<'_>`
[INFO] [stdout] 
[INFO] [stdout] 
[INFO] [stdout] error[E0599]: no associated function or constant named `for_test` found for struct `Turn<'a>` in the current scope
[INFO] [stdout]    --> tests/integration.rs:914:46
[INFO] [stdout]     |
[INFO] [stdout] 914 |         v.get(r2).unwrap().now(&idyll::Turn::for_test()).clone(),
[INFO] [stdout]     |                                              ^^^^^^^^ associated function or constant not found in `Turn<'_>`
[INFO] [stdout] 
[INFO] [stdout] 
[INFO] [stdout] error[E0599]: no associated function or constant named `for_test` found for struct `Turn<'a>` in the current scope
[INFO] [stdout]    --> tests/integration.rs:918:37
[INFO] [stdout]     |
[INFO] [stdout] 918 |     assert!(!v.remove(&idyll::Turn::for_test(), r1));
[INFO] [stdout]     |                                     ^^^^^^^^ associated function or constant not found in `Turn<'_>`
[INFO] [stdout] 
[INFO] [stdout] 
[INFO] [stdout] error[E0599]: no associated function or constant named `for_test` found for struct `Turn<'a>` in the current scope
[INFO] [stdout]    --> tests/integration.rs:925:34
[INFO] [stdout]     |
[INFO] [stdout] 925 |     let r = v.push(&idyll::Turn::for_test(), 1);
[INFO] [stdout]     |                                  ^^^^^^^^ associated function or constant not found in `Turn<'_>`
[INFO] [stdout] 
[INFO] [stdout] 
[INFO] [stdout] error[E0599]: no associated function or constant named `for_test` found for struct `Turn<'a>` in the current scope
[INFO] [stdout]    --> tests/integration.rs:926:25
[INFO] [stdout]     |
[INFO] [stdout] 926 |     v.set(&idyll::Turn::for_test(), r, 99);
[INFO] [stdout]     |                         ^^^^^^^^ associated function or constant not found in `Turn<'_>`
[INFO] [stdout] 
[INFO] [stdout] 
[INFO] [stdout] error[E0599]: no associated function or constant named `for_test` found for struct `Turn<'a>` in the current scope
[INFO] [stdout]    --> tests/integration.rs:927:52
[INFO] [stdout]     |
[INFO] [stdout] 927 |     assert_eq!(v.get(r).unwrap().now(&idyll::Turn::for_test()).clone(), 99);
[INFO] [stdout]     |                                                    ^^^^^^^^ associated function or constant not found in `Turn<'_>`
[INFO] [stdout] 
[INFO] [stdout] 
[INFO] [stdout] error[E0599]: no associated function or constant named `for_test` found for struct `Turn<'a>` in the current scope
[INFO] [stdout]    --> tests/integration.rs:934:26
[INFO] [stdout]     |
[INFO] [stdout] 934 |     v.push(&idyll::Turn::for_test(), 30);
[INFO] [stdout]     |                          ^^^^^^^^ associated function or constant not found in `Turn<'_>`
[INFO] [stdout] 
[INFO] [stdout] 
[INFO] [stdout] error[E0599]: no associated function or constant named `for_test` found for struct `Turn<'a>` in the current scope
[INFO] [stdout]    --> tests/integration.rs:935:26
[INFO] [stdout]     |
[INFO] [stdout] 935 |     v.push(&idyll::Turn::for_test(), 10);
[INFO] [stdout]     |                          ^^^^^^^^ associated function or constant not found in `Turn<'_>`
[INFO] [stdout] 
[INFO] [stdout] 
[INFO] [stdout] error[E0599]: no associated function or constant named `for_test` found for struct `Turn<'a>` in the current scope
[INFO] [stdout]    --> tests/integration.rs:936:26
[INFO] [stdout]     |
[INFO] [stdout] 936 |     v.push(&idyll::Turn::for_test(), 20);
[INFO] [stdout]     |                          ^^^^^^^^ associated function or constant not found in `Turn<'_>`
[INFO] [stdout] 
[INFO] [stdout] 
[INFO] [stdout] error[E0599]: no associated function or constant named `for_test` found for struct `Turn<'a>` in the current scope
[INFO] [stdout]    --> tests/integration.rs:937:29
[INFO] [stdout]     |
[INFO] [stdout] 937 |     v.sort_by(&idyll::Turn::for_test(), |a, b| a.cmp(b));
[INFO] [stdout]     |                             ^^^^^^^^ associated function or constant not found in `Turn<'_>`
[INFO] [stdout] 
[INFO] [stdout] 
[INFO] [stdout] error[E0599]: no associated function or constant named `for_test` found for struct `Turn<'a>` in the current scope
[INFO] [stdout]    --> tests/integration.rs:941:55
[INFO] [stdout]     |
[INFO] [stdout] 941 |         .map(|&r| v.get(r).unwrap().now(&idyll::Turn::for_test()).clone())
[INFO] [stdout]     |                                                       ^^^^^^^^ associated function or constant not found in `Turn<'_>`
[INFO] [stdout] 
[INFO] [stdout] 
[INFO] [stdout] error[E0599]: no associated function or constant named `for_test` found for struct `Turn<'a>` in the current scope
[INFO] [stdout]    --> tests/integration.rs:952:34
[INFO] [stdout]     |
[INFO] [stdout] 952 |     let r = v.push(&idyll::Turn::for_test(), 42);
[INFO] [stdout]     |                                  ^^^^^^^^ associated function or constant not found in `Turn<'_>`
[INFO] [stdout] 
[INFO] [stdout] 
[INFO] [stdout] error[E0599]: no associated function or constant named `for_test` found for struct `Turn<'a>` in the current scope
[INFO] [stdout]     --> tests/integration.rs:1417:38
[INFO] [stdout]      |
[INFO] [stdout] 1417 |             items.push(&idyll::Turn::for_test(), "a".to_string());
[INFO] [stdout]      |                                      ^^^^^^^^ associated function or constant not found in `Turn<'_>`
[INFO] [stdout] 
[INFO] [stdout] 
[INFO] [stdout] error[E0599]: no associated function or constant named `for_test` found for struct `Turn<'a>` in the current scope
[INFO] [stdout]     --> tests/integration.rs:1418:38
[INFO] [stdout]      |
[INFO] [stdout] 1418 |             items.push(&idyll::Turn::for_test(), "b".to_string());
[INFO] [stdout]      |                                      ^^^^^^^^ associated function or constant not found in `Turn<'_>`
[INFO] [stdout] 
[INFO] [stdout] 
[INFO] [stdout] error[E0599]: no associated function or constant named `for_test` found for struct `Turn<'a>` in the current scope
[INFO] [stdout]     --> tests/integration.rs:1435:50
[INFO] [stdout]      |
[INFO] [stdout] 1435 |                         items.push(&idyll::Turn::for_test(), value);
[INFO] [stdout]      |                                                  ^^^^^^^^ associated function or constant not found in `Turn<'_>`
[INFO] [stdout] 
[INFO] [stdout] 
[INFO] [stdout] error[E0599]: no associated function or constant named `for_test` found for struct `Turn<'a>` in the current scope
[INFO] [stdout]     --> tests/integration.rs:1469:38
[INFO] [stdout]      |
[INFO] [stdout] 1469 |             items.push(&idyll::Turn::for_test(), "a".to_string());
[INFO] [stdout]      |                                      ^^^^^^^^ associated function or constant not found in `Turn<'_>`
[INFO] [stdout] 
[INFO] [stdout] 
[INFO] [stdout] error[E0599]: no associated function or constant named `for_test` found for struct `Turn<'a>` in the current scope
[INFO] [stdout]     --> tests/integration.rs:1470:51
[INFO] [stdout]      |
[INFO] [stdout] 1470 |             let second = items.push(&idyll::Turn::for_test(), "b".to_string());
[INFO] [stdout]      |                                                   ^^^^^^^^ associated function or constant not found in `Turn<'_>`
[INFO] [stdout] 
[INFO] [stdout] 
[INFO] [stdout] error[E0599]: no associated function or constant named `for_test` found for struct `Turn<'a>` in the current scope
[INFO] [stdout]     --> tests/integration.rs:1471:38
[INFO] [stdout]      |
[INFO] [stdout] 1471 |             items.push(&idyll::Turn::for_test(), "c".to_string());
[INFO] [stdout]      |                                      ^^^^^^^^ associated function or constant not found in `Turn<'_>`
[INFO] [stdout] 
[INFO] [stdout] 
[INFO] [stdout] error[E0599]: no associated function or constant named `for_test` found for struct `Turn<'a>` in the current scope
[INFO] [stdout]     --> tests/integration.rs:1488:52
[INFO] [stdout]      |
[INFO] [stdout] 1488 |                         items.remove(&idyll::Turn::for_test(), second);
[INFO] [stdout]      |                                                    ^^^^^^^^ associated function or constant not found in `Turn<'_>`
[INFO] [stdout] 
[INFO] [stdout] 
[INFO] [stdout] error[E0599]: no associated function or constant named `for_test` found for struct `Turn<'a>` in the current scope
[INFO] [stdout]     --> tests/integration.rs:1541:38
[INFO] [stdout]      |
[INFO] [stdout] 1541 |             items.push(&idyll::Turn::for_test(), "c".to_string());
[INFO] [stdout]      |                                      ^^^^^^^^ associated function or constant not found in `Turn<'_>`
[INFO] [stdout] 
[INFO] [stdout] 
[INFO] [stdout] error[E0599]: no associated function or constant named `for_test` found for struct `Turn<'a>` in the current scope
[INFO] [stdout]     --> tests/integration.rs:1542:51
[INFO] [stdout]      |
[INFO] [stdout] 1542 |             let second = items.push(&idyll::Turn::for_test(), "a".to_string());
[INFO] [stdout]      |                                                   ^^^^^^^^ associated function or constant not found in `Turn<'_>`
[INFO] [stdout] 
[INFO] [stdout] 
[INFO] [stdout] error[E0599]: no associated function or constant named `for_test` found for struct `Turn<'a>` in the current scope
[INFO] [stdout]     --> tests/integration.rs:1543:38
[INFO] [stdout]      |
[INFO] [stdout] 1543 |             items.push(&idyll::Turn::for_test(), "b".to_string());
[INFO] [stdout]      |                                      ^^^^^^^^ associated function or constant not found in `Turn<'_>`
[INFO] [stdout] 
[INFO] [stdout] 
[INFO] [stdout] error[E0599]: no associated function or constant named `for_test` found for struct `Turn<'a>` in the current scope
[INFO] [stdout]     --> tests/integration.rs:1560:52
[INFO] [stdout]      |
[INFO] [stdout] 1560 |                         items.remove(&idyll::Turn::for_test(), second);
[INFO] [stdout]      |                                                    ^^^^^^^^ associated function or constant not found in `Turn<'_>`
[INFO] [stdout] 
[INFO] [stdout] 
[INFO] [stdout] error[E0599]: no associated function or constant named `for_test` found for struct `Turn<'a>` in the current scope
[INFO] [stdout]     --> tests/integration.rs:1563:53
[INFO] [stdout]      |
[INFO] [stdout] 1563 |                         items.sort_by(&idyll::Turn::for_test(), |a, b| a.cmp(b));
[INFO] [stdout]      |                                                     ^^^^^^^^ associated function or constant not found in `Turn<'_>`
[INFO] [stdout] 
[INFO] [stdout] 
[INFO] [stdout] error[E0599]: no associated function or constant named `for_test` found for struct `Turn<'a>` in the current scope
[INFO] [stdout]     --> tests/integration.rs:1605:38
[INFO] [stdout]      |
[INFO] [stdout] 1605 |             items.push(&idyll::Turn::for_test(), "a".to_string());
[INFO] [stdout]      |                                      ^^^^^^^^ associated function or constant not found in `Turn<'_>`
[INFO] [stdout] 
[INFO] [stdout] 
[INFO] [stdout] error[E0599]: no associated function or constant named `for_test` found for struct `Turn<'a>` in the current scope
[INFO] [stdout]     --> tests/integration.rs:1606:38
[INFO] [stdout]      |
[INFO] [stdout] 1606 |             items.push(&idyll::Turn::for_test(), "b".to_string());
[INFO] [stdout]      |                                      ^^^^^^^^ associated function or constant not found in `Turn<'_>`
[INFO] [stdout] 
[INFO] [stdout] 
[INFO] [stdout] error[E0599]: no associated function or constant named `for_test` found for struct `Turn<'a>` in the current scope
[INFO] [stdout]     --> tests/integration.rs:1607:38
[INFO] [stdout]      |
[INFO] [stdout] 1607 |             items.push(&idyll::Turn::for_test(), "c".to_string());
[INFO] [stdout]      |                                      ^^^^^^^^ associated function or constant not found in `Turn<'_>`
[INFO] [stdout] 
[INFO] [stdout] 
[INFO] [stdout] error[E0599]: no associated function or constant named `for_test` found for struct `Turn<'a>` in the current scope
[INFO] [stdout]     --> tests/integration.rs:1623:61
[INFO] [stdout]      |
[INFO] [stdout] 1623 |                     Msg::Clear => items.clear(&idyll::Turn::for_test()),
[INFO] [stdout]      |                                                             ^^^^^^^^ associated function or constant not found in `Turn<'_>`
[INFO] [stdout] 
[INFO] [stdout] 
[INFO] [stdout] error[E0599]: no method named `live_task_count` found for struct `Runtime` in the current scope
[INFO] [stdout]     --> tests/integration.rs:1818:12
[INFO] [stdout]      |
[INFO] [stdout] 1818 |         rt.live_task_count(),
[INFO] [stdout]      |            ^^^^^^^^^^^^^^^ method not found in `Runtime`
[INFO] [stdout] 
[INFO] [stdout] 
[INFO] [stdout] error[E0599]: no associated function or constant named `for_test` found for struct `Turn<'a>` in the current scope
[INFO] [stdout]     --> tests/integration.rs:1844:46
[INFO] [stdout]      |
[INFO] [stdout] 1844 |                     items.push(&idyll::Turn::for_test(), i);
[INFO] [stdout]      |                                              ^^^^^^^^ associated function or constant not found in `Turn<'_>`
[INFO] [stdout] 
[INFO] [stdout] 
[INFO] [stdout] error[E0599]: no method named `live_task_count` found for struct `Runtime` in the current scope
[INFO] [stdout]     --> tests/integration.rs:1866:22
[INFO] [stdout]      |
[INFO] [stdout] 1866 |         (elapsed, rt.live_task_count(), ops)
[INFO] [stdout]      |                      ^^^^^^^^^^^^^^^ method not found in `Runtime`
[INFO] [stdout] 
[INFO] [stdout] 
[INFO] [stdout] error[E0599]: no associated function or constant named `for_test` found for struct `Turn<'a>` in the current scope
[INFO] [stdout]     --> tests/integration.rs:1915:46
[INFO] [stdout]      |
[INFO] [stdout] 1915 |                     items.push(&idyll::Turn::for_test(), i);
[INFO] [stdout]      |                                              ^^^^^^^^ associated function or constant not found in `Turn<'_>`
[INFO] [stdout] 
[INFO] [stdout] 
[INFO] [stdout] error[E0599]: no associated function or constant named `for_test` found for struct `Turn<'a>` in the current scope
[INFO] [stdout]     --> tests/integration.rs:1946:41
[INFO] [stdout]      |
[INFO] [stdout] 1946 |                 items.set(&idyll::Turn::for_test(), row, round * n + i as u32);
[INFO] [stdout]      |                                         ^^^^^^^^ associated function or constant not found in `Turn<'_>`
[INFO] [stdout] 
[INFO] [stdout] 
[INFO] [stdout] error[E0599]: no method named `live_task_count` found for struct `Runtime` in the current scope
[INFO] [stdout]     --> tests/integration.rs:1951:30
[INFO] [stdout]      |
[INFO] [stdout] 1951 |         (start.elapsed(), rt.live_task_count())
[INFO] [stdout]      |                              ^^^^^^^^^^^^^^^ method not found in `Runtime`
[INFO] [stdout] 
[INFO] [stdout] 
[INFO] [stdout] error[E0599]: no associated function or constant named `for_test` found for struct `Turn<'a>` in the current scope
[INFO] [stdout]     --> tests/integration.rs:2839:32
[INFO] [stdout]      |
[INFO] [stdout] 2839 |     external.set(&idyll::Turn::for_test(), 1);
[INFO] [stdout]      |                                ^^^^^^^^ associated function or constant not found in `Turn<'_>`
[INFO] [stdout] 
[INFO] [stdout] 
[INFO] [stdout] error[E0599]: no associated function or constant named `for_test` found for struct `Turn<'a>` in the current scope
[INFO] [stdout]     --> tests/integration.rs:2843:32
[INFO] [stdout]      |
[INFO] [stdout] 2843 |     external.set(&idyll::Turn::for_test(), 2);
[INFO] [stdout]      |                                ^^^^^^^^ associated function or constant not found in `Turn<'_>`
[INFO] [stdout] 
[INFO] [stdout] 
[INFO] [stdout] error[E0599]: no associated function or constant named `for_test` found for struct `Turn<'a>` in the current scope
[INFO] [stdout]     --> tests/integration.rs:2847:32
[INFO] [stdout]      |
[INFO] [stdout] 2847 |     external.set(&idyll::Turn::for_test(), 3);
[INFO] [stdout]      |                                ^^^^^^^^ associated function or constant not found in `Turn<'_>`
[INFO] [stdout] 
[INFO] [stdout] 
[INFO] [stdout] error[E0599]: no associated function or constant named `for_test` found for struct `Turn<'a>` in the current scope
[INFO] [stdout]     --> tests/integration.rs:3275:28
[INFO] [stdout]      |
[INFO] [stdout] 3275 |     show.set(&idyll::Turn::for_test(), false);
[INFO] [stdout]      |                            ^^^^^^^^ associated function or constant not found in `Turn<'_>`
[INFO] [stdout] 
[INFO] [stdout] 
[INFO] [stdout] For more information about this error, try `rustc --explain E0599`.
[INFO] [stdout] 
[INFO] [stderr] error: could not compile `idyll` (test "integration") due to 47 previous errors
[INFO] [stderr] warning: unused dependency `pin-project-lite`
[INFO] [stderr]   --> Cargo.toml:13:15
[INFO] [stderr]    |
[INFO] [stderr] 13 | [dependencies.pin-project-lite]
[INFO] [stderr]    |               ^^^^^^^^^^^^^^^^^
[INFO] [stderr]    |
[INFO] [stderr]    = note: `cargo::unused_dependencies` is set to `warn` by default
[INFO] [stderr] help: consider removing the dependency on `pin-project-lite`
[INFO] [stderr] warning: unused dependency `slotmap`
[INFO] [stderr]   --> Cargo.toml:24:15
[INFO] [stderr]    |
[INFO] [stderr] 24 | [dependencies.slotmap]
[INFO] [stderr]    |               ^^^^^^^^
[INFO] [stderr]    |
[INFO] [stderr] help: consider removing the dependency on `slotmap`
[INFO] [stderr] warning: unused dependency `smallvec`
[INFO] [stderr]   --> Cargo.toml:27:15
[INFO] [stderr]    |
[INFO] [stderr] 27 | [dependencies.smallvec]
[INFO] [stderr]    |               ^^^^^^^^^
[INFO] [stderr]    |
[INFO] [stderr] help: consider removing the dependency on `smallvec`
[INFO] [stderr] warning: `idyll` (manifest) generated 3 warnings
[INFO] running `Command { std: "docker" "inspect" "f390703d465cb3e64ddc391f792d8edc6524adcd2b928980bb0ba8b865f85f6e", kill_on_drop: false }`
[INFO] running `Command { std: "docker" "rm" "-f" "f390703d465cb3e64ddc391f792d8edc6524adcd2b928980bb0ba8b865f85f6e", kill_on_drop: false }`
[INFO] [stdout] f390703d465cb3e64ddc391f792d8edc6524adcd2b928980bb0ba8b865f85f6e
