[INFO] fetching crate idyll-data 0.1.1...
[INFO] testing idyll-data-0.1.1 against 1.100.0-beta.1+cargoflags=--release for beta-release-1.100-2
[INFO] extracting crate idyll-data 0.1.1 into /workspace/builds/worker-1-tc2/source
[INFO] started tweaking crates.io crate idyll-data 0.1.1
[INFO] removed 0 missing tests
[INFO] finished tweaking crates.io crate idyll-data 0.1.1
[INFO] tweaked toml for crates.io crate idyll-data 0.1.1 written to /workspace/builds/worker-1-tc2/source/Cargo.toml
[INFO] validating manifest of crates.io crate idyll-data 0.1.1 on toolchain 1.100.0-beta.1
[INFO] running `Command { std: CARGO_HOME="/workspace/cargo-home" RUSTUP_HOME="/workspace/rustup-home" "/workspace/cargo-home/bin/cargo" "+1.100.0-beta.1" "metadata" "--manifest-path" "Cargo.toml" "--no-deps", kill_on_drop: false }`
[INFO] crate crates.io crate idyll-data 0.1.1 already has a lockfile, it will not be regenerated
[INFO] running `Command { std: CARGO_HOME="/workspace/cargo-home" RUSTUP_HOME="/workspace/rustup-home" "/workspace/cargo-home/bin/cargo" "+1.100.0-beta.1" "fetch" "--manifest-path" "Cargo.toml", kill_on_drop: false }`
[INFO] running `Command { std: "docker" "create" "-v" "/var/lib/crater-agent-workspace/builds/worker-1-tc2/source:/opt/rustwide/workdir:ro,Z" "-v" "/var/lib/crater-agent-workspace/builds/worker-1-tc2/target:/opt/rustwide/target:rw,Z" "-v" "/var/lib/crater-agent-workspace/cargo-home:/opt/rustwide/cargo-home:ro,Z" "-v" "/var/lib/crater-agent-workspace/rustup-home:/opt/rustwide/rustup-home:ro,Z" "-m" "1610612736" "--network" "none" "ghcr.io/rust-lang/crates-build-env/linux@sha256:77db811e55d90add9212f6832c23229e3de5f1c1f9905e8cb07319ea15df73ac" "sleep" "infinity", kill_on_drop: false }`
[INFO] [stdout] afcdc7b8c7a10a7d9de8e116917a87cde0c33129d68925708e58e54a8e655343
[INFO] running `Command { std: "docker" "start" "afcdc7b8c7a10a7d9de8e116917a87cde0c33129d68925708e58e54a8e655343", kill_on_drop: false }`
[INFO] running `Command { std: "docker" "inspect" "afcdc7b8c7a10a7d9de8e116917a87cde0c33129d68925708e58e54a8e655343", kill_on_drop: false }`
[INFO] running `Command { std: "docker" "exec" "-e" "SOURCE_DIR=/opt/rustwide/workdir" "-e" "CARGO_HOME=/opt/rustwide/cargo-home" "-e" "RUSTUP_HOME=/opt/rustwide/rustup-home" "-e" "CARGO_TARGET_DIR=/opt/rustwide/target" "-w" "/opt/rustwide/workdir" "--user" "0:0" "afcdc7b8c7a10a7d9de8e116917a87cde0c33129d68925708e58e54a8e655343" "/opt/rustwide/cargo-home/bin/cargo" "+1.100.0-beta.1" "metadata" "--no-deps" "--format-version=1", kill_on_drop: false }`
[INFO] running `Command { std: "docker" "inspect" "afcdc7b8c7a10a7d9de8e116917a87cde0c33129d68925708e58e54a8e655343", kill_on_drop: false }`
[INFO] running `Command { std: "docker" "exec" "-e" "SOURCE_DIR=/opt/rustwide/workdir" "-e" "CARGO_HOME=/opt/rustwide/cargo-home" "-e" "RUSTUP_HOME=/opt/rustwide/rustup-home" "-e" "CARGO_TARGET_DIR=/opt/rustwide/target" "-e" "CARGO_INCREMENTAL=0" "-e" "RUST_BACKTRACE=full" "-e" "RUSTFLAGS=--cap-lints=warn" "-e" "RUSTDOCFLAGS=--cap-lints=warn" "-w" "/opt/rustwide/workdir" "--user" "0:0" "afcdc7b8c7a10a7d9de8e116917a87cde0c33129d68925708e58e54a8e655343" "/opt/rustwide/cargo-home/bin/cargo" "+1.100.0-beta.1" "build" "--frozen" "--message-format=json" "--release", kill_on_drop: false }`
[INFO] [stderr]    Compiling typenum v1.20.1
[INFO] [stderr]    Compiling syn v2.0.117
[INFO] [stderr]    Compiling serde_json v1.0.150
[INFO] [stderr]    Compiling digest v0.10.7
[INFO] [stderr]    Compiling idyll-wit v0.1.0
[INFO] [stderr]    Compiling rustc-hash v2.1.2
[INFO] [stderr]    Compiling indexmap v2.14.0
[INFO] [stderr]    Compiling type-map v0.5.1
[INFO] [stderr]    Compiling html-escape v0.2.14
[INFO] [stderr]    Compiling sha2 v0.10.9
[INFO] [stderr]    Compiling generic-array v0.14.7
[INFO] [stderr]    Compiling crypto-common v0.1.7
[INFO] [stderr]    Compiling block-buffer v0.10.4
[INFO] [stderr]    Compiling idyll-styles-parse v0.1.1
[INFO] [stderr]    Compiling serde_derive v1.0.228
[INFO] [stderr]    Compiling derive-where v1.6.1
[INFO] [stderr]    Compiling serde v1.0.228
[INFO] [stderr]    Compiling idyll-schema v0.1.0
[INFO] [stderr]    Compiling idyll-macros v0.2.0
[INFO] [stderr]    Compiling idyll v0.1.1
[INFO] [stderr]    Compiling idyll-data v0.1.1 (/opt/rustwide/workdir)
[INFO] [stderr]     Finished `release` profile [optimized] target(s) in 52.47s
[INFO] running `Command { std: "docker" "inspect" "afcdc7b8c7a10a7d9de8e116917a87cde0c33129d68925708e58e54a8e655343", kill_on_drop: false }`
[INFO] running `Command { std: "docker" "exec" "-e" "SOURCE_DIR=/opt/rustwide/workdir" "-e" "CARGO_HOME=/opt/rustwide/cargo-home" "-e" "RUSTUP_HOME=/opt/rustwide/rustup-home" "-e" "CARGO_TARGET_DIR=/opt/rustwide/target" "-e" "CARGO_INCREMENTAL=0" "-e" "RUST_BACKTRACE=full" "-e" "RUSTFLAGS=--cap-lints=warn" "-e" "RUSTDOCFLAGS=--cap-lints=warn" "-w" "/opt/rustwide/workdir" "--user" "0:0" "afcdc7b8c7a10a7d9de8e116917a87cde0c33129d68925708e58e54a8e655343" "/opt/rustwide/cargo-home/bin/cargo" "+1.100.0-beta.1" "test" "--frozen" "--no-run" "--message-format=json" "--release", kill_on_drop: false }`
[INFO] [stderr]    Compiling idyll-data v0.1.1 (/opt/rustwide/workdir)
[INFO] [stdout] error[E0599]: no associated function or constant named `for_test` found for struct `Turn<'a>` in the current scope
[INFO] [stdout]   --> tests/store.rs:46:29
[INFO] [stdout]    |
[INFO] [stdout] 46 |     let turn = idyll::Turn::for_test();
[INFO] [stdout]    |                             ^^^^^^^^ associated function or constant not found in `Turn<'_>`
[INFO] [stdout] 
[INFO] [stdout] 
[INFO] [stdout] warning: unreachable call
[INFO] [stdout]   --> tests/exec_op.rs:54:1
[INFO] [stdout]    |
[INFO] [stdout] 54 | #[root]
[INFO] [stdout]    | ^^^^^^^
[INFO] [stdout]    | |
[INFO] [stdout]    | unreachable call
[INFO] [stdout]    | any code following this expression is unreachable
[INFO] [stdout]    |
[INFO] [stdout]    = note: `#[warn(unreachable_code)]` (part of `#[warn(unused)]`) on by default
[INFO] [stdout]    = note: this warning originates in the attribute macro `root` (in Nightly builds, run with -Z macro-backtrace for more info)
[INFO] [stdout] 
[INFO] [stdout] 
[INFO] [stdout] For more information about this error, try `rustc --explain E0599`.
[INFO] [stdout] 
[INFO] [stderr] error: could not compile `idyll-data` (test "store") due to 1 previous error
[INFO] [stderr] warning: build failed, waiting for other jobs to finish...
[INFO] [stdout] warning: unreachable call
[INFO] [stdout]   --> tests/mutations.rs:25:1
[INFO] [stdout]    |
[INFO] [stdout] 25 | #[mutation_handler("shout")]
[INFO] [stdout]    | ^^^^^^^^^^^^^^^^^^^^^^^^^^^^
[INFO] [stdout]    | |
[INFO] [stdout]    | unreachable call
[INFO] [stdout]    | any code following this expression is unreachable
[INFO] [stdout]    |
[INFO] [stdout]    = note: `#[warn(unreachable_code)]` (part of `#[warn(unused)]`) on by default
[INFO] [stdout]    = note: this warning originates in the attribute macro `mutation_handler` (in Nightly builds, run with -Z macro-backtrace for more info)
[INFO] [stdout] 
[INFO] [stdout] 
[INFO] [stdout] warning: unreachable call
[INFO] [stdout]    --> tests/exec_op.rs:180:1
[INFO] [stdout]     |
[INFO] [stdout] 180 | #[root]
[INFO] [stdout]     | ^^^^^^^
[INFO] [stdout]     | |
[INFO] [stdout]     | unreachable call
[INFO] [stdout]     | any code following this expression is unreachable
[INFO] [stdout]     |
[INFO] [stdout]     = note: this warning originates in the attribute macro `root` (in Nightly builds, run with -Z macro-backtrace for more info)
[INFO] [stdout] 
[INFO] [stdout] 
[INFO] [stdout] warning: unreachable call
[INFO] [stdout]   --> tests/projection.rs:55:1
[INFO] [stdout]    |
[INFO] [stdout] 55 | #[idyll_data::root]
[INFO] [stdout]    | ^^^^^^^^^^^^^^^^^^^
[INFO] [stdout]    | |
[INFO] [stdout]    | unreachable call
[INFO] [stdout]    | any code following this expression is unreachable
[INFO] [stdout]    |
[INFO] [stdout]    = note: `#[warn(unreachable_code)]` (part of `#[warn(unused)]`) on by default
[INFO] [stdout]    = note: this warning originates in the attribute macro `idyll_data::root` (in Nightly builds, run with -Z macro-backtrace for more info)
[INFO] [stdout] 
[INFO] [stdout] 
[INFO] [stdout] warning: unreachable call
[INFO] [stdout]    --> tests/mutations.rs:109:1
[INFO] [stdout]     |
[INFO] [stdout] 109 | #[mutation_handler("rename-user")]
[INFO] [stdout]     | ^^^^^^^^^^^^^^^^^^^^^^^^^^^^^^^^^^
[INFO] [stdout]     | |
[INFO] [stdout]     | unreachable call
[INFO] [stdout]     | any code following this expression is unreachable
[INFO] [stdout]     |
[INFO] [stdout]     = note: this warning originates in the attribute macro `mutation_handler` (in Nightly builds, run with -Z macro-backtrace for more info)
[INFO] [stdout] 
[INFO] [stdout] 
[INFO] [stdout] warning: unreachable call
[INFO] [stdout]    --> tests/exec_op.rs:250:1
[INFO] [stdout]     |
[INFO] [stdout] 250 | #[root]
[INFO] [stdout]     | ^^^^^^^
[INFO] [stdout]     | |
[INFO] [stdout]     | unreachable call
[INFO] [stdout]     | any code following this expression is unreachable
[INFO] [stdout]     |
[INFO] [stdout]     = note: this warning originates in the attribute macro `root` (in Nightly builds, run with -Z macro-backtrace for more info)
[INFO] [stdout] 
[INFO] [stdout] 
[INFO] [stdout] error[E0599]: no associated function or constant named `for_test` found for struct `Turn<'a>` in the current scope
[INFO] [stdout]    --> tests/projection.rs:192:29
[INFO] [stdout]     |
[INFO] [stdout] 192 |     let turn = idyll::Turn::for_test();
[INFO] [stdout]     |                             ^^^^^^^^ associated function or constant not found in `Turn<'_>`
[INFO] [stdout] 
[INFO] [stdout] 
[INFO] [stdout] error[E0599]: no associated function or constant named `for_test` found for struct `Turn<'a>` in the current scope
[INFO] [stdout]    --> tests/projection.rs:230:29
[INFO] [stdout]     |
[INFO] [stdout] 230 |     let turn = idyll::Turn::for_test();
[INFO] [stdout]     |                             ^^^^^^^^ associated function or constant not found in `Turn<'_>`
[INFO] [stdout] 
[INFO] [stdout] 
[INFO] [stdout] warning: unreachable call
[INFO] [stdout]    --> tests/exec_op.rs:396:1
[INFO] [stdout]     |
[INFO] [stdout] 396 | #[root]
[INFO] [stdout]     | ^^^^^^^
[INFO] [stdout]     | |
[INFO] [stdout]     | unreachable call
[INFO] [stdout]     | any code following this expression is unreachable
[INFO] [stdout]     |
[INFO] [stdout]     = note: this warning originates in the attribute macro `root` (in Nightly builds, run with -Z macro-backtrace for more info)
[INFO] [stdout] 
[INFO] [stdout] 
[INFO] [stdout] warning: unreachable call
[INFO] [stdout]    --> tests/exec_op.rs:528:1
[INFO] [stdout]     |
[INFO] [stdout] 528 | #[root]
[INFO] [stdout]     | ^^^^^^^
[INFO] [stdout]     | |
[INFO] [stdout]     | unreachable call
[INFO] [stdout]     | any code following this expression is unreachable
[INFO] [stdout]     |
[INFO] [stdout]     = note: this warning originates in the attribute macro `root` (in Nightly builds, run with -Z macro-backtrace for more info)
[INFO] [stdout] 
[INFO] [stdout] 
[INFO] [stdout] For more information about this error, try `rustc --explain E0599`.
[INFO] [stdout] 
[INFO] [stderr] error: could not compile `idyll-data` (test "projection") due to 2 previous errors; 1 warning emitted
[INFO] [stdout] error[E0599]: no associated function or constant named `for_test` found for struct `Turn<'a>` in the current scope
[INFO] [stdout]    --> src/fragment.rs:242:33
[INFO] [stdout]     |
[INFO] [stdout] 242 |         let turn = idyll::Turn::for_test();
[INFO] [stdout]     |                                 ^^^^^^^^ associated function or constant not found in `Turn<'_>`
[INFO] [stdout] 
[INFO] [stdout] 
[INFO] [stdout] error[E0599]: no associated function or constant named `for_test` found for struct `Turn<'a>` in the current scope
[INFO] [stdout]    --> src/fragment.rs:260:33
[INFO] [stdout]     |
[INFO] [stdout] 260 |         let turn = idyll::Turn::for_test();
[INFO] [stdout]     |                                 ^^^^^^^^ associated function or constant not found in `Turn<'_>`
[INFO] [stdout] 
[INFO] [stdout] 
[INFO] [stdout] error[E0599]: no associated function or constant named `for_test` found for struct `Turn<'a>` in the current scope
[INFO] [stdout]    --> src/fragment.rs:279:33
[INFO] [stdout]     |
[INFO] [stdout] 279 |         let turn = idyll::Turn::for_test();
[INFO] [stdout]     |                                 ^^^^^^^^ associated function or constant not found in `Turn<'_>`
[INFO] [stdout] 
[INFO] [stdout] 
[INFO] [stdout] error[E0599]: no associated function or constant named `for_test` found for struct `Turn<'a>` in the current scope
[INFO] [stdout]    --> src/lib.rs:589:33
[INFO] [stdout]     |
[INFO] [stdout] 589 |         let turn = idyll::Turn::for_test();
[INFO] [stdout]     |                                 ^^^^^^^^ associated function or constant not found in `Turn<'_>`
[INFO] [stdout] 
[INFO] [stdout] 
[INFO] [stdout] error[E0599]: no associated function or constant named `for_test` found for struct `Turn<'a>` in the current scope
[INFO] [stdout]    --> src/lib.rs:603:33
[INFO] [stdout]     |
[INFO] [stdout] 603 |         let turn = idyll::Turn::for_test();
[INFO] [stdout]     |                                 ^^^^^^^^ associated function or constant not found in `Turn<'_>`
[INFO] [stdout] 
[INFO] [stdout] 
[INFO] [stdout] error[E0599]: no associated function or constant named `for_test` found for struct `Turn<'a>` in the current scope
[INFO] [stdout]    --> src/lib.rs:630:33
[INFO] [stdout]     |
[INFO] [stdout] 630 |         let turn = idyll::Turn::for_test();
[INFO] [stdout]     |                                 ^^^^^^^^ associated function or constant not found in `Turn<'_>`
[INFO] [stdout] 
[INFO] [stdout] 
[INFO] [stdout] error[E0599]: no associated function or constant named `for_test` found for struct `Turn<'a>` in the current scope
[INFO] [stdout]    --> src/lib.rs:664:33
[INFO] [stdout]     |
[INFO] [stdout] 664 |         let turn = idyll::Turn::for_test();
[INFO] [stdout]     |                                 ^^^^^^^^ associated function or constant not found in `Turn<'_>`
[INFO] [stdout] 
[INFO] [stdout] 
[INFO] [stdout] error[E0599]: no associated function or constant named `for_test` found for struct `Turn<'a>` in the current scope
[INFO] [stdout]    --> src/lib.rs:693:33
[INFO] [stdout]     |
[INFO] [stdout] 693 |         let turn = idyll::Turn::for_test();
[INFO] [stdout]     |                                 ^^^^^^^^ associated function or constant not found in `Turn<'_>`
[INFO] [stdout] 
[INFO] [stdout] 
[INFO] [stdout] error[E0599]: no associated function or constant named `for_test` found for struct `Turn<'a>` in the current scope
[INFO] [stdout]    --> src/lib.rs:721:33
[INFO] [stdout]     |
[INFO] [stdout] 721 |         let turn = idyll::Turn::for_test();
[INFO] [stdout]     |                                 ^^^^^^^^ associated function or constant not found in `Turn<'_>`
[INFO] [stdout] 
[INFO] [stdout] 
[INFO] [stdout] error[E0599]: no associated function or constant named `for_test` found for struct `Turn<'a>` in the current scope
[INFO] [stdout]    --> src/lib.rs:757:33
[INFO] [stdout]     |
[INFO] [stdout] 757 |         let turn = idyll::Turn::for_test();
[INFO] [stdout]     |                                 ^^^^^^^^ associated function or constant not found in `Turn<'_>`
[INFO] [stdout] 
[INFO] [stdout] 
[INFO] [stdout] For more information about this error, try `rustc --explain E0599`.
[INFO] [stdout] 
[INFO] [stderr] error: could not compile `idyll-data` (lib test) due to 10 previous errors
[INFO] running `Command { std: "docker" "inspect" "afcdc7b8c7a10a7d9de8e116917a87cde0c33129d68925708e58e54a8e655343", kill_on_drop: false }`
[INFO] running `Command { std: "docker" "rm" "-f" "afcdc7b8c7a10a7d9de8e116917a87cde0c33129d68925708e58e54a8e655343", kill_on_drop: false }`
[INFO] [stdout] afcdc7b8c7a10a7d9de8e116917a87cde0c33129d68925708e58e54a8e655343
